[INFO] fetching crate rilpqec 0.3.0...
[INFO] checking rilpqec-0.3.0 against 3154cc1a3e6424e44f438a95007d043ed5ceaaf6+rustflags=-Znext-solver=coherence for pr-133502-30
[INFO] extracting crate rilpqec 0.3.0 into /workspace/builds/worker-5-tc1/source
[INFO] started tweaking crates.io crate rilpqec 0.3.0
[INFO] removed 0 missing tests
[INFO] finished tweaking crates.io crate rilpqec 0.3.0
[INFO] tweaked toml for crates.io crate rilpqec 0.3.0 written to /workspace/builds/worker-5-tc1/source/Cargo.toml
[INFO] validating manifest of crates.io crate rilpqec 0.3.0 on toolchain 3154cc1a3e6424e44f438a95007d043ed5ceaaf6
[INFO] running `Command { std: CARGO_HOME="/workspace/cargo-home" RUSTUP_HOME="/workspace/rustup-home" "/workspace/cargo-home/bin/cargo" "+3154cc1a3e6424e44f438a95007d043ed5ceaaf6" "metadata" "--manifest-path" "Cargo.toml" "--no-deps", kill_on_drop: false }`
[INFO] crate crates.io crate rilpqec 0.3.0 already has a lockfile, it will not be regenerated
[INFO] running `Command { std: CARGO_HOME="/workspace/cargo-home" RUSTUP_HOME="/workspace/rustup-home" "/workspace/cargo-home/bin/cargo" "+3154cc1a3e6424e44f438a95007d043ed5ceaaf6" "fetch" "--manifest-path" "Cargo.toml", kill_on_drop: false }`
[INFO] [stderr]     Updating crates.io index
[INFO] [stderr]  Downloading crates ...
[INFO] [stderr]   Downloaded qec-ilp-core v0.3.0
[INFO] [stderr]   Downloaded highs v2.4.0
[INFO] [stderr]   Downloaded gurobi v0.3.4
[INFO] [stderr]   Downloaded gurobi-sys v0.3.0
[INFO] [stderr]   Downloaded itertools v0.4.19
[INFO] [stderr]   Downloaded rstim v0.3.0
[INFO] [stderr]   Downloaded highs-sys v1.15.0
[INFO] running `Command { std: "docker" "create" "-v" "/var/lib/crater-agent-workspace/builds/worker-5-tc1/source:/opt/rustwide/workdir:ro,Z" "-v" "/var/lib/crater-agent-workspace/builds/worker-5-tc1/target:/opt/rustwide/target:rw,Z" "-v" "/var/lib/crater-agent-workspace/cargo-home:/opt/rustwide/cargo-home:ro,Z" "-v" "/var/lib/crater-agent-workspace/rustup-home:/opt/rustwide/rustup-home:ro,Z" "-m" "1610612736" "--network" "none" "ghcr.io/rust-lang/crates-build-env/linux@sha256:77db811e55d90add9212f6832c23229e3de5f1c1f9905e8cb07319ea15df73ac" "sleep" "infinity", kill_on_drop: false }`
[INFO] [stdout] 88d1b8021cf0522502278cac34bdbca163f0d9b4741f37c46d2403279e9b18a9
[INFO] running `Command { std: "docker" "start" "88d1b8021cf0522502278cac34bdbca163f0d9b4741f37c46d2403279e9b18a9", kill_on_drop: false }`
[INFO] running `Command { std: "docker" "inspect" "88d1b8021cf0522502278cac34bdbca163f0d9b4741f37c46d2403279e9b18a9", kill_on_drop: false }`
[INFO] running `Command { std: "docker" "exec" "-e" "SOURCE_DIR=/opt/rustwide/workdir" "-e" "CARGO_HOME=/opt/rustwide/cargo-home" "-e" "RUSTUP_HOME=/opt/rustwide/rustup-home" "-e" "CARGO_TARGET_DIR=/opt/rustwide/target" "-w" "/opt/rustwide/workdir" "--user" "0:0" "88d1b8021cf0522502278cac34bdbca163f0d9b4741f37c46d2403279e9b18a9" "/opt/rustwide/cargo-home/bin/cargo" "+3154cc1a3e6424e44f438a95007d043ed5ceaaf6" "metadata" "--no-deps" "--format-version=1", kill_on_drop: false }`
[INFO] running `Command { std: "docker" "inspect" "88d1b8021cf0522502278cac34bdbca163f0d9b4741f37c46d2403279e9b18a9", kill_on_drop: false }`
[INFO] running `Command { std: "docker" "exec" "-e" "SOURCE_DIR=/opt/rustwide/workdir" "-e" "CARGO_HOME=/opt/rustwide/cargo-home" "-e" "RUSTUP_HOME=/opt/rustwide/rustup-home" "-e" "CARGO_TARGET_DIR=/opt/rustwide/target" "-e" "CARGO_INCREMENTAL=0" "-e" "RUST_BACKTRACE=full" "-e" "RUSTFLAGS=--cap-lints=forbid -Znext-solver=coherence" "-e" "RUSTDOCFLAGS=--cap-lints=forbid" "-w" "/opt/rustwide/workdir" "--user" "0:0" "88d1b8021cf0522502278cac34bdbca163f0d9b4741f37c46d2403279e9b18a9" "/opt/rustwide/cargo-home/bin/cargo" "+3154cc1a3e6424e44f438a95007d043ed5ceaaf6" "check" "--frozen" "--all" "--all-targets" "--message-format=json", kill_on_drop: false }`
[INFO] [stderr]    Compiling regex-syntax v0.8.11
[INFO] [stderr]    Compiling either v1.16.0
[INFO] [stderr]    Compiling clang-sys v1.8.1
[INFO] [stderr]    Compiling nom v7.1.3
[INFO] [stderr]    Compiling bindgen v0.72.1
[INFO] [stderr]    Compiling bitflags v2.13.1
[INFO] [stderr]    Compiling jobserver v0.1.35
[INFO] [stderr]    Compiling rustc-hash v2.1.3
[INFO] [stderr]    Compiling zstd-safe v7.2.4
[INFO] [stderr]    Compiling syn v3.0.3
[INFO] [stderr]    Compiling syn v2.0.119
[INFO] [stderr]     Checking getrandom v0.2.17
[INFO] [stderr]     Checking ppv-lite86 v0.2.21
[INFO] [stderr]     Checking digest v0.10.7
[INFO] [stderr]     Checking memchr v2.8.3
[INFO] [stderr]    Compiling itertools v0.13.0
[INFO] [stderr]     Checking rand_core v0.6.4
[INFO] [stderr]    Compiling cc v1.3.0
[INFO] [stderr]     Checking sha2 v0.10.9
[INFO] [stderr]     Checking rand_chacha v0.3.1
[INFO] [stderr]     Checking serde_json v1.0.151
[INFO] [stderr]     Checking rand v0.8.7
[INFO] [stderr]    Compiling regex-automata v0.4.16
[INFO] [stderr]    Compiling cmake v0.1.58
[INFO] [stderr]    Compiling zstd-sys v2.0.16+zstd.1.5.7
[INFO] [stderr]    Compiling cexpr v0.6.0
[INFO] [stderr]    Compiling serde_derive v1.0.229
[INFO] [stderr]    Compiling thiserror-impl v2.0.19
[INFO] [stderr]    Compiling prettyplease v0.2.37
[INFO] [stderr]    Compiling regex v1.13.1
[INFO] [stderr]     Checking thiserror v2.0.19
[INFO] [stderr]     Checking serde v1.0.229
[INFO] [stderr]     Checking zstd v0.13.3
[INFO] [stderr]     Checking toml_datetime v0.6.11
[INFO] [stderr]     Checking serde_spanned v0.6.9
[INFO] [stderr]     Checking toml_edit v0.22.27
[INFO] [stderr]     Checking toml v0.8.23
[INFO] [stderr]     Checking rstim v0.3.0
[INFO] [stderr]    Compiling highs-sys v1.15.0
[INFO] [stderr] error: failed to run custom build command for `highs-sys v1.15.0`
[INFO] [stderr] note: To improve backtraces for build dependencies, set the CARGO_PROFILE_DEV_BUILD_OVERRIDE_DEBUG=true environment variable to enable debug information generation.
[INFO] [stderr] 
[INFO] [stderr] Caused by:
[INFO] [stderr]   process didn't exit successfully: `/opt/rustwide/target/debug/build/highs-sys/148474e0a7e1a358/out/build_script_build` (exit status: 101)
[INFO] [stderr]   --- stdout
[INFO] [stderr]   cargo:rerun-if-env-changed=CARGO_CFG_TARGET_FEATURE
[INFO] [stderr]   CMAKE_TOOLCHAIN_FILE_x86_64-unknown-linux-gnu = None
[INFO] [stderr]   CMAKE_TOOLCHAIN_FILE_x86_64_unknown_linux_gnu = None
[INFO] [stderr]   HOST_CMAKE_TOOLCHAIN_FILE = None
[INFO] [stderr]   CMAKE_TOOLCHAIN_FILE = None
[INFO] [stderr]   CMAKE_GENERATOR_x86_64-unknown-linux-gnu = None
[INFO] [stderr]   CMAKE_GENERATOR_x86_64_unknown_linux_gnu = None
[INFO] [stderr]   HOST_CMAKE_GENERATOR = None
[INFO] [stderr]   CMAKE_GENERATOR = None
[INFO] [stderr]   CMAKE_PREFIX_PATH_x86_64-unknown-linux-gnu = None
[INFO] [stderr]   CMAKE_PREFIX_PATH_x86_64_unknown_linux_gnu = None
[INFO] [stderr]   HOST_CMAKE_PREFIX_PATH = None
[INFO] [stderr]   CMAKE_PREFIX_PATH = None
[INFO] [stderr]   CMAKE_x86_64-unknown-linux-gnu = None
[INFO] [stderr]   CMAKE_x86_64_unknown_linux_gnu = None
[INFO] [stderr]   HOST_CMAKE = None
[INFO] [stderr]   CMAKE = None
[INFO] [stderr]   -- HIGHS_VCPKG: OFF
[INFO] [stderr]   -- The CXX compiler identification is GNU 15.2.0
[INFO] [stderr]   -- The C compiler identification is GNU 15.2.0
[INFO] [stderr]   -- Detecting CXX compiler ABI info
[INFO] [stderr]   -- Detecting CXX compiler ABI info - done
[INFO] [stderr]   -- Check for working CXX compiler: /usr/bin/c++ - skipped
[INFO] [stderr]   -- Detecting CXX compile features
[INFO] [stderr]   -- Detecting CXX compile features - done
[INFO] [stderr]   -- Detecting C compiler ABI info
[INFO] [stderr]   -- Detecting C compiler ABI info - done
[INFO] [stderr]   -- Check for working C compiler: /usr/bin/cc - skipped
[INFO] [stderr]   -- Detecting C compile features
[INFO] [stderr]   -- Detecting C compile features - done
[INFO] [stderr]   -- HIGHS version: 1.15.0
[INFO] [stderr]   -- Git hash: n/a
[INFO] [stderr]   -- Build C++ library: ON
[INFO] [stderr]   -- Build C++ executable: OFF
[INFO] [stderr]   -- Build shared extras library: ON
[INFO] [stderr]   -- Build Fortran: OFF
[INFO] [stderr]   -- Build CSharp: OFF
[INFO] [stderr]   -- Build HIPO: OFF
[INFO] [stderr]   -- Build all tests: OFF
[INFO] [stderr]   -- ZLIB: OFF
[INFO] [stderr]   -- Build examples: OFF
[INFO] [stderr]   -- Build pdlp with GPU: OFF
[INFO] [stderr]   -- Use FindCUDAConf: OFF
[INFO] [stderr]   -- Build GPU with delayed loading: OFF
[INFO] [stderr]   -- Build OpenBLAS: OFF
[INFO] [stderr]   -- Build type: Release
[INFO] [stderr]   -- Looking for C++ include sys/types.h
[INFO] [stderr]   -- Looking for C++ include sys/types.h - found
[INFO] [stderr]   -- Looking for C++ include stdint.h
[INFO] [stderr]   -- Looking for C++ include stdint.h - found
[INFO] [stderr]   -- Looking for C++ include stddef.h
[INFO] [stderr]   -- Looking for C++ include stddef.h - found
[INFO] [stderr]   -- Check size of long
[INFO] [stderr]   -- Check size of long - done
[INFO] [stderr]   -- Found long size: 8
[INFO] [stderr]   -- Check size of long long
[INFO] [stderr]   -- Check size of long long - done
[INFO] [stderr]   -- Found long long size: 8
[INFO] [stderr]   -- Check size of int64_t
[INFO] [stderr]   -- Check size of int64_t - done
[INFO] [stderr]   -- Found int64_t size: 8
[INFO] [stderr]   -- Check size of unsigned long
[INFO] [stderr]   -- Check size of unsigned long - done
[INFO] [stderr]   -- Found unsigned long size: 8
[INFO] [stderr]   -- Check size of unsigned long long
[INFO] [stderr]   -- Check size of unsigned long long - done
[INFO] [stderr]   -- Found unsigned long long size: 8
[INFO] [stderr]   -- Check size of uint64_t
[INFO] [stderr]   -- Check size of uint64_t - done
[INFO] [stderr]   -- Found uint64_t size: 8
[INFO] [stderr]   -- Check size of int *
[INFO] [stderr]   -- Check size of int * - done
[INFO] [stderr]   -- Found int * size: 8
[INFO] [stderr]   -- IPO / LTO supported by compiler: YES
[INFO] [stderr]   -- IPO / LTO: FALSE as requested by user
[INFO] [stderr]   -- Performing Test HIGHS_HAVE_MM_PAUSE
[INFO] [stderr]   -- Performing Test HIGHS_HAVE_MM_PAUSE - Success
[INFO] [stderr]   -- Performing Test HIGHS_HAVE_BUILTIN_CLZ
[INFO] [stderr]   -- Performing Test HIGHS_HAVE_BUILTIN_CLZ - Success
[INFO] [stderr]   -- Performing Test COMPILER_SUPPORTS_POPCNT
[INFO] [stderr]   -- Performing Test COMPILER_SUPPORTS_POPCNT - Success
[INFO] [stderr]   -- FAST_BUILD set to on.
[INFO] [stderr]   -- Build C++ example: OFF
[INFO] [stderr]   -- Build CSharp example: OFF
[INFO] [stderr]   -- Build dotnet package: OFF
[INFO] [stderr]   -- Performing Test COMPILER_SUPPORTS_INVALID_OFFSET
[INFO] [stderr]   -- Performing Test COMPILER_SUPPORTS_INVALID_OFFSET - Success
[INFO] [stderr]   -- No CSharp support
[INFO] [stderr]   -- Performing Test CMAKE_HAVE_LIBC_PTHREAD
[INFO] [stderr]   -- Performing Test CMAKE_HAVE_LIBC_PTHREAD - Success
[INFO] [stderr]   -- Found Threads: TRUE
[INFO] [stderr]   -- Performing Test HAVE_CXX_ATOMICS_WITHOUT_LIB
[INFO] [stderr]   -- Performing Test HAVE_CXX_ATOMICS_WITHOUT_LIB - Success
[INFO] [stderr]   -- Performing Test HAVE_CXX_ATOMICS64_WITHOUT_LIB
[INFO] [stderr]   -- Performing Test HAVE_CXX_ATOMICS64_WITHOUT_LIB - Success
[INFO] [stderr]   -- Performing Test COMPILER_HAS_HIDDEN_VISIBILITY
[INFO] [stderr]   -- Performing Test COMPILER_HAS_HIDDEN_VISIBILITY - Success
[INFO] [stderr]   -- Performing Test COMPILER_HAS_HIDDEN_INLINE_VISIBILITY
[INFO] [stderr]   -- Performing Test COMPILER_HAS_HIDDEN_INLINE_VISIBILITY - Success
[INFO] [stderr]   -- Performing Test COMPILER_HAS_DEPRECATED_ATTR
[INFO] [stderr]   -- Performing Test COMPILER_HAS_DEPRECATED_ATTR - Success
[INFO] [stderr]   -- .Net: Use .Net Framework 2.1 support: ON
[INFO] [stderr]   -- Configuring highs_extras version 1.15.0
[INFO] [stderr]   -- Configuring done (9.4s)
[INFO] [stderr]   -- Generating done (0.1s)
[INFO] [stderr]   -- Build files have been written to: /opt/rustwide/target/debug/build/highs-sys/05255989aa77548e/out/build
[INFO] [stderr]   [  0%] Building CXX object extern/CMakeFiles/highs_extras.dir/HighsExtrasExternalDeps.cpp.o
[INFO] [stderr]   [  1%] Building CXX object extern/CMakeFiles/highs_extras.dir/HighsExtrasApi.cpp.o
[INFO] [stderr]   [  1%] Building CXX object highs/CMakeFiles/highs.dir/io/FilereaderMps.cpp.o
[INFO] [stderr]   [  1%] Building CXX object highs/CMakeFiles/highs.dir/io/HMpsFF.cpp.o
[INFO] [stderr]   [  2%] Building CXX object highs/CMakeFiles/highs.dir/io/filereaderlp/reader.cpp.o
[INFO] [stderr]   [  2%] Building CXX object highs/CMakeFiles/highs.dir/io/Filereader.cpp.o
[INFO] [stderr]   [  2%] Building CXX object highs/CMakeFiles/highs.dir/ipm/IpxWrapper.cpp.o
[INFO] [stderr]   [  2%] Building CXX object highs/CMakeFiles/highs.dir/lp_data/HighsDebug.cpp.o
[INFO] [stderr]   [  3%] Building CXX object highs/CMakeFiles/highs.dir/lp_data/Highs.cpp.o
[INFO] [stderr]   [  3%] Building CXX object highs/CMakeFiles/highs.dir/interfaces/highs_c_api.cpp.o
[INFO] [stderr]   [  3%] Building CXX object highs/CMakeFiles/highs.dir/io/LoadOptions.cpp.o
[INFO] [stderr]   [  4%] Building CXX object highs/CMakeFiles/highs.dir/io/HighsIO.cpp.o
[INFO] [stderr]   [  5%] Building CXX object highs/CMakeFiles/highs.dir/io/HMPSIO.cpp.o
[INFO] [stderr]   [  6%] Building CXX object highs/CMakeFiles/highs.dir/io/FilereaderLp.cpp.o
[INFO] [stderr]   [  6%] Building CXX object highs/CMakeFiles/highs.dir/lp_data/HighsCallback.cpp.o
[INFO] [stderr]   [  7%] Building CXX object highs/CMakeFiles/highs.dir/lp_data/HighsIis.cpp.o
[INFO] [stderr]   [  7%] Building CXX object highs/CMakeFiles/highs.dir/lp_data/HighsInfo.cpp.o
[INFO] [stderr]   [  8%] Linking CXX shared library ../lib/libhighs_extras.so
[INFO] [stderr]   [  8%] Built target highs_extras
[INFO] [stderr]   [  9%] Building CXX object highs/CMakeFiles/highs.dir/lp_data/HighsInfoDebug.cpp.o
[INFO] [stderr]   [  9%] Building CXX object highs/CMakeFiles/highs.dir/lp_data/HighsDeprecated.cpp.o
[INFO] [stderr] 
[INFO] [stderr]   --- stderr
[INFO] [stderr]   running: cd "/opt/rustwide/target/debug/build/highs-sys/05255989aa77548e/out/build" && CMAKE_PREFIX_PATH="" LC_ALL="C" "cmake" "/opt/rustwide/cargo-home/registry/src/index.crates.io-1949cf8c6b5b557f/highs-sys-1.15.0/HiGHS" "-B" "/opt/rustwide/target/debug/build/highs-sys/05255989aa77548e/out/build" "-DBUILD_CXX_EXE=OFF" "-DBUILD_EXAMPLES=OFF" "-DFAST_BUILD=ON" "-DBUILD_SHARED_LIBS=OFF" "-DCMAKE_MSVC_RUNTIME_LIBRARY=MultiThreadedDLL" "-DCMAKE_INTERPROCEDURAL_OPTIMIZATION=FALSE" "-DZLIB=OFF" "-DCMAKE_INSTALL_PREFIX=/opt/rustwide/target/debug/build/highs-sys/05255989aa77548e/out" "-DCMAKE_C_FLAGS= -ffunction-sections -fdata-sections -fPIC -m64 -w" "-DCMAKE_C_COMPILER=/usr/bin/cc" "-DCMAKE_CXX_FLAGS= -ffunction-sections -fdata-sections -fPIC -m64 -w" "-DCMAKE_CXX_COMPILER=/usr/bin/c++" "-DCMAKE_ASM_FLAGS= -ffunction-sections -fdata-sections -fPIC -m64 -w" "-DCMAKE_ASM_COMPILER=/usr/bin/cc" "-DCMAKE_BUILD_TYPE=Release"
[INFO] [stderr]   CMake Warning:
[INFO] [stderr]     Manually-specified variables were not used by the project:
[INFO] [stderr] 
[INFO] [stderr]       CMAKE_ASM_COMPILER
[INFO] [stderr]       CMAKE_ASM_FLAGS
[INFO] [stderr] 
[INFO] [stderr] 
[INFO] [stderr]   running: cd "/opt/rustwide/target/debug/build/highs-sys/05255989aa77548e/out/build" && LC_ALL="C" MAKEFLAGS="-j --jobserver-fds=4,5 --jobserver-auth=4,5" "cmake" "--build" "/opt/rustwide/target/debug/build/highs-sys/05255989aa77548e/out/build" "--target" "install" "--config" "Release"
[INFO] [stderr]   c++: fatal error: Killed signal terminated program cc1plus
[INFO] [stderr]   compilation terminated.
[INFO] [stderr]   gmake[2]: *** [highs/CMakeFiles/highs.dir/build.make:205: highs/CMakeFiles/highs.dir/ipm/IpxWrapper.cpp.o] Error 1
[INFO] [stderr]   gmake[2]: *** Waiting for unfinished jobs....
[INFO] [stderr]   c++: fatal error: Killed signal terminated program cc1plus
[INFO] [stderr]   compilation terminated.
[INFO] [stderr]   gmake[2]: *** [highs/CMakeFiles/highs.dir/build.make:261: highs/CMakeFiles/highs.dir/lp_data/HighsIis.cpp.o] Error 1
[INFO] [stderr]   c++: fatal error: Killed signal terminated program cc1plus
[INFO] [stderr]   compilation terminated.
[INFO] [stderr]   gmake[2]: *** [highs/CMakeFiles/highs.dir/build.make:219: highs/CMakeFiles/highs.dir/lp_data/Highs.cpp.o] Error 1
[INFO] [stderr]   gmake[1]: *** [CMakeFiles/Makefile2:1122: highs/CMakeFiles/highs.dir/all] Error 2
[INFO] [stderr]   gmake: *** [Makefile:166: all] Error 2
[INFO] [stderr] 
[INFO] [stderr]   thread 'main' (716) panicked at /opt/rustwide/cargo-home/registry/src/index.crates.io-1949cf8c6b5b557f/cmake-0.1.58/src/lib.rs:1132:5:
[INFO] [stderr] 
[INFO] [stderr]   command did not execute successfully, got: exit status: 2
[INFO] [stderr] 
[INFO] [stderr]   build script failed, must exit now
[INFO] [stderr]   stack backtrace:
[INFO] [stderr]      0:     0x5afd756dae21 - std[3164a59e47d3bde]::backtrace_rs::backtrace::libunwind::trace
[INFO] [stderr]                                  at /rustc/3154cc1a3e6424e44f438a95007d043ed5ceaaf6/library/std/src/../../backtrace/src/backtrace/libunwind.rs:117:9
[INFO] [stderr]      1:     0x5afd756dae21 - std[3164a59e47d3bde]::backtrace_rs::backtrace::trace_unsynchronized::<std[3164a59e47d3bde]::sys::backtrace::_print_fmt::{closure#1}>
[INFO] [stderr]                                  at /rustc/3154cc1a3e6424e44f438a95007d043ed5ceaaf6/library/std/src/../../backtrace/src/backtrace/mod.rs:66:14
[INFO] [stderr]      2:     0x5afd756dae21 - std[3164a59e47d3bde]::sys::backtrace::_print_fmt
[INFO] [stderr]                                  at /rustc/3154cc1a3e6424e44f438a95007d043ed5ceaaf6/library/std/src/sys/backtrace.rs:74:9
[INFO] [stderr]      3:     0x5afd756dae21 - <<std[3164a59e47d3bde]::sys::backtrace::BacktraceLock>::print::DisplayBacktrace as core[934024a1e6126fb4]::fmt::Display>::fmt
[INFO] [stderr]                                  at /rustc/3154cc1a3e6424e44f438a95007d043ed5ceaaf6/library/std/src/sys/backtrace.rs:44:26
[INFO] [stderr]      4:     0x5afd756f2e5a - <core[934024a1e6126fb4]::fmt::rt::Argument>::fmt
[INFO] [stderr]                                  at /rustc/3154cc1a3e6424e44f438a95007d043ed5ceaaf6/library/core/src/fmt/rt.rs:152:76
[INFO] [stderr]      5:     0x5afd756f2e5a - core[934024a1e6126fb4]::fmt::write
[INFO] [stderr]      6:     0x5afd756e11dc - core[934024a1e6126fb4]::io::write::default_write_fmt::<std[3164a59e47d3bde]::sys::stdio::unix::Stderr>
[INFO] [stderr]                                  at /rustc/3154cc1a3e6424e44f438a95007d043ed5ceaaf6/library/core/src/io/write.rs:402:11
[INFO] [stderr]      7:     0x5afd756e11dc - <std[3164a59e47d3bde]::sys::stdio::unix::Stderr as core[934024a1e6126fb4]::io::write::Write>::write_fmt
[INFO] [stderr]                                  at /rustc/3154cc1a3e6424e44f438a95007d043ed5ceaaf6/library/core/src/io/write.rs:335:13
[INFO] [stderr]      8:     0x5afd756b7996 - <std[3164a59e47d3bde]::sys::backtrace::BacktraceLock>::print
[INFO] [stderr]                                  at /rustc/3154cc1a3e6424e44f438a95007d043ed5ceaaf6/library/std/src/sys/backtrace.rs:47:9
[INFO] [stderr]      9:     0x5afd756b7996 - std[3164a59e47d3bde]::panicking::default_hook::{closure#0}
[INFO] [stderr]                                  at /rustc/3154cc1a3e6424e44f438a95007d043ed5ceaaf6/library/std/src/panicking.rs:289:27
[INFO] [stderr]     10:     0x5afd756d4b21 - std[3164a59e47d3bde]::panicking::default_hook
[INFO] [stderr]                                  at /rustc/3154cc1a3e6424e44f438a95007d043ed5ceaaf6/library/std/src/panicking.rs:316:9
[INFO] [stderr]     11:     0x5afd756d4e4b - std[3164a59e47d3bde]::panicking::panic_with_hook
[INFO] [stderr]                                  at /rustc/3154cc1a3e6424e44f438a95007d043ed5ceaaf6/library/std/src/panicking.rs:811:13
[INFO] [stderr]     12:     0x5afd756b7a42 - std[3164a59e47d3bde]::panicking::panic_handler::{closure#0}
[INFO] [stderr]                                  at /rustc/3154cc1a3e6424e44f438a95007d043ed5ceaaf6/library/std/src/panicking.rs:685:13
[INFO] [stderr]     13:     0x5afd756b0599 - std[3164a59e47d3bde]::sys::backtrace::__rust_end_short_backtrace::<std[3164a59e47d3bde]::panicking::panic_handler::{closure#0}, !>
[INFO] [stderr]                                  at /rustc/3154cc1a3e6424e44f438a95007d043ed5ceaaf6/library/std/src/sys/backtrace.rs:182:18
[INFO] [stderr]     14:     0x5afd756b827d - __rustc[2e7b49d4226056d3]::rust_begin_unwind
[INFO] [stderr]                                  at /rustc/3154cc1a3e6424e44f438a95007d043ed5ceaaf6/library/std/src/panicking.rs:676:5
[INFO] [stderr]     15:     0x5afd756f36fc - core[934024a1e6126fb4]::panicking::panic_fmt
[INFO] [stderr]                                  at /rustc/3154cc1a3e6424e44f438a95007d043ed5ceaaf6/library/core/src/panicking.rs:80:14
[INFO] [stderr]     16:     0x5afd7563d9b7 - cmake[3d5e7bf43cad6875]::fail
[INFO] [stderr]     17:     0x5afd7563d643 - cmake[3d5e7bf43cad6875]::run
[INFO] [stderr]     18:     0x5afd75643625 - <cmake[3d5e7bf43cad6875]::Config>::build
[INFO] [stderr]     19:     0x5afd75116080 - build_script_build[bf35cb2a8f1806c5]::build
[INFO] [stderr]     20:     0x5afd75115c6d - build_script_build[bf35cb2a8f1806c5]::main
[INFO] [stderr]     21:     0x5afd751181b3 - <fn() as core[934024a1e6126fb4]::ops::function::FnOnce<()>>::call_once
[INFO] [stderr]     22:     0x5afd7511529e - std[3164a59e47d3bde]::sys::backtrace::__rust_begin_short_backtrace::<fn(), ()>
[INFO] [stderr]     23:     0x5afd751159e9 - std[3164a59e47d3bde]::rt::lang_start::<()>::{closure#0}
[INFO] [stderr]     24:     0x5afd756d3e18 - <&dyn core[934024a1e6126fb4]::ops::function::Fn<(), Output = i32> + core[934024a1e6126fb4]::marker::Sync + core[934024a1e6126fb4]::panic::unwind_safe::RefUnwindSafe as core[934024a1e6126fb4]::ops::function::FnOnce<()>>::call_once
[INFO] [stderr]                                  at /rustc/3154cc1a3e6424e44f438a95007d043ed5ceaaf6/library/core/src/ops/function.rs:287:21
[INFO] [stderr]     25:     0x5afd756d3e18 - std[3164a59e47d3bde]::panicking::catch_unwind::do_call::<&dyn core[934024a1e6126fb4]::ops::function::Fn<(), Output = i32> + core[934024a1e6126fb4]::marker::Sync + core[934024a1e6126fb4]::panic::unwind_safe::RefUnwindSafe, i32>
[INFO] [stderr]                                  at /rustc/3154cc1a3e6424e44f438a95007d043ed5ceaaf6/library/std/src/panicking.rs:573:43
[INFO] [stderr]     26:     0x5afd756d3e18 - std[3164a59e47d3bde]::panicking::catch_unwind::<i32, &dyn core[934024a1e6126fb4]::ops::function::Fn<(), Output = i32> + core[934024a1e6126fb4]::marker::Sync + core[934024a1e6126fb4]::panic::unwind_safe::RefUnwindSafe>
[INFO] [stderr]                                  at /rustc/3154cc1a3e6424e44f438a95007d043ed5ceaaf6/library/std/src/panicking.rs:541:19
[INFO] [stderr]     27:     0x5afd756d3e18 - std[3164a59e47d3bde]::panic::catch_unwind::<&dyn core[934024a1e6126fb4]::ops::function::Fn<(), Output = i32> + core[934024a1e6126fb4]::marker::Sync + core[934024a1e6126fb4]::panic::unwind_safe::RefUnwindSafe, i32>
[INFO] [stderr]                                  at /rustc/3154cc1a3e6424e44f438a95007d043ed5ceaaf6/library/std/src/panic.rs:359:14
[INFO] [stderr]     28:     0x5afd756d3e18 - std[3164a59e47d3bde]::rt::lang_start_internal::{closure#0}
[INFO] [stderr]                                  at /rustc/3154cc1a3e6424e44f438a95007d043ed5ceaaf6/library/std/src/rt.rs:175:24
[INFO] [stderr]     29:     0x5afd756d3e18 - std[3164a59e47d3bde]::panicking::catch_unwind::do_call::<std[3164a59e47d3bde]::rt::lang_start_internal::{closure#0}, isize>
[INFO] [stderr]                                  at /rustc/3154cc1a3e6424e44f438a95007d043ed5ceaaf6/library/std/src/panicking.rs:573:43
[INFO] [stderr]     30:     0x5afd756d3e18 - std[3164a59e47d3bde]::panicking::catch_unwind::<isize, std[3164a59e47d3bde]::rt::lang_start_internal::{closure#0}>
[INFO] [stderr]                                  at /rustc/3154cc1a3e6424e44f438a95007d043ed5ceaaf6/library/std/src/panicking.rs:541:19
[INFO] [stderr]     31:     0x5afd756d3e18 - std[3164a59e47d3bde]::panic::catch_unwind::<std[3164a59e47d3bde]::rt::lang_start_internal::{closure#0}, isize>
[INFO] [stderr]                                  at /rustc/3154cc1a3e6424e44f438a95007d043ed5ceaaf6/library/std/src/panic.rs:359:14
[INFO] [stderr]     32:     0x5afd756d3e18 - std[3164a59e47d3bde]::rt::lang_start_internal
[INFO] [stderr]                                  at /rustc/3154cc1a3e6424e44f438a95007d043ed5ceaaf6/library/std/src/rt.rs:171:5
[INFO] [stderr]     33:     0x5afd75115291 - std[3164a59e47d3bde]::rt::lang_start::<()>
[INFO] [stderr]     34:     0x5afd75118415 - main
[INFO] [stderr]     35:     0x7d6321b72601 - <unknown>
[INFO] [stderr]     36:     0x7d6321b72718 - __libc_start_main
[INFO] [stderr]     37:     0x5afd75112605 - _start
[INFO] [stderr]     38:                0x0 - <unknown>
[INFO] running `Command { std: "docker" "inspect" "88d1b8021cf0522502278cac34bdbca163f0d9b4741f37c46d2403279e9b18a9", kill_on_drop: false }`
[INFO] running `Command { std: "docker" "rm" "-f" "88d1b8021cf0522502278cac34bdbca163f0d9b4741f37c46d2403279e9b18a9", kill_on_drop: false }`
[INFO] [stdout] 88d1b8021cf0522502278cac34bdbca163f0d9b4741f37c46d2403279e9b18a9
