[INFO] fetching crate rig-agent 0.44.0...
[INFO] checking rig-agent-0.44.0 against 3154cc1a3e6424e44f438a95007d043ed5ceaaf6+rustflags=-Znext-solver=coherence for pr-133502-30
[INFO] extracting crate rig-agent 0.44.0 into /workspace/builds/worker-3-tc1/source
[INFO] started tweaking crates.io crate rig-agent 0.44.0
[INFO] removed 0 missing examples
[INFO] removed 0 missing tests
[INFO] finished tweaking crates.io crate rig-agent 0.44.0
[INFO] tweaked toml for crates.io crate rig-agent 0.44.0 written to /workspace/builds/worker-3-tc1/source/Cargo.toml
[INFO] validating manifest of crates.io crate rig-agent 0.44.0 on toolchain 3154cc1a3e6424e44f438a95007d043ed5ceaaf6
[INFO] running `Command { std: CARGO_HOME="/workspace/cargo-home" RUSTUP_HOME="/workspace/rustup-home" "/workspace/cargo-home/bin/cargo" "+3154cc1a3e6424e44f438a95007d043ed5ceaaf6" "metadata" "--manifest-path" "Cargo.toml" "--no-deps", kill_on_drop: false }`
[INFO] crate crates.io crate rig-agent 0.44.0 already has a lockfile, it will not be regenerated
[INFO] running `Command { std: CARGO_HOME="/workspace/cargo-home" RUSTUP_HOME="/workspace/rustup-home" "/workspace/cargo-home/bin/cargo" "+3154cc1a3e6424e44f438a95007d043ed5ceaaf6" "fetch" "--manifest-path" "Cargo.toml", kill_on_drop: false }`
[INFO] [stderr]     Updating crates.io index
[INFO] [stderr]     Blocking waiting for file lock on package cache
[INFO] [stderr]  Downloading crates ...
[INFO] [stderr]   Downloaded wasm-bindgen-test-shared v0.2.118
[INFO] [stderr]   Downloaded wasm-bindgen-test v0.3.68
[INFO] [stderr]   Downloaded cc v1.2.61
[INFO] [stderr]   Downloaded wasm-bindgen-test-macro v0.3.68
[INFO] [stderr]   Downloaded tokio-test v0.4.5
[INFO] [stderr]   Downloaded rig-reqwest v0.44.0
[INFO] [stderr]   Downloaded minicov v0.3.9
[INFO] [stderr]   Downloaded rig-http v0.44.0
[INFO] [stderr]   Downloaded rig-derive v0.44.0
[INFO] [stderr]   Downloaded generator v0.8.8
[INFO] [stderr]   Downloaded toml_edit v0.25.11+spec-1.1.0
[INFO] [stderr]   Downloaded rustls v0.23.39
[INFO] [stderr]   Downloaded rig-core v0.44.0
[INFO] running `Command { std: "docker" "create" "-v" "/var/lib/crater-agent-workspace/builds/worker-3-tc1/source:/opt/rustwide/workdir:ro,Z" "-v" "/var/lib/crater-agent-workspace/builds/worker-3-tc1/target:/opt/rustwide/target:rw,Z" "-v" "/var/lib/crater-agent-workspace/cargo-home:/opt/rustwide/cargo-home:ro,Z" "-v" "/var/lib/crater-agent-workspace/rustup-home:/opt/rustwide/rustup-home:ro,Z" "-m" "1610612736" "--network" "none" "ghcr.io/rust-lang/crates-build-env/linux@sha256:77db811e55d90add9212f6832c23229e3de5f1c1f9905e8cb07319ea15df73ac" "sleep" "infinity", kill_on_drop: false }`
[INFO] [stdout] ab2436b75bbea2c1e3754ef7056c4bfa62ba34b796ae91c07aa2c4c86c929f55
[INFO] running `Command { std: "docker" "start" "ab2436b75bbea2c1e3754ef7056c4bfa62ba34b796ae91c07aa2c4c86c929f55", kill_on_drop: false }`
[INFO] running `Command { std: "docker" "inspect" "ab2436b75bbea2c1e3754ef7056c4bfa62ba34b796ae91c07aa2c4c86c929f55", kill_on_drop: false }`
[INFO] running `Command { std: "docker" "exec" "-e" "SOURCE_DIR=/opt/rustwide/workdir" "-e" "CARGO_HOME=/opt/rustwide/cargo-home" "-e" "RUSTUP_HOME=/opt/rustwide/rustup-home" "-e" "CARGO_TARGET_DIR=/opt/rustwide/target" "-w" "/opt/rustwide/workdir" "--user" "0:0" "ab2436b75bbea2c1e3754ef7056c4bfa62ba34b796ae91c07aa2c4c86c929f55" "/opt/rustwide/cargo-home/bin/cargo" "+3154cc1a3e6424e44f438a95007d043ed5ceaaf6" "metadata" "--no-deps" "--format-version=1", kill_on_drop: false }`
[INFO] running `Command { std: "docker" "inspect" "ab2436b75bbea2c1e3754ef7056c4bfa62ba34b796ae91c07aa2c4c86c929f55", kill_on_drop: false }`
[INFO] running `Command { std: "docker" "exec" "-e" "SOURCE_DIR=/opt/rustwide/workdir" "-e" "CARGO_HOME=/opt/rustwide/cargo-home" "-e" "RUSTUP_HOME=/opt/rustwide/rustup-home" "-e" "CARGO_TARGET_DIR=/opt/rustwide/target" "-e" "CARGO_INCREMENTAL=0" "-e" "RUST_BACKTRACE=full" "-e" "RUSTFLAGS=--cap-lints=forbid -Znext-solver=coherence" "-e" "RUSTDOCFLAGS=--cap-lints=forbid" "-w" "/opt/rustwide/workdir" "--user" "0:0" "ab2436b75bbea2c1e3754ef7056c4bfa62ba34b796ae91c07aa2c4c86c929f55" "/opt/rustwide/cargo-home/bin/cargo" "+3154cc1a3e6424e44f438a95007d043ed5ceaaf6" "check" "--frozen" "--all" "--all-targets" "--message-format=json", kill_on_drop: false }`
[INFO] [stderr]    Compiling libc v0.2.186
[INFO] [stderr]    Compiling pkg-config v0.3.33
[INFO] [stderr]     Checking futures-task v0.3.32
[INFO] [stderr]     Checking futures-io v0.3.32
[INFO] [stderr]     Checking litemap v0.8.2
[INFO] [stderr]     Checking http v1.4.2
[INFO] [stderr]     Checking writeable v0.6.3
[INFO] [stderr]    Compiling icu_properties_data v2.2.0
[INFO] [stderr]    Compiling icu_normalizer_data v2.2.0
[INFO] [stderr]     Checking hashbrown v0.17.0
[INFO] [stderr]     Checking zeroize v1.8.2
[INFO] [stderr]    Compiling aws-lc-rs v1.18.0
[INFO] [stderr]    Compiling synstructure v0.13.2
[INFO] [stderr]    Compiling zerovec-derive v0.11.3
[INFO] [stderr]    Compiling displaydoc v0.2.5
[INFO] [stderr]    Compiling tokio-macros v2.7.0
[INFO] [stderr]    Compiling futures-macro v0.3.32
[INFO] [stderr]    Compiling tracing-attributes v0.1.31
[INFO] [stderr]    Compiling rustls v0.23.39
[INFO] [stderr]    Compiling serde v1.0.228
[INFO] [stderr]    Compiling unicase v2.9.0
[INFO] [stderr]     Checking rustls-pki-types v1.14.1
[INFO] [stderr]    Compiling serde_json v1.0.150
[INFO] [stderr]     Checking typenum v1.20.0
[INFO] [stderr]    Compiling mime_guess v2.0.5
[INFO] [stderr]    Compiling serde_derive v1.0.228
[INFO] [stderr]    Compiling thiserror v2.0.18
[INFO] [stderr]    Compiling winnow v1.0.2
[INFO] [stderr]     Checking indexmap v2.14.0
[INFO] [stderr]     Checking futures-util v0.3.32
[INFO] [stderr]     Checking http-body v1.0.1
[INFO] [stderr]    Compiling thiserror-impl v2.0.18
[INFO] [stderr]     Checking log v0.4.33
[INFO] [stderr]    Compiling getrandom v0.4.2
[INFO] [stderr]    Compiling serde_derive_internals v0.29.1
[INFO] [stderr]    Compiling zerofrom-derive v0.1.7
[INFO] [stderr]    Compiling yoke-derive v0.8.2
[INFO] [stderr]    Compiling ref-cast-impl v1.0.25
[INFO] [stderr]     Checking sync_wrapper v1.0.2
[INFO] [stderr]     Checking parking_lot_core v0.9.12
[INFO] [stderr]     Checking errno v0.3.14
[INFO] [stderr]     Checking socket2 v0.6.3
[INFO] [stderr]     Checking signal-hook-registry v1.4.8
[INFO] [stderr]     Checking parking_lot v0.12.5
[INFO] [stderr]     Checking mio v1.2.0
[INFO] [stderr]     Checking generic-array v0.14.7
[INFO] [stderr]    Compiling unicode-segmentation v1.13.2
[INFO] [stderr]     Checking ipnet v2.12.0
[INFO] [stderr]     Checking ref-cast v1.0.25
[INFO] [stderr]     Checking rustls-native-certs v0.8.3
[INFO] [stderr]     Checking tracing v0.1.44
[INFO] [stderr]     Checking block-buffer v0.10.4
[INFO] [stderr]     Checking crypto-common v0.1.7
[INFO] [stderr]    Compiling async-stream-impl v0.3.6
[INFO] [stderr]    Compiling pin-project-internal v1.1.13
[INFO] [stderr]     Checking tokio v1.52.3
[INFO] [stderr]     Checking digest v0.10.7
[INFO] [stderr]     Checking regex-syntax v0.8.10
[INFO] [stderr]    Compiling convert_case v0.11.0
[INFO] [stderr]     Checking iri-string v0.7.12
[INFO] [stderr]    Compiling schemars_derive v1.2.1
[INFO] [stderr]     Checking sha2 v0.10.9
[INFO] [stderr]     Checking async-stream v0.3.6
[INFO] [stderr]     Checking ordered-float v5.3.0
[INFO] [stderr]    Compiling jobserver v0.1.34
[INFO] [stderr]     Checking uuid v1.23.4
[INFO] [stderr]     Checking http-body-util v0.1.3
[INFO] [stderr]     Checking encoding_rs v0.8.35
[INFO] [stderr]     Checking zerofrom v0.1.7
[INFO] [stderr]     Checking glob v0.3.3
[INFO] [stderr]     Checking yoke v0.8.2
[INFO] [stderr]    Compiling cc v1.2.61
[INFO] [stderr]    Compiling toml_parser v1.1.2+spec-1.1.0
[INFO] [stderr]     Checking fastrand v2.4.1
[INFO] [stderr]     Checking tracing-log v0.2.0
[INFO] [stderr]     Checking zerovec v0.11.6
[INFO] [stderr]     Checking zerotrie v0.2.4
[INFO] [stderr]     Checking regex-automata v0.4.14
[INFO] [stderr]     Checking pin-project v1.1.13
[INFO] [stderr]    Compiling toml_edit v0.25.11+spec-1.1.0
[INFO] [stderr]     Checking tinystr v0.8.3
[INFO] [stderr]     Checking potential_utf v0.1.5
[INFO] [stderr]     Checking icu_collections v2.2.0
[INFO] [stderr]     Checking icu_locale_core v2.2.0
[INFO] [stderr]    Compiling cmake v0.1.58
[INFO] [stderr]    Compiling proc-macro-crate v3.5.0
[INFO] [stderr]    Compiling aws-lc-sys v0.44.0
[INFO] [stderr]     Checking schemars v1.2.1
[INFO] [stderr]    Compiling rig-derive v0.44.0
[INFO] [stderr]     Checking matchers v0.2.0
[INFO] [stderr]     Checking tracing-subscriber v0.3.23
[INFO] [stderr]     Checking icu_provider v2.2.0
[INFO] [stderr]     Checking futures-executor v0.3.32
[INFO] [stderr]     Checking futures v0.3.32
[INFO] [stderr]     Checking tracing-futures v0.2.5
[INFO] [stderr]     Checking icu_properties v2.2.0
[INFO] [stderr]     Checking icu_normalizer v2.2.0
[INFO] [stderr]     Checking tokio-util v0.7.18
[INFO] [stderr]     Checking tower v0.5.3
[INFO] [stderr]     Checking tokio-stream v0.1.18
[INFO] [stderr]     Checking idna_adapter v1.2.2
[INFO] [stderr]     Checking idna v1.1.0
[INFO] [stderr]     Checking url v2.5.8
[INFO] [stderr]     Checking h2 v0.4.15
[INFO] [stderr]     Checking tokio-test v0.4.5
[INFO] [stderr]     Checking tower-http v0.6.8
[INFO] [stderr]     Checking rig-http v0.44.0
[INFO] [stderr]     Checking rig-core v0.44.0
[INFO] [stderr]     Checking hyper v1.11.0
[INFO] [stderr]     Checking hyper-util v0.1.20
[INFO] [stderr]     Checking rustls-webpki v0.103.13
[INFO] [stderr]     Checking tokio-rustls v0.26.4
[INFO] [stderr]     Checking rustls-platform-verifier v0.7.0
[INFO] [stderr]     Checking hyper-rustls v0.27.9
[INFO] [stderr]     Checking reqwest v0.13.4
[INFO] [stderr]     Checking rig-reqwest v0.44.0
[INFO] [stderr]     Checking rig-agent v0.44.0 (/opt/rustwide/workdir)
[INFO] [stdout] error[E0432]: unresolved import `rig_core::test_utils`
[INFO] [stdout]     --> src/agent/engine/tests.rs:3406:15
[INFO] [stdout]      |
[INFO] [stdout] 3406 | use rig_core::test_utils::sent_documents;
[INFO] [stdout]      |               ^^^^^^^^^^ could not find `test_utils` in `rig_core`
[INFO] [stdout]      |
[INFO] [stdout] note: found an item that was configured out
[INFO] [stdout]     --> /opt/rustwide/cargo-home/registry/src/index.crates.io-1949cf8c6b5b557f/rig-core-0.44.0/src/lib.rs:67:9
[INFO] [stdout]      |
[INFO] [stdout]   65 | #[cfg(any(test, feature = "test-utils"))]
[INFO] [stdout]      |          ------------------------------ the item is gated here
[INFO] [stdout]   66 | #[cfg_attr(docsrs, doc(cfg(feature = "test-utils")))]
[INFO] [stdout]   67 | pub mod test_utils;
[INFO] [stdout]      |         ^^^^^^^^^^
[INFO] [stdout] 
[INFO] [stdout] 
[INFO] [stdout] error[E0432]: unresolved import `rig_core::test_utils`
[INFO] [stdout]   --> src/agent/runner/ignore_tests.rs:5:15
[INFO] [stdout]    |
[INFO] [stdout]  5 | use rig_core::test_utils::{MockCompletionModel, MockStreamEvent, MockTurn};
[INFO] [stdout]    |               ^^^^^^^^^^ could not find `test_utils` in `rig_core`
[INFO] [stdout]    |
[INFO] [stdout] note: found an item that was configured out
[INFO] [stdout]   --> /opt/rustwide/cargo-home/registry/src/index.crates.io-1949cf8c6b5b557f/rig-core-0.44.0/src/lib.rs:67:9
[INFO] [stdout]    |
[INFO] [stdout] 65 | #[cfg(any(test, feature = "test-utils"))]
[INFO] [stdout]    |          ------------------------------ the item is gated here
[INFO] [stdout] 66 | #[cfg_attr(docsrs, doc(cfg(feature = "test-utils")))]
[INFO] [stdout] 67 | pub mod test_utils;
[INFO] [stdout]    |         ^^^^^^^^^^
[INFO] [stdout] 
[INFO] [stdout] 
[INFO] [stdout] error[E0432]: unresolved import `rig_core::test_utils`
[INFO] [stdout]   --> src/agent/runner/settled_tests.rs:5:15
[INFO] [stdout]    |
[INFO] [stdout]  5 | use rig_core::test_utils::MockCompletionModel;
[INFO] [stdout]    |               ^^^^^^^^^^ could not find `test_utils` in `rig_core`
[INFO] [stdout]    |
[INFO] [stdout] note: found an item that was configured out
[INFO] [stdout]   --> /opt/rustwide/cargo-home/registry/src/index.crates.io-1949cf8c6b5b557f/rig-core-0.44.0/src/lib.rs:67:9
[INFO] [stdout]    |
[INFO] [stdout] 65 | #[cfg(any(test, feature = "test-utils"))]
[INFO] [stdout]    |          ------------------------------ the item is gated here
[INFO] [stdout] 66 | #[cfg_attr(docsrs, doc(cfg(feature = "test-utils")))]
[INFO] [stdout] 67 | pub mod test_utils;
[INFO] [stdout]    |         ^^^^^^^^^^
[INFO] [stdout] 
[INFO] [stdout] 
[INFO] [stdout] error[E0432]: unresolved import `rig_core::test_utils`
[INFO] [stdout]   --> src/bus/handle/tests.rs:15:5
[INFO] [stdout]    |
[INFO] [stdout] 15 |     test_utils::{MockCompletionModel, MockStreamEvent, MockTurn},
[INFO] [stdout]    |     ^^^^^^^^^^ could not find `test_utils` in `rig_core`
[INFO] [stdout]    |
[INFO] [stdout] note: found an item that was configured out
[INFO] [stdout]   --> /opt/rustwide/cargo-home/registry/src/index.crates.io-1949cf8c6b5b557f/rig-core-0.44.0/src/lib.rs:67:9
[INFO] [stdout]    |
[INFO] [stdout] 65 | #[cfg(any(test, feature = "test-utils"))]
[INFO] [stdout]    |          ------------------------------ the item is gated here
[INFO] [stdout] 66 | #[cfg_attr(docsrs, doc(cfg(feature = "test-utils")))]
[INFO] [stdout] 67 | pub mod test_utils;
[INFO] [stdout]    |         ^^^^^^^^^^
[INFO] [stdout] 
[INFO] [stdout] 
[INFO] [stdout] error[E0432]: unresolved import `rig_core::test_utils`
[INFO] [stdout]   --> src/bus/tests.rs:33:5
[INFO] [stdout]    |
[INFO] [stdout] 33 |     test_utils::{MockCompletionModel, MockStreamEvent, MockTurn},
[INFO] [stdout]    |     ^^^^^^^^^^ could not find `test_utils` in `rig_core`
[INFO] [stdout]    |
[INFO] [stdout] note: found an item that was configured out
[INFO] [stdout]   --> /opt/rustwide/cargo-home/registry/src/index.crates.io-1949cf8c6b5b557f/rig-core-0.44.0/src/lib.rs:67:9
[INFO] [stdout]    |
[INFO] [stdout] 65 | #[cfg(any(test, feature = "test-utils"))]
[INFO] [stdout]    |          ------------------------------ the item is gated here
[INFO] [stdout] 66 | #[cfg_attr(docsrs, doc(cfg(feature = "test-utils")))]
[INFO] [stdout] 67 | pub mod test_utils;
[INFO] [stdout]    |         ^^^^^^^^^^
[INFO] [stdout] 
[INFO] [stdout] 
[INFO] [stdout] error[E0432]: unresolved import `rig_core::test_utils`
[INFO] [stdout]   --> src/test_utils/mod.rs:18:19
[INFO] [stdout]    |
[INFO] [stdout] 18 | pub use rig_core::test_utils::*;
[INFO] [stdout]    |                   ^^^^^^^^^^ could not find `test_utils` in `rig_core`
[INFO] [stdout] 
[INFO] [stdout] 
[INFO] [stdout] error[E0432]: unresolved import `rig_core::test_utils`
[INFO] [stdout]   --> src/agent/runner/settled_tests.rs:83:19
[INFO] [stdout]    |
[INFO] [stdout] 83 |     use rig_core::test_utils::{MockStreamEvent, MockTurn, mock_final};
[INFO] [stdout]    |                   ^^^^^^^^^^ could not find `test_utils` in `rig_core`
[INFO] [stdout]    |
[INFO] [stdout] note: found an item that was configured out
[INFO] [stdout]   --> /opt/rustwide/cargo-home/registry/src/index.crates.io-1949cf8c6b5b557f/rig-core-0.44.0/src/lib.rs:67:9
[INFO] [stdout]    |
[INFO] [stdout] 65 | #[cfg(any(test, feature = "test-utils"))]
[INFO] [stdout]    |          ------------------------------ the item is gated here
[INFO] [stdout] 66 | #[cfg_attr(docsrs, doc(cfg(feature = "test-utils")))]
[INFO] [stdout] 67 | pub mod test_utils;
[INFO] [stdout]    |         ^^^^^^^^^^
[INFO] [stdout] 
[INFO] [stdout] 
[INFO] [stdout] error[E0432]: unresolved import `rig_core::test_utils`
[INFO] [stdout]    --> src/agent/runner/tests.rs:817:19
[INFO] [stdout]     |
[INFO] [stdout] 817 |     use rig_core::test_utils::MockScript;
[INFO] [stdout]     |                   ^^^^^^^^^^ could not find `test_utils` in `rig_core`
[INFO] [stdout]     |
[INFO] [stdout] note: found an item that was configured out
[INFO] [stdout]    --> /opt/rustwide/cargo-home/registry/src/index.crates.io-1949cf8c6b5b557f/rig-core-0.44.0/src/lib.rs:67:9
[INFO] [stdout]     |
[INFO] [stdout]  65 | #[cfg(any(test, feature = "test-utils"))]
[INFO] [stdout]     |          ------------------------------ the item is gated here
[INFO] [stdout]  66 | #[cfg_attr(docsrs, doc(cfg(feature = "test-utils")))]
[INFO] [stdout]  67 | pub mod test_utils;
[INFO] [stdout]     |         ^^^^^^^^^^
[INFO] [stdout] 
[INFO] [stdout] 
[INFO] [stdout] error[E0432]: unresolved import `rig_core::test_utils`
[INFO] [stdout]     --> src/bus/tests.rs:1694:19
[INFO] [stdout]      |
[INFO] [stdout] 1694 |     use rig_core::test_utils::CountingMemory;
[INFO] [stdout]      |                   ^^^^^^^^^^ could not find `test_utils` in `rig_core`
[INFO] [stdout]      |
[INFO] [stdout] note: found an item that was configured out
[INFO] [stdout]     --> /opt/rustwide/cargo-home/registry/src/index.crates.io-1949cf8c6b5b557f/rig-core-0.44.0/src/lib.rs:67:9
[INFO] [stdout]      |
[INFO] [stdout]   65 | #[cfg(any(test, feature = "test-utils"))]
[INFO] [stdout]      |          ------------------------------ the item is gated here
[INFO] [stdout]   66 | #[cfg_attr(docsrs, doc(cfg(feature = "test-utils")))]
[INFO] [stdout]   67 | pub mod test_utils;
[INFO] [stdout]      |         ^^^^^^^^^^
[INFO] [stdout] 
[INFO] [stdout] 
[INFO] [stdout] error[E0432]: unresolved import `crate::test_utils::MockCompletionModel`
[INFO] [stdout]  --> src/agent/builder/tests.rs:2:38
[INFO] [stdout]   |
[INFO] [stdout] 2 | use crate::test_utils::{MockAddTool, MockCompletionModel};
[INFO] [stdout]   |                                      ^^^^^^^^^^^^^^^^^^^ no `MockCompletionModel` in `test_utils`
[INFO] [stdout] 
[INFO] [stdout] 
[INFO] [stdout] error[E0432]: unresolved import `crate::test_utils::TraceCapture`
[INFO] [stdout]   --> src/agent/builder/tests.rs:38:9
[INFO] [stdout]    |
[INFO] [stdout] 38 |     use crate::test_utils::TraceCapture;
[INFO] [stdout]    |         ^^^^^^^^^^^^^^^^^^^------------
[INFO] [stdout]    |                            |
[INFO] [stdout]    |                            no `TraceCapture` in `test_utils`
[INFO] [stdout] 
[INFO] [stdout] 
[INFO] [stdout] error[E0432]: unresolved imports `crate::test_utils::MockCompletionModel`, `crate::test_utils::MockTurn`
[INFO] [stdout]   --> src/agent/completion/request_identity_tests.rs:14:38
[INFO] [stdout]    |
[INFO] [stdout] 14 | use crate::test_utils::{MockAddTool, MockCompletionModel, MockSubtractTool, MockTurn};
[INFO] [stdout]    |                                      ^^^^^^^^^^^^^^^^^^^                    ^^^^^^^^ no `MockTurn` in `test_utils`
[INFO] [stdout]    |                                      |
[INFO] [stdout]    |                                      no `MockCompletionModel` in `test_utils`
[INFO] [stdout]    |
[INFO] [stdout]    = note: unresolved item `crate::agent::builder::tests::conversation_without_memory::MockCompletionModel` exists but is inaccessible
[INFO] [stdout] 
[INFO] [stdout] 
[INFO] [stdout] error[E0432]: unresolved imports `crate::test_utils::MockCompletionModel`, `crate::test_utils::MockFrame`, `crate::test_utils::MockRuntime`, `crate::test_utils::MockScript`, `crate::test_utils::MockTurn`
[INFO] [stdout]  --> src/agent/drive/tests.rs:7:25
[INFO] [stdout]   |
[INFO] [stdout] 7 | use crate::test_utils::{MockCompletionModel, MockFrame, MockRuntime, MockScript, MockTurn};
[INFO] [stdout]   |                         ^^^^^^^^^^^^^^^^^^^  ^^^^^^^^^  ^^^^^^^^^^^  ^^^^^^^^^^  ^^^^^^^^ no `MockTurn` in `test_utils`
[INFO] [stdout]   |                         |                    |          |            |
[INFO] [stdout]   |                         |                    |          |            no `MockScript` in `test_utils`
[INFO] [stdout]   |                         |                    |          no `MockRuntime` in `test_utils`
[INFO] [stdout]   |                         |                    no `MockFrame` in `test_utils`
[INFO] [stdout]   |                         no `MockCompletionModel` in `test_utils`
[INFO] [stdout]   |
[INFO] [stdout]   = note: unresolved item `crate::agent::builder::tests::conversation_without_memory::MockCompletionModel` exists but is inaccessible
[INFO] [stdout] 
[INFO] [stdout] 
[INFO] [stdout] error[E0432]: unresolved imports `crate::test_utils::MockCompletionModel`, `crate::test_utils::MockScript`, `crate::test_utils::MockStreamEvent`, `crate::test_utils::MockTurn`
[INFO] [stdout]   --> src/agent/engine/tests.rs:26:18
[INFO] [stdout]    |
[INFO] [stdout] 26 |     MockAddTool, MockCompletionModel, MockOperationArgs, MockScript, MockStreamEvent,
[INFO] [stdout]    |                  ^^^^^^^^^^^^^^^^^^^                     ^^^^^^^^^^  ^^^^^^^^^^^^^^^ no `MockStreamEvent` in `test_utils`
[INFO] [stdout]    |                  |                                       |
[INFO] [stdout]    |                  |                                       no `MockScript` in `test_utils`
[INFO] [stdout]    |                  no `MockCompletionModel` in `test_utils`
[INFO] [stdout] 27 |     MockSubtractTool, MockToolError, MockTurn,
[INFO] [stdout]    |                                      ^^^^^^^^ no `MockTurn` in `test_utils`
[INFO] [stdout]    |
[INFO] [stdout]    = note: unresolved item `crate::agent::builder::tests::conversation_without_memory::MockCompletionModel` exists but is inaccessible
[INFO] [stdout] 
[INFO] [stdout] 
[INFO] [stdout] error[E0432]: unresolved imports `crate::test_utils::MockCompletionModel`, `crate::test_utils::MockStreamEvent`, `crate::test_utils::MockTurn`
[INFO] [stdout]    --> src/agent/engine/tests.rs:693:22
[INFO] [stdout]     |
[INFO] [stdout] 693 |         MockAddTool, MockCompletionModel, MockDeniedTool, MockFailingTool, MockHandledFailureTool,
[INFO] [stdout]     |                      ^^^^^^^^^^^^^^^^^^^ no `MockCompletionModel` in `test_utils`
[INFO] [stdout] 694 |         MockMetadataTool, MockRequestId, MockStreamEvent, MockTurn,
[INFO] [stdout]     |                                          ^^^^^^^^^^^^^^^  ^^^^^^^^ no `MockTurn` in `test_utils`
[INFO] [stdout]     |                                          |
[INFO] [stdout]     |                                          no `MockStreamEvent` in `test_utils`
[INFO] [stdout]     |
[INFO] [stdout]     = help: consider importing this unresolved item through its public re-export instead:
[INFO] [stdout]             crate::agent::engine::tests::MockCompletionModel
[INFO] [stdout]     = help: consider importing this unresolved item through its public re-export instead:
[INFO] [stdout]             crate::agent::engine::tests::MockStreamEvent
[INFO] [stdout]     = help: consider importing this unresolved item through its public re-export instead:
[INFO] [stdout]             crate::agent::engine::tests::MockTurn
[INFO] [stdout] 
[INFO] [stdout] 
[INFO] [stdout] error[E0432]: unresolved imports `crate::test_utils::MockCompletionModel`, `crate::test_utils::MockTurn`, `crate::test_utils::TraceCapture`
[INFO] [stdout]     --> src/agent/engine/tests.rs:1472:42
[INFO] [stdout]      |
[INFO] [stdout] 1472 |     use crate::test_utils::{MockAddTool, MockCompletionModel, MockTurn, TraceCapture};
[INFO] [stdout]      |                                          ^^^^^^^^^^^^^^^^^^^  ^^^^^^^^  ^^^^^^^^^^^^ no `TraceCapture` in `test_utils`
[INFO] [stdout]      |                                          |                    |
[INFO] [stdout]      |                                          |                    no `MockTurn` in `test_utils`
[INFO] [stdout]      |                                          no `MockCompletionModel` in `test_utils`
[INFO] [stdout]      |
[INFO] [stdout]      = help: consider importing this unresolved item through its public re-export instead:
[INFO] [stdout]              crate::agent::engine::tests::MockCompletionModel
[INFO] [stdout]      = help: consider importing this unresolved item through its public re-export instead:
[INFO] [stdout]              crate::agent::engine::tests::MockTurn
[INFO] [stdout] 
[INFO] [stdout] 
[INFO] [stdout] error[E0432]: unresolved imports `crate::test_utils::MockCompletionModel`, `crate::test_utils::MockStreamEvent`, `crate::test_utils::MockTurn`
[INFO] [stdout]   --> src/agent/runner/empty_turn_tests.rs:12:18
[INFO] [stdout]    |
[INFO] [stdout] 12 |     test_utils::{MockCompletionModel, MockStreamEvent, MockTurn},
[INFO] [stdout]    |                  ^^^^^^^^^^^^^^^^^^^  ^^^^^^^^^^^^^^^  ^^^^^^^^ no `MockTurn` in `test_utils`
[INFO] [stdout]    |                  |                    |
[INFO] [stdout]    |                  |                    no `MockStreamEvent` in `test_utils`
[INFO] [stdout]    |                  no `MockCompletionModel` in `test_utils`
[INFO] [stdout]    |
[INFO] [stdout]    = note: unresolved item `crate::agent::engine::tests::run_lifecycle::MockCompletionModel` exists but is inaccessible
[INFO] [stdout]    = note: unresolved item `crate::agent::engine::tests::run_lifecycle::MockStreamEvent` exists but is inaccessible
[INFO] [stdout]    = note: unresolved item `crate::agent::engine::tests::run_lifecycle::MockTurn` exists but is inaccessible
[INFO] [stdout] 
[INFO] [stdout] 
[INFO] [stdout] error[E0432]: unresolved imports `crate::test_utils::CountingMemory`, `crate::test_utils::MockCompletionModel`, `crate::test_utils::MockStreamEvent`
[INFO] [stdout]   --> src/agent/runner/entry_tests.rs:15:18
[INFO] [stdout]    |
[INFO] [stdout] 15 |     test_utils::{CountingMemory, MockCompletionModel, MockStreamEvent},
[INFO] [stdout]    |                  ^^^^^^^^^^^^^^  ^^^^^^^^^^^^^^^^^^^  ^^^^^^^^^^^^^^^ no `MockStreamEvent` in `test_utils`
[INFO] [stdout]    |                  |               |
[INFO] [stdout]    |                  |               no `MockCompletionModel` in `test_utils`
[INFO] [stdout]    |                  no `CountingMemory` in `test_utils`
[INFO] [stdout]    |
[INFO] [stdout]    = note: unresolved item `crate::agent::engine::tests::run_lifecycle::MockCompletionModel` exists but is inaccessible
[INFO] [stdout]    = note: unresolved item `crate::agent::engine::tests::run_lifecycle::MockStreamEvent` exists but is inaccessible
[INFO] [stdout] 
[INFO] [stdout] 
[INFO] [stdout] error[E0432]: unresolved imports `crate::test_utils::MockCompletionModel`, `crate::test_utils::MockStreamEvent`, `crate::test_utils::MockTurn`
[INFO] [stdout]  --> src/agent/runner/tests.rs:9:18
[INFO] [stdout]   |
[INFO] [stdout] 9 |     test_utils::{MockCompletionModel, MockStreamEvent, MockTurn},
[INFO] [stdout]   |                  ^^^^^^^^^^^^^^^^^^^  ^^^^^^^^^^^^^^^  ^^^^^^^^ no `MockTurn` in `test_utils`
[INFO] [stdout]   |                  |                    |
[INFO] [stdout]   |                  |                    no `MockStreamEvent` in `test_utils`
[INFO] [stdout]   |                  no `MockCompletionModel` in `test_utils`
[INFO] [stdout]   |
[INFO] [stdout]   = note: unresolved item `crate::agent::engine::tests::run_lifecycle::MockCompletionModel` exists but is inaccessible
[INFO] [stdout]   = note: unresolved item `crate::agent::engine::tests::run_lifecycle::MockStreamEvent` exists but is inaccessible
[INFO] [stdout]   = note: unresolved item `crate::agent::engine::tests::run_lifecycle::MockTurn` exists but is inaccessible
[INFO] [stdout] 
[INFO] [stdout] 
[INFO] [stdout] error[E0432]: unresolved imports `crate::test_utils::AppendFailingMemory`, `crate::test_utils::CountingMemory`, `crate::test_utils::FailingMemory`, `crate::test_utils::MockCompletionModel`, `crate::test_utils::MockTurn`
[INFO] [stdout]   --> src/agent/runner/prompt_tests.rs:18:9
[INFO] [stdout]    |
[INFO] [stdout] 18 |         AppendFailingMemory, CountingMemory, FailingMemory, MockAddTool, MockCompletionModel,
[INFO] [stdout]    |         ^^^^^^^^^^^^^^^^^^^  ^^^^^^^^^^^^^^  ^^^^^^^^^^^^^               ^^^^^^^^^^^^^^^^^^^ no `MockCompletionModel` in `test_utils`
[INFO] [stdout]    |         |                    |               |
[INFO] [stdout]    |         |                    |               no `FailingMemory` in `test_utils`
[INFO] [stdout]    |         |                    no `CountingMemory` in `test_utils`
[INFO] [stdout]    |         no `AppendFailingMemory` in `test_utils`
[INFO] [stdout] 19 |         MockContextProbeTool, MockSubtractTool, MockTurn, SessionId,
[INFO] [stdout]    |                                                 ^^^^^^^^ no `MockTurn` in `test_utils`
[INFO] [stdout]    |
[INFO] [stdout]    = note: unresolved item `crate::agent::engine::tests::run_lifecycle::MockCompletionModel` exists but is inaccessible
[INFO] [stdout]    = note: unresolved item `crate::agent::engine::tests::run_lifecycle::MockTurn` exists but is inaccessible
[INFO] [stdout] 
[INFO] [stdout] 
[INFO] [stdout] error[E0432]: unresolved imports `crate::test_utils::MockCompletionModel`, `crate::test_utils::MockStreamEvent`, `crate::test_utils::MockTurn`
[INFO] [stdout]   --> src/agent/streaming/malformed_tool_args_tests.rs:19:38
[INFO] [stdout]    |
[INFO] [stdout] 19 | use crate::test_utils::{MockAddTool, MockCompletionModel, MockStreamEvent, MockTurn};
[INFO] [stdout]    |                                      ^^^^^^^^^^^^^^^^^^^  ^^^^^^^^^^^^^^^  ^^^^^^^^ no `MockTurn` in `test_utils`
[INFO] [stdout]    |                                      |                    |
[INFO] [stdout]    |                                      |                    no `MockStreamEvent` in `test_utils`
[INFO] [stdout]    |                                      no `MockCompletionModel` in `test_utils`
[INFO] [stdout]    |
[INFO] [stdout]    = note: unresolved item `crate::agent::engine::tests::run_lifecycle::MockCompletionModel` exists but is inaccessible
[INFO] [stdout]    = note: unresolved item `crate::agent::engine::tests::run_lifecycle::MockStreamEvent` exists but is inaccessible
[INFO] [stdout]    = note: unresolved item `crate::agent::engine::tests::run_lifecycle::MockTurn` exists but is inaccessible
[INFO] [stdout] 
[INFO] [stdout] 
[INFO] [stdout] error[E0432]: unresolved imports `crate::test_utils::CapturedSpan`, `crate::test_utils::FailingMemory`, `crate::test_utils::MockCompletionModel`, `crate::test_utils::MockStreamEvent`, `crate::test_utils::TraceCapture`, `crate::test_utils::mock_final`
[INFO] [stdout]   --> src/agent/streaming/tests.rs:16:5
[INFO] [stdout]    |
[INFO] [stdout] 16 |     CapturedSpan, FailingMemory, MockAddTool, MockCompletionModel, MockContextProbeTool,
[INFO] [stdout]    |     ^^^^^^^^^^^^  ^^^^^^^^^^^^^               ^^^^^^^^^^^^^^^^^^^ no `MockCompletionModel` in `test_utils`
[INFO] [stdout]    |     |             |
[INFO] [stdout]    |     |             no `FailingMemory` in `test_utils`
[INFO] [stdout]    |     no `CapturedSpan` in `test_utils`
[INFO] [stdout] 17 |     MockStreamEvent, MockSubtractTool, MockToolError, SessionId, TraceCapture, mock_final,
[INFO] [stdout]    |     ^^^^^^^^^^^^^^^                                              ^^^^^^^^^^^^  ^^^^^^^^^^ no `mock_final` in `test_utils`
[INFO] [stdout]    |     |                                                            |
[INFO] [stdout]    |     no `MockStreamEvent` in `test_utils`                         no `TraceCapture` in `test_utils`
[INFO] [stdout]    |
[INFO] [stdout]    = note: unresolved item `crate::agent::engine::tests::run_lifecycle::MockCompletionModel` exists but is inaccessible
[INFO] [stdout]    = note: unresolved item `crate::agent::engine::tests::run_lifecycle::MockStreamEvent` exists but is inaccessible
[INFO] [stdout] 
[INFO] [stdout] 
[INFO] [stdout] error[E0432]: unresolved imports `crate::test_utils::MockCompletionModel`, `crate::test_utils::MockTurn`
[INFO] [stdout]  --> src/agent/tool/tests.rs:3:25
[INFO] [stdout]   |
[INFO] [stdout] 3 | use crate::test_utils::{MockCompletionModel, MockContextProbeTool, MockTurn, SessionId};
[INFO] [stdout]   |                         ^^^^^^^^^^^^^^^^^^^                        ^^^^^^^^ no `MockTurn` in `test_utils`
[INFO] [stdout]   |                         |
[INFO] [stdout]   |                         no `MockCompletionModel` in `test_utils`
[INFO] [stdout]   |
[INFO] [stdout]   = note: unresolved item `crate::agent::engine::tests::run_lifecycle::MockCompletionModel` exists but is inaccessible
[INFO] [stdout]   = note: unresolved item `crate::agent::engine::tests::run_lifecycle::MockTurn` exists but is inaccessible
[INFO] [stdout] 
[INFO] [stdout] 
[INFO] [stdout] error[E0432]: unresolved imports `crate::test_utils::MockCompletionModel`, `crate::test_utils::MockTurn`
[INFO] [stdout]   --> src/extractor/tests.rs:11:25
[INFO] [stdout]    |
[INFO] [stdout] 11 | use crate::test_utils::{MockCompletionModel, MockTurn};
[INFO] [stdout]    |                         ^^^^^^^^^^^^^^^^^^^  ^^^^^^^^ no `MockTurn` in `test_utils`
[INFO] [stdout]    |                         |
[INFO] [stdout]    |                         no `MockCompletionModel` in `test_utils`
[INFO] [stdout]    |
[INFO] [stdout]    = note: unresolved item `crate::agent::engine::tests::run_lifecycle::MockCompletionModel` exists but is inaccessible
[INFO] [stdout]    = note: unresolved item `crate::agent::engine::tests::run_lifecycle::MockTurn` exists but is inaccessible
[INFO] [stdout] 
[INFO] [stdout] 
[INFO] [stdout] error[E0432]: unresolved imports `crate::test_utils::MockCompletionModel`, `crate::test_utils::MockStreamEvent`, `crate::test_utils::MockTurn`, `crate::test_utils::mock_final`
[INFO] [stdout]  --> src/test_utils/model_conformance/tests.rs:4:18
[INFO] [stdout]   |
[INFO] [stdout] 4 |     test_utils::{MockCompletionModel, MockStreamEvent, MockTurn, mock_final},
[INFO] [stdout]   |                  ^^^^^^^^^^^^^^^^^^^  ^^^^^^^^^^^^^^^  ^^^^^^^^  ^^^^^^^^^^ no `mock_final` in `test_utils`
[INFO] [stdout]   |                  |                    |                |
[INFO] [stdout]   |                  |                    |                no `MockTurn` in `test_utils`
[INFO] [stdout]   |                  |                    no `MockStreamEvent` in `test_utils`
[INFO] [stdout]   |                  no `MockCompletionModel` in `test_utils`
[INFO] [stdout]   |
[INFO] [stdout]   = note: unresolved item `crate::agent::engine::tests::run_lifecycle::MockCompletionModel` exists but is inaccessible
[INFO] [stdout]   = note: unresolved item `crate::agent::engine::tests::run_lifecycle::MockStreamEvent` exists but is inaccessible
[INFO] [stdout]   = note: unresolved item `crate::agent::engine::tests::run_lifecycle::MockTurn` exists but is inaccessible
[INFO] [stdout] 
[INFO] [stdout] 
[INFO] [stdout] error[E0432]: unresolved import `rig_core::test_utils`
[INFO] [stdout]   --> examples/runtime_model_routing.rs:22:15
[INFO] [stdout]    |
[INFO] [stdout] 22 | use rig_core::test_utils::{MockFrame, MockScript};
[INFO] [stdout]    |               ^^^^^^^^^^ could not find `test_utils` in `rig_core`
[INFO] [stdout]    |
[INFO] [stdout] note: found an item that was configured out
[INFO] [stdout]   --> /opt/rustwide/cargo-home/registry/src/index.crates.io-1949cf8c6b5b557f/rig-core-0.44.0/src/lib.rs:67:9
[INFO] [stdout]    |
[INFO] [stdout] 65 | #[cfg(any(test, feature = "test-utils"))]
[INFO] [stdout]    |          ------------------------------ the item is gated here
[INFO] [stdout] 66 | #[cfg_attr(docsrs, doc(cfg(feature = "test-utils")))]
[INFO] [stdout] 67 | pub mod test_utils;
[INFO] [stdout]    |         ^^^^^^^^^^
[INFO] [stdout] 
[INFO] [stdout] 
[INFO] [stdout] error[E0432]: unresolved import `rig_core::test_utils`
[INFO] [stdout]   --> examples/retry_on_truncation.rs:33:15
[INFO] [stdout]    |
[INFO] [stdout] 33 | use rig_core::test_utils::{MockFrame, MockScript, MockStreamEvent};
[INFO] [stdout]    |               ^^^^^^^^^^ could not find `test_utils` in `rig_core`
[INFO] [stdout]    |
[INFO] [stdout] note: found an item that was configured out
[INFO] [stdout]   --> /opt/rustwide/cargo-home/registry/src/index.crates.io-1949cf8c6b5b557f/rig-core-0.44.0/src/lib.rs:67:9
[INFO] [stdout]    |
[INFO] [stdout] 65 | #[cfg(any(test, feature = "test-utils"))]
[INFO] [stdout]    |          ------------------------------ the item is gated here
[INFO] [stdout] 66 | #[cfg_attr(docsrs, doc(cfg(feature = "test-utils")))]
[INFO] [stdout] 67 | pub mod test_utils;
[INFO] [stdout]    |         ^^^^^^^^^^
[INFO] [stdout] 
[INFO] [stdout] 
[INFO] [stdout] For more information about this error, try `rustc --explain E0432`.
[INFO] [stdout] 
[INFO] [stderr] error: could not compile `rig-agent` (example "retry_on_truncation") due to 1 previous error
[INFO] [stderr] warning: build failed, waiting for other jobs to finish...
[INFO] [stdout] error[E0432]: unresolved import `rig_core::test_utils`
[INFO] [stdout]   --> tests/runtime_model_swapping.rs:29:15
[INFO] [stdout]    |
[INFO] [stdout] 29 | use rig_core::test_utils::{MockFrame, MockScript, MockStreamEvent};
[INFO] [stdout]    |               ^^^^^^^^^^ could not find `test_utils` in `rig_core`
[INFO] [stdout]    |
[INFO] [stdout] note: found an item that was configured out
[INFO] [stdout]   --> /opt/rustwide/cargo-home/registry/src/index.crates.io-1949cf8c6b5b557f/rig-core-0.44.0/src/lib.rs:67:9
[INFO] [stdout]    |
[INFO] [stdout] 65 | #[cfg(any(test, feature = "test-utils"))]
[INFO] [stdout]    |          ------------------------------ the item is gated here
[INFO] [stdout] 66 | #[cfg_attr(docsrs, doc(cfg(feature = "test-utils")))]
[INFO] [stdout] 67 | pub mod test_utils;
[INFO] [stdout]    |         ^^^^^^^^^^
[INFO] [stdout] 
[INFO] [stdout] 
[INFO] [stdout] For more information about this error, try `rustc --explain E0432`.
[INFO] [stdout] 
[INFO] [stdout] error[E0432]: unresolved import `rig_core::test_utils`
[INFO] [stdout]   --> tests/effect_bus.rs:28:5
[INFO] [stdout]    |
[INFO] [stdout] 28 |     test_utils::{MockCompletionModel, MockTurn},
[INFO] [stdout]    |     ^^^^^^^^^^ could not find `test_utils` in `rig_core`
[INFO] [stdout]    |
[INFO] [stdout] note: found an item that was configured out
[INFO] [stdout]   --> /opt/rustwide/cargo-home/registry/src/index.crates.io-1949cf8c6b5b557f/rig-core-0.44.0/src/lib.rs:67:9
[INFO] [stdout]    |
[INFO] [stdout] 65 | #[cfg(any(test, feature = "test-utils"))]
[INFO] [stdout]    |          ------------------------------ the item is gated here
[INFO] [stdout] 66 | #[cfg_attr(docsrs, doc(cfg(feature = "test-utils")))]
[INFO] [stdout] 67 | pub mod test_utils;
[INFO] [stdout]    |         ^^^^^^^^^^
[INFO] [stdout] 
[INFO] [stdout] 
[INFO] [stderr] error: could not compile `rig-agent` (example "runtime_model_routing") due to 1 previous error
[INFO] [stdout] error[E0433]: cannot find `test_utils` in `rig_core`
[INFO] [stdout]    --> tests/effect_bus.rs:336:47
[INFO] [stdout]     |
[INFO] [stdout] 336 | fn streamed_text(text: &str) -> Vec<rig_core::test_utils::MockStreamEvent> {
[INFO] [stdout]     |                                               ^^^^^^^^^^ could not find `test_utils` in `rig_core`
[INFO] [stdout]     |
[INFO] [stdout] note: found an item that was configured out
[INFO] [stdout]    --> /opt/rustwide/cargo-home/registry/src/index.crates.io-1949cf8c6b5b557f/rig-core-0.44.0/src/lib.rs:67:9
[INFO] [stdout]     |
[INFO] [stdout]  65 | #[cfg(any(test, feature = "test-utils"))]
[INFO] [stdout]     |          ------------------------------ the item is gated here
[INFO] [stdout]  66 | #[cfg_attr(docsrs, doc(cfg(feature = "test-utils")))]
[INFO] [stdout]  67 | pub mod test_utils;
[INFO] [stdout]     |         ^^^^^^^^^^
[INFO] [stdout] 
[INFO] [stdout] 
[INFO] [stdout] error[E0599]: no method named `client` found for struct `OpenAIConfig` in the current scope
[INFO] [stdout]   --> examples/raw_response_hook.rs:69:10
[INFO] [stdout]    |
[INFO] [stdout] 67 |     let model = OpenAIConfig::from_env()?
[INFO] [stdout] 68 |         .with_route(Route::Chat)
[INFO] [stdout] 69 |         .client()
[INFO] [stdout]    |          ^^^^^^ method not found in `OpenAIConfig`
[INFO] [stdout] 
[INFO] [stdout] 
[INFO] [stdout] error[E0433]: cannot find `test_utils` in `rig_core`
[INFO] [stdout]    --> tests/effect_bus.rs:338:19
[INFO] [stdout]     |
[INFO] [stdout] 338 |         rig_core::test_utils::MockStreamEvent::text(text),
[INFO] [stdout]     |                   ^^^^^^^^^^ could not find `test_utils` in `rig_core`
[INFO] [stdout]     |
[INFO] [stdout] note: found an item that was configured out
[INFO] [stdout]    --> /opt/rustwide/cargo-home/registry/src/index.crates.io-1949cf8c6b5b557f/rig-core-0.44.0/src/lib.rs:67:9
[INFO] [stdout]     |
[INFO] [stdout]  65 | #[cfg(any(test, feature = "test-utils"))]
[INFO] [stdout]     |          ------------------------------ the item is gated here
[INFO] [stdout]  66 | #[cfg_attr(docsrs, doc(cfg(feature = "test-utils")))]
[INFO] [stdout]  67 | pub mod test_utils;
[INFO] [stdout]     |         ^^^^^^^^^^
[INFO] [stdout] 
[INFO] [stdout] 
[INFO] [stdout] error[E0433]: cannot find `test_utils` in `rig_core`
[INFO] [stdout]    --> tests/effect_bus.rs:339:19
[INFO] [stdout]     |
[INFO] [stdout] 339 |         rig_core::test_utils::MockStreamEvent::final_response_with_total_tokens(1),
[INFO] [stdout]     |                   ^^^^^^^^^^ could not find `test_utils` in `rig_core`
[INFO] [stdout]     |
[INFO] [stdout] note: found an item that was configured out
[INFO] [stdout]    --> /opt/rustwide/cargo-home/registry/src/index.crates.io-1949cf8c6b5b557f/rig-core-0.44.0/src/lib.rs:67:9
[INFO] [stdout]     |
[INFO] [stdout]  65 | #[cfg(any(test, feature = "test-utils"))]
[INFO] [stdout]     |          ------------------------------ the item is gated here
[INFO] [stdout]  66 | #[cfg_attr(docsrs, doc(cfg(feature = "test-utils")))]
[INFO] [stdout]  67 | pub mod test_utils;
[INFO] [stdout]     |         ^^^^^^^^^^
[INFO] [stdout] 
[INFO] [stdout] 
[INFO] [stdout] For more information about this error, try `rustc --explain E0599`.
[INFO] [stdout] 
[INFO] [stderr] error: could not compile `rig-agent` (example "raw_response_hook") due to 1 previous error
[INFO] [stdout] error[E0433]: cannot find `test_utils` in `rig_core`
[INFO] [stdout]     --> tests/effect_bus.rs:1070:35
[INFO] [stdout]      |
[INFO] [stdout] 1070 |                 .memory(rig_core::test_utils::FailingMemory::new("load boom"))
[INFO] [stdout]      |                                   ^^^^^^^^^^ could not find `test_utils` in `rig_core`
[INFO] [stdout]      |
[INFO] [stdout] note: found an item that was configured out
[INFO] [stdout]     --> /opt/rustwide/cargo-home/registry/src/index.crates.io-1949cf8c6b5b557f/rig-core-0.44.0/src/lib.rs:67:9
[INFO] [stdout]      |
[INFO] [stdout]   65 | #[cfg(any(test, feature = "test-utils"))]
[INFO] [stdout]      |          ------------------------------ the item is gated here
[INFO] [stdout]   66 | #[cfg_attr(docsrs, doc(cfg(feature = "test-utils")))]
[INFO] [stdout]   67 | pub mod test_utils;
[INFO] [stdout]      |         ^^^^^^^^^^
[INFO] [stdout] 
[INFO] [stdout] 
[INFO] [stdout] For more information about this error, try `rustc --explain E0432`.
[INFO] [stdout] 
[INFO] [stderr] error: could not compile `rig-agent` (test "runtime_model_swapping") due to 1 previous error
[INFO] [stdout] Some errors have detailed explanations: E0432, E0433.
[INFO] [stdout] 
[INFO] [stderr] error: could not compile `rig-agent` (test "effect_bus") due to 5 previous errors
[INFO] [stdout] For more information about an error, try `rustc --explain E0432`.
[INFO] [stdout] 
[INFO] [stdout] For more information about this error, try `rustc --explain E0432`.
[INFO] [stdout] 
[INFO] [stderr] error: could not compile `rig-agent` (lib test) due to 25 previous errors
[INFO] running `Command { std: "docker" "inspect" "ab2436b75bbea2c1e3754ef7056c4bfa62ba34b796ae91c07aa2c4c86c929f55", kill_on_drop: false }`
[INFO] running `Command { std: "docker" "rm" "-f" "ab2436b75bbea2c1e3754ef7056c4bfa62ba34b796ae91c07aa2c4c86c929f55", kill_on_drop: false }`
[INFO] [stdout] ab2436b75bbea2c1e3754ef7056c4bfa62ba34b796ae91c07aa2c4c86c929f55
