[INFO] fetching crate restate-szamlazz 0.9.0...
[INFO] checking restate-szamlazz-0.9.0 against 3154cc1a3e6424e44f438a95007d043ed5ceaaf6+rustflags=-Znext-solver=coherence for pr-133502-30
[INFO] extracting crate restate-szamlazz 0.9.0 into /workspace/builds/worker-2-tc1/source
[INFO] started tweaking crates.io crate restate-szamlazz 0.9.0
[INFO] removed 0 missing examples
[INFO] removed 0 missing tests
[INFO] finished tweaking crates.io crate restate-szamlazz 0.9.0
[INFO] tweaked toml for crates.io crate restate-szamlazz 0.9.0 written to /workspace/builds/worker-2-tc1/source/Cargo.toml
[INFO] validating manifest of crates.io crate restate-szamlazz 0.9.0 on toolchain 3154cc1a3e6424e44f438a95007d043ed5ceaaf6
[INFO] running `Command { std: CARGO_HOME="/workspace/cargo-home" RUSTUP_HOME="/workspace/rustup-home" "/workspace/cargo-home/bin/cargo" "+3154cc1a3e6424e44f438a95007d043ed5ceaaf6" "metadata" "--manifest-path" "Cargo.toml" "--no-deps", kill_on_drop: false }`
[INFO] crate crates.io crate restate-szamlazz 0.9.0 already has a lockfile, it will not be regenerated
[INFO] running `Command { std: CARGO_HOME="/workspace/cargo-home" RUSTUP_HOME="/workspace/rustup-home" "/workspace/cargo-home/bin/cargo" "+3154cc1a3e6424e44f438a95007d043ed5ceaaf6" "fetch" "--manifest-path" "Cargo.toml", kill_on_drop: false }`
[INFO] [stderr]     Updating crates.io index
[INFO] [stderr]  Downloading crates ...
[INFO] [stderr]   Downloaded uuid v1.23.4
[INFO] [stderr]   Downloaded rust_decimal_macros v1.40.0
[INFO] [stderr]   Downloaded bytes v1.12.0
[INFO] [stderr]   Downloaded borsh-derive v1.7.0
[INFO] [stderr]   Downloaded borsh v1.7.0
[INFO] [stderr]   Downloaded cc v1.2.65
[INFO] [stderr]   Downloaded szamlazz-agent v0.9.0
[INFO] [stderr]   Downloaded typify v0.6.2
[INFO] [stderr]   Downloaded regress v0.11.1
[INFO] [stderr]   Downloaded typify-macro v0.6.2
[INFO] [stderr]   Downloaded restate-sdk v0.12.0
[INFO] [stderr]   Downloaded typify-impl v0.6.2
[INFO] [stderr]   Downloaded serde_tokenstream v0.2.3
[INFO] [stderr]   Downloaded restate-sdk-shared-core v7.0.3
[INFO] [stderr]   Downloaded jsonwebtoken v10.4.0
[INFO] [stderr]   Downloaded restate-sdk-macros v0.12.0
[INFO] [stderr]   Downloaded restate-e2e-harness v0.1.0
[INFO] [stderr]   Downloaded regress v0.10.5
[INFO] running `Command { std: "docker" "create" "-v" "/var/lib/crater-agent-workspace/builds/worker-2-tc1/source:/opt/rustwide/workdir:ro,Z" "-v" "/var/lib/crater-agent-workspace/builds/worker-2-tc1/target:/opt/rustwide/target:rw,Z" "-v" "/var/lib/crater-agent-workspace/cargo-home:/opt/rustwide/cargo-home:ro,Z" "-v" "/var/lib/crater-agent-workspace/rustup-home:/opt/rustwide/rustup-home:ro,Z" "-m" "1610612736" "--network" "none" "ghcr.io/rust-lang/crates-build-env/linux@sha256:77db811e55d90add9212f6832c23229e3de5f1c1f9905e8cb07319ea15df73ac" "sleep" "infinity", kill_on_drop: false }`
[INFO] [stdout] da3b3c27ca48d4d8cdbdad5c57f83b2fa973ce6c51a8d9cc1ea4c6d8d594c801
[INFO] running `Command { std: "docker" "start" "da3b3c27ca48d4d8cdbdad5c57f83b2fa973ce6c51a8d9cc1ea4c6d8d594c801", kill_on_drop: false }`
[INFO] running `Command { std: "docker" "inspect" "da3b3c27ca48d4d8cdbdad5c57f83b2fa973ce6c51a8d9cc1ea4c6d8d594c801", kill_on_drop: false }`
[INFO] running `Command { std: "docker" "exec" "-e" "SOURCE_DIR=/opt/rustwide/workdir" "-e" "CARGO_HOME=/opt/rustwide/cargo-home" "-e" "RUSTUP_HOME=/opt/rustwide/rustup-home" "-e" "CARGO_TARGET_DIR=/opt/rustwide/target" "-w" "/opt/rustwide/workdir" "--user" "0:0" "da3b3c27ca48d4d8cdbdad5c57f83b2fa973ce6c51a8d9cc1ea4c6d8d594c801" "/opt/rustwide/cargo-home/bin/cargo" "+3154cc1a3e6424e44f438a95007d043ed5ceaaf6" "metadata" "--no-deps" "--format-version=1", kill_on_drop: false }`
[INFO] running `Command { std: "docker" "inspect" "da3b3c27ca48d4d8cdbdad5c57f83b2fa973ce6c51a8d9cc1ea4c6d8d594c801", kill_on_drop: false }`
[INFO] running `Command { std: "docker" "exec" "-e" "SOURCE_DIR=/opt/rustwide/workdir" "-e" "CARGO_HOME=/opt/rustwide/cargo-home" "-e" "RUSTUP_HOME=/opt/rustwide/rustup-home" "-e" "CARGO_TARGET_DIR=/opt/rustwide/target" "-e" "CARGO_INCREMENTAL=0" "-e" "RUST_BACKTRACE=full" "-e" "RUSTFLAGS=--cap-lints=forbid -Znext-solver=coherence" "-e" "RUSTDOCFLAGS=--cap-lints=forbid" "-w" "/opt/rustwide/workdir" "--user" "0:0" "da3b3c27ca48d4d8cdbdad5c57f83b2fa973ce6c51a8d9cc1ea4c6d8d594c801" "/opt/rustwide/cargo-home/bin/cargo" "+3154cc1a3e6424e44f438a95007d043ed5ceaaf6" "check" "--frozen" "--all" "--all-targets" "--message-format=json", kill_on_drop: false }`
[INFO] [stderr]     Checking memchr v2.8.2
[INFO] [stderr]     Checking bytes v1.12.0
[INFO] [stderr]     Checking smallvec v1.15.2
[INFO] [stderr]    Compiling generic-array v0.14.9
[INFO] [stderr]     Checking base64ct v1.8.3
[INFO] [stderr]    Compiling serde_core v1.0.229
[INFO] [stderr]    Compiling syn v3.0.3
[INFO] [stderr]    Compiling zeroize_derive v1.5.0
[INFO] [stderr]     Checking mio v1.2.1
[INFO] [stderr]     Checking socket2 v0.6.4
[INFO] [stderr]    Compiling semver v1.0.28
[INFO] [stderr]     Checking zerofrom v0.1.8
[INFO] [stderr]    Compiling cc v1.2.65
[INFO] [stderr]    Compiling icu_properties_data v2.2.0
[INFO] [stderr]    Compiling icu_normalizer_data v2.2.0
[INFO] [stderr]    Compiling num-traits v0.2.19
[INFO] [stderr]     Checking tracing v0.1.44
[INFO] [stderr]     Checking yoke v0.8.3
[INFO] [stderr]    Compiling serde v1.0.229
[INFO] [stderr]     Checking spin v0.9.9
[INFO] [stderr]    Compiling zerocopy v0.8.52
[INFO] [stderr]     Checking pem-rfc7468 v0.7.0
[INFO] [stderr]    Compiling serde_json v1.0.151
[INFO] [stderr]     Checking zerovec v0.11.6
[INFO] [stderr]     Checking zerotrie v0.2.4
[INFO] [stderr]     Checking lazy_static v1.5.0
[INFO] [stderr]     Checking ff v0.13.1
[INFO] [stderr]    Compiling zmij v1.0.21
[INFO] [stderr]    Compiling allocator-api2 v0.2.21
[INFO] [stderr]    Compiling foldhash v0.2.0
[INFO] [stderr]     Checking group v0.13.0
[INFO] [stderr]     Checking zeroize v1.9.0
[INFO] [stderr]     Checking tokio v1.53.1
[INFO] [stderr]     Checking http v1.5.0
[INFO] [stderr]    Compiling schemars v0.8.22
[INFO] [stderr]     Checking futures-util v0.3.32
[INFO] [stderr]     Checking der v0.7.10
[INFO] [stderr]     Checking rustls-pki-types v1.15.0
[INFO] [stderr]    Compiling schemars_derive v0.8.22
[INFO] [stderr]    Compiling rustc_version v0.4.1
[INFO] [stderr]    Compiling hashbrown v0.16.1
[INFO] [stderr]     Checking tinystr v0.8.3
[INFO] [stderr]     Checking potential_utf v0.1.5
[INFO] [stderr]     Checking icu_collections v2.2.0
[INFO] [stderr]    Compiling rustls v0.23.45
[INFO] [stderr]    Compiling dyn-clone v1.0.20
[INFO] [stderr]     Checking icu_locale_core v2.2.0
[INFO] [stderr]    Compiling curve25519-dalek v4.1.3
[INFO] [stderr]     Checking num-integer v0.1.47
[INFO] [stderr]     Checking aho-corasick v1.1.4
[INFO] [stderr]     Checking crypto-common v0.1.6
[INFO] [stderr]     Checking block-buffer v0.10.4
[INFO] [stderr]     Checking crypto-bigint v0.5.5
[INFO] [stderr]     Checking form_urlencoded v1.2.2
[INFO] [stderr]     Checking digest v0.10.7
[INFO] [stderr]     Checking hybrid-array v0.4.13
[INFO] [stderr]    Compiling cmake v0.1.58
[INFO] [stderr]     Checking http-body v1.0.1
[INFO] [stderr]     Checking hmac v0.12.1
[INFO] [stderr]     Checking signature v2.2.0
[INFO] [stderr]     Checking hkdf v0.12.4
[INFO] [stderr]    Compiling regress v0.11.1
[INFO] [stderr]     Checking rfc6979 v0.4.0
[INFO] [stderr]     Checking spki v0.7.3
[INFO] [stderr]     Checking http-body-util v0.1.5
[INFO] [stderr]     Checking sha2 v0.10.9
[INFO] [stderr]     Checking pkcs8 v0.10.2
[INFO] [stderr]    Compiling time-core v0.1.9
[INFO] [stderr]     Checking sec1 v0.7.3
[INFO] [stderr]    Compiling num-bigint-dig v0.8.6
[INFO] [stderr]     Checking icu_provider v2.2.0
[INFO] [stderr]    Compiling num-conv v0.2.2
[INFO] [stderr]     Checking regex-automata v0.4.14
[INFO] [stderr]    Compiling anyhow v1.0.104
[INFO] [stderr]     Checking num-iter v0.1.46
[INFO] [stderr]    Compiling curve25519-dalek-derive v0.1.1
[INFO] [stderr]    Compiling cookie v0.18.1
[INFO] [stderr]    Compiling either v1.18.0
[INFO] [stderr]    Compiling time-macros v0.2.31
[INFO] [stderr]     Checking ed25519 v2.2.3
[INFO] [stderr]    Compiling aws-lc-sys v0.45.0
[INFO] [stderr]     Checking pkcs1 v0.7.5
[INFO] [stderr]     Checking icu_properties v2.2.0
[INFO] [stderr]     Checking icu_normalizer v2.2.0
[INFO] [stderr]    Compiling itertools v0.14.0
[INFO] [stderr]     Checking crypto-common v0.2.2
[INFO] [stderr]     Checking block-buffer v0.12.1
[INFO] [stderr]     Checking psl-types v2.0.11
[INFO] [stderr]     Checking rustls-native-certs v0.8.4
[INFO] [stderr]     Checking getrandom v0.4.3
[INFO] [stderr]    Compiling prettyplease v0.2.37
[INFO] [stderr]    Compiling strum_macros v0.27.2
[INFO] [stderr]     Checking elliptic-curve v0.13.8
[INFO] [stderr]    Compiling jiff-core v0.1.0
[INFO] [stderr]     Checking digest v0.11.3
[INFO] [stderr]    Compiling serde_derive v1.0.229
[INFO] [stderr]    Compiling thiserror-impl v2.0.20
[INFO] [stderr]     Checking primeorder v0.13.6
[INFO] [stderr]     Checking ecdsa v0.16.9
[INFO] [stderr]     Checking ed25519-dalek v2.2.0
[INFO] [stderr]     Checking time v0.3.53
[INFO] [stderr]     Checking futures-executor v0.3.32
[INFO] [stderr]     Checking sha2 v0.11.0
[INFO] [stderr]     Checking futures v0.3.32
[INFO] [stderr]     Checking idna_adapter v1.2.2
[INFO] [stderr]     Checking bytes-utils v0.1.4
[INFO] [stderr]     Checking idna v1.1.0
[INFO] [stderr]     Checking p384 v0.13.1
[INFO] [stderr]     Checking p256 v0.13.2
[INFO] [stderr]    Compiling prost-derive v0.14.4
[INFO] [stderr]     Checking tracing-log v0.2.0
[INFO] [stderr]     Checking url v2.5.8
[INFO] [stderr]     Checking publicsuffix v2.3.0
[INFO] [stderr]     Checking sharded-slab v0.1.7
[INFO] [stderr]     Checking thread_local v1.1.10
[INFO] [stderr]     Checking bs58 v0.5.1
[INFO] [stderr]    Compiling thiserror v2.0.20
[INFO] [stderr]    Compiling rust_decimal v1.43.0
[INFO] [stderr]    Compiling jiff v0.2.35
[INFO] [stderr]    Compiling nix v0.31.3
[INFO] [stderr]     Checking rand v0.10.2
[INFO] [stderr]     Checking regress v0.10.5
[INFO] [stderr]     Checking uuid v1.23.4
[INFO] [stderr]    Compiling rust_decimal_macros v1.40.0
[INFO] [stderr]    Compiling rustix v1.1.4
[INFO] [stderr]     Checking tinyvec v1.11.0
[INFO] [stderr]     Checking deadpool-runtime v0.1.4
[INFO] [stderr]     Checking linux-raw-sys v0.12.1
[INFO] [stderr]     Checking axum-core v0.5.6
[INFO] [stderr]     Checking strum v0.27.2
[INFO] [stderr]     Checking prost v0.14.4
[INFO] [stderr]     Checking matchers v0.2.0
[INFO] [stderr]     Checking tracing-subscriber v0.3.23
[INFO] [stderr]     Checking regex v1.12.4
[INFO] [stderr]     Checking unicode-normalization v0.1.25
[INFO] [stderr]     Checking tokio-util v0.7.18
[INFO] [stderr]     Checking tower v0.5.3
[INFO] [stderr]     Checking deadpool v0.12.3
[INFO] [stderr]     Checking ppv-lite86 v0.2.21
[INFO] [stderr]     Checking rand_chacha v0.3.1
[INFO] [stderr]     Checking tower-http v0.6.11
[INFO] [stderr]     Checking h2 v0.4.19
[INFO] [stderr]     Checking rand v0.8.6
[INFO] [stderr]     Checking cookie_store v0.22.1
[INFO] [stderr]     Checking quick-xml v0.42.0
[INFO] [stderr]     Checking assert-json-diff v2.0.2
[INFO] [stderr]    Compiling serde_tokenstream v0.2.3
[INFO] [stderr]    Compiling jsonptr v0.7.1
[INFO] [stderr]    Compiling restate-sdk-macros v0.12.0
[INFO] [stderr]    Compiling typify-impl v0.6.2
[INFO] [stderr]     Checking rsa v0.9.10
[INFO] [stderr]     Checking jsonwebtoken v10.4.0
[INFO] [stderr]     Checking hyper v1.10.1
[INFO] [stderr]     Checking restate-sdk-shared-core v7.0.3
[INFO] [stderr]     Checking hyper-util v0.1.20
[INFO] [stderr]    Compiling typify-macro v0.6.2
[INFO] [stderr]     Checking wiremock v0.6.5
[INFO] [stderr]     Checking axum v0.8.9
[INFO] [stderr]    Compiling typify v0.6.2
[INFO] [stderr]    Compiling restate-sdk v0.12.0
[INFO] [stderr]    Compiling aws-lc-rs v1.18.1
[INFO] [stderr]     Checking rustls-webpki v0.103.15
[INFO] [stderr]     Checking tokio-rustls v0.26.4
[INFO] [stderr]     Checking rustls-platform-verifier v0.6.2
[INFO] [stderr]     Checking hyper-rustls v0.27.9
[INFO] [stderr]     Checking reqwest v0.13.4
[INFO] [stderr]     Checking szamlazz-agent v0.9.0
[INFO] [stderr]     Checking restate-e2e-harness v0.1.0
[INFO] [stderr]     Checking restate-szamlazz v0.9.0 (/opt/rustwide/workdir)
[INFO] [stdout] error[E0432]: unresolved imports `restate_szamlazz::service::WriteCheckpoint`, `restate_szamlazz::service::WriteObserver`
[INFO] [stdout]   --> tests/request_response/main.rs:23:33
[INFO] [stdout]    |
[INFO] [stdout] 23 | use restate_szamlazz::service::{WriteCheckpoint, WriteObserver};
[INFO] [stdout]    |                                 ^^^^^^^^^^^^^^^  ^^^^^^^^^^^^^ no `WriteObserver` in `service`
[INFO] [stdout]    |                                 |
[INFO] [stdout]    |                                 no `WriteCheckpoint` in `service`
[INFO] [stdout]    |
[INFO] [stdout] note: found an item that was configured out
[INFO] [stdout]   --> src/service.rs:90:20
[INFO] [stdout]    |
[INFO] [stdout] 89 | #[cfg(feature = "test-util")]
[INFO] [stdout]    |       --------------------- the item is gated behind the `test-util` feature
[INFO] [stdout] 90 | pub use recovery::{WriteCheckpoint, WriteObserver};
[INFO] [stdout]    |                    ^^^^^^^^^^^^^^^
[INFO] [stdout] note: found an item that was configured out
[INFO] [stdout]   --> src/service.rs:90:37
[INFO] [stdout]    |
[INFO] [stdout] 89 | #[cfg(feature = "test-util")]
[INFO] [stdout]    |       --------------------- the item is gated behind the `test-util` feature
[INFO] [stdout] 90 | pub use recovery::{WriteCheckpoint, WriteObserver};
[INFO] [stdout]    |                                     ^^^^^^^^^^^^^
[INFO] [stdout] 
[INFO] [stdout] 
[INFO] [stdout] For more information about this error, try `rustc --explain E0432`.
[INFO] [stdout] 
[INFO] [stderr] error: could not compile `restate-szamlazz` (test "request_response") due to 1 previous error
[INFO] [stderr] warning: build failed, waiting for other jobs to finish...
[INFO] [stdout] error[E0432]: unresolved import `restate_szamlazz::service::WriteCheckpoint`
[INFO] [stdout]   --> tests/e2e/recovery_evidence.rs:24:9
[INFO] [stdout]    |
[INFO] [stdout] 24 |     use restate_szamlazz::service::WriteCheckpoint;
[INFO] [stdout]    |         ^^^^^^^^^^^^^^^^^^^^^^^^^^^---------------
[INFO] [stdout]    |                                    |
[INFO] [stdout]    |                                    no `WriteCheckpoint` in `service`
[INFO] [stdout]    |
[INFO] [stdout] note: found an item that was configured out
[INFO] [stdout]   --> src/service.rs:90:20
[INFO] [stdout]    |
[INFO] [stdout] 89 | #[cfg(feature = "test-util")]
[INFO] [stdout]    |       --------------------- the item is gated behind the `test-util` feature
[INFO] [stdout] 90 | pub use recovery::{WriteCheckpoint, WriteObserver};
[INFO] [stdout]    |                    ^^^^^^^^^^^^^^^
[INFO] [stdout] 
[INFO] [stdout] 
[INFO] [stdout] error[E0432]: unresolved import `restate_szamlazz::service::WriteCheckpoint`
[INFO] [stdout]    --> tests/e2e/recovery_evidence.rs:212:9
[INFO] [stdout]     |
[INFO] [stdout] 212 |     use restate_szamlazz::service::WriteCheckpoint;
[INFO] [stdout]     |         ^^^^^^^^^^^^^^^^^^^^^^^^^^^---------------
[INFO] [stdout]     |                                    |
[INFO] [stdout]     |                                    no `WriteCheckpoint` in `service`
[INFO] [stdout]     |
[INFO] [stdout] note: found an item that was configured out
[INFO] [stdout]    --> src/service.rs:90:20
[INFO] [stdout]     |
[INFO] [stdout]  89 | #[cfg(feature = "test-util")]
[INFO] [stdout]     |       --------------------- the item is gated behind the `test-util` feature
[INFO] [stdout]  90 | pub use recovery::{WriteCheckpoint, WriteObserver};
[INFO] [stdout]     |                    ^^^^^^^^^^^^^^^
[INFO] [stdout] 
[INFO] [stdout] 
[INFO] [stdout] error[E0432]: unresolved import `restate_szamlazz::service::WriteCheckpoint`
[INFO] [stdout]    --> tests/e2e/recovery_boundaries.rs:164:9
[INFO] [stdout]     |
[INFO] [stdout] 164 |     use restate_szamlazz::service::WriteCheckpoint;
[INFO] [stdout]     |         ^^^^^^^^^^^^^^^^^^^^^^^^^^^---------------
[INFO] [stdout]     |                                    |
[INFO] [stdout]     |                                    no `WriteCheckpoint` in `service`
[INFO] [stdout]     |
[INFO] [stdout] note: found an item that was configured out
[INFO] [stdout]    --> src/service.rs:90:20
[INFO] [stdout]     |
[INFO] [stdout]  89 | #[cfg(feature = "test-util")]
[INFO] [stdout]     |       --------------------- the item is gated behind the `test-util` feature
[INFO] [stdout]  90 | pub use recovery::{WriteCheckpoint, WriteObserver};
[INFO] [stdout]     |                    ^^^^^^^^^^^^^^^
[INFO] [stdout] 
[INFO] [stdout] 
[INFO] [stdout] error[E0432]: unresolved import `restate_szamlazz::service::WriteCheckpoint`
[INFO] [stdout]   --> tests/e2e/unresolved.rs:81:9
[INFO] [stdout]    |
[INFO] [stdout] 81 |     use restate_szamlazz::service::WriteCheckpoint;
[INFO] [stdout]    |         ^^^^^^^^^^^^^^^^^^^^^^^^^^^---------------
[INFO] [stdout]    |                                    |
[INFO] [stdout]    |                                    no `WriteCheckpoint` in `service`
[INFO] [stdout]    |
[INFO] [stdout] note: found an item that was configured out
[INFO] [stdout]   --> src/service.rs:90:20
[INFO] [stdout]    |
[INFO] [stdout] 89 | #[cfg(feature = "test-util")]
[INFO] [stdout]    |       --------------------- the item is gated behind the `test-util` feature
[INFO] [stdout] 90 | pub use recovery::{WriteCheckpoint, WriteObserver};
[INFO] [stdout]    |                    ^^^^^^^^^^^^^^^
[INFO] [stdout] 
[INFO] [stdout] 
[INFO] [stdout] error[E0425]: cannot find type `WriteCheckpoint` in module `restate_szamlazz::service`
[INFO] [stdout]   --> tests/e2e/unresolved.rs:54:39
[INFO] [stdout]    |
[INFO] [stdout] 54 |     point: restate_szamlazz::service::WriteCheckpoint,
[INFO] [stdout]    |                                       ^^^^^^^^^^^^^^^ not found in `restate_szamlazz::service`
[INFO] [stdout]    |
[INFO] [stdout] note: found an item that was configured out
[INFO] [stdout]   --> src/service.rs:90:20
[INFO] [stdout]    |
[INFO] [stdout] 89 | #[cfg(feature = "test-util")]
[INFO] [stdout]    |       --------------------- the item is gated behind the `test-util` feature
[INFO] [stdout] 90 | pub use recovery::{WriteCheckpoint, WriteObserver};
[INFO] [stdout]    |                    ^^^^^^^^^^^^^^^
[INFO] [stdout] 
[INFO] [stdout] 
[INFO] [stdout] error[E0405]: cannot find trait `WriteObserver` in module `restate_szamlazz::service`
[INFO] [stdout]   --> tests/e2e/unresolved.rs:59:33
[INFO] [stdout]    |
[INFO] [stdout] 59 | impl restate_szamlazz::service::WriteObserver for InterruptAt {
[INFO] [stdout]    |                                 ^^^^^^^^^^^^^ not found in `restate_szamlazz::service`
[INFO] [stdout]    |
[INFO] [stdout] note: found an item that was configured out
[INFO] [stdout]   --> src/service.rs:90:37
[INFO] [stdout]    |
[INFO] [stdout] 89 | #[cfg(feature = "test-util")]
[INFO] [stdout]    |       --------------------- the item is gated behind the `test-util` feature
[INFO] [stdout] 90 | pub use recovery::{WriteCheckpoint, WriteObserver};
[INFO] [stdout]    |                                     ^^^^^^^^^^^^^
[INFO] [stdout] 
[INFO] [stdout] 
[INFO] [stdout] error[E0425]: cannot find type `WriteCheckpoint` in module `restate_szamlazz::service`
[INFO] [stdout]   --> tests/e2e/unresolved.rs:63:43
[INFO] [stdout]    |
[INFO] [stdout] 63 |         point: restate_szamlazz::service::WriteCheckpoint,
[INFO] [stdout]    |                                           ^^^^^^^^^^^^^^^ not found in `restate_szamlazz::service`
[INFO] [stdout]    |
[INFO] [stdout] note: found an item that was configured out
[INFO] [stdout]   --> src/service.rs:90:20
[INFO] [stdout]    |
[INFO] [stdout] 89 | #[cfg(feature = "test-util")]
[INFO] [stdout]    |       --------------------- the item is gated behind the `test-util` feature
[INFO] [stdout] 90 | pub use recovery::{WriteCheckpoint, WriteObserver};
[INFO] [stdout]    |                    ^^^^^^^^^^^^^^^
[INFO] [stdout] 
[INFO] [stdout] 
[INFO] [stdout] Some errors have detailed explanations: E0405, E0425, E0432.
[INFO] [stdout] 
[INFO] [stdout] For more information about an error, try `rustc --explain E0405`.
[INFO] [stdout] 
[INFO] [stderr] error: could not compile `restate-szamlazz` (test "e2e") due to 7 previous errors
[INFO] running `Command { std: "docker" "inspect" "da3b3c27ca48d4d8cdbdad5c57f83b2fa973ce6c51a8d9cc1ea4c6d8d594c801", kill_on_drop: false }`
[INFO] running `Command { std: "docker" "rm" "-f" "da3b3c27ca48d4d8cdbdad5c57f83b2fa973ce6c51a8d9cc1ea4c6d8d594c801", kill_on_drop: false }`
[INFO] [stdout] da3b3c27ca48d4d8cdbdad5c57f83b2fa973ce6c51a8d9cc1ea4c6d8d594c801
