[INFO] fetching crate radiant-hubble 0.8.0-alpha.3...
[INFO] checking radiant-hubble-0.8.0-alpha.3 against 3154cc1a3e6424e44f438a95007d043ed5ceaaf6+rustflags=-Znext-solver=coherence for pr-133502-30
[INFO] extracting crate radiant-hubble 0.8.0-alpha.3 into /workspace/builds/worker-5-tc1/source
[INFO] started tweaking crates.io crate radiant-hubble 0.8.0-alpha.3
[INFO] removed 0 missing tests
[INFO] finished tweaking crates.io crate radiant-hubble 0.8.0-alpha.3
[INFO] tweaked toml for crates.io crate radiant-hubble 0.8.0-alpha.3 written to /workspace/builds/worker-5-tc1/source/Cargo.toml
[INFO] validating manifest of crates.io crate radiant-hubble 0.8.0-alpha.3 on toolchain 3154cc1a3e6424e44f438a95007d043ed5ceaaf6
[INFO] running `Command { std: CARGO_HOME="/workspace/cargo-home" RUSTUP_HOME="/workspace/rustup-home" "/workspace/cargo-home/bin/cargo" "+3154cc1a3e6424e44f438a95007d043ed5ceaaf6" "metadata" "--manifest-path" "Cargo.toml" "--no-deps", kill_on_drop: false }`
[INFO] crate crates.io crate radiant-hubble 0.8.0-alpha.3 already has a lockfile, it will not be regenerated
[INFO] running `Command { std: CARGO_HOME="/workspace/cargo-home" RUSTUP_HOME="/workspace/rustup-home" "/workspace/cargo-home/bin/cargo" "+3154cc1a3e6424e44f438a95007d043ed5ceaaf6" "fetch" "--manifest-path" "Cargo.toml", kill_on_drop: false }`
[INFO] [stderr] warning: Cargo.toml: `lints.clippy.uninlined-format-args` is deprecated in favor of `lints.clippy.uninlined_format_args` and will not work in a future edition
[INFO] [stderr] warning: `package.homepage` is redundant with `package.repository`
[INFO] [stderr]    --> Cargo.toml:212:12
[INFO] [stderr]     |
[INFO] [stderr] 212 | homepage = "https://github.com/RadiantAILabs/hubble"
[INFO] [stderr]     |            ^^^^^^^^^^^^^^^^^^^^^^^^^^^^^^^^^^^^^^^^^
[INFO] [stderr] ...
[INFO] [stderr] 219 | repository = "https://github.com/RadiantAILabs/hubble"
[INFO] [stderr]     |              -----------------------------------------
[INFO] [stderr]     |
[INFO] [stderr]     = note: `cargo::redundant_homepage` is set to `warn` by default
[INFO] [stderr] help: consider removing `package.homepage`
[INFO] [stderr] warning: `radiant-hubble` (manifest) generated 2 warnings
[INFO] [stderr]     Updating crates.io index
[INFO] [stderr]  Downloading crates ...
[INFO] [stderr]   Downloaded utoipa-axum v0.2.0
[INFO] [stderr]   Downloaded tower-sessions v0.15.0
[INFO] [stderr]   Downloaded tower-sessions-core v0.15.0
[INFO] [stderr]   Downloaded tower-cookies v0.11.0
[INFO] [stderr]   Downloaded cookie v0.18.2
[INFO] [stderr]   Downloaded sqlx v0.9.0
[INFO] [stderr]   Downloaded sqlx-sqlite v0.9.0
[INFO] [stderr]   Downloaded whoami v2.1.3
[INFO] [stderr]   Downloaded tower-http v0.7.1
[INFO] [stderr]   Downloaded sqlx-core v0.9.0
[INFO] [stderr]   Downloaded sqlx-postgres v0.9.0
[INFO] [stderr]   Downloaded sqlx-macros v0.9.0
[INFO] [stderr]   Downloaded rust-embed-impl v8.12.0
[INFO] [stderr]   Downloaded rust-embed-utils v8.12.0
[INFO] [stderr]   Downloaded sqlx-macros-core v0.9.0
[INFO] [stderr]   Downloaded rmcp-macros v3.1.4
[INFO] [stderr]   Downloaded sqlx-mysql v0.9.0
[INFO] [stderr]   Downloaded sse-stream v0.2.6
[INFO] [stderr]   Downloaded hkdf v0.13.0
[INFO] [stderr]   Downloaded rmcp v3.1.4
[INFO] [stderr]   Downloaded rust-embed v8.12.0
[INFO] [stderr]   Downloaded quinn-proto v0.11.18
[INFO] [stderr]   Downloaded const-hex v1.19.1
[INFO] [stderr]   Downloaded opentelemetry-proto v0.32.0
[INFO] [stderr]   Downloaded opentelemetry_sdk v0.32.1
[INFO] [stderr]   Downloaded governor v0.10.4
[INFO] [stderr]   Downloaded quanta v0.12.6
[INFO] [stderr]   Downloaded libsqlite3-sys v0.37.0
[INFO] running `Command { std: "docker" "create" "-v" "/var/lib/crater-agent-workspace/builds/worker-5-tc1/source:/opt/rustwide/workdir:ro,Z" "-v" "/var/lib/crater-agent-workspace/builds/worker-5-tc1/target:/opt/rustwide/target:rw,Z" "-v" "/var/lib/crater-agent-workspace/cargo-home:/opt/rustwide/cargo-home:ro,Z" "-v" "/var/lib/crater-agent-workspace/rustup-home:/opt/rustwide/rustup-home:ro,Z" "-m" "1610612736" "--network" "none" "ghcr.io/rust-lang/crates-build-env/linux@sha256:77db811e55d90add9212f6832c23229e3de5f1c1f9905e8cb07319ea15df73ac" "sleep" "infinity", kill_on_drop: false }`
[INFO] [stdout] 81d4c98f2d287f9135a56e6bcbb5572121729a8eecf7c5f0f99fea10eb12f948
[INFO] running `Command { std: "docker" "start" "81d4c98f2d287f9135a56e6bcbb5572121729a8eecf7c5f0f99fea10eb12f948", kill_on_drop: false }`
[INFO] running `Command { std: "docker" "inspect" "81d4c98f2d287f9135a56e6bcbb5572121729a8eecf7c5f0f99fea10eb12f948", kill_on_drop: false }`
[INFO] running `Command { std: "docker" "exec" "-e" "SOURCE_DIR=/opt/rustwide/workdir" "-e" "CARGO_HOME=/opt/rustwide/cargo-home" "-e" "RUSTUP_HOME=/opt/rustwide/rustup-home" "-e" "CARGO_TARGET_DIR=/opt/rustwide/target" "-w" "/opt/rustwide/workdir" "--user" "0:0" "81d4c98f2d287f9135a56e6bcbb5572121729a8eecf7c5f0f99fea10eb12f948" "/opt/rustwide/cargo-home/bin/cargo" "+3154cc1a3e6424e44f438a95007d043ed5ceaaf6" "metadata" "--no-deps" "--format-version=1", kill_on_drop: false }`
[INFO] running `Command { std: "docker" "inspect" "81d4c98f2d287f9135a56e6bcbb5572121729a8eecf7c5f0f99fea10eb12f948", kill_on_drop: false }`
[INFO] running `Command { std: "docker" "exec" "-e" "SOURCE_DIR=/opt/rustwide/workdir" "-e" "CARGO_HOME=/opt/rustwide/cargo-home" "-e" "RUSTUP_HOME=/opt/rustwide/rustup-home" "-e" "CARGO_TARGET_DIR=/opt/rustwide/target" "-e" "CARGO_INCREMENTAL=0" "-e" "RUST_BACKTRACE=full" "-e" "RUSTFLAGS=--cap-lints=forbid -Znext-solver=coherence" "-e" "RUSTDOCFLAGS=--cap-lints=forbid" "-w" "/opt/rustwide/workdir" "--user" "0:0" "81d4c98f2d287f9135a56e6bcbb5572121729a8eecf7c5f0f99fea10eb12f948" "/opt/rustwide/cargo-home/bin/cargo" "+3154cc1a3e6424e44f438a95007d043ed5ceaaf6" "check" "--frozen" "--all" "--all-targets" "--message-format=json", kill_on_drop: false }`
[INFO] [stderr] warning: Cargo.toml: `lints.clippy.uninlined-format-args` is deprecated in favor of `lints.clippy.uninlined_format_args` and will not work in a future edition
[INFO] [stderr] warning: `package.homepage` is redundant with `package.repository`
[INFO] [stderr]    --> Cargo.toml:212:12
[INFO] [stderr]     |
[INFO] [stderr] 212 | homepage = "https://github.com/RadiantAILabs/hubble"
[INFO] [stderr]     |            ^^^^^^^^^^^^^^^^^^^^^^^^^^^^^^^^^^^^^^^^^
[INFO] [stderr] ...
[INFO] [stderr] 219 | repository = "https://github.com/RadiantAILabs/hubble"
[INFO] [stderr]     |              -----------------------------------------
[INFO] [stderr]     |
[INFO] [stderr]     = note: `cargo::redundant_homepage` is set to `warn` by default
[INFO] [stderr] help: consider removing `package.homepage`
[INFO] [stderr] warning: `radiant-hubble` (manifest) generated 2 warnings
[INFO] [stderr]    Compiling syn v3.0.5
[INFO] [stderr]    Compiling serde_core v1.0.229
[INFO] [stderr]    Compiling find-msvc-tools v0.1.12
[INFO] [stderr]    Compiling libc v0.2.189
[INFO] [stderr]     Checking futures-channel v0.3.34
[INFO] [stderr]     Checking futures-io v0.3.34
[INFO] [stderr]    Compiling typenum v1.20.1
[INFO] [stderr]     Checking yoke v0.8.3
[INFO] [stderr]     Checking tracing v0.1.44
[INFO] [stderr]     Checking http v1.5.0
[INFO] [stderr]    Compiling pkg-config v0.3.34
[INFO] [stderr]    Compiling num-traits v0.2.19
[INFO] [stderr]     Checking getrandom v0.2.17
[INFO] [stderr]    Compiling time-core v0.1.9
[INFO] [stderr]    Compiling num-conv v0.2.2
[INFO] [stderr]    Compiling cmov v0.5.4
[INFO] [stderr]    Compiling aws-lc-rs v1.18.1
[INFO] [stderr]    Compiling serde_json v1.0.151
[INFO] [stderr]    Compiling getrandom v0.4.3
[INFO] [stderr]    Compiling litemap v0.8.3
[INFO] [stderr]    Compiling const-oid v0.10.2
[INFO] [stderr]    Compiling writeable v0.6.4
[INFO] [stderr]    Compiling time-macros v0.2.32
[INFO] [stderr]    Compiling thiserror v2.0.20
[INFO] [stderr]     Checking sync_wrapper v1.0.2
[INFO] [stderr]    Compiling zerocopy v0.8.57
[INFO] [stderr]    Compiling pin-project-lite v0.2.17
[INFO] [stderr]     Checking http-body v1.1.0
[INFO] [stderr]    Compiling ctutils v0.4.2
[INFO] [stderr]    Compiling rustls v0.23.45
[INFO] [stderr]    Compiling cpufeatures v0.3.1
[INFO] [stderr]    Compiling icu_properties_data v2.3.0
[INFO] [stderr]    Compiling icu_normalizer_data v2.3.0
[INFO] [stderr]     Checking http-body-util v0.1.5
[INFO] [stderr]    Compiling futures-core v0.3.34
[INFO] [stderr]     Checking bitflags v2.13.2
[INFO] [stderr]    Compiling zeroize v1.9.0
[INFO] [stderr]     Checking getrandom v0.3.4
[INFO] [stderr]    Compiling scopeguard v1.2.0
[INFO] [stderr]    Compiling once_cell v1.21.4
[INFO] [stderr]    Compiling untrusted v0.9.0
[INFO] [stderr]    Compiling rustls-pki-types v1.15.1
[INFO] [stderr]    Compiling crossbeam-utils v0.8.23
[INFO] [stderr]    Compiling lock_api v0.4.14
[INFO] [stderr]     Checking crypto-common v0.1.7
[INFO] [stderr]     Checking rand_core v0.9.5
[INFO] [stderr]    Compiling percent-encoding v2.3.2
[INFO] [stderr]    Compiling rand_core v0.10.1
[INFO] [stderr]    Compiling futures-sink v0.3.34
[INFO] [stderr]    Compiling bytes v1.12.1
[INFO] [stderr]    Compiling allocator-api2 v0.2.21
[INFO] [stderr]    Compiling foldhash v0.2.0
[INFO] [stderr]    Compiling form_urlencoded v1.2.2
[INFO] [stderr]     Checking digest v0.11.3
[INFO] [stderr]    Compiling tracing-core v0.1.36
[INFO] [stderr]     Checking digest v0.10.7
[INFO] [stderr]    Compiling hybrid-array v0.4.15
[INFO] [stderr]    Compiling generic-array v0.14.7
[INFO] [stderr]    Compiling hashbrown v0.16.1
[INFO] [stderr]    Compiling subtle v2.6.1
[INFO] [stderr]    Compiling iana-time-zone v0.1.65
[INFO] [stderr]    Compiling jobserver v0.1.35
[INFO] [stderr]    Compiling mio v1.2.3
[INFO] [stderr]    Compiling socket2 v0.6.5
[INFO] [stderr]    Compiling parking v2.2.1
[INFO] [stderr]    Compiling powerfmt v0.2.0
[INFO] [stderr]    Compiling futures-task v0.3.34
[INFO] [stderr]    Compiling deranged v0.5.8
[INFO] [stderr]    Compiling crc-catalog v2.5.0
[INFO] [stderr]    Compiling cc v1.4.6
[INFO] [stderr]    Compiling block-buffer v0.10.4
[INFO] [stderr]    Compiling crypto-common v0.2.2
[INFO] [stderr]    Compiling block-buffer v0.12.1
[INFO] [stderr]    Compiling log v0.4.34
[INFO] [stderr]    Compiling tinyvec v1.13.3
[INFO] [stderr]     Checking ipnet v2.12.2
[INFO] [stderr]    Compiling slab v0.4.12
[INFO] [stderr]    Compiling crc v3.4.0
[INFO] [stderr]    Compiling tokio v1.53.1
[INFO] [stderr]    Compiling hashlink v0.11.1
[INFO] [stderr]    Compiling sha2 v0.10.9
[INFO] [stderr]    Compiling chrono v0.4.45
[INFO] [stderr]    Compiling futures-util v0.3.34
[INFO] [stderr]    Compiling event-listener v5.4.2
[INFO] [stderr]    Compiling crossbeam-queue v0.3.14
[INFO] [stderr]     Checking indexmap v2.14.2
[INFO] [stderr]    Compiling unicode-normalization v0.1.25
[INFO] [stderr]    Compiling webpki-roots v1.0.9
[INFO] [stderr]    Compiling chacha20 v0.10.2
[INFO] [stderr]     Checking axum-core v0.5.6
[INFO] [stderr]    Compiling aho-corasick v1.1.5
[INFO] [stderr]    Compiling cmake v0.1.58
[INFO] [stderr]    Compiling time v0.3.55
[INFO] [stderr]    Compiling base64 v0.22.1
[INFO] [stderr]    Compiling ident_case v1.0.1
[INFO] [stderr]    Compiling strsim v0.11.1
[INFO] [stderr]    Compiling unicode-properties v0.1.4
[INFO] [stderr]    Compiling sha2 v0.11.0
[INFO] [stderr]    Compiling hmac v0.13.0
[INFO] [stderr]    Compiling unicode-bidi v0.3.18
[INFO] [stderr]    Compiling md-5 v0.11.0
[INFO] [stderr]    Compiling darling_core v0.24.1
[INFO] [stderr]    Compiling hkdf v0.13.0
[INFO] [stderr]    Compiling anyhow v1.0.104
[INFO] [stderr]    Compiling rand v0.10.2
[INFO] [stderr]    Compiling ring v0.17.14
[INFO] [stderr]    Compiling aws-lc-sys v0.45.0
[INFO] [stderr]    Compiling regex-automata v0.4.18
[INFO] [stderr]    Compiling stringprep v0.1.5
[INFO] [stderr]    Compiling atoi v2.0.0
[INFO] [stderr]    Compiling cookie v0.18.2
[INFO] [stderr]    Compiling byteorder v1.5.0
[INFO] [stderr]    Compiling whoami v2.1.3
[INFO] [stderr]    Compiling hex v0.4.3
[INFO] [stderr]    Compiling dotenvy v0.15.7
[INFO] [stderr]    Compiling ref-cast v1.0.27
[INFO] [stderr]     Checking rustls-native-certs v0.8.4
[INFO] [stderr]    Compiling serde_derive_internals v0.30.0
[INFO] [stderr]    Compiling serde_derive v1.0.229
[INFO] [stderr]    Compiling zerovec-derive v0.11.6
[INFO] [stderr]    Compiling displaydoc v0.2.7
[INFO] [stderr]    Compiling futures-macro v0.3.34
[INFO] [stderr]    Compiling tokio-macros v2.7.2
[INFO] [stderr]    Compiling thiserror-impl v2.0.20
[INFO] [stderr]    Compiling async-trait v0.1.92
[INFO] [stderr]    Compiling ref-cast-impl v1.0.27
[INFO] [stderr]     Checking ppv-lite86 v0.2.21
[INFO] [stderr]     Checking zerotrie v0.2.5
[INFO] [stderr]    Compiling mime v0.3.17
[INFO] [stderr]    Compiling portable-atomic v1.15.0
[INFO] [stderr]    Compiling mime_guess v2.0.5
[INFO] [stderr]     Checking zerovec v0.11.8
[INFO] [stderr]     Checking rand_chacha v0.9.0
[INFO] [stderr]    Compiling regex v1.13.1
[INFO] [stderr]    Compiling schemars_derive v1.2.2
[INFO] [stderr]    Compiling tinystr v0.8.4
[INFO] [stderr]    Compiling potential_utf v0.1.6
[INFO] [stderr]    Compiling icu_locale_core v2.3.0
[INFO] [stderr]    Compiling icu_collections v2.3.0
[INFO] [stderr]     Checking rand v0.9.5
[INFO] [stderr]    Compiling tokio-stream v0.1.19
[INFO] [stderr]    Compiling darling_macro v0.24.1
[INFO] [stderr]     Checking opentelemetry v0.32.0
[INFO] [stderr]    Compiling darling v0.24.1
[INFO] [stderr]    Compiling rust-embed-utils v8.12.0
[INFO] [stderr]     Checking serde_path_to_error v0.1.20
[INFO] [stderr]    Compiling utoipa-gen v5.5.0
[INFO] [stderr]    Compiling icu_provider v2.3.1
[INFO] [stderr]     Checking raw-cpuid v11.6.0
[INFO] [stderr]     Checking rand_core v0.6.4
[INFO] [stderr]    Compiling rmcp v3.1.4
[INFO] [stderr]     Checking matchit v0.8.4
[INFO] [stderr]     Checking password-hash v0.5.0
[INFO] [stderr]     Checking clap_builder v4.6.6
[INFO] [stderr]    Compiling rust-embed-impl v8.12.0
[INFO] [stderr]    Compiling rmcp-macros v3.1.4
[INFO] [stderr]    Compiling icu_properties v2.3.0
[INFO] [stderr]    Compiling clap_derive v4.6.4
[INFO] [stderr]     Checking uuid v1.26.1
[INFO] [stderr]     Checking futures-executor v0.3.34
[INFO] [stderr]     Checking futures v0.3.34
[INFO] [stderr]     Checking opentelemetry_sdk v0.32.1
[INFO] [stderr]     Checking sse-stream v0.2.6
[INFO] [stderr]     Checking serde v1.0.229
[INFO] [stderr]     Checking blake2 v0.10.6
[INFO] [stderr]     Checking matchers v0.2.0
[INFO] [stderr]     Checking const-hex v1.19.1
[INFO] [stderr]     Checking spinning_top v0.3.0
[INFO] [stderr]     Checking futures-timer v3.0.4
[INFO] [stderr]     Checking nonzero_ext v0.3.0
[INFO] [stderr]    Compiling rustls-webpki v0.103.15
[INFO] [stderr]    Compiling pastey v0.2.3
[INFO] [stderr]     Checking argon2 v0.5.3
[INFO] [stderr]     Checking rust-embed v8.12.0
[INFO] [stderr]     Checking tower-http v0.7.1
[INFO] [stderr]     Checking semver v1.0.28
[INFO] [stderr]     Checking smallvec v1.16.1
[INFO] [stderr]    Compiling either v1.18.0
[INFO] [stderr]     Checking parking_lot_core v0.9.12
[INFO] [stderr]     Checking icu_normalizer v2.3.0
[INFO] [stderr]     Checking parking_lot v0.12.5
[INFO] [stderr]     Checking serde_urlencoded v0.7.1
[INFO] [stderr]     Checking futures-intrusive v0.5.0
[INFO] [stderr]    Compiling itertools v0.14.0
[INFO] [stderr]     Checking idna_adapter v1.2.2
[INFO] [stderr]     Checking idna v1.1.0
[INFO] [stderr]     Checking tower-cookies v0.11.0
[INFO] [stderr]     Checking quanta v0.12.6
[INFO] [stderr]     Checking dashmap v6.2.1
[INFO] [stderr]     Checking tracing-subscriber v0.3.23
[INFO] [stderr]     Checking url v2.5.8
[INFO] [stderr]     Checking clap v4.6.6
[INFO] [stderr]     Checking governor v0.10.4
[INFO] [stderr]     Checking tokio-util v0.7.19
[INFO] [stderr]     Checking hyper v1.11.1
[INFO] [stderr]     Checking tower v0.5.3
[INFO] [stderr]     Checking tower-sessions-core v0.15.0
[INFO] [stderr]     Checking schemars v1.2.2
[INFO] [stderr]     Checking tower-sessions v0.15.0
[INFO] [stderr]     Checking tower-http v0.6.11
[INFO] [stderr]     Checking hyper-util v0.1.20
[INFO] [stderr]    Compiling prost-derive v0.14.4
[INFO] [stderr]     Checking axum v0.8.9
[INFO] [stderr]     Checking prost v0.14.4
[INFO] [stderr]     Checking opentelemetry-proto v0.32.0
[INFO] [stderr]     Checking utoipa v5.5.0
[INFO] [stderr]    Compiling sqlx-core v0.9.0
[INFO] [stderr]     Checking utoipa-axum v0.2.0
[INFO] [stderr]    Compiling sqlx-postgres v0.9.0
[INFO] [stderr]    Compiling sqlx-macros-core v0.9.0
[INFO] [stderr]    Compiling sqlx-macros v0.9.0
[INFO] [stderr]     Checking tokio-rustls v0.26.5
[INFO] [stderr]     Checking rustls-platform-verifier v0.7.0
[INFO] [stderr]     Checking hyper-rustls v0.27.9
[INFO] [stderr]     Checking reqwest v0.13.5
[INFO] [stderr]     Checking sqlx v0.9.0
[INFO] [stderr]     Checking radiant-hubble v0.8.0-alpha.3 (/opt/rustwide/workdir)
[INFO] [stdout] error: couldn't read `src/mcp/../../../../docs/mcp.md`: No such file or directory (os error 2)
[INFO] [stdout]    --> src/mcp/investigation.rs:908:23
[INFO] [stdout]     |
[INFO] [stdout] 908 |     const DOC: &str = include_str!("../../../../docs/mcp.md");
[INFO] [stdout]     |                       ^^^^^^^^^^^^^^^^^^^^^^^^^^^^^^^^^^^^^^^
[INFO] [stdout] 
[INFO] [stdout] 
[INFO] [stdout] error: couldn't read `src/meta_agent/../../../../docs/reference/meta-agent-provider-api.md`: No such file or directory (os error 2)
[INFO] [stdout]    --> src/meta_agent/wire.rs:784:24
[INFO] [stdout]     |
[INFO] [stdout] 784 |     const SPEC: &str = include_str!("../../../../docs/reference/meta-agent-provider-api.md");
[INFO] [stdout]     |                        ^^^^^^^^^^^^^^^^^^^^^^^^^^^^^^^^^^^^^^^^^^^^^^^^^^^^^^^^^^^^^^^^^^^^^
[INFO] [stdout] 
[INFO] [stdout] 
[INFO] [stdout] warning: method `build_with_runtime_config` is never used
[INFO] [stdout]    --> src/app.rs:155:25
[INFO] [stdout]     |
[INFO] [stdout]  51 | impl Hubble {
[INFO] [stdout]     | ----------- method in this implementation
[INFO] [stdout] ...
[INFO] [stdout] 155 |     pub(crate) async fn build_with_runtime_config(
[INFO] [stdout]     |                         ^^^^^^^^^^^^^^^^^^^^^^^^^
[INFO] [stdout]     |
[INFO] [stdout]     = note: `#[warn(dead_code)]` (part of `#[warn(unused)]`) on by default
[INFO] [stdout] 
[INFO] [stdout] 
[INFO] [stdout] warning: variant `MigrationRoleRequiresUrl` is never constructed
[INFO] [stdout]    --> src/db.rs:313:5
[INFO] [stdout]     |
[INFO] [stdout] 307 | pub(crate) enum DbError {
[INFO] [stdout]     |                 ------- variant in this enum
[INFO] [stdout] ...
[INFO] [stdout] 313 |     MigrationRoleRequiresUrl,
[INFO] [stdout]     |     ^^^^^^^^^^^^^^^^^^^^^^^^
[INFO] [stdout]     |
[INFO] [stdout]     = note: `DbError` has a derived impl for the trait `Debug`, but this is intentionally ignored during dead code analysis
[INFO] [stdout] 
[INFO] [stdout] 
[INFO] [stdout] error[E0432]: unresolved import `radiant_hubble::test_support`
[INFO] [stdout]   --> tests/usage_extension.rs:4:5
[INFO] [stdout]    |
[INFO] [stdout]  4 | use radiant_hubble::test_support;
[INFO] [stdout]    |     ^^^^^^^^^^^^^^^^------------
[INFO] [stdout]    |                     |
[INFO] [stdout]    |                     no `test_support` in the root
[INFO] [stdout]    |
[INFO] [stdout] note: found an item that was configured out
[INFO] [stdout]   --> src/lib.rs:69:9
[INFO] [stdout]    |
[INFO] [stdout] 68 | #[cfg(any(test, feature = "test-support"))]
[INFO] [stdout]    |          -------------------------------- the item is gated here
[INFO] [stdout] 69 | pub mod test_support;
[INFO] [stdout]    |         ^^^^^^^^^^^^
[INFO] [stdout] 
[INFO] [stdout] 
[INFO] [stdout] error[E0432]: unresolved import `radiant_hubble::test_support`
[INFO] [stdout]   --> tests/dashboard_assets.rs:3:5
[INFO] [stdout]    |
[INFO] [stdout]  3 | use radiant_hubble::test_support;
[INFO] [stdout]    |     ^^^^^^^^^^^^^^^^------------
[INFO] [stdout]    |                     |
[INFO] [stdout]    |                     no `test_support` in the root
[INFO] [stdout]    |
[INFO] [stdout] note: found an item that was configured out
[INFO] [stdout]   --> src/lib.rs:69:9
[INFO] [stdout]    |
[INFO] [stdout] 68 | #[cfg(any(test, feature = "test-support"))]
[INFO] [stdout]    |          -------------------------------- the item is gated here
[INFO] [stdout] 69 | pub mod test_support;
[INFO] [stdout]    |         ^^^^^^^^^^^^
[INFO] [stdout] 
[INFO] [stdout] 
[INFO] [stdout] error[E0432]: unresolved import `radiant_hubble::test_support`
[INFO] [stdout]   --> tests/dashboard_api.rs:10:5
[INFO] [stdout]    |
[INFO] [stdout] 10 | use radiant_hubble::test_support;
[INFO] [stdout]    |     ^^^^^^^^^^^^^^^^------------
[INFO] [stdout]    |                     |
[INFO] [stdout]    |                     no `test_support` in the root
[INFO] [stdout]    |
[INFO] [stdout] note: found an item that was configured out
[INFO] [stdout]   --> src/lib.rs:69:9
[INFO] [stdout]    |
[INFO] [stdout] 68 | #[cfg(any(test, feature = "test-support"))]
[INFO] [stdout]    |          -------------------------------- the item is gated here
[INFO] [stdout] 69 | pub mod test_support;
[INFO] [stdout]    |         ^^^^^^^^^^^^
[INFO] [stdout] 
[INFO] [stdout] 
[INFO] [stdout] error[E0432]: unresolved import `radiant_hubble::test_support`
[INFO] [stdout]   --> tests/dashboard_api.rs:11:21
[INFO] [stdout]    |
[INFO] [stdout] 11 | use radiant_hubble::test_support::{ORGANIZATION_ID, PROJECT_ID};
[INFO] [stdout]    |                     ^^^^^^^^^^^^ could not find `test_support` in `radiant_hubble`
[INFO] [stdout]    |
[INFO] [stdout] note: found an item that was configured out
[INFO] [stdout]   --> src/lib.rs:69:9
[INFO] [stdout]    |
[INFO] [stdout] 68 | #[cfg(any(test, feature = "test-support"))]
[INFO] [stdout]    |          -------------------------------- the item is gated here
[INFO] [stdout] 69 | pub mod test_support;
[INFO] [stdout]    |         ^^^^^^^^^^^^
[INFO] [stdout] 
[INFO] [stdout] 
[INFO] [stdout] error[E0432]: unresolved import `radiant_hubble::test_support`
[INFO] [stdout]   --> tests/deployment_transitions.rs:3:5
[INFO] [stdout]    |
[INFO] [stdout]  3 | use radiant_hubble::test_support;
[INFO] [stdout]    |     ^^^^^^^^^^^^^^^^------------
[INFO] [stdout]    |                     |
[INFO] [stdout]    |                     no `test_support` in the root
[INFO] [stdout]    |
[INFO] [stdout] note: found an item that was configured out
[INFO] [stdout]   --> src/lib.rs:69:9
[INFO] [stdout]    |
[INFO] [stdout] 68 | #[cfg(any(test, feature = "test-support"))]
[INFO] [stdout]    |          -------------------------------- the item is gated here
[INFO] [stdout] 69 | pub mod test_support;
[INFO] [stdout]    |         ^^^^^^^^^^^^
[INFO] [stdout] 
[INFO] [stdout] 
[INFO] [stdout] error[E0432]: unresolved import `radiant_hubble::test_support`
[INFO] [stdout]   --> tests/custom_api.rs:6:5
[INFO] [stdout]    |
[INFO] [stdout]  6 | use radiant_hubble::test_support;
[INFO] [stdout]    |     ^^^^^^^^^^^^^^^^------------
[INFO] [stdout]    |                     |
[INFO] [stdout]    |                     no `test_support` in the root
[INFO] [stdout]    |
[INFO] [stdout] note: found an item that was configured out
[INFO] [stdout]   --> src/lib.rs:69:9
[INFO] [stdout]    |
[INFO] [stdout] 68 | #[cfg(any(test, feature = "test-support"))]
[INFO] [stdout]    |          -------------------------------- the item is gated here
[INFO] [stdout] 69 | pub mod test_support;
[INFO] [stdout]    |         ^^^^^^^^^^^^
[INFO] [stdout] 
[INFO] [stdout] 
[INFO] [stdout] For more information about this error, try `rustc --explain E0432`.
[INFO] [stdout] 
[INFO] [stderr] error: could not compile `radiant-hubble` (test "dashboard_assets") due to 1 previous error
[INFO] [stderr] warning: build failed, waiting for other jobs to finish...
[INFO] [stdout] error[E0432]: unresolved import `radiant_hubble::test_support`
[INFO] [stdout]   --> tests/extension_log_views.rs:3:21
[INFO] [stdout]    |
[INFO] [stdout]  3 | use radiant_hubble::test_support::{self, PROJECT_ID, login};
[INFO] [stdout]    |                     ^^^^^^^^^^^^ could not find `test_support` in `radiant_hubble`
[INFO] [stdout]    |
[INFO] [stdout] note: found an item that was configured out
[INFO] [stdout]   --> src/lib.rs:69:9
[INFO] [stdout]    |
[INFO] [stdout] 68 | #[cfg(any(test, feature = "test-support"))]
[INFO] [stdout]    |          -------------------------------- the item is gated here
[INFO] [stdout] 69 | pub mod test_support;
[INFO] [stdout]    |         ^^^^^^^^^^^^
[INFO] [stdout] 
[INFO] [stdout] 
[INFO] [stdout] For more information about this error, try `rustc --explain E0432`.
[INFO] [stdout] 
[INFO] [stdout] error[E0432]: unresolved import `radiant_hubble::test_support`
[INFO] [stdout]   --> tests/ingest_credentials_api.rs:3:5
[INFO] [stdout]    |
[INFO] [stdout]  3 | use radiant_hubble::test_support;
[INFO] [stdout]    |     ^^^^^^^^^^^^^^^^------------
[INFO] [stdout]    |                     |
[INFO] [stdout]    |                     no `test_support` in the root
[INFO] [stdout]    |
[INFO] [stdout] note: found an item that was configured out
[INFO] [stdout]   --> src/lib.rs:69:9
[INFO] [stdout]    |
[INFO] [stdout] 68 | #[cfg(any(test, feature = "test-support"))]
[INFO] [stdout]    |          -------------------------------- the item is gated here
[INFO] [stdout] 69 | pub mod test_support;
[INFO] [stdout]    |         ^^^^^^^^^^^^
[INFO] [stdout] 
[INFO] [stdout] 
[INFO] [stdout] For more information about this error, try `rustc --explain E0432`.
[INFO] [stdout] 
[INFO] [stdout] error[E0432]: unresolved import `radiant_hubble::test_support`
[INFO] [stdout]   --> tests/mcp_credentials_api.rs:3:5
[INFO] [stdout]    |
[INFO] [stdout]  3 | use radiant_hubble::test_support;
[INFO] [stdout]    |     ^^^^^^^^^^^^^^^^------------
[INFO] [stdout]    |                     |
[INFO] [stdout]    |                     no `test_support` in the root
[INFO] [stdout]    |
[INFO] [stdout] note: found an item that was configured out
[INFO] [stdout]   --> src/lib.rs:69:9
[INFO] [stdout]    |
[INFO] [stdout] 68 | #[cfg(any(test, feature = "test-support"))]
[INFO] [stdout]    |          -------------------------------- the item is gated here
[INFO] [stdout] 69 | pub mod test_support;
[INFO] [stdout]    |         ^^^^^^^^^^^^
[INFO] [stdout] 
[INFO] [stdout] 
[INFO] [stdout] error[E0432]: unresolved import `radiant_hubble::test_support`
[INFO] [stdout]   --> tests/ingest_credentials_api.rs:4:21
[INFO] [stdout]    |
[INFO] [stdout]  4 | use radiant_hubble::test_support::PROJECT_ID;
[INFO] [stdout]    |                     ^^^^^^^^^^^^ could not find `test_support` in `radiant_hubble`
[INFO] [stdout]    |
[INFO] [stdout] note: found an item that was configured out
[INFO] [stdout]   --> src/lib.rs:69:9
[INFO] [stdout]    |
[INFO] [stdout] 68 | #[cfg(any(test, feature = "test-support"))]
[INFO] [stdout]    |          -------------------------------- the item is gated here
[INFO] [stdout] 69 | pub mod test_support;
[INFO] [stdout]    |         ^^^^^^^^^^^^
[INFO] [stdout] 
[INFO] [stdout] 
[INFO] [stdout] error[E0432]: unresolved import `radiant_hubble::test_support`
[INFO] [stdout]   --> tests/mcp_credentials_api.rs:4:21
[INFO] [stdout]    |
[INFO] [stdout]  4 | use radiant_hubble::test_support::PROJECT_ID;
[INFO] [stdout]    |                     ^^^^^^^^^^^^ could not find `test_support` in `radiant_hubble`
[INFO] [stdout]    |
[INFO] [stdout] note: found an item that was configured out
[INFO] [stdout]   --> src/lib.rs:69:9
[INFO] [stdout]    |
[INFO] [stdout] 68 | #[cfg(any(test, feature = "test-support"))]
[INFO] [stdout]    |          -------------------------------- the item is gated here
[INFO] [stdout] 69 | pub mod test_support;
[INFO] [stdout]    |         ^^^^^^^^^^^^
[INFO] [stdout] 
[INFO] [stdout] 
[INFO] [stderr] error: could not compile `radiant-hubble` (test "dashboard_api") due to 2 previous errors
[INFO] [stderr] error: could not compile `radiant-hubble` (test "usage_extension") due to 1 previous error
[INFO] [stdout] error[E0432]: unresolved import `radiant_hubble::test_support`
[INFO] [stdout]   --> tests/management_api.rs:4:5
[INFO] [stdout]    |
[INFO] [stdout]  4 | use radiant_hubble::test_support;
[INFO] [stdout]    |     ^^^^^^^^^^^^^^^^------------
[INFO] [stdout]    |                     |
[INFO] [stdout]    |                     no `test_support` in the root
[INFO] [stdout]    |
[INFO] [stdout] note: found an item that was configured out
[INFO] [stdout]   --> src/lib.rs:69:9
[INFO] [stdout]    |
[INFO] [stdout] 68 | #[cfg(any(test, feature = "test-support"))]
[INFO] [stdout]    |          -------------------------------- the item is gated here
[INFO] [stdout] 69 | pub mod test_support;
[INFO] [stdout]    |         ^^^^^^^^^^^^
[INFO] [stdout] 
[INFO] [stdout] 
[INFO] [stdout] For more information about this error, try `rustc --explain E0432`.
[INFO] [stdout] 
[INFO] [stderr] error: could not compile `radiant-hubble` (test "custom_api") due to 1 previous error
[INFO] [stdout] For more information about this error, try `rustc --explain E0432`.
[INFO] [stdout] 
[INFO] [stdout] For more information about this error, try `rustc --explain E0432`.
[INFO] [stdout] 
[INFO] [stdout] error[E0432]: unresolved import `radiant_hubble::test_support`
[INFO] [stdout]   --> tests/tenancy_api.rs:3:5
[INFO] [stdout]    |
[INFO] [stdout]  3 | use radiant_hubble::test_support;
[INFO] [stdout]    |     ^^^^^^^^^^^^^^^^------------
[INFO] [stdout]    |                     |
[INFO] [stdout]    |                     no `test_support` in the root
[INFO] [stdout]    |
[INFO] [stdout] note: found an item that was configured out
[INFO] [stdout]   --> src/lib.rs:69:9
[INFO] [stdout]    |
[INFO] [stdout] 68 | #[cfg(any(test, feature = "test-support"))]
[INFO] [stdout]    |          -------------------------------- the item is gated here
[INFO] [stdout] 69 | pub mod test_support;
[INFO] [stdout]    |         ^^^^^^^^^^^^
[INFO] [stdout] 
[INFO] [stdout] 
[INFO] [stdout] error[E0432]: unresolved import `radiant_hubble::test_support`
[INFO] [stdout]   --> tests/tenancy_api.rs:4:21
[INFO] [stdout]    |
[INFO] [stdout]  4 | use radiant_hubble::test_support::{ORGANIZATION_ID, PROJECT_ID};
[INFO] [stdout]    |                     ^^^^^^^^^^^^ could not find `test_support` in `radiant_hubble`
[INFO] [stdout]    |
[INFO] [stdout] note: found an item that was configured out
[INFO] [stdout]   --> src/lib.rs:69:9
[INFO] [stdout]    |
[INFO] [stdout] 68 | #[cfg(any(test, feature = "test-support"))]
[INFO] [stdout]    |          -------------------------------- the item is gated here
[INFO] [stdout] 69 | pub mod test_support;
[INFO] [stdout]    |         ^^^^^^^^^^^^
[INFO] [stdout] 
[INFO] [stdout] 
[INFO] [stderr] error: could not compile `radiant-hubble` (test "mcp_credentials_api") due to 2 previous errors
[INFO] [stdout] For more information about this error, try `rustc --explain E0432`.
[INFO] [stdout] 
[INFO] [stdout] error[E0432]: unresolved import `radiant_hubble::test_support`
[INFO] [stdout]   --> tests/mcp_investigation.rs:5:5
[INFO] [stdout]    |
[INFO] [stdout]  5 | use radiant_hubble::test_support;
[INFO] [stdout]    |     ^^^^^^^^^^^^^^^^------------
[INFO] [stdout]    |                     |
[INFO] [stdout]    |                     no `test_support` in the root
[INFO] [stdout]    |
[INFO] [stdout] note: found an item that was configured out
[INFO] [stdout]   --> src/lib.rs:69:9
[INFO] [stdout]    |
[INFO] [stdout] 68 | #[cfg(any(test, feature = "test-support"))]
[INFO] [stdout]    |          -------------------------------- the item is gated here
[INFO] [stdout] 69 | pub mod test_support;
[INFO] [stdout]    |         ^^^^^^^^^^^^
[INFO] [stdout] 
[INFO] [stdout] 
[INFO] [stdout] error[E0432]: unresolved import `radiant_hubble::test_support`
[INFO] [stdout]   --> tests/mcp_investigation.rs:6:21
[INFO] [stdout]    |
[INFO] [stdout]  6 | use radiant_hubble::test_support::{ORGANIZATION_ID, PROJECT_ID};
[INFO] [stdout]    |                     ^^^^^^^^^^^^ could not find `test_support` in `radiant_hubble`
[INFO] [stdout]    |
[INFO] [stdout] note: found an item that was configured out
[INFO] [stdout]   --> src/lib.rs:69:9
[INFO] [stdout]    |
[INFO] [stdout] 68 | #[cfg(any(test, feature = "test-support"))]
[INFO] [stdout]    |          -------------------------------- the item is gated here
[INFO] [stdout] 69 | pub mod test_support;
[INFO] [stdout]    |         ^^^^^^^^^^^^
[INFO] [stdout] 
[INFO] [stdout] 
[INFO] [stderr] error: could not compile `radiant-hubble` (test "ingest_credentials_api") due to 2 previous errors
[INFO] [stderr] error: could not compile `radiant-hubble` (test "deployment_transitions") due to 1 previous error
[INFO] [stdout] error[E0277]: the size for values of type `str` cannot be known at compilation time
[INFO] [stdout]    --> tests/extension_log_views.rs:223:9
[INFO] [stdout]     |
[INFO] [stdout] 223 |     let session = login(&client, &base, "owner@example.com", "correct1").await;
[INFO] [stdout]     |         ^^^^^^^ doesn't have a size known at compile-time
[INFO] [stdout]     |
[INFO] [stdout]     = help: the trait `Sized` is not implemented for `str`
[INFO] [stdout]     = note: all local variables must have a statically known size
[INFO] [stdout] 
[INFO] [stdout] 
[INFO] [stdout] error[E0277]: the size for values of type `str` cannot be known at compilation time
[INFO] [stdout]    --> tests/extension_log_views.rs:223:19
[INFO] [stdout]     |
[INFO] [stdout] 223 |     let session = login(&client, &base, "owner@example.com", "correct1").await;
[INFO] [stdout]     |                   ^^^^^^^^^^^^^^^^^^^^^^^^^^^^^^^^^^^^^^^^^^^^^^^^^^^^^^^^^^^^ doesn't have a size known at compile-time
[INFO] [stdout]     |
[INFO] [stdout]     = help: the trait `Sized` is not implemented for `str`
[INFO] [stdout]     = note: all local variables must have a statically known size
[INFO] [stdout] 
[INFO] [stdout] 
[INFO] [stdout] error[E0277]: the size for values of type `str` cannot be known at compilation time
[INFO] [stdout]    --> tests/tenancy_api.rs:236:9
[INFO] [stdout]     |
[INFO] [stdout] 236 |     let owner_session = login(&client, &base_url, "owner@example.com", "correct1").await;
[INFO] [stdout]     |         ^^^^^^^^^^^^^ doesn't have a size known at compile-time
[INFO] [stdout]     |
[INFO] [stdout]     = help: the trait `Sized` is not implemented for `str`
[INFO] [stdout]     = note: all local variables must have a statically known size
[INFO] [stdout] 
[INFO] [stdout] 
[INFO] [stdout] error[E0277]: the size for values of type `str` cannot be known at compilation time
[INFO] [stdout]    --> tests/tenancy_api.rs:236:25
[INFO] [stdout]     |
[INFO] [stdout] 236 |     let owner_session = login(&client, &base_url, "owner@example.com", "correct1").await;
[INFO] [stdout]     |                         ^^^^^^^^^^^^^^^^^^^^^^^^^^^^^^^^^^^^^^^^^^^^^^^^^^^^^^^^^^^^^^^^ doesn't have a size known at compile-time
[INFO] [stdout]     |
[INFO] [stdout]     = help: the trait `Sized` is not implemented for `str`
[INFO] [stdout]     = note: all local variables must have a statically known size
[INFO] [stdout] 
[INFO] [stdout] 
[INFO] [stdout] error[E0277]: the size for values of type `str` cannot be known at compilation time
[INFO] [stdout]    --> tests/tenancy_api.rs:314:9
[INFO] [stdout]     |
[INFO] [stdout] 314 |     let other_session = login(&client, &base_url, "other@example.com", "unused").await;
[INFO] [stdout]     |         ^^^^^^^^^^^^^ doesn't have a size known at compile-time
[INFO] [stdout]     |
[INFO] [stdout]     = help: the trait `Sized` is not implemented for `str`
[INFO] [stdout]     = note: all local variables must have a statically known size
[INFO] [stdout] 
[INFO] [stdout] 
[INFO] [stdout] error[E0277]: the size for values of type `str` cannot be known at compilation time
[INFO] [stdout]    --> tests/tenancy_api.rs:314:25
[INFO] [stdout]     |
[INFO] [stdout] 314 |     let other_session = login(&client, &base_url, "other@example.com", "unused").await;
[INFO] [stdout]     |                         ^^^^^^^^^^^^^^^^^^^^^^^^^^^^^^^^^^^^^^^^^^^^^^^^^^^^^^^^^^^^^^ doesn't have a size known at compile-time
[INFO] [stdout]     |
[INFO] [stdout]     = help: the trait `Sized` is not implemented for `str`
[INFO] [stdout]     = note: all local variables must have a statically known size
[INFO] [stdout] 
[INFO] [stdout] 
[INFO] [stdout] error[E0277]: the size for values of type `str` cannot be known at compilation time
[INFO] [stdout]    --> tests/tenancy_api.rs:455:9
[INFO] [stdout]     |
[INFO] [stdout] 455 |     let session = login(&client, &base_url, "owner@example.com", "correct1").await;
[INFO] [stdout]     |         ^^^^^^^ doesn't have a size known at compile-time
[INFO] [stdout]     |
[INFO] [stdout]     = help: the trait `Sized` is not implemented for `str`
[INFO] [stdout]     = note: all local variables must have a statically known size
[INFO] [stdout] 
[INFO] [stdout] 
[INFO] [stdout] error[E0277]: the size for values of type `str` cannot be known at compilation time
[INFO] [stdout]    --> tests/tenancy_api.rs:455:19
[INFO] [stdout]     |
[INFO] [stdout] 455 |     let session = login(&client, &base_url, "owner@example.com", "correct1").await;
[INFO] [stdout]     |                   ^^^^^^^^^^^^^^^^^^^^^^^^^^^^^^^^^^^^^^^^^^^^^^^^^^^^^^^^^^^^^^^^ doesn't have a size known at compile-time
[INFO] [stdout]     |
[INFO] [stdout]     = help: the trait `Sized` is not implemented for `str`
[INFO] [stdout]     = note: all local variables must have a statically known size
[INFO] [stdout] 
[INFO] [stdout] 
[INFO] [stdout] error[E0277]: the size for values of type `str` cannot be known at compilation time
[INFO] [stdout]    --> tests/tenancy_api.rs:523:9
[INFO] [stdout]     |
[INFO] [stdout] 523 |     let session_cookie = login(&client, &base_url, "owner@example.com", "correct1").await;
[INFO] [stdout]     |         ^^^^^^^^^^^^^^ doesn't have a size known at compile-time
[INFO] [stdout]     |
[INFO] [stdout]     = help: the trait `Sized` is not implemented for `str`
[INFO] [stdout]     = note: all local variables must have a statically known size
[INFO] [stdout] 
[INFO] [stdout] 
[INFO] [stdout] error[E0277]: the size for values of type `str` cannot be known at compilation time
[INFO] [stdout]    --> tests/tenancy_api.rs:523:26
[INFO] [stdout]     |
[INFO] [stdout] 523 |     let session_cookie = login(&client, &base_url, "owner@example.com", "correct1").await;
[INFO] [stdout]     |                          ^^^^^^^^^^^^^^^^^^^^^^^^^^^^^^^^^^^^^^^^^^^^^^^^^^^^^^^^^^^^^^^^ doesn't have a size known at compile-time
[INFO] [stdout]     |
[INFO] [stdout]     = help: the trait `Sized` is not implemented for `str`
[INFO] [stdout]     = note: all local variables must have a statically known size
[INFO] [stdout] 
[INFO] [stdout] 
[INFO] [stdout] error[E0631]: type mismatch in function arguments
[INFO] [stdout]    --> tests/tenancy_api.rs:593:51
[INFO] [stdout]     |
[INFO] [stdout] 593 |         get_json(&client, url.clone(), cookie.map(String::as_str), expected).await;
[INFO] [stdout]     |                                               --- ^^^^^^^^^^^^^^
[INFO] [stdout]     |                                               |   |
[INFO] [stdout]     |                                               |   expected due to this
[INFO] [stdout]     |                                               |   found signature defined here
[INFO] [stdout]     |                                               required by a bound introduced by this call
[INFO] [stdout]     |
[INFO] [stdout]     = note: expected function signature `fn(&str) -> _`
[INFO] [stdout]                found function signature `fn(&std::string::String) -> _`
[INFO] [stdout] note: required by a bound in `Option::<T>::map`
[INFO] [stdout]    --> /rustc/3154cc1a3e6424e44f438a95007d043ed5ceaaf6/library/core/src/option.rs:1160:4
[INFO] [stdout] help: consider wrapping the function in a closure
[INFO] [stdout]     |
[INFO] [stdout] 593 |         get_json(&client, url.clone(), cookie.map(|arg0: &str| String::as_str(/* &std::string::String */)), expected).await;
[INFO] [stdout]     |                                                   ++++++++++++               ++++++++++++++++++++++++++++
[INFO] [stdout] 
[INFO] [stdout] 
[INFO] [stdout] error[E0277]: the size for values of type `str` cannot be known at compilation time
[INFO] [stdout]    --> tests/mcp_investigation.rs:421:9
[INFO] [stdout]     |
[INFO] [stdout] 421 |     let session = login(
[INFO] [stdout]     |         ^^^^^^^ doesn't have a size known at compile-time
[INFO] [stdout]     |
[INFO] [stdout]     = help: the trait `Sized` is not implemented for `str`
[INFO] [stdout]     = note: all local variables must have a statically known size
[INFO] [stdout] 
[INFO] [stdout] 
[INFO] [stdout] error[E0277]: the size for values of type `str` cannot be known at compilation time
[INFO] [stdout]    --> tests/mcp_investigation.rs:421:19
[INFO] [stdout]     |
[INFO] [stdout] 421 |       let session = login(
[INFO] [stdout]     |  ___________________^
[INFO] [stdout] 422 | |         &client,
[INFO] [stdout] 423 | |         &base_url,
[INFO] [stdout] 424 | |         "owner@example.com",
[INFO] [stdout] ...   |
[INFO] [stdout] 427 | |     .await;
[INFO] [stdout]     | |__________^ doesn't have a size known at compile-time
[INFO] [stdout]     |
[INFO] [stdout]     = help: the trait `Sized` is not implemented for `str`
[INFO] [stdout]     = note: all local variables must have a statically known size
[INFO] [stdout] 
[INFO] [stdout] 
[INFO] [stdout] Some errors have detailed explanations: E0277, E0432.
[INFO] [stdout] 
[INFO] [stdout] For more information about an error, try `rustc --explain E0277`.
[INFO] [stdout] 
[INFO] [stdout] For more information about this error, try `rustc --explain E0432`.
[INFO] [stdout] 
[INFO] [stderr] error: could not compile `radiant-hubble` (test "extension_log_views") due to 3 previous errors
[INFO] [stderr] error: could not compile `radiant-hubble` (test "management_api") due to 1 previous error
[INFO] [stdout] error[E0277]: the size for values of type `str` cannot be known at compilation time
[INFO] [stdout]    --> tests/mcp_investigation.rs:544:9
[INFO] [stdout]     |
[INFO] [stdout] 544 |     let session = login(
[INFO] [stdout]     |         ^^^^^^^ doesn't have a size known at compile-time
[INFO] [stdout]     |
[INFO] [stdout]     = help: the trait `Sized` is not implemented for `str`
[INFO] [stdout]     = note: all local variables must have a statically known size
[INFO] [stdout] 
[INFO] [stdout] 
[INFO] [stdout] error[E0277]: the size for values of type `str` cannot be known at compilation time
[INFO] [stdout]    --> tests/mcp_investigation.rs:544:19
[INFO] [stdout]     |
[INFO] [stdout] 544 |       let session = login(
[INFO] [stdout]     |  ___________________^
[INFO] [stdout] 545 | |         &client,
[INFO] [stdout] 546 | |         &base_url,
[INFO] [stdout] 547 | |         "owner@example.com",
[INFO] [stdout] ...   |
[INFO] [stdout] 550 | |     .await;
[INFO] [stdout]     | |__________^ doesn't have a size known at compile-time
[INFO] [stdout]     |
[INFO] [stdout]     = help: the trait `Sized` is not implemented for `str`
[INFO] [stdout]     = note: all local variables must have a statically known size
[INFO] [stdout] 
[INFO] [stdout] 
[INFO] [stdout] error[E0277]: the size for values of type `str` cannot be known at compilation time
[INFO] [stdout]    --> tests/mcp_investigation.rs:655:9
[INFO] [stdout]     |
[INFO] [stdout] 655 |     let session = login(
[INFO] [stdout]     |         ^^^^^^^ doesn't have a size known at compile-time
[INFO] [stdout]     |
[INFO] [stdout]     = help: the trait `Sized` is not implemented for `str`
[INFO] [stdout]     = note: all local variables must have a statically known size
[INFO] [stdout] 
[INFO] [stdout] 
[INFO] [stdout] error[E0277]: the size for values of type `str` cannot be known at compilation time
[INFO] [stdout]    --> tests/mcp_investigation.rs:655:19
[INFO] [stdout]     |
[INFO] [stdout] 655 |       let session = login(
[INFO] [stdout]     |  ___________________^
[INFO] [stdout] 656 | |         &client,
[INFO] [stdout] 657 | |         &base_url,
[INFO] [stdout] 658 | |         "owner@example.com",
[INFO] [stdout] ...   |
[INFO] [stdout] 661 | |     .await;
[INFO] [stdout]     | |__________^ doesn't have a size known at compile-time
[INFO] [stdout]     |
[INFO] [stdout]     = help: the trait `Sized` is not implemented for `str`
[INFO] [stdout]     = note: all local variables must have a statically known size
[INFO] [stdout] 
[INFO] [stdout] 
[INFO] [stdout] error[E0277]: the size for values of type `str` cannot be known at compilation time
[INFO] [stdout]    --> tests/mcp_investigation.rs:768:9
[INFO] [stdout]     |
[INFO] [stdout] 768 |     let session = login(
[INFO] [stdout]     |         ^^^^^^^ doesn't have a size known at compile-time
[INFO] [stdout]     |
[INFO] [stdout]     = help: the trait `Sized` is not implemented for `str`
[INFO] [stdout]     = note: all local variables must have a statically known size
[INFO] [stdout] 
[INFO] [stdout] 
[INFO] [stdout] error[E0277]: the size for values of type `str` cannot be known at compilation time
[INFO] [stdout]    --> tests/mcp_investigation.rs:768:19
[INFO] [stdout]     |
[INFO] [stdout] 768 |       let session = login(
[INFO] [stdout]     |  ___________________^
[INFO] [stdout] 769 | |         &client,
[INFO] [stdout] 770 | |         &base_url,
[INFO] [stdout] 771 | |         "owner@example.com",
[INFO] [stdout] ...   |
[INFO] [stdout] 774 | |     .await;
[INFO] [stdout]     | |__________^ doesn't have a size known at compile-time
[INFO] [stdout]     |
[INFO] [stdout]     = help: the trait `Sized` is not implemented for `str`
[INFO] [stdout]     = note: all local variables must have a statically known size
[INFO] [stdout] 
[INFO] [stdout] 
[INFO] [stdout] error[E0277]: the size for values of type `str` cannot be known at compilation time
[INFO] [stdout]    --> tests/mcp_investigation.rs:848:9
[INFO] [stdout]     |
[INFO] [stdout] 848 |     let session = login(
[INFO] [stdout]     |         ^^^^^^^ doesn't have a size known at compile-time
[INFO] [stdout]     |
[INFO] [stdout]     = help: the trait `Sized` is not implemented for `str`
[INFO] [stdout]     = note: all local variables must have a statically known size
[INFO] [stdout] 
[INFO] [stdout] 
[INFO] [stdout] error[E0277]: the size for values of type `str` cannot be known at compilation time
[INFO] [stdout]    --> tests/mcp_investigation.rs:848:19
[INFO] [stdout]     |
[INFO] [stdout] 848 |       let session = login(
[INFO] [stdout]     |  ___________________^
[INFO] [stdout] 849 | |         &client,
[INFO] [stdout] 850 | |         &base_url,
[INFO] [stdout] 851 | |         "owner@example.com",
[INFO] [stdout] ...   |
[INFO] [stdout] 854 | |     .await;
[INFO] [stdout]     | |__________^ doesn't have a size known at compile-time
[INFO] [stdout]     |
[INFO] [stdout]     = help: the trait `Sized` is not implemented for `str`
[INFO] [stdout]     = note: all local variables must have a statically known size
[INFO] [stdout] 
[INFO] [stdout] 
[INFO] [stdout] error[E0277]: the size for values of type `str` cannot be known at compilation time
[INFO] [stdout]    --> tests/mcp_investigation.rs:928:9
[INFO] [stdout]     |
[INFO] [stdout] 928 |     let session = login(
[INFO] [stdout]     |         ^^^^^^^ doesn't have a size known at compile-time
[INFO] [stdout]     |
[INFO] [stdout]     = help: the trait `Sized` is not implemented for `str`
[INFO] [stdout]     = note: all local variables must have a statically known size
[INFO] [stdout] 
[INFO] [stdout] 
[INFO] [stdout] error[E0277]: the size for values of type `str` cannot be known at compilation time
[INFO] [stdout]    --> tests/mcp_investigation.rs:928:19
[INFO] [stdout]     |
[INFO] [stdout] 928 |       let session = login(
[INFO] [stdout]     |  ___________________^
[INFO] [stdout] 929 | |         &client,
[INFO] [stdout] 930 | |         &base_url,
[INFO] [stdout] 931 | |         "owner@example.com",
[INFO] [stdout] ...   |
[INFO] [stdout] 934 | |     .await;
[INFO] [stdout]     | |__________^ doesn't have a size known at compile-time
[INFO] [stdout]     |
[INFO] [stdout]     = help: the trait `Sized` is not implemented for `str`
[INFO] [stdout]     = note: all local variables must have a statically known size
[INFO] [stdout] 
[INFO] [stdout] 
[INFO] [stdout] error[E0277]: the size for values of type `str` cannot be known at compilation time
[INFO] [stdout]    --> tests/mcp_investigation.rs:986:9
[INFO] [stdout]     |
[INFO] [stdout] 986 |     let session = login(
[INFO] [stdout]     |         ^^^^^^^ doesn't have a size known at compile-time
[INFO] [stdout]     |
[INFO] [stdout]     = help: the trait `Sized` is not implemented for `str`
[INFO] [stdout]     = note: all local variables must have a statically known size
[INFO] [stdout] 
[INFO] [stdout] 
[INFO] [stdout] error[E0277]: the size for values of type `str` cannot be known at compilation time
[INFO] [stdout]    --> tests/mcp_investigation.rs:986:19
[INFO] [stdout]     |
[INFO] [stdout] 986 |       let session = login(
[INFO] [stdout]     |  ___________________^
[INFO] [stdout] 987 | |         &client,
[INFO] [stdout] 988 | |         &base_url,
[INFO] [stdout] 989 | |         "owner@example.com",
[INFO] [stdout] ...   |
[INFO] [stdout] 992 | |     .await;
[INFO] [stdout]     | |__________^ doesn't have a size known at compile-time
[INFO] [stdout]     |
[INFO] [stdout]     = help: the trait `Sized` is not implemented for `str`
[INFO] [stdout]     = note: all local variables must have a statically known size
[INFO] [stdout] 
[INFO] [stdout] 
[INFO] [stdout] error[E0277]: the size for values of type `str` cannot be known at compilation time
[INFO] [stdout]     --> tests/mcp_investigation.rs:1022:9
[INFO] [stdout]      |
[INFO] [stdout] 1022 |     let session = login(
[INFO] [stdout]      |         ^^^^^^^ doesn't have a size known at compile-time
[INFO] [stdout]      |
[INFO] [stdout]      = help: the trait `Sized` is not implemented for `str`
[INFO] [stdout]      = note: all local variables must have a statically known size
[INFO] [stdout] 
[INFO] [stdout] 
[INFO] [stdout] error[E0277]: the size for values of type `str` cannot be known at compilation time
[INFO] [stdout]     --> tests/mcp_investigation.rs:1022:19
[INFO] [stdout]      |
[INFO] [stdout] 1022 |       let session = login(
[INFO] [stdout]      |  ___________________^
[INFO] [stdout] 1023 | |         &client,
[INFO] [stdout] 1024 | |         &base_url,
[INFO] [stdout] 1025 | |         "owner@example.com",
[INFO] [stdout] ...    |
[INFO] [stdout] 1028 | |     .await;
[INFO] [stdout]      | |__________^ doesn't have a size known at compile-time
[INFO] [stdout]      |
[INFO] [stdout]      = help: the trait `Sized` is not implemented for `str`
[INFO] [stdout]      = note: all local variables must have a statically known size
[INFO] [stdout] 
[INFO] [stdout] 
[INFO] [stdout] error[E0277]: the size for values of type `str` cannot be known at compilation time
[INFO] [stdout]     --> tests/mcp_investigation.rs:1051:9
[INFO] [stdout]      |
[INFO] [stdout] 1051 |     let session = login(
[INFO] [stdout]      |         ^^^^^^^ doesn't have a size known at compile-time
[INFO] [stdout]      |
[INFO] [stdout]      = help: the trait `Sized` is not implemented for `str`
[INFO] [stdout]      = note: all local variables must have a statically known size
[INFO] [stdout] 
[INFO] [stdout] 
[INFO] [stdout] error[E0277]: the size for values of type `str` cannot be known at compilation time
[INFO] [stdout]     --> tests/mcp_investigation.rs:1051:19
[INFO] [stdout]      |
[INFO] [stdout] 1051 |       let session = login(
[INFO] [stdout]      |  ___________________^
[INFO] [stdout] 1052 | |         &client,
[INFO] [stdout] 1053 | |         &base_url,
[INFO] [stdout] 1054 | |         "owner@example.com",
[INFO] [stdout] ...    |
[INFO] [stdout] 1057 | |     .await;
[INFO] [stdout]      | |__________^ doesn't have a size known at compile-time
[INFO] [stdout]      |
[INFO] [stdout]      = help: the trait `Sized` is not implemented for `str`
[INFO] [stdout]      = note: all local variables must have a statically known size
[INFO] [stdout] 
[INFO] [stdout] 
[INFO] [stdout] Some errors have detailed explanations: E0277, E0432.
[INFO] [stdout] 
[INFO] [stdout] For more information about an error, try `rustc --explain E0277`.
[INFO] [stdout] 
[INFO] [stdout] Some errors have detailed explanations: E0277, E0432, E0631.
[INFO] [stdout] 
[INFO] [stdout] For more information about an error, try `rustc --explain E0277`.
[INFO] [stdout] 
[INFO] [stderr] error: could not compile `radiant-hubble` (test "mcp_investigation") due to 20 previous errors
[INFO] [stderr] error: could not compile `radiant-hubble` (test "tenancy_api") due to 11 previous errors
[INFO] [stderr] error: could not compile `radiant-hubble` (lib test) due to 2 previous errors
[INFO] running `Command { std: "docker" "inspect" "81d4c98f2d287f9135a56e6bcbb5572121729a8eecf7c5f0f99fea10eb12f948", kill_on_drop: false }`
[INFO] running `Command { std: "docker" "rm" "-f" "81d4c98f2d287f9135a56e6bcbb5572121729a8eecf7c5f0f99fea10eb12f948", kill_on_drop: false }`
[INFO] [stdout] 81d4c98f2d287f9135a56e6bcbb5572121729a8eecf7c5f0f99fea10eb12f948
