[INFO] fetching crate nrelm-macros 0.2.0...
[INFO] checking nrelm-macros-0.2.0 against 3154cc1a3e6424e44f438a95007d043ed5ceaaf6+rustflags=-Znext-solver=coherence for pr-133502-30
[INFO] extracting crate nrelm-macros 0.2.0 into /workspace/builds/worker-1-tc1/source
[INFO] started tweaking crates.io crate nrelm-macros 0.2.0
[INFO] removed 0 missing tests
[INFO] finished tweaking crates.io crate nrelm-macros 0.2.0
[INFO] tweaked toml for crates.io crate nrelm-macros 0.2.0 written to /workspace/builds/worker-1-tc1/source/Cargo.toml
[INFO] validating manifest of crates.io crate nrelm-macros 0.2.0 on toolchain 3154cc1a3e6424e44f438a95007d043ed5ceaaf6
[INFO] running `Command { std: CARGO_HOME="/workspace/cargo-home" RUSTUP_HOME="/workspace/rustup-home" "/workspace/cargo-home/bin/cargo" "+3154cc1a3e6424e44f438a95007d043ed5ceaaf6" "metadata" "--manifest-path" "Cargo.toml" "--no-deps", kill_on_drop: false }`
[INFO] crate crates.io crate nrelm-macros 0.2.0 already has a lockfile, it will not be regenerated
[INFO] running `Command { std: CARGO_HOME="/workspace/cargo-home" RUSTUP_HOME="/workspace/rustup-home" "/workspace/cargo-home/bin/cargo" "+3154cc1a3e6424e44f438a95007d043ed5ceaaf6" "fetch" "--manifest-path" "Cargo.toml", kill_on_drop: false }`
[INFO] [stderr] warning: `package.homepage` is redundant with `package.repository`
[INFO] [stderr]   --> Cargo.toml:42:12
[INFO] [stderr]    |
[INFO] [stderr] 42 | homepage = "https://gitlab.com/NeoRelm/NeoRelm"
[INFO] [stderr]    |            ^^^^^^^^^^^^^^^^^^^^^^^^^^^^^^^^^^^^
[INFO] [stderr] ...
[INFO] [stderr] 48 | repository = "https://gitlab.com/NeoRelm/NeoRelm"
[INFO] [stderr]    |              ------------------------------------
[INFO] [stderr]    |
[INFO] [stderr]    = note: `cargo::redundant_homepage` is set to `warn` by default
[INFO] [stderr] help: consider removing `package.homepage`
[INFO] [stderr] warning: `nrelm-macros` (manifest) generated 1 warning
[INFO] [stderr]     Updating crates.io index
[INFO] [stderr]  Downloading crates ...
[INFO] [stderr]   Downloaded toml v1.1.6+spec-1.1.0
[INFO] [stderr]   Downloaded trybuild v1.0.121
[INFO] [stderr]   Downloaded target-tuple v1.0.2
[INFO] [stderr]   Downloaded pango v0.22.9
[INFO] [stderr]   Downloaded cairo-sys-rs v0.22.9
[INFO] [stderr]   Downloaded gdk-pixbuf-sys v0.22.9
[INFO] [stderr]   Downloaded atk-sys v0.19.0
[INFO] [stderr]   Downloaded gdk-pixbuf v0.22.0
[INFO] [stderr]   Downloaded gtk3-macros v0.19.0
[INFO] [stderr]   Downloaded gobject-sys v0.22.9
[INFO] [stderr]   Downloaded smallvec v1.16.0
[INFO] [stderr]   Downloaded pango-sys v0.22.9
[INFO] [stderr]   Downloaded target-lexicon v0.13.5
[INFO] [stderr]   Downloaded cairo-rs v0.22.9
[INFO] [stderr]   Downloaded atk v0.19.0
[INFO] [stderr]   Downloaded cfg-expr v0.20.9
[INFO] [stderr]   Downloaded system-deps v9.0.0
[INFO] [stderr]   Downloaded glib-macros v0.22.9
[INFO] [stderr]   Downloaded toml_edit v0.25.15+spec-1.1.0
[INFO] [stderr]   Downloaded glib-sys v0.22.9
[INFO] [stderr]   Downloaded gdk v0.19.0
[INFO] [stderr]   Downloaded gio-sys v0.22.9
[INFO] [stderr]   Downloaded gdk-sys v0.19.0
[INFO] [stderr]   Downloaded gtk-sys v0.19.0
[INFO] [stderr]   Downloaded gio v0.22.9
[INFO] [stderr]   Downloaded glib v0.22.9
[INFO] [stderr]   Downloaded gtk v0.19.0
[INFO] running `Command { std: "docker" "create" "-v" "/var/lib/crater-agent-workspace/builds/worker-1-tc1/source:/opt/rustwide/workdir:ro,Z" "-v" "/var/lib/crater-agent-workspace/builds/worker-1-tc1/target:/opt/rustwide/target:rw,Z" "-v" "/var/lib/crater-agent-workspace/cargo-home:/opt/rustwide/cargo-home:ro,Z" "-v" "/var/lib/crater-agent-workspace/rustup-home:/opt/rustwide/rustup-home:ro,Z" "-m" "1610612736" "--network" "none" "ghcr.io/rust-lang/crates-build-env/linux@sha256:77db811e55d90add9212f6832c23229e3de5f1c1f9905e8cb07319ea15df73ac" "sleep" "infinity", kill_on_drop: false }`
[INFO] [stdout] 8997309667f4a1f48b10b5d8838a242f8d1b6fb8cc6daea0383c606ebc0ad953
[INFO] running `Command { std: "docker" "start" "8997309667f4a1f48b10b5d8838a242f8d1b6fb8cc6daea0383c606ebc0ad953", kill_on_drop: false }`
[INFO] running `Command { std: "docker" "inspect" "8997309667f4a1f48b10b5d8838a242f8d1b6fb8cc6daea0383c606ebc0ad953", kill_on_drop: false }`
[INFO] running `Command { std: "docker" "exec" "-e" "SOURCE_DIR=/opt/rustwide/workdir" "-e" "CARGO_HOME=/opt/rustwide/cargo-home" "-e" "RUSTUP_HOME=/opt/rustwide/rustup-home" "-e" "CARGO_TARGET_DIR=/opt/rustwide/target" "-w" "/opt/rustwide/workdir" "--user" "0:0" "8997309667f4a1f48b10b5d8838a242f8d1b6fb8cc6daea0383c606ebc0ad953" "/opt/rustwide/cargo-home/bin/cargo" "+3154cc1a3e6424e44f438a95007d043ed5ceaaf6" "metadata" "--no-deps" "--format-version=1", kill_on_drop: false }`
[INFO] running `Command { std: "docker" "inspect" "8997309667f4a1f48b10b5d8838a242f8d1b6fb8cc6daea0383c606ebc0ad953", kill_on_drop: false }`
[INFO] running `Command { std: "docker" "exec" "-e" "SOURCE_DIR=/opt/rustwide/workdir" "-e" "CARGO_HOME=/opt/rustwide/cargo-home" "-e" "RUSTUP_HOME=/opt/rustwide/rustup-home" "-e" "CARGO_TARGET_DIR=/opt/rustwide/target" "-e" "CARGO_INCREMENTAL=0" "-e" "RUST_BACKTRACE=full" "-e" "RUSTFLAGS=--cap-lints=forbid -Znext-solver=coherence" "-e" "RUSTDOCFLAGS=--cap-lints=forbid" "-w" "/opt/rustwide/workdir" "--user" "0:0" "8997309667f4a1f48b10b5d8838a242f8d1b6fb8cc6daea0383c606ebc0ad953" "/opt/rustwide/cargo-home/bin/cargo" "+3154cc1a3e6424e44f438a95007d043ed5ceaaf6" "check" "--frozen" "--all" "--all-targets" "--message-format=json", kill_on_drop: false }`
[INFO] [stderr] warning: `package.homepage` is redundant with `package.repository`
[INFO] [stderr]   --> Cargo.toml:42:12
[INFO] [stderr]    |
[INFO] [stderr] 42 | homepage = "https://gitlab.com/NeoRelm/NeoRelm"
[INFO] [stderr]    |            ^^^^^^^^^^^^^^^^^^^^^^^^^^^^^^^^^^^^
[INFO] [stderr] ...
[INFO] [stderr] 48 | repository = "https://gitlab.com/NeoRelm/NeoRelm"
[INFO] [stderr]    |              ------------------------------------
[INFO] [stderr]    |
[INFO] [stderr]    = note: `cargo::redundant_homepage` is set to `warn` by default
[INFO] [stderr] help: consider removing `package.homepage`
[INFO] [stderr] warning: `nrelm-macros` (manifest) generated 1 warning
[INFO] [stderr]    Compiling serde_core v1.0.229
[INFO] [stderr]    Compiling winnow v1.0.4
[INFO] [stderr]    Compiling target-lexicon v0.13.5
[INFO] [stderr]    Compiling smallvec v1.16.0
[INFO] [stderr]    Compiling system-deps v9.0.0
[INFO] [stderr]    Compiling toml_writer v1.1.2+spec-1.1.0
[INFO] [stderr]    Compiling pkg-config v0.3.34
[INFO] [stderr]    Compiling version-compare v0.2.1
[INFO] [stderr]    Compiling proc-macro2 v1.0.107
[INFO] [stderr]    Compiling quote v1.0.47
[INFO] [stderr]     Checking futures-core v0.3.34
[INFO] [stderr]     Checking slab v0.4.12
[INFO] [stderr]     Checking futures-task v0.3.34
[INFO] [stderr]     Checking futures-channel v0.3.34
[INFO] [stderr]     Checking bitflags v2.13.2
[INFO] [stderr]    Compiling hashbrown v0.17.1
[INFO] [stderr]    Compiling equivalent v1.0.2
[INFO] [stderr]    Compiling cfg-expr v0.20.9
[INFO] [stderr]     Checking futures-io v0.3.34
[INFO] [stderr]    Compiling semver v1.0.28
[INFO] [stderr]    Compiling memoffset v0.9.1
[INFO] [stderr]    Compiling rustc_version v0.4.1
[INFO] [stderr]    Compiling target-tuple v1.0.2
[INFO] [stderr]    Compiling syn v3.0.5
[INFO] [stderr]    Compiling serde v1.0.229
[INFO] [stderr]    Compiling field-offset v0.3.6
[INFO] [stderr]    Compiling indexmap v2.14.2
[INFO] [stderr]    Compiling toml_parser v1.1.3+spec-1.1.0
[INFO] [stderr]    Compiling gtk v0.19.0
[INFO] [stderr]     Checking termcolor v1.4.1
[INFO] [stderr]     Checking serde_spanned v1.1.1
[INFO] [stderr]     Checking serde_json v1.0.151
[INFO] [stderr]     Checking toml_datetime v1.1.1+spec-1.1.0
[INFO] [stderr]     Checking toml v1.1.6+spec-1.1.0
[INFO] [stderr]    Compiling toml_edit v0.25.15+spec-1.1.0
[INFO] [stderr]    Compiling proc-macro-crate v3.5.0
[INFO] [stderr]    Compiling glib-sys v0.22.9
[INFO] [stderr]    Compiling gobject-sys v0.22.9
[INFO] [stderr]    Compiling gio-sys v0.22.9
[INFO] [stderr]    Compiling gdk-sys v0.19.0
[INFO] [stderr]    Compiling atk-sys v0.19.0
[INFO] [stderr]    Compiling cairo-sys-rs v0.22.9
[INFO] [stderr]    Compiling gdk-pixbuf-sys v0.22.9
[INFO] [stderr]    Compiling pango-sys v0.22.9
[INFO] [stderr]    Compiling gtk-sys v0.19.0
[INFO] [stderr]     Checking nrelm-macros v0.2.0 (/opt/rustwide/workdir)
[INFO] [stderr]    Compiling futures-macro v0.3.34
[INFO] [stderr]    Compiling glib-macros v0.22.9
[INFO] [stderr]    Compiling serde_derive v1.0.229
[INFO] [stderr]    Compiling gtk3-macros v0.19.0
[INFO] [stderr]     Checking futures-util v0.3.34
[INFO] [stderr]     Checking trybuild v1.0.121
[INFO] [stderr]     Checking futures-executor v0.3.34
[INFO] [stderr]     Checking glib v0.22.9
[INFO] [stderr]     Checking gio v0.22.9
[INFO] [stderr]     Checking cairo-rs v0.22.9
[INFO] [stderr]     Checking atk v0.19.0
[INFO] [stderr]     Checking pango v0.22.9
[INFO] [stderr]     Checking gdk-pixbuf v0.22.0
[INFO] [stderr]     Checking gdk v0.19.0
[INFO] [stdout] error[E0433]: cannot find module or crate `nrelm` in this scope
[INFO] [stdout]  --> tests/redundant_clone.rs:1:5
[INFO] [stdout]   |
[INFO] [stdout] 1 | use nrelm::{
[INFO] [stdout]   |     ^^^^^ use of unresolved module or unlinked crate `nrelm`
[INFO] [stdout]   |
[INFO] [stdout]   = help: if you wanted to use a crate named `nrelm`, use `cargo add nrelm` to add it to your `Cargo.toml`
[INFO] [stdout] 
[INFO] [stdout] 
[INFO] [stdout] error: cannot determine resolution for the import
[INFO] [stdout]  --> tests/menu_list.rs:4:5
[INFO] [stdout]   |
[INFO] [stdout] 4 | use gtk::prelude::*;
[INFO] [stdout]   |     ^^^^^^^^^^^^^^^
[INFO] [stdout] 
[INFO] [stdout] 
[INFO] [stdout] error[E0432]: unresolved import `nrelm`
[INFO] [stdout]  --> tests/redundant_clone.rs:1:5
[INFO] [stdout]   |
[INFO] [stdout] 1 | use nrelm::{
[INFO] [stdout]   |     ^^^^^ use of unresolved module or unlinked crate `nrelm`
[INFO] [stdout]   |
[INFO] [stdout]   = help: if you wanted to use a crate named `nrelm`, use `cargo add nrelm` to add it to your `Cargo.toml`
[INFO] [stdout] 
[INFO] [stdout] 
[INFO] [stdout] error[E0432]: unresolved import `nrelm`
[INFO] [stdout]  --> tests/redundant_clone.rs:9:1
[INFO] [stdout]   |
[INFO] [stdout] 9 | #[component(pub async)]
[INFO] [stdout]   | ^^^^^^^^^^^^^^^^^^^^^^^ use of unresolved module or unlinked crate `nrelm`
[INFO] [stdout]   |
[INFO] [stdout]   = help: if you wanted to use a crate named `nrelm`, use `cargo add nrelm` to add it to your `Cargo.toml`
[INFO] [stdout]   = note: this error originates in the attribute macro `component` (in Nightly builds, run with -Z macro-backtrace for more info)
[INFO] [stdout] 
[INFO] [stdout] 
[INFO] [stdout] error[E0432]: unresolved import `nrelm`
[INFO] [stdout]  --> tests/menu_list.rs:5:5
[INFO] [stdout]   |
[INFO] [stdout] 5 | use nrelm::gtk;
[INFO] [stdout]   |     ^^^^^ use of unresolved module or unlinked crate `nrelm`
[INFO] [stdout]   |
[INFO] [stdout]   = help: if you wanted to use a crate named `nrelm`, use `cargo add nrelm` to add it to your `Cargo.toml`
[INFO] [stdout] 
[INFO] [stdout] 
[INFO] [stdout] error[E0432]: unresolved import `nrelm`
[INFO] [stdout]  --> tests/skip_init.rs:2:5
[INFO] [stdout]   |
[INFO] [stdout] 2 | use nrelm::{ComponentParts, ComponentSender, SimpleComponent, gtk};
[INFO] [stdout]   |     ^^^^^ use of unresolved module or unlinked crate `nrelm`
[INFO] [stdout]   |
[INFO] [stdout]   = help: if you wanted to use a crate named `nrelm`, use `cargo add nrelm` to add it to your `Cargo.toml`
[INFO] [stdout] 
[INFO] [stdout] 
[INFO] [stdout] error[E0432]: unresolved import `nrelm`
[INFO] [stdout]   --> tests/skip_init.rs:15:1
[INFO] [stdout]    |
[INFO] [stdout] 15 | #[nrelm_macros::component(pub)]
[INFO] [stdout]    | ^^^^^^^^^^^^^^^^^^^^^^^^^^^^^^^ use of unresolved module or unlinked crate `nrelm`
[INFO] [stdout]    |
[INFO] [stdout]    = help: if you wanted to use a crate named `nrelm`, use `cargo add nrelm` to add it to your `Cargo.toml`
[INFO] [stdout]    = note: this error originates in the attribute macro `nrelm_macros::component` (in Nightly builds, run with -Z macro-backtrace for more info)
[INFO] [stdout] 
[INFO] [stdout] 
[INFO] [stdout] error[E0432]: unresolved import `nrelm`
[INFO] [stdout]  --> tests/component_missing_widgets.rs:1:5
[INFO] [stdout]   |
[INFO] [stdout] 1 | use nrelm::{ComponentParts, ComponentSender, SimpleComponent, gtk};
[INFO] [stdout]   |     ^^^^^ use of unresolved module or unlinked crate `nrelm`
[INFO] [stdout]   |
[INFO] [stdout]   = help: if you wanted to use a crate named `nrelm`, use `cargo add nrelm` to add it to your `Cargo.toml`
[INFO] [stdout] 
[INFO] [stdout] 
[INFO] [stdout] error[E0432]: unresolved import `nrelm`
[INFO] [stdout]  --> tests/component_missing_widgets.rs:5:1
[INFO] [stdout]   |
[INFO] [stdout] 5 | #[nrelm_macros::component(pub)]
[INFO] [stdout]   | ^^^^^^^^^^^^^^^^^^^^^^^^^^^^^^^ use of unresolved module or unlinked crate `nrelm`
[INFO] [stdout]   |
[INFO] [stdout]   = help: if you wanted to use a crate named `nrelm`, use `cargo add nrelm` to add it to your `Cargo.toml`
[INFO] [stdout]   = note: this error originates in the attribute macro `nrelm_macros::component` (in Nightly builds, run with -Z macro-backtrace for more info)
[INFO] [stdout] 
[INFO] [stdout] 
[INFO] [stdout] error[E0432]: unresolved import `nrelm`
[INFO] [stdout]  --> tests/complex_func_path.rs:2:5
[INFO] [stdout]   |
[INFO] [stdout] 2 | use nrelm::{ComponentParts, ComponentSender, SimpleComponent, gtk};
[INFO] [stdout]   |     ^^^^^ use of unresolved module or unlinked crate `nrelm`
[INFO] [stdout]   |
[INFO] [stdout]   = help: if you wanted to use a crate named `nrelm`, use `cargo add nrelm` to add it to your `Cargo.toml`
[INFO] [stdout] 
[INFO] [stdout] 
[INFO] [stdout] error[E0432]: unresolved import `nrelm`
[INFO] [stdout]   --> tests/complex_func_path.rs:15:1
[INFO] [stdout]    |
[INFO] [stdout] 15 | #[nrelm_macros::component(pub)]
[INFO] [stdout]    | ^^^^^^^^^^^^^^^^^^^^^^^^^^^^^^^ use of unresolved module or unlinked crate `nrelm`
[INFO] [stdout]    |
[INFO] [stdout]    = help: if you wanted to use a crate named `nrelm`, use `cargo add nrelm` to add it to your `Cargo.toml`
[INFO] [stdout]    = note: this error originates in the attribute macro `nrelm_macros::component` (in Nightly builds, run with -Z macro-backtrace for more info)
[INFO] [stdout] 
[INFO] [stdout] 
[INFO] [stdout] error[E0432]: unresolved import `nrelm`
[INFO] [stdout]  --> tests/iife.rs:2:5
[INFO] [stdout]   |
[INFO] [stdout] 2 | use nrelm::{ComponentParts, ComponentSender, SimpleComponent, gtk};
[INFO] [stdout]   |     ^^^^^ use of unresolved module or unlinked crate `nrelm`
[INFO] [stdout]   |
[INFO] [stdout]   = help: if you wanted to use a crate named `nrelm`, use `cargo add nrelm` to add it to your `Cargo.toml`
[INFO] [stdout] 
[INFO] [stdout] 
[INFO] [stdout] error[E0432]: unresolved import `nrelm`
[INFO] [stdout]  --> tests/widget_template_nested_child.rs:2:5
[INFO] [stdout]   |
[INFO] [stdout] 2 | use nrelm::{ComponentParts, ComponentSender, SimpleComponent, WidgetTemplate, gtk};
[INFO] [stdout]   |     ^^^^^ use of unresolved module or unlinked crate `nrelm`
[INFO] [stdout]   |
[INFO] [stdout]   = help: if you wanted to use a crate named `nrelm`, use `cargo add nrelm` to add it to your `Cargo.toml`
[INFO] [stdout] 
[INFO] [stdout] 
[INFO] [stdout] error[E0432]: unresolved import `nrelm`
[INFO] [stdout]  --> tests/widget_template_nested_child.rs:4:1
[INFO] [stdout]   |
[INFO] [stdout] 4 | #[nrelm_macros::widget_template(pub)]
[INFO] [stdout]   | ^^^^^^^^^^^^^^^^^^^^^^^^^^^^^^^^^^^^^ use of unresolved module or unlinked crate `nrelm`
[INFO] [stdout]   |
[INFO] [stdout]   = help: if you wanted to use a crate named `nrelm`, use `cargo add nrelm` to add it to your `Cargo.toml`
[INFO] [stdout]   = note: this error originates in the attribute macro `nrelm_macros::widget_template` (in Nightly builds, run with -Z macro-backtrace for more info)
[INFO] [stdout] 
[INFO] [stdout] 
[INFO] [stdout] error[E0432]: unresolved import `nrelm`
[INFO] [stdout]   --> tests/widget_template_nested_child.rs:19:1
[INFO] [stdout]    |
[INFO] [stdout] 19 | #[nrelm_macros::widget_template(pub)]
[INFO] [stdout]    | ^^^^^^^^^^^^^^^^^^^^^^^^^^^^^^^^^^^^^ use of unresolved module or unlinked crate `nrelm`
[INFO] [stdout]    |
[INFO] [stdout]    = help: if you wanted to use a crate named `nrelm`, use `cargo add nrelm` to add it to your `Cargo.toml`
[INFO] [stdout]    = note: this error originates in the attribute macro `nrelm_macros::widget_template` (in Nightly builds, run with -Z macro-backtrace for more info)
[INFO] [stdout] 
[INFO] [stdout] 
[INFO] [stdout] error[E0432]: unresolved import `nrelm`
[INFO] [stdout]  --> tests/iife.rs:6:1
[INFO] [stdout]   |
[INFO] [stdout] 6 | #[nrelm_macros::component(pub)]
[INFO] [stdout]   | ^^^^^^^^^^^^^^^^^^^^^^^^^^^^^^^ use of unresolved module or unlinked crate `nrelm`
[INFO] [stdout]   |
[INFO] [stdout]   = help: if you wanted to use a crate named `nrelm`, use `cargo add nrelm` to add it to your `Cargo.toml`
[INFO] [stdout]   = note: this error originates in the attribute macro `nrelm_macros::component` (in Nightly builds, run with -Z macro-backtrace for more info)
[INFO] [stdout] 
[INFO] [stdout] 
[INFO] [stdout] error[E0432]: unresolved import `nrelm`
[INFO] [stdout]   --> tests/widget_template_nested_child.rs:44:1
[INFO] [stdout]    |
[INFO] [stdout] 44 | #[nrelm_macros::component(pub)]
[INFO] [stdout]    | ^^^^^^^^^^^^^^^^^^^^^^^^^^^^^^^ use of unresolved module or unlinked crate `nrelm`
[INFO] [stdout]    |
[INFO] [stdout]    = help: if you wanted to use a crate named `nrelm`, use `cargo add nrelm` to add it to your `Cargo.toml`
[INFO] [stdout]    = note: this error originates in the attribute macro `nrelm_macros::component` (in Nightly builds, run with -Z macro-backtrace for more info)
[INFO] [stdout] 
[INFO] [stdout] 
[INFO] [stdout] error[E0432]: unresolved import `nrelm`
[INFO] [stdout]  --> tests/builder.rs:2:5
[INFO] [stdout]   |
[INFO] [stdout] 2 | use nrelm::{ComponentParts, ComponentSender, SimpleComponent, gtk};
[INFO] [stdout]   |     ^^^^^ use of unresolved module or unlinked crate `nrelm`
[INFO] [stdout]   |
[INFO] [stdout]   = help: if you wanted to use a crate named `nrelm`, use `cargo add nrelm` to add it to your `Cargo.toml`
[INFO] [stdout] 
[INFO] [stdout] 
[INFO] [stdout] error[E0432]: unresolved import `nrelm`
[INFO] [stdout]  --> tests/builder.rs:7:1
[INFO] [stdout]   |
[INFO] [stdout] 7 | #[nrelm_macros::component(pub)]
[INFO] [stdout]   | ^^^^^^^^^^^^^^^^^^^^^^^^^^^^^^^ use of unresolved module or unlinked crate `nrelm`
[INFO] [stdout]   |
[INFO] [stdout]   = help: if you wanted to use a crate named `nrelm`, use `cargo add nrelm` to add it to your `Cargo.toml`
[INFO] [stdout]   = note: this error originates in the attribute macro `nrelm_macros::component` (in Nightly builds, run with -Z macro-backtrace for more info)
[INFO] [stdout] 
[INFO] [stdout] 
[INFO] [stdout] error[E0433]: cannot find `nrelm` in the list of imported crates
[INFO] [stdout]  --> tests/redundant_clone.rs:9:1
[INFO] [stdout]   |
[INFO] [stdout] 9 | #[component(pub async)]
[INFO] [stdout]   | ^^^^^^^^^^^^^^^^^^^^^^^ could not find `nrelm` in the list of imported crates
[INFO] [stdout]   |
[INFO] [stdout]   = note: this error originates in the attribute macro `component` (in Nightly builds, run with -Z macro-backtrace for more info)
[INFO] [stdout] 
[INFO] [stdout] 
[INFO] [stdout] error[E0433]: cannot find `nrelm` in the list of imported crates
[INFO] [stdout]   --> tests/skip_init.rs:15:1
[INFO] [stdout]    |
[INFO] [stdout] 15 | #[nrelm_macros::component(pub)]
[INFO] [stdout]    | ^^^^^^^^^^^^^^^^^^^^^^^^^^^^^^^ could not find `nrelm` in the list of imported crates
[INFO] [stdout]    |
[INFO] [stdout]    = note: this error originates in the attribute macro `nrelm_macros::component` (in Nightly builds, run with -Z macro-backtrace for more info)
[INFO] [stdout] 
[INFO] [stdout] 
[INFO] [stdout] error[E0433]: cannot find module or crate `nrelm` in this scope
[INFO] [stdout]   --> tests/menu_list.rs:30:16
[INFO] [stdout]    |
[INFO] [stdout] 30 |       let list = nrelm_macros::menu_list! {
[INFO] [stdout]    |  ________________^
[INFO] [stdout] 31 | |         "Add" => AppMsg::Add,
[INFO] [stdout] 32 | |         "Remove" => AppMsg::Remove,
[INFO] [stdout] 33 | |     };
[INFO] [stdout]    | |_____^ use of unresolved module or unlinked crate `nrelm`
[INFO] [stdout]    |
[INFO] [stdout]    = help: if you wanted to use a crate named `nrelm`, use `cargo add nrelm` to add it to your `Cargo.toml`
[INFO] [stdout]    = note: this error originates in the macro `nrelm_macros::menu_list` (in Nightly builds, run with -Z macro-backtrace for more info)
[INFO] [stdout] 
[INFO] [stdout] 
[INFO] [stdout] error[E0433]: cannot find `nrelm` in the list of imported crates
[INFO] [stdout]  --> tests/component_missing_widgets.rs:5:1
[INFO] [stdout]   |
[INFO] [stdout] 5 | #[nrelm_macros::component(pub)]
[INFO] [stdout]   | ^^^^^^^^^^^^^^^^^^^^^^^^^^^^^^^ could not find `nrelm` in the list of imported crates
[INFO] [stdout]   |
[INFO] [stdout]   = note: this error originates in the attribute macro `nrelm_macros::component` (in Nightly builds, run with -Z macro-backtrace for more info)
[INFO] [stdout] 
[INFO] [stdout] 
[INFO] [stdout] error[E0433]: cannot find module or crate `nrelm` in this scope
[INFO] [stdout]  --> tests/redundant_clone.rs:9:1
[INFO] [stdout]   |
[INFO] [stdout] 9 | #[component(pub async)]
[INFO] [stdout]   | ^^^^^^^^^^^^^^^^^^^^^^^ use of unresolved module or unlinked crate `nrelm`
[INFO] [stdout]   |
[INFO] [stdout]   = help: if you wanted to use a crate named `nrelm`, use `cargo add nrelm` to add it to your `Cargo.toml`
[INFO] [stdout]   = note: this error originates in the attribute macro `component` (in Nightly builds, run with -Z macro-backtrace for more info)
[INFO] [stdout] 
[INFO] [stdout] 
[INFO] [stdout] Some errors have detailed explanations: E0432, E0433.
[INFO] [stdout] 
[INFO] [stdout] For more information about an error, try `rustc --explain E0432`.
[INFO] [stdout] 
[INFO] [stdout] error[E0433]: cannot find module or crate `nrelm` in this scope
[INFO] [stdout]   --> tests/menu_list.rs:31:9
[INFO] [stdout]    |
[INFO] [stdout] 31 |         "Add" => AppMsg::Add,
[INFO] [stdout]    |         ^^^^^ use of unresolved module or unlinked crate `nrelm`
[INFO] [stdout]    |
[INFO] [stdout]    = help: if you wanted to use a crate named `nrelm`, use `cargo add nrelm` to add it to your `Cargo.toml`
[INFO] [stdout] 
[INFO] [stdout] 
[INFO] [stderr] error: could not compile `nrelm-macros` (test "redundant_clone") due to 5 previous errors
[INFO] [stderr] warning: build failed, waiting for other jobs to finish...
[INFO] [stdout] error[E0433]: cannot find module or crate `nrelm` in this scope
[INFO] [stdout]  --> tests/component_missing_widgets.rs:5:1
[INFO] [stdout]   |
[INFO] [stdout] 5 | #[nrelm_macros::component(pub)]
[INFO] [stdout]   | ^^^^^^^^^^^^^^^^^^^^^^^^^^^^^^^ use of unresolved module or unlinked crate `nrelm`
[INFO] [stdout]   |
[INFO] [stdout]   = help: if you wanted to use a crate named `nrelm`, use `cargo add nrelm` to add it to your `Cargo.toml`
[INFO] [stdout]   = note: this error originates in the attribute macro `nrelm_macros::component` (in Nightly builds, run with -Z macro-backtrace for more info)
[INFO] [stdout] 
[INFO] [stdout] 
[INFO] [stdout] Some errors have detailed explanations: E0432, E0433.
[INFO] [stdout] 
[INFO] [stdout] For more information about an error, try `rustc --explain E0432`.
[INFO] [stdout] 
[INFO] [stdout] error[E0433]: cannot find module or crate `nrelm` in this scope
[INFO] [stdout]   --> tests/skip_init.rs:15:1
[INFO] [stdout]    |
[INFO] [stdout] 15 | #[nrelm_macros::component(pub)]
[INFO] [stdout]    | ^^^^^^^^^^^^^^^^^^^^^^^^^^^^^^^ use of unresolved module or unlinked crate `nrelm`
[INFO] [stdout]    |
[INFO] [stdout]    = help: if you wanted to use a crate named `nrelm`, use `cargo add nrelm` to add it to your `Cargo.toml`
[INFO] [stdout]    = note: this error originates in the attribute macro `nrelm_macros::component` (in Nightly builds, run with -Z macro-backtrace for more info)
[INFO] [stdout] 
[INFO] [stdout] 
[INFO] [stderr] error: could not compile `nrelm-macros` (test "component_missing_widgets") due to 4 previous errors
[INFO] [stdout] error[E0433]: cannot find `nrelm` in the list of imported crates
[INFO] [stdout]   --> tests/complex_func_path.rs:15:1
[INFO] [stdout]    |
[INFO] [stdout] 15 | #[nrelm_macros::component(pub)]
[INFO] [stdout]    | ^^^^^^^^^^^^^^^^^^^^^^^^^^^^^^^ could not find `nrelm` in the list of imported crates
[INFO] [stdout]    |
[INFO] [stdout]    = note: this error originates in the attribute macro `nrelm_macros::component` (in Nightly builds, run with -Z macro-backtrace for more info)
[INFO] [stdout] 
[INFO] [stdout] 
[INFO] [stdout] error[E0433]: cannot find module or crate `nrelm` in this scope
[INFO] [stdout]   --> tests/menu_list.rs:32:9
[INFO] [stdout]    |
[INFO] [stdout] 32 |         "Remove" => AppMsg::Remove,
[INFO] [stdout]    |         ^^^^^^^^ use of unresolved module or unlinked crate `nrelm`
[INFO] [stdout]    |
[INFO] [stdout]    = help: if you wanted to use a crate named `nrelm`, use `cargo add nrelm` to add it to your `Cargo.toml`
[INFO] [stdout] 
[INFO] [stdout] 
[INFO] [stdout] error[E0433]: cannot find `nrelm` in the list of imported crates
[INFO] [stdout]  --> tests/iife.rs:6:1
[INFO] [stdout]   |
[INFO] [stdout] 6 | #[nrelm_macros::component(pub)]
[INFO] [stdout]   | ^^^^^^^^^^^^^^^^^^^^^^^^^^^^^^^ could not find `nrelm` in the list of imported crates
[INFO] [stdout]   |
[INFO] [stdout]   = note: this error originates in the attribute macro `nrelm_macros::component` (in Nightly builds, run with -Z macro-backtrace for more info)
[INFO] [stdout] 
[INFO] [stdout] 
[INFO] [stdout] error[E0433]: cannot find `nrelm` in the list of imported crates
[INFO] [stdout]  --> tests/widget_template_nested_child.rs:4:1
[INFO] [stdout]   |
[INFO] [stdout] 4 | #[nrelm_macros::widget_template(pub)]
[INFO] [stdout]   | ^^^^^^^^^^^^^^^^^^^^^^^^^^^^^^^^^^^^^ could not find `nrelm` in the list of imported crates
[INFO] [stdout]   |
[INFO] [stdout]   = note: this error originates in the attribute macro `nrelm_macros::widget_template` (in Nightly builds, run with -Z macro-backtrace for more info)
[INFO] [stdout] 
[INFO] [stdout] 
[INFO] [stdout] Some errors have detailed explanations: E0432, E0433.
[INFO] [stdout] 
[INFO] [stdout] For more information about an error, try `rustc --explain E0432`.
[INFO] [stdout] 
[INFO] [stdout] error[E0433]: cannot find module or crate `nrelm` in this scope
[INFO] [stdout]   --> tests/menu_list.rs:65:16
[INFO] [stdout]    |
[INFO] [stdout] 65 |       let list = nrelm_macros::menu_list! {
[INFO] [stdout]    |  ________________^
[INFO] [stdout] 66 | |         "Add" => {
[INFO] [stdout] 67 | |             popover.popdown();
[INFO] [stdout] 68 | |             sender.input(AppMsg::Add);
[INFO] [stdout] ...  |
[INFO] [stdout] 72 | |         },
[INFO] [stdout] 73 | |     };
[INFO] [stdout]    | |_____^ use of unresolved module or unlinked crate `nrelm`
[INFO] [stdout]    |
[INFO] [stdout]    = help: if you wanted to use a crate named `nrelm`, use `cargo add nrelm` to add it to your `Cargo.toml`
[INFO] [stdout]    = note: this error originates in the macro `nrelm_macros::menu_list` (in Nightly builds, run with -Z macro-backtrace for more info)
[INFO] [stdout] 
[INFO] [stdout] 
[INFO] [stderr] error: could not compile `nrelm-macros` (test "skip_init") due to 4 previous errors
[INFO] [stdout] error[E0433]: cannot find `nrelm` in the list of imported crates
[INFO] [stdout]  --> tests/builder.rs:7:1
[INFO] [stdout]   |
[INFO] [stdout] 7 | #[nrelm_macros::component(pub)]
[INFO] [stdout]   | ^^^^^^^^^^^^^^^^^^^^^^^^^^^^^^^ could not find `nrelm` in the list of imported crates
[INFO] [stdout]   |
[INFO] [stdout]   = note: this error originates in the attribute macro `nrelm_macros::component` (in Nightly builds, run with -Z macro-backtrace for more info)
[INFO] [stdout] 
[INFO] [stdout] 
[INFO] [stdout] error[E0433]: cannot find module or crate `nrelm` in this scope
[INFO] [stdout]   --> tests/complex_func_path.rs:15:1
[INFO] [stdout]    |
[INFO] [stdout] 15 | #[nrelm_macros::component(pub)]
[INFO] [stdout]    | ^^^^^^^^^^^^^^^^^^^^^^^^^^^^^^^ use of unresolved module or unlinked crate `nrelm`
[INFO] [stdout]    |
[INFO] [stdout]    = help: if you wanted to use a crate named `nrelm`, use `cargo add nrelm` to add it to your `Cargo.toml`
[INFO] [stdout]    = note: this error originates in the attribute macro `nrelm_macros::component` (in Nightly builds, run with -Z macro-backtrace for more info)
[INFO] [stdout] 
[INFO] [stdout] 
[INFO] [stdout] Some errors have detailed explanations: E0432, E0433.
[INFO] [stdout] 
[INFO] [stdout] For more information about an error, try `rustc --explain E0432`.
[INFO] [stdout] 
[INFO] [stdout] error[E0433]: cannot find module or crate `nrelm` in this scope
[INFO] [stdout]   --> tests/menu_list.rs:66:9
[INFO] [stdout]    |
[INFO] [stdout] 66 |         "Add" => {
[INFO] [stdout]    |         ^^^^^ use of unresolved module or unlinked crate `nrelm`
[INFO] [stdout]    |
[INFO] [stdout]    = help: if you wanted to use a crate named `nrelm`, use `cargo add nrelm` to add it to your `Cargo.toml`
[INFO] [stdout] 
[INFO] [stdout] 
[INFO] [stderr] error: could not compile `nrelm-macros` (test "complex_func_path") due to 4 previous errors
[INFO] [stdout] error[E0433]: cannot find module or crate `nrelm` in this scope
[INFO] [stdout]  --> tests/widget_template_nested_child.rs:4:1
[INFO] [stdout]   |
[INFO] [stdout] 4 | #[nrelm_macros::widget_template(pub)]
[INFO] [stdout]   | ^^^^^^^^^^^^^^^^^^^^^^^^^^^^^^^^^^^^^ use of unresolved module or unlinked crate `nrelm`
[INFO] [stdout]   |
[INFO] [stdout]   = help: if you wanted to use a crate named `nrelm`, use `cargo add nrelm` to add it to your `Cargo.toml`
[INFO] [stdout]   = note: this error originates in the attribute macro `nrelm_macros::widget_template` (in Nightly builds, run with -Z macro-backtrace for more info)
[INFO] [stdout] 
[INFO] [stdout] 
[INFO] [stdout] error[E0433]: cannot find module or crate `nrelm` in this scope
[INFO] [stdout]  --> tests/iife.rs:6:1
[INFO] [stdout]   |
[INFO] [stdout] 6 | #[nrelm_macros::component(pub)]
[INFO] [stdout]   | ^^^^^^^^^^^^^^^^^^^^^^^^^^^^^^^ use of unresolved module or unlinked crate `nrelm`
[INFO] [stdout]   |
[INFO] [stdout]   = help: if you wanted to use a crate named `nrelm`, use `cargo add nrelm` to add it to your `Cargo.toml`
[INFO] [stdout]   = note: this error originates in the attribute macro `nrelm_macros::component` (in Nightly builds, run with -Z macro-backtrace for more info)
[INFO] [stdout] 
[INFO] [stdout] 
[INFO] [stdout] Some errors have detailed explanations: E0432, E0433.
[INFO] [stdout] 
[INFO] [stdout] For more information about an error, try `rustc --explain E0432`.
[INFO] [stdout] 
[INFO] [stdout] error[E0433]: cannot find `nrelm` in the list of imported crates
[INFO] [stdout]   --> tests/widget_template_nested_child.rs:19:1
[INFO] [stdout]    |
[INFO] [stdout] 19 | #[nrelm_macros::widget_template(pub)]
[INFO] [stdout]    | ^^^^^^^^^^^^^^^^^^^^^^^^^^^^^^^^^^^^^ could not find `nrelm` in the list of imported crates
[INFO] [stdout]    |
[INFO] [stdout]    = note: this error originates in the attribute macro `nrelm_macros::widget_template` (in Nightly builds, run with -Z macro-backtrace for more info)
[INFO] [stdout] 
[INFO] [stdout] 
[INFO] [stderr] error: could not compile `nrelm-macros` (test "iife") due to 4 previous errors
[INFO] [stdout] error[E0433]: cannot find module or crate `nrelm` in this scope
[INFO] [stdout]   --> tests/menu_list.rs:70:9
[INFO] [stdout]    |
[INFO] [stdout] 70 |         "Popdown" => {
[INFO] [stdout]    |         ^^^^^^^^^ use of unresolved module or unlinked crate `nrelm`
[INFO] [stdout]    |
[INFO] [stdout]    = help: if you wanted to use a crate named `nrelm`, use `cargo add nrelm` to add it to your `Cargo.toml`
[INFO] [stdout] 
[INFO] [stdout] 
[INFO] [stdout] error[E0433]: cannot find module or crate `nrelm` in this scope
[INFO] [stdout]  --> tests/builder.rs:7:1
[INFO] [stdout]   |
[INFO] [stdout] 7 | #[nrelm_macros::component(pub)]
[INFO] [stdout]   | ^^^^^^^^^^^^^^^^^^^^^^^^^^^^^^^ use of unresolved module or unlinked crate `nrelm`
[INFO] [stdout]   |
[INFO] [stdout]   = help: if you wanted to use a crate named `nrelm`, use `cargo add nrelm` to add it to your `Cargo.toml`
[INFO] [stdout]   = note: this error originates in the attribute macro `nrelm_macros::component` (in Nightly builds, run with -Z macro-backtrace for more info)
[INFO] [stdout] 
[INFO] [stdout] 
[INFO] [stdout] error[E0433]: cannot find `nrelm` in the list of imported crates
[INFO] [stdout]   --> tests/widget_template_nested_child.rs:44:1
[INFO] [stdout]    |
[INFO] [stdout] 44 | #[nrelm_macros::component(pub)]
[INFO] [stdout]    | ^^^^^^^^^^^^^^^^^^^^^^^^^^^^^^^ could not find `nrelm` in the list of imported crates
[INFO] [stdout]    |
[INFO] [stdout]    = note: this error originates in the attribute macro `nrelm_macros::component` (in Nightly builds, run with -Z macro-backtrace for more info)
[INFO] [stdout] 
[INFO] [stdout] 
[INFO] [stdout] Some errors have detailed explanations: E0432, E0433.
[INFO] [stdout] 
[INFO] [stdout] For more information about an error, try `rustc --explain E0432`.
[INFO] [stdout] 
[INFO] [stderr] error: could not compile `nrelm-macros` (test "builder") due to 4 previous errors
[INFO] [stdout] error[E0433]: cannot find module or crate `nrelm` in this scope
[INFO] [stdout]   --> tests/widget_template_nested_child.rs:19:1
[INFO] [stdout]    |
[INFO] [stdout] 19 | #[nrelm_macros::widget_template(pub)]
[INFO] [stdout]    | ^^^^^^^^^^^^^^^^^^^^^^^^^^^^^^^^^^^^^ use of unresolved module or unlinked crate `nrelm`
[INFO] [stdout]    |
[INFO] [stdout]    = help: if you wanted to use a crate named `nrelm`, use `cargo add nrelm` to add it to your `Cargo.toml`
[INFO] [stdout]    = note: this error originates in the attribute macro `nrelm_macros::widget_template` (in Nightly builds, run with -Z macro-backtrace for more info)
[INFO] [stdout] 
[INFO] [stdout] 
[INFO] [stdout] error[E0433]: cannot find module or crate `nrelm` in this scope
[INFO] [stdout]   --> tests/widget_template_nested_child.rs:44:1
[INFO] [stdout]    |
[INFO] [stdout] 44 | #[nrelm_macros::component(pub)]
[INFO] [stdout]    | ^^^^^^^^^^^^^^^^^^^^^^^^^^^^^^^ use of unresolved module or unlinked crate `nrelm`
[INFO] [stdout]    |
[INFO] [stdout]    = help: if you wanted to use a crate named `nrelm`, use `cargo add nrelm` to add it to your `Cargo.toml`
[INFO] [stdout]    = note: this error originates in the attribute macro `nrelm_macros::component` (in Nightly builds, run with -Z macro-backtrace for more info)
[INFO] [stdout] 
[INFO] [stdout] 
[INFO] [stdout] Some errors have detailed explanations: E0432, E0433.
[INFO] [stdout] 
[INFO] [stdout] For more information about an error, try `rustc --explain E0432`.
[INFO] [stdout] 
[INFO] [stderr] error: could not compile `nrelm-macros` (test "widget_template_nested_child") due to 10 previous errors
[INFO] [stdout] error[E0433]: cannot find module or crate `nrelm` in this scope
[INFO] [stdout]   --> tests/menu_list.rs:84:16
[INFO] [stdout]    |
[INFO] [stdout] 84 |       let list = nrelm_macros::menu_list! {
[INFO] [stdout]    |  ________________^
[INFO] [stdout] 85 | |         "Add" => AppMsg::Add,
[INFO] [stdout] 86 | |         custom_row.clone(),
[INFO] [stdout] 87 | |     };
[INFO] [stdout]    | |_____^ use of unresolved module or unlinked crate `nrelm`
[INFO] [stdout]    |
[INFO] [stdout]    = help: if you wanted to use a crate named `nrelm`, use `cargo add nrelm` to add it to your `Cargo.toml`
[INFO] [stdout]    = note: this error originates in the macro `nrelm_macros::menu_list` (in Nightly builds, run with -Z macro-backtrace for more info)
[INFO] [stdout] 
[INFO] [stdout] 
[INFO] [stdout] error[E0433]: cannot find module or crate `nrelm` in this scope
[INFO] [stdout]   --> tests/menu_list.rs:85:9
[INFO] [stdout]    |
[INFO] [stdout] 85 |         "Add" => AppMsg::Add,
[INFO] [stdout]    |         ^^^^^ use of unresolved module or unlinked crate `nrelm`
[INFO] [stdout]    |
[INFO] [stdout]    = help: if you wanted to use a crate named `nrelm`, use `cargo add nrelm` to add it to your `Cargo.toml`
[INFO] [stdout] 
[INFO] [stdout] 
[INFO] [stdout] error[E0433]: cannot find module or crate `nrelm` in this scope
[INFO] [stdout]    --> tests/menu_list.rs:100:16
[INFO] [stdout]     |
[INFO] [stdout] 100 |       let list = nrelm_macros::menu_list! {
[INFO] [stdout]     |  ________________^
[INFO] [stdout] 101 | |         "Add" => AppMsg::Add,
[INFO] [stdout] 102 | |     };
[INFO] [stdout]     | |_____^ use of unresolved module or unlinked crate `nrelm`
[INFO] [stdout]     |
[INFO] [stdout]     = help: if you wanted to use a crate named `nrelm`, use `cargo add nrelm` to add it to your `Cargo.toml`
[INFO] [stdout]     = note: this error originates in the macro `nrelm_macros::menu_list` (in Nightly builds, run with -Z macro-backtrace for more info)
[INFO] [stdout] 
[INFO] [stdout] 
[INFO] [stdout] error[E0433]: cannot find module or crate `nrelm` in this scope
[INFO] [stdout]    --> tests/menu_list.rs:101:9
[INFO] [stdout]     |
[INFO] [stdout] 101 |         "Add" => AppMsg::Add,
[INFO] [stdout]     |         ^^^^^ use of unresolved module or unlinked crate `nrelm`
[INFO] [stdout]     |
[INFO] [stdout]     = help: if you wanted to use a crate named `nrelm`, use `cargo add nrelm` to add it to your `Cargo.toml`
[INFO] [stdout] 
[INFO] [stdout] 
[INFO] [stdout] error[E0433]: cannot find module or crate `nrelm` in this scope
[INFO] [stdout]    --> tests/menu_list.rs:116:16
[INFO] [stdout]     |
[INFO] [stdout] 116 |       let list = nrelm_macros::menu_list! {
[INFO] [stdout]     |  ________________^
[INFO] [stdout] 117 | |         "Add" => AppMsg::Add,
[INFO] [stdout] 118 | |         custom_row.clone(),
[INFO] [stdout] 119 | |     };
[INFO] [stdout]     | |_____^ use of unresolved module or unlinked crate `nrelm`
[INFO] [stdout]     |
[INFO] [stdout]     = help: if you wanted to use a crate named `nrelm`, use `cargo add nrelm` to add it to your `Cargo.toml`
[INFO] [stdout]     = note: this error originates in the macro `nrelm_macros::menu_list` (in Nightly builds, run with -Z macro-backtrace for more info)
[INFO] [stdout] 
[INFO] [stdout] 
[INFO] [stdout] error[E0433]: cannot find module or crate `nrelm` in this scope
[INFO] [stdout]    --> tests/menu_list.rs:117:9
[INFO] [stdout]     |
[INFO] [stdout] 117 |         "Add" => AppMsg::Add,
[INFO] [stdout]     |         ^^^^^ use of unresolved module or unlinked crate `nrelm`
[INFO] [stdout]     |
[INFO] [stdout]     = help: if you wanted to use a crate named `nrelm`, use `cargo add nrelm` to add it to your `Cargo.toml`
[INFO] [stdout] 
[INFO] [stdout] 
[INFO] [stdout] error[E0433]: cannot find module or crate `nrelm` in this scope
[INFO] [stdout]   --> tests/menu_list.rs:30:16
[INFO] [stdout]    |
[INFO] [stdout] 30 |       let list = nrelm_macros::menu_list! {
[INFO] [stdout]    |  ________________^
[INFO] [stdout] 31 | |         "Add" => AppMsg::Add,
[INFO] [stdout] 32 | |         "Remove" => AppMsg::Remove,
[INFO] [stdout] 33 | |     };
[INFO] [stdout]    | |_____^ use of unresolved module or unlinked crate `nrelm`
[INFO] [stdout]    |
[INFO] [stdout]    = help: if you wanted to use a crate named `nrelm`, use `cargo add nrelm` to add it to your `Cargo.toml`
[INFO] [stdout]    = note: this error originates in the macro `nrelm_macros::menu_list` (in Nightly builds, run with -Z macro-backtrace for more info)
[INFO] [stdout] help: consider importing this struct
[INFO] [stdout]    |
[INFO] [stdout]  1 + use gtk::ListBox;
[INFO] [stdout]    |
[INFO] [stdout] 
[INFO] [stdout] 
[INFO] [stdout] error[E0433]: cannot find module or crate `nrelm` in this scope
[INFO] [stdout]   --> tests/menu_list.rs:30:16
[INFO] [stdout]    |
[INFO] [stdout] 30 |       let list = nrelm_macros::menu_list! {
[INFO] [stdout]    |  ________________^
[INFO] [stdout] 31 | |         "Add" => AppMsg::Add,
[INFO] [stdout] 32 | |         "Remove" => AppMsg::Remove,
[INFO] [stdout] 33 | |     };
[INFO] [stdout]    | |_____^ use of unresolved module or unlinked crate `nrelm`
[INFO] [stdout]    |
[INFO] [stdout]    = help: if you wanted to use a crate named `nrelm`, use `cargo add nrelm` to add it to your `Cargo.toml`
[INFO] [stdout]    = note: this error originates in the macro `nrelm_macros::menu_list` (in Nightly builds, run with -Z macro-backtrace for more info)
[INFO] [stdout] help: consider importing this trait
[INFO] [stdout]    |
[INFO] [stdout]  1 + use gtk::prelude::ListBoxExt;
[INFO] [stdout]    |
[INFO] [stdout] 
[INFO] [stdout] 
[INFO] [stdout] error[E0433]: cannot find module or crate `nrelm` in this scope
[INFO] [stdout]   --> tests/menu_list.rs:30:16
[INFO] [stdout]    |
[INFO] [stdout] 30 |       let list = nrelm_macros::menu_list! {
[INFO] [stdout]    |  ________________^
[INFO] [stdout] 31 | |         "Add" => AppMsg::Add,
[INFO] [stdout] 32 | |         "Remove" => AppMsg::Remove,
[INFO] [stdout] 33 | |     };
[INFO] [stdout]    | |_____^ use of unresolved module or unlinked crate `nrelm`
[INFO] [stdout]    |
[INFO] [stdout]    = help: if you wanted to use a crate named `nrelm`, use `cargo add nrelm` to add it to your `Cargo.toml`
[INFO] [stdout]    = note: this error originates in the macro `nrelm_macros::menu_list` (in Nightly builds, run with -Z macro-backtrace for more info)
[INFO] [stdout] help: consider importing this enum
[INFO] [stdout]    |
[INFO] [stdout]  1 + use gtk::SelectionMode;
[INFO] [stdout]    |
[INFO] [stdout] 
[INFO] [stdout] 
[INFO] [stdout] error[E0433]: cannot find module or crate `nrelm` in this scope
[INFO] [stdout]   --> tests/menu_list.rs:30:16
[INFO] [stdout]    |
[INFO] [stdout] 30 |       let list = nrelm_macros::menu_list! {
[INFO] [stdout]    |  ________________^
[INFO] [stdout] 31 | |         "Add" => AppMsg::Add,
[INFO] [stdout] 32 | |         "Remove" => AppMsg::Remove,
[INFO] [stdout] 33 | |     };
[INFO] [stdout]    | |_____^ use of unresolved module or unlinked crate `nrelm`
[INFO] [stdout]    |
[INFO] [stdout]    = help: if you wanted to use a crate named `nrelm`, use `cargo add nrelm` to add it to your `Cargo.toml`
[INFO] [stdout]    = note: this error originates in the macro `nrelm_macros::menu_list` (in Nightly builds, run with -Z macro-backtrace for more info)
[INFO] [stdout] help: consider importing this struct
[INFO] [stdout]    |
[INFO] [stdout]  1 + use gtk::ListBoxRow;
[INFO] [stdout]    |
[INFO] [stdout] 
[INFO] [stdout] 
[INFO] [stdout] error[E0433]: cannot find module or crate `nrelm` in this scope
[INFO] [stdout]   --> tests/menu_list.rs:30:16
[INFO] [stdout]    |
[INFO] [stdout] 30 |       let list = nrelm_macros::menu_list! {
[INFO] [stdout]    |  ________________^
[INFO] [stdout] 31 | |         "Add" => AppMsg::Add,
[INFO] [stdout] 32 | |         "Remove" => AppMsg::Remove,
[INFO] [stdout] 33 | |     };
[INFO] [stdout]    | |_____^ use of unresolved module or unlinked crate `nrelm`
[INFO] [stdout]    |
[INFO] [stdout]    = help: if you wanted to use a crate named `nrelm`, use `cargo add nrelm` to add it to your `Cargo.toml`
[INFO] [stdout]    = note: this error originates in the macro `nrelm_macros::menu_list` (in Nightly builds, run with -Z macro-backtrace for more info)
[INFO] [stdout] help: consider importing one of these structs
[INFO] [stdout]    |
[INFO] [stdout]  1 + use gtk::Label;
[INFO] [stdout]    |
[INFO] [stdout]  1 + use syn::Label;
[INFO] [stdout]    |
[INFO] [stdout] 
[INFO] [stdout] 
[INFO] [stdout] error[E0433]: cannot find module or crate `nrelm` in this scope
[INFO] [stdout]   --> tests/menu_list.rs:30:16
[INFO] [stdout]    |
[INFO] [stdout] 30 |       let list = nrelm_macros::menu_list! {
[INFO] [stdout]    |  ________________^
[INFO] [stdout] 31 | |         "Add" => AppMsg::Add,
[INFO] [stdout] 32 | |         "Remove" => AppMsg::Remove,
[INFO] [stdout] 33 | |     };
[INFO] [stdout]    | |_____^ use of unresolved module or unlinked crate `nrelm`
[INFO] [stdout]    |
[INFO] [stdout]    = help: if you wanted to use a crate named `nrelm`, use `cargo add nrelm` to add it to your `Cargo.toml`
[INFO] [stdout]    = note: this error originates in the macro `nrelm_macros::menu_list` (in Nightly builds, run with -Z macro-backtrace for more info)
[INFO] [stdout] help: consider importing this trait
[INFO] [stdout]    |
[INFO] [stdout]  1 + use gtk::prelude::WidgetExt;
[INFO] [stdout]    |
[INFO] [stdout] 
[INFO] [stdout] 
[INFO] [stdout] error[E0433]: cannot find module or crate `nrelm` in this scope
[INFO] [stdout]   --> tests/menu_list.rs:30:16
[INFO] [stdout]    |
[INFO] [stdout] 30 |       let list = nrelm_macros::menu_list! {
[INFO] [stdout]    |  ________________^
[INFO] [stdout] 31 | |         "Add" => AppMsg::Add,
[INFO] [stdout] 32 | |         "Remove" => AppMsg::Remove,
[INFO] [stdout] 33 | |     };
[INFO] [stdout]    | |_____^ use of unresolved module or unlinked crate `nrelm`
[INFO] [stdout]    |
[INFO] [stdout]    = help: if you wanted to use a crate named `nrelm`, use `cargo add nrelm` to add it to your `Cargo.toml`
[INFO] [stdout]    = note: this error originates in the macro `nrelm_macros::menu_list` (in Nightly builds, run with -Z macro-backtrace for more info)
[INFO] [stdout] help: consider importing this trait
[INFO] [stdout]    |
[INFO] [stdout]  1 + use gtk::prelude::ContainerExt;
[INFO] [stdout]    |
[INFO] [stdout] 
[INFO] [stdout] 
[INFO] [stdout] error[E0433]: cannot find module or crate `nrelm` in this scope
[INFO] [stdout]   --> tests/menu_list.rs:30:16
[INFO] [stdout]    |
[INFO] [stdout] 30 |       let list = nrelm_macros::menu_list! {
[INFO] [stdout]    |  ________________^
[INFO] [stdout] 31 | |         "Add" => AppMsg::Add,
[INFO] [stdout] 32 | |         "Remove" => AppMsg::Remove,
[INFO] [stdout] 33 | |     };
[INFO] [stdout]    | |_____^ use of unresolved module or unlinked crate `nrelm`
[INFO] [stdout]    |
[INFO] [stdout]    = help: if you wanted to use a crate named `nrelm`, use `cargo add nrelm` to add it to your `Cargo.toml`
[INFO] [stdout]    = note: this error originates in the macro `nrelm_macros::menu_list` (in Nightly builds, run with -Z macro-backtrace for more info)
[INFO] [stdout] help: consider importing this trait
[INFO] [stdout]    |
[INFO] [stdout]  1 + use gtk::prelude::Cast;
[INFO] [stdout]    |
[INFO] [stdout] 
[INFO] [stdout] 
[INFO] [stdout] error[E0433]: cannot find module or crate `nrelm` in this scope
[INFO] [stdout]   --> tests/menu_list.rs:65:16
[INFO] [stdout]    |
[INFO] [stdout] 65 |       let list = nrelm_macros::menu_list! {
[INFO] [stdout]    |  ________________^
[INFO] [stdout] 66 | |         "Add" => {
[INFO] [stdout] 67 | |             popover.popdown();
[INFO] [stdout] 68 | |             sender.input(AppMsg::Add);
[INFO] [stdout] ...  |
[INFO] [stdout] 72 | |         },
[INFO] [stdout] 73 | |     };
[INFO] [stdout]    | |_____^ use of unresolved module or unlinked crate `nrelm`
[INFO] [stdout]    |
[INFO] [stdout]    = help: if you wanted to use a crate named `nrelm`, use `cargo add nrelm` to add it to your `Cargo.toml`
[INFO] [stdout]    = note: this error originates in the macro `nrelm_macros::menu_list` (in Nightly builds, run with -Z macro-backtrace for more info)
[INFO] [stdout] help: consider importing this struct
[INFO] [stdout]    |
[INFO] [stdout]  1 + use gtk::ListBox;
[INFO] [stdout]    |
[INFO] [stdout] 
[INFO] [stdout] 
[INFO] [stdout] error[E0433]: cannot find module or crate `nrelm` in this scope
[INFO] [stdout]   --> tests/menu_list.rs:65:16
[INFO] [stdout]    |
[INFO] [stdout] 65 |       let list = nrelm_macros::menu_list! {
[INFO] [stdout]    |  ________________^
[INFO] [stdout] 66 | |         "Add" => {
[INFO] [stdout] 67 | |             popover.popdown();
[INFO] [stdout] 68 | |             sender.input(AppMsg::Add);
[INFO] [stdout] ...  |
[INFO] [stdout] 72 | |         },
[INFO] [stdout] 73 | |     };
[INFO] [stdout]    | |_____^ use of unresolved module or unlinked crate `nrelm`
[INFO] [stdout]    |
[INFO] [stdout]    = help: if you wanted to use a crate named `nrelm`, use `cargo add nrelm` to add it to your `Cargo.toml`
[INFO] [stdout]    = note: this error originates in the macro `nrelm_macros::menu_list` (in Nightly builds, run with -Z macro-backtrace for more info)
[INFO] [stdout] help: consider importing this trait
[INFO] [stdout]    |
[INFO] [stdout]  1 + use gtk::prelude::ListBoxExt;
[INFO] [stdout]    |
[INFO] [stdout] 
[INFO] [stdout] 
[INFO] [stdout] error[E0433]: cannot find module or crate `nrelm` in this scope
[INFO] [stdout]   --> tests/menu_list.rs:65:16
[INFO] [stdout]    |
[INFO] [stdout] 65 |       let list = nrelm_macros::menu_list! {
[INFO] [stdout]    |  ________________^
[INFO] [stdout] 66 | |         "Add" => {
[INFO] [stdout] 67 | |             popover.popdown();
[INFO] [stdout] 68 | |             sender.input(AppMsg::Add);
[INFO] [stdout] ...  |
[INFO] [stdout] 72 | |         },
[INFO] [stdout] 73 | |     };
[INFO] [stdout]    | |_____^ use of unresolved module or unlinked crate `nrelm`
[INFO] [stdout]    |
[INFO] [stdout]    = help: if you wanted to use a crate named `nrelm`, use `cargo add nrelm` to add it to your `Cargo.toml`
[INFO] [stdout]    = note: this error originates in the macro `nrelm_macros::menu_list` (in Nightly builds, run with -Z macro-backtrace for more info)
[INFO] [stdout] help: consider importing this enum
[INFO] [stdout]    |
[INFO] [stdout]  1 + use gtk::SelectionMode;
[INFO] [stdout]    |
[INFO] [stdout] 
[INFO] [stdout] 
[INFO] [stdout] error[E0433]: cannot find module or crate `nrelm` in this scope
[INFO] [stdout]   --> tests/menu_list.rs:65:16
[INFO] [stdout]    |
[INFO] [stdout] 65 |       let list = nrelm_macros::menu_list! {
[INFO] [stdout]    |  ________________^
[INFO] [stdout] 66 | |         "Add" => {
[INFO] [stdout] 67 | |             popover.popdown();
[INFO] [stdout] 68 | |             sender.input(AppMsg::Add);
[INFO] [stdout] ...  |
[INFO] [stdout] 72 | |         },
[INFO] [stdout] 73 | |     };
[INFO] [stdout]    | |_____^ use of unresolved module or unlinked crate `nrelm`
[INFO] [stdout]    |
[INFO] [stdout]    = help: if you wanted to use a crate named `nrelm`, use `cargo add nrelm` to add it to your `Cargo.toml`
[INFO] [stdout]    = note: this error originates in the macro `nrelm_macros::menu_list` (in Nightly builds, run with -Z macro-backtrace for more info)
[INFO] [stdout] help: consider importing this struct
[INFO] [stdout]    |
[INFO] [stdout]  1 + use gtk::ListBoxRow;
[INFO] [stdout]    |
[INFO] [stdout] 
[INFO] [stdout] 
[INFO] [stdout] error[E0433]: cannot find module or crate `nrelm` in this scope
[INFO] [stdout]   --> tests/menu_list.rs:65:16
[INFO] [stdout]    |
[INFO] [stdout] 65 |       let list = nrelm_macros::menu_list! {
[INFO] [stdout]    |  ________________^
[INFO] [stdout] 66 | |         "Add" => {
[INFO] [stdout] 67 | |             popover.popdown();
[INFO] [stdout] 68 | |             sender.input(AppMsg::Add);
[INFO] [stdout] ...  |
[INFO] [stdout] 72 | |         },
[INFO] [stdout] 73 | |     };
[INFO] [stdout]    | |_____^ use of unresolved module or unlinked crate `nrelm`
[INFO] [stdout]    |
[INFO] [stdout]    = help: if you wanted to use a crate named `nrelm`, use `cargo add nrelm` to add it to your `Cargo.toml`
[INFO] [stdout]    = note: this error originates in the macro `nrelm_macros::menu_list` (in Nightly builds, run with -Z macro-backtrace for more info)
[INFO] [stdout] help: consider importing one of these structs
[INFO] [stdout]    |
[INFO] [stdout]  1 + use gtk::Label;
[INFO] [stdout]    |
[INFO] [stdout]  1 + use syn::Label;
[INFO] [stdout]    |
[INFO] [stdout] 
[INFO] [stdout] 
[INFO] [stdout] error[E0433]: cannot find module or crate `nrelm` in this scope
[INFO] [stdout]   --> tests/menu_list.rs:65:16
[INFO] [stdout]    |
[INFO] [stdout] 65 |       let list = nrelm_macros::menu_list! {
[INFO] [stdout]    |  ________________^
[INFO] [stdout] 66 | |         "Add" => {
[INFO] [stdout] 67 | |             popover.popdown();
[INFO] [stdout] 68 | |             sender.input(AppMsg::Add);
[INFO] [stdout] ...  |
[INFO] [stdout] 72 | |         },
[INFO] [stdout] 73 | |     };
[INFO] [stdout]    | |_____^ use of unresolved module or unlinked crate `nrelm`
[INFO] [stdout]    |
[INFO] [stdout]    = help: if you wanted to use a crate named `nrelm`, use `cargo add nrelm` to add it to your `Cargo.toml`
[INFO] [stdout]    = note: this error originates in the macro `nrelm_macros::menu_list` (in Nightly builds, run with -Z macro-backtrace for more info)
[INFO] [stdout] help: consider importing this trait
[INFO] [stdout]    |
[INFO] [stdout]  1 + use gtk::prelude::WidgetExt;
[INFO] [stdout]    |
[INFO] [stdout] 
[INFO] [stdout] 
[INFO] [stdout] error[E0433]: cannot find module or crate `nrelm` in this scope
[INFO] [stdout]   --> tests/menu_list.rs:65:16
[INFO] [stdout]    |
[INFO] [stdout] 65 |       let list = nrelm_macros::menu_list! {
[INFO] [stdout]    |  ________________^
[INFO] [stdout] 66 | |         "Add" => {
[INFO] [stdout] 67 | |             popover.popdown();
[INFO] [stdout] 68 | |             sender.input(AppMsg::Add);
[INFO] [stdout] ...  |
[INFO] [stdout] 72 | |         },
[INFO] [stdout] 73 | |     };
[INFO] [stdout]    | |_____^ use of unresolved module or unlinked crate `nrelm`
[INFO] [stdout]    |
[INFO] [stdout]    = help: if you wanted to use a crate named `nrelm`, use `cargo add nrelm` to add it to your `Cargo.toml`
[INFO] [stdout]    = note: this error originates in the macro `nrelm_macros::menu_list` (in Nightly builds, run with -Z macro-backtrace for more info)
[INFO] [stdout] help: consider importing this trait
[INFO] [stdout]    |
[INFO] [stdout]  1 + use gtk::prelude::ContainerExt;
[INFO] [stdout]    |
[INFO] [stdout] 
[INFO] [stdout] 
[INFO] [stdout] error[E0433]: cannot find module or crate `nrelm` in this scope
[INFO] [stdout]   --> tests/menu_list.rs:65:16
[INFO] [stdout]    |
[INFO] [stdout] 65 |       let list = nrelm_macros::menu_list! {
[INFO] [stdout]    |  ________________^
[INFO] [stdout] 66 | |         "Add" => {
[INFO] [stdout] 67 | |             popover.popdown();
[INFO] [stdout] 68 | |             sender.input(AppMsg::Add);
[INFO] [stdout] ...  |
[INFO] [stdout] 72 | |         },
[INFO] [stdout] 73 | |     };
[INFO] [stdout]    | |_____^ use of unresolved module or unlinked crate `nrelm`
[INFO] [stdout]    |
[INFO] [stdout]    = help: if you wanted to use a crate named `nrelm`, use `cargo add nrelm` to add it to your `Cargo.toml`
[INFO] [stdout]    = note: this error originates in the macro `nrelm_macros::menu_list` (in Nightly builds, run with -Z macro-backtrace for more info)
[INFO] [stdout] help: consider importing this trait
[INFO] [stdout]    |
[INFO] [stdout]  1 + use gtk::prelude::Cast;
[INFO] [stdout]    |
[INFO] [stdout] 
[INFO] [stdout] 
[INFO] [stdout] error[E0433]: cannot find module or crate `nrelm` in this scope
[INFO] [stdout]   --> tests/menu_list.rs:84:16
[INFO] [stdout]    |
[INFO] [stdout] 84 |       let list = nrelm_macros::menu_list! {
[INFO] [stdout]    |  ________________^
[INFO] [stdout] 85 | |         "Add" => AppMsg::Add,
[INFO] [stdout] 86 | |         custom_row.clone(),
[INFO] [stdout] 87 | |     };
[INFO] [stdout]    | |_____^ use of unresolved module or unlinked crate `nrelm`
[INFO] [stdout]    |
[INFO] [stdout]    = help: if you wanted to use a crate named `nrelm`, use `cargo add nrelm` to add it to your `Cargo.toml`
[INFO] [stdout]    = note: this error originates in the macro `nrelm_macros::menu_list` (in Nightly builds, run with -Z macro-backtrace for more info)
[INFO] [stdout] help: consider importing this struct
[INFO] [stdout]    |
[INFO] [stdout]  1 + use gtk::ListBox;
[INFO] [stdout]    |
[INFO] [stdout] 
[INFO] [stdout] 
[INFO] [stdout] error[E0433]: cannot find module or crate `nrelm` in this scope
[INFO] [stdout]   --> tests/menu_list.rs:84:16
[INFO] [stdout]    |
[INFO] [stdout] 84 |       let list = nrelm_macros::menu_list! {
[INFO] [stdout]    |  ________________^
[INFO] [stdout] 85 | |         "Add" => AppMsg::Add,
[INFO] [stdout] 86 | |         custom_row.clone(),
[INFO] [stdout] 87 | |     };
[INFO] [stdout]    | |_____^ use of unresolved module or unlinked crate `nrelm`
[INFO] [stdout]    |
[INFO] [stdout]    = help: if you wanted to use a crate named `nrelm`, use `cargo add nrelm` to add it to your `Cargo.toml`
[INFO] [stdout]    = note: this error originates in the macro `nrelm_macros::menu_list` (in Nightly builds, run with -Z macro-backtrace for more info)
[INFO] [stdout] help: consider importing this trait
[INFO] [stdout]    |
[INFO] [stdout]  1 + use gtk::prelude::ListBoxExt;
[INFO] [stdout]    |
[INFO] [stdout] 
[INFO] [stdout] 
[INFO] [stdout] error[E0433]: cannot find module or crate `nrelm` in this scope
[INFO] [stdout]   --> tests/menu_list.rs:84:16
[INFO] [stdout]    |
[INFO] [stdout] 84 |       let list = nrelm_macros::menu_list! {
[INFO] [stdout]    |  ________________^
[INFO] [stdout] 85 | |         "Add" => AppMsg::Add,
[INFO] [stdout] 86 | |         custom_row.clone(),
[INFO] [stdout] 87 | |     };
[INFO] [stdout]    | |_____^ use of unresolved module or unlinked crate `nrelm`
[INFO] [stdout]    |
[INFO] [stdout]    = help: if you wanted to use a crate named `nrelm`, use `cargo add nrelm` to add it to your `Cargo.toml`
[INFO] [stdout]    = note: this error originates in the macro `nrelm_macros::menu_list` (in Nightly builds, run with -Z macro-backtrace for more info)
[INFO] [stdout] help: consider importing this enum
[INFO] [stdout]    |
[INFO] [stdout]  1 + use gtk::SelectionMode;
[INFO] [stdout]    |
[INFO] [stdout] 
[INFO] [stdout] 
[INFO] [stdout] error[E0433]: cannot find module or crate `nrelm` in this scope
[INFO] [stdout]   --> tests/menu_list.rs:84:16
[INFO] [stdout]    |
[INFO] [stdout] 84 |       let list = nrelm_macros::menu_list! {
[INFO] [stdout]    |  ________________^
[INFO] [stdout] 85 | |         "Add" => AppMsg::Add,
[INFO] [stdout] 86 | |         custom_row.clone(),
[INFO] [stdout] 87 | |     };
[INFO] [stdout]    | |_____^ use of unresolved module or unlinked crate `nrelm`
[INFO] [stdout]    |
[INFO] [stdout]    = help: if you wanted to use a crate named `nrelm`, use `cargo add nrelm` to add it to your `Cargo.toml`
[INFO] [stdout]    = note: this error originates in the macro `nrelm_macros::menu_list` (in Nightly builds, run with -Z macro-backtrace for more info)
[INFO] [stdout] help: consider importing this struct
[INFO] [stdout]    |
[INFO] [stdout]  1 + use gtk::ListBoxRow;
[INFO] [stdout]    |
[INFO] [stdout] 
[INFO] [stdout] 
[INFO] [stdout] error[E0433]: cannot find module or crate `nrelm` in this scope
[INFO] [stdout]   --> tests/menu_list.rs:84:16
[INFO] [stdout]    |
[INFO] [stdout] 84 |       let list = nrelm_macros::menu_list! {
[INFO] [stdout]    |  ________________^
[INFO] [stdout] 85 | |         "Add" => AppMsg::Add,
[INFO] [stdout] 86 | |         custom_row.clone(),
[INFO] [stdout] 87 | |     };
[INFO] [stdout]    | |_____^ use of unresolved module or unlinked crate `nrelm`
[INFO] [stdout]    |
[INFO] [stdout]    = help: if you wanted to use a crate named `nrelm`, use `cargo add nrelm` to add it to your `Cargo.toml`
[INFO] [stdout]    = note: this error originates in the macro `nrelm_macros::menu_list` (in Nightly builds, run with -Z macro-backtrace for more info)
[INFO] [stdout] help: consider importing one of these structs
[INFO] [stdout]    |
[INFO] [stdout]  1 + use gtk::Label;
[INFO] [stdout]    |
[INFO] [stdout]  1 + use syn::Label;
[INFO] [stdout]    |
[INFO] [stdout] 
[INFO] [stdout] 
[INFO] [stdout] error[E0433]: cannot find module or crate `nrelm` in this scope
[INFO] [stdout]   --> tests/menu_list.rs:84:16
[INFO] [stdout]    |
[INFO] [stdout] 84 |       let list = nrelm_macros::menu_list! {
[INFO] [stdout]    |  ________________^
[INFO] [stdout] 85 | |         "Add" => AppMsg::Add,
[INFO] [stdout] 86 | |         custom_row.clone(),
[INFO] [stdout] 87 | |     };
[INFO] [stdout]    | |_____^ use of unresolved module or unlinked crate `nrelm`
[INFO] [stdout]    |
[INFO] [stdout]    = help: if you wanted to use a crate named `nrelm`, use `cargo add nrelm` to add it to your `Cargo.toml`
[INFO] [stdout]    = note: this error originates in the macro `nrelm_macros::menu_list` (in Nightly builds, run with -Z macro-backtrace for more info)
[INFO] [stdout] help: consider importing this trait
[INFO] [stdout]    |
[INFO] [stdout]  1 + use gtk::prelude::WidgetExt;
[INFO] [stdout]    |
[INFO] [stdout] 
[INFO] [stdout] 
[INFO] [stdout] error[E0433]: cannot find module or crate `nrelm` in this scope
[INFO] [stdout]   --> tests/menu_list.rs:84:16
[INFO] [stdout]    |
[INFO] [stdout] 84 |       let list = nrelm_macros::menu_list! {
[INFO] [stdout]    |  ________________^
[INFO] [stdout] 85 | |         "Add" => AppMsg::Add,
[INFO] [stdout] 86 | |         custom_row.clone(),
[INFO] [stdout] 87 | |     };
[INFO] [stdout]    | |_____^ use of unresolved module or unlinked crate `nrelm`
[INFO] [stdout]    |
[INFO] [stdout]    = help: if you wanted to use a crate named `nrelm`, use `cargo add nrelm` to add it to your `Cargo.toml`
[INFO] [stdout]    = note: this error originates in the macro `nrelm_macros::menu_list` (in Nightly builds, run with -Z macro-backtrace for more info)
[INFO] [stdout] help: consider importing this trait
[INFO] [stdout]    |
[INFO] [stdout]  1 + use gtk::prelude::ContainerExt;
[INFO] [stdout]    |
[INFO] [stdout] 
[INFO] [stdout] 
[INFO] [stdout] error[E0433]: cannot find module or crate `nrelm` in this scope
[INFO] [stdout]   --> tests/menu_list.rs:84:16
[INFO] [stdout]    |
[INFO] [stdout] 84 |       let list = nrelm_macros::menu_list! {
[INFO] [stdout]    |  ________________^
[INFO] [stdout] 85 | |         "Add" => AppMsg::Add,
[INFO] [stdout] 86 | |         custom_row.clone(),
[INFO] [stdout] 87 | |     };
[INFO] [stdout]    | |_____^ use of unresolved module or unlinked crate `nrelm`
[INFO] [stdout]    |
[INFO] [stdout]    = help: if you wanted to use a crate named `nrelm`, use `cargo add nrelm` to add it to your `Cargo.toml`
[INFO] [stdout]    = note: this error originates in the macro `nrelm_macros::menu_list` (in Nightly builds, run with -Z macro-backtrace for more info)
[INFO] [stdout] help: consider importing this trait
[INFO] [stdout]    |
[INFO] [stdout]  1 + use gtk::prelude::Cast;
[INFO] [stdout]    |
[INFO] [stdout] 
[INFO] [stdout] 
[INFO] [stdout] error[E0433]: cannot find module or crate `nrelm` in this scope
[INFO] [stdout]    --> tests/menu_list.rs:100:16
[INFO] [stdout]     |
[INFO] [stdout] 100 |       let list = nrelm_macros::menu_list! {
[INFO] [stdout]     |  ________________^
[INFO] [stdout] 101 | |         "Add" => AppMsg::Add,
[INFO] [stdout] 102 | |     };
[INFO] [stdout]     | |_____^ use of unresolved module or unlinked crate `nrelm`
[INFO] [stdout]     |
[INFO] [stdout]     = help: if you wanted to use a crate named `nrelm`, use `cargo add nrelm` to add it to your `Cargo.toml`
[INFO] [stdout]     = note: this error originates in the macro `nrelm_macros::menu_list` (in Nightly builds, run with -Z macro-backtrace for more info)
[INFO] [stdout] help: consider importing this struct
[INFO] [stdout]     |
[INFO] [stdout]   1 + use gtk::ListBox;
[INFO] [stdout]     |
[INFO] [stdout] 
[INFO] [stdout] 
[INFO] [stdout] error[E0433]: cannot find module or crate `nrelm` in this scope
[INFO] [stdout]    --> tests/menu_list.rs:100:16
[INFO] [stdout]     |
[INFO] [stdout] 100 |       let list = nrelm_macros::menu_list! {
[INFO] [stdout]     |  ________________^
[INFO] [stdout] 101 | |         "Add" => AppMsg::Add,
[INFO] [stdout] 102 | |     };
[INFO] [stdout]     | |_____^ use of unresolved module or unlinked crate `nrelm`
[INFO] [stdout]     |
[INFO] [stdout]     = help: if you wanted to use a crate named `nrelm`, use `cargo add nrelm` to add it to your `Cargo.toml`
[INFO] [stdout]     = note: this error originates in the macro `nrelm_macros::menu_list` (in Nightly builds, run with -Z macro-backtrace for more info)
[INFO] [stdout] help: consider importing this trait
[INFO] [stdout]     |
[INFO] [stdout]   1 + use gtk::prelude::ListBoxExt;
[INFO] [stdout]     |
[INFO] [stdout] 
[INFO] [stdout] 
[INFO] [stdout] error[E0433]: cannot find module or crate `nrelm` in this scope
[INFO] [stdout]    --> tests/menu_list.rs:100:16
[INFO] [stdout]     |
[INFO] [stdout] 100 |       let list = nrelm_macros::menu_list! {
[INFO] [stdout]     |  ________________^
[INFO] [stdout] 101 | |         "Add" => AppMsg::Add,
[INFO] [stdout] 102 | |     };
[INFO] [stdout]     | |_____^ use of unresolved module or unlinked crate `nrelm`
[INFO] [stdout]     |
[INFO] [stdout]     = help: if you wanted to use a crate named `nrelm`, use `cargo add nrelm` to add it to your `Cargo.toml`
[INFO] [stdout]     = note: this error originates in the macro `nrelm_macros::menu_list` (in Nightly builds, run with -Z macro-backtrace for more info)
[INFO] [stdout] help: consider importing this enum
[INFO] [stdout]     |
[INFO] [stdout]   1 + use gtk::SelectionMode;
[INFO] [stdout]     |
[INFO] [stdout] 
[INFO] [stdout] 
[INFO] [stdout] error[E0433]: cannot find module or crate `nrelm` in this scope
[INFO] [stdout]    --> tests/menu_list.rs:100:16
[INFO] [stdout]     |
[INFO] [stdout] 100 |       let list = nrelm_macros::menu_list! {
[INFO] [stdout]     |  ________________^
[INFO] [stdout] 101 | |         "Add" => AppMsg::Add,
[INFO] [stdout] 102 | |     };
[INFO] [stdout]     | |_____^ use of unresolved module or unlinked crate `nrelm`
[INFO] [stdout]     |
[INFO] [stdout]     = help: if you wanted to use a crate named `nrelm`, use `cargo add nrelm` to add it to your `Cargo.toml`
[INFO] [stdout]     = note: this error originates in the macro `nrelm_macros::menu_list` (in Nightly builds, run with -Z macro-backtrace for more info)
[INFO] [stdout] help: consider importing this struct
[INFO] [stdout]     |
[INFO] [stdout]   1 + use gtk::ListBoxRow;
[INFO] [stdout]     |
[INFO] [stdout] 
[INFO] [stdout] 
[INFO] [stdout] error[E0433]: cannot find module or crate `nrelm` in this scope
[INFO] [stdout]    --> tests/menu_list.rs:100:16
[INFO] [stdout]     |
[INFO] [stdout] 100 |       let list = nrelm_macros::menu_list! {
[INFO] [stdout]     |  ________________^
[INFO] [stdout] 101 | |         "Add" => AppMsg::Add,
[INFO] [stdout] 102 | |     };
[INFO] [stdout]     | |_____^ use of unresolved module or unlinked crate `nrelm`
[INFO] [stdout]     |
[INFO] [stdout]     = help: if you wanted to use a crate named `nrelm`, use `cargo add nrelm` to add it to your `Cargo.toml`
[INFO] [stdout]     = note: this error originates in the macro `nrelm_macros::menu_list` (in Nightly builds, run with -Z macro-backtrace for more info)
[INFO] [stdout] help: consider importing one of these structs
[INFO] [stdout]     |
[INFO] [stdout]   1 + use gtk::Label;
[INFO] [stdout]     |
[INFO] [stdout]   1 + use syn::Label;
[INFO] [stdout]     |
[INFO] [stdout] 
[INFO] [stdout] 
[INFO] [stdout] error[E0433]: cannot find module or crate `nrelm` in this scope
[INFO] [stdout]    --> tests/menu_list.rs:100:16
[INFO] [stdout]     |
[INFO] [stdout] 100 |       let list = nrelm_macros::menu_list! {
[INFO] [stdout]     |  ________________^
[INFO] [stdout] 101 | |         "Add" => AppMsg::Add,
[INFO] [stdout] 102 | |     };
[INFO] [stdout]     | |_____^ use of unresolved module or unlinked crate `nrelm`
[INFO] [stdout]     |
[INFO] [stdout]     = help: if you wanted to use a crate named `nrelm`, use `cargo add nrelm` to add it to your `Cargo.toml`
[INFO] [stdout]     = note: this error originates in the macro `nrelm_macros::menu_list` (in Nightly builds, run with -Z macro-backtrace for more info)
[INFO] [stdout] help: consider importing this trait
[INFO] [stdout]     |
[INFO] [stdout]   1 + use gtk::prelude::WidgetExt;
[INFO] [stdout]     |
[INFO] [stdout] 
[INFO] [stdout] 
[INFO] [stdout] error[E0433]: cannot find module or crate `nrelm` in this scope
[INFO] [stdout]    --> tests/menu_list.rs:100:16
[INFO] [stdout]     |
[INFO] [stdout] 100 |       let list = nrelm_macros::menu_list! {
[INFO] [stdout]     |  ________________^
[INFO] [stdout] 101 | |         "Add" => AppMsg::Add,
[INFO] [stdout] 102 | |     };
[INFO] [stdout]     | |_____^ use of unresolved module or unlinked crate `nrelm`
[INFO] [stdout]     |
[INFO] [stdout]     = help: if you wanted to use a crate named `nrelm`, use `cargo add nrelm` to add it to your `Cargo.toml`
[INFO] [stdout]     = note: this error originates in the macro `nrelm_macros::menu_list` (in Nightly builds, run with -Z macro-backtrace for more info)
[INFO] [stdout] help: consider importing this trait
[INFO] [stdout]     |
[INFO] [stdout]   1 + use gtk::prelude::ContainerExt;
[INFO] [stdout]     |
[INFO] [stdout] 
[INFO] [stdout] 
[INFO] [stdout] error[E0433]: cannot find module or crate `nrelm` in this scope
[INFO] [stdout]    --> tests/menu_list.rs:100:16
[INFO] [stdout]     |
[INFO] [stdout] 100 |       let list = nrelm_macros::menu_list! {
[INFO] [stdout]     |  ________________^
[INFO] [stdout] 101 | |         "Add" => AppMsg::Add,
[INFO] [stdout] 102 | |     };
[INFO] [stdout]     | |_____^ use of unresolved module or unlinked crate `nrelm`
[INFO] [stdout]     |
[INFO] [stdout]     = help: if you wanted to use a crate named `nrelm`, use `cargo add nrelm` to add it to your `Cargo.toml`
[INFO] [stdout]     = note: this error originates in the macro `nrelm_macros::menu_list` (in Nightly builds, run with -Z macro-backtrace for more info)
[INFO] [stdout] help: consider importing this trait
[INFO] [stdout]     |
[INFO] [stdout]   1 + use gtk::prelude::Cast;
[INFO] [stdout]     |
[INFO] [stdout] 
[INFO] [stdout] 
[INFO] [stdout] error[E0433]: cannot find module or crate `nrelm` in this scope
[INFO] [stdout]    --> tests/menu_list.rs:116:16
[INFO] [stdout]     |
[INFO] [stdout] 116 |       let list = nrelm_macros::menu_list! {
[INFO] [stdout]     |  ________________^
[INFO] [stdout] 117 | |         "Add" => AppMsg::Add,
[INFO] [stdout] 118 | |         custom_row.clone(),
[INFO] [stdout] 119 | |     };
[INFO] [stdout]     | |_____^ use of unresolved module or unlinked crate `nrelm`
[INFO] [stdout]     |
[INFO] [stdout]     = help: if you wanted to use a crate named `nrelm`, use `cargo add nrelm` to add it to your `Cargo.toml`
[INFO] [stdout]     = note: this error originates in the macro `nrelm_macros::menu_list` (in Nightly builds, run with -Z macro-backtrace for more info)
[INFO] [stdout] help: consider importing this struct
[INFO] [stdout]     |
[INFO] [stdout]   1 + use gtk::ListBox;
[INFO] [stdout]     |
[INFO] [stdout] 
[INFO] [stdout] 
[INFO] [stdout] error[E0433]: cannot find module or crate `nrelm` in this scope
[INFO] [stdout]    --> tests/menu_list.rs:116:16
[INFO] [stdout]     |
[INFO] [stdout] 116 |       let list = nrelm_macros::menu_list! {
[INFO] [stdout]     |  ________________^
[INFO] [stdout] 117 | |         "Add" => AppMsg::Add,
[INFO] [stdout] 118 | |         custom_row.clone(),
[INFO] [stdout] 119 | |     };
[INFO] [stdout]     | |_____^ use of unresolved module or unlinked crate `nrelm`
[INFO] [stdout]     |
[INFO] [stdout]     = help: if you wanted to use a crate named `nrelm`, use `cargo add nrelm` to add it to your `Cargo.toml`
[INFO] [stdout]     = note: this error originates in the macro `nrelm_macros::menu_list` (in Nightly builds, run with -Z macro-backtrace for more info)
[INFO] [stdout] help: consider importing this trait
[INFO] [stdout]     |
[INFO] [stdout]   1 + use gtk::prelude::ListBoxExt;
[INFO] [stdout]     |
[INFO] [stdout] 
[INFO] [stdout] 
[INFO] [stdout] error[E0433]: cannot find module or crate `nrelm` in this scope
[INFO] [stdout]    --> tests/menu_list.rs:116:16
[INFO] [stdout]     |
[INFO] [stdout] 116 |       let list = nrelm_macros::menu_list! {
[INFO] [stdout]     |  ________________^
[INFO] [stdout] 117 | |         "Add" => AppMsg::Add,
[INFO] [stdout] 118 | |         custom_row.clone(),
[INFO] [stdout] 119 | |     };
[INFO] [stdout]     | |_____^ use of unresolved module or unlinked crate `nrelm`
[INFO] [stdout]     |
[INFO] [stdout]     = help: if you wanted to use a crate named `nrelm`, use `cargo add nrelm` to add it to your `Cargo.toml`
[INFO] [stdout]     = note: this error originates in the macro `nrelm_macros::menu_list` (in Nightly builds, run with -Z macro-backtrace for more info)
[INFO] [stdout] help: consider importing this enum
[INFO] [stdout]     |
[INFO] [stdout]   1 + use gtk::SelectionMode;
[INFO] [stdout]     |
[INFO] [stdout] 
[INFO] [stdout] 
[INFO] [stdout] error[E0433]: cannot find module or crate `nrelm` in this scope
[INFO] [stdout]    --> tests/menu_list.rs:116:16
[INFO] [stdout]     |
[INFO] [stdout] 116 |       let list = nrelm_macros::menu_list! {
[INFO] [stdout]     |  ________________^
[INFO] [stdout] 117 | |         "Add" => AppMsg::Add,
[INFO] [stdout] 118 | |         custom_row.clone(),
[INFO] [stdout] 119 | |     };
[INFO] [stdout]     | |_____^ use of unresolved module or unlinked crate `nrelm`
[INFO] [stdout]     |
[INFO] [stdout]     = help: if you wanted to use a crate named `nrelm`, use `cargo add nrelm` to add it to your `Cargo.toml`
[INFO] [stdout]     = note: this error originates in the macro `nrelm_macros::menu_list` (in Nightly builds, run with -Z macro-backtrace for more info)
[INFO] [stdout] help: consider importing this struct
[INFO] [stdout]     |
[INFO] [stdout]   1 + use gtk::ListBoxRow;
[INFO] [stdout]     |
[INFO] [stdout] 
[INFO] [stdout] 
[INFO] [stdout] error[E0433]: cannot find module or crate `nrelm` in this scope
[INFO] [stdout]    --> tests/menu_list.rs:116:16
[INFO] [stdout]     |
[INFO] [stdout] 116 |       let list = nrelm_macros::menu_list! {
[INFO] [stdout]     |  ________________^
[INFO] [stdout] 117 | |         "Add" => AppMsg::Add,
[INFO] [stdout] 118 | |         custom_row.clone(),
[INFO] [stdout] 119 | |     };
[INFO] [stdout]     | |_____^ use of unresolved module or unlinked crate `nrelm`
[INFO] [stdout]     |
[INFO] [stdout]     = help: if you wanted to use a crate named `nrelm`, use `cargo add nrelm` to add it to your `Cargo.toml`
[INFO] [stdout]     = note: this error originates in the macro `nrelm_macros::menu_list` (in Nightly builds, run with -Z macro-backtrace for more info)
[INFO] [stdout] help: consider importing one of these structs
[INFO] [stdout]     |
[INFO] [stdout]   1 + use gtk::Label;
[INFO] [stdout]     |
[INFO] [stdout]   1 + use syn::Label;
[INFO] [stdout]     |
[INFO] [stdout] 
[INFO] [stdout] 
[INFO] [stdout] error[E0433]: cannot find module or crate `nrelm` in this scope
[INFO] [stdout]    --> tests/menu_list.rs:116:16
[INFO] [stdout]     |
[INFO] [stdout] 116 |       let list = nrelm_macros::menu_list! {
[INFO] [stdout]     |  ________________^
[INFO] [stdout] 117 | |         "Add" => AppMsg::Add,
[INFO] [stdout] 118 | |         custom_row.clone(),
[INFO] [stdout] 119 | |     };
[INFO] [stdout]     | |_____^ use of unresolved module or unlinked crate `nrelm`
[INFO] [stdout]     |
[INFO] [stdout]     = help: if you wanted to use a crate named `nrelm`, use `cargo add nrelm` to add it to your `Cargo.toml`
[INFO] [stdout]     = note: this error originates in the macro `nrelm_macros::menu_list` (in Nightly builds, run with -Z macro-backtrace for more info)
[INFO] [stdout] help: consider importing this trait
[INFO] [stdout]     |
[INFO] [stdout]   1 + use gtk::prelude::WidgetExt;
[INFO] [stdout]     |
[INFO] [stdout] 
[INFO] [stdout] 
[INFO] [stdout] error[E0433]: cannot find module or crate `nrelm` in this scope
[INFO] [stdout]    --> tests/menu_list.rs:116:16
[INFO] [stdout]     |
[INFO] [stdout] 116 |       let list = nrelm_macros::menu_list! {
[INFO] [stdout]     |  ________________^
[INFO] [stdout] 117 | |         "Add" => AppMsg::Add,
[INFO] [stdout] 118 | |         custom_row.clone(),
[INFO] [stdout] 119 | |     };
[INFO] [stdout]     | |_____^ use of unresolved module or unlinked crate `nrelm`
[INFO] [stdout]     |
[INFO] [stdout]     = help: if you wanted to use a crate named `nrelm`, use `cargo add nrelm` to add it to your `Cargo.toml`
[INFO] [stdout]     = note: this error originates in the macro `nrelm_macros::menu_list` (in Nightly builds, run with -Z macro-backtrace for more info)
[INFO] [stdout] help: consider importing this trait
[INFO] [stdout]     |
[INFO] [stdout]   1 + use gtk::prelude::ContainerExt;
[INFO] [stdout]     |
[INFO] [stdout] 
[INFO] [stdout] 
[INFO] [stdout] error[E0433]: cannot find module or crate `nrelm` in this scope
[INFO] [stdout]    --> tests/menu_list.rs:116:16
[INFO] [stdout]     |
[INFO] [stdout] 116 |       let list = nrelm_macros::menu_list! {
[INFO] [stdout]     |  ________________^
[INFO] [stdout] 117 | |         "Add" => AppMsg::Add,
[INFO] [stdout] 118 | |         custom_row.clone(),
[INFO] [stdout] 119 | |     };
[INFO] [stdout]     | |_____^ use of unresolved module or unlinked crate `nrelm`
[INFO] [stdout]     |
[INFO] [stdout]     = help: if you wanted to use a crate named `nrelm`, use `cargo add nrelm` to add it to your `Cargo.toml`
[INFO] [stdout]     = note: this error originates in the macro `nrelm_macros::menu_list` (in Nightly builds, run with -Z macro-backtrace for more info)
[INFO] [stdout] help: consider importing this trait
[INFO] [stdout]     |
[INFO] [stdout]   1 + use gtk::prelude::Cast;
[INFO] [stdout]     |
[INFO] [stdout] 
[INFO] [stdout] 
[INFO] [stdout] Some errors have detailed explanations: E0432, E0433.
[INFO] [stdout] 
[INFO] [stderr] error: could not compile `nrelm-macros` (test "menu_list") due to 54 previous errors
[INFO] [stdout] For more information about an error, try `rustc --explain E0432`.
[INFO] [stdout] 
[INFO] running `Command { std: "docker" "inspect" "8997309667f4a1f48b10b5d8838a242f8d1b6fb8cc6daea0383c606ebc0ad953", kill_on_drop: false }`
[INFO] running `Command { std: "docker" "rm" "-f" "8997309667f4a1f48b10b5d8838a242f8d1b6fb8cc6daea0383c606ebc0ad953", kill_on_drop: false }`
[INFO] [stdout] 8997309667f4a1f48b10b5d8838a242f8d1b6fb8cc6daea0383c606ebc0ad953
