[INFO] fetching crate miden-usdcx 0.17.1...
[INFO] checking miden-usdcx-0.17.1 against 3154cc1a3e6424e44f438a95007d043ed5ceaaf6+rustflags=-Znext-solver=coherence for pr-133502-30
[INFO] extracting crate miden-usdcx 0.17.1 into /workspace/builds/worker-4-tc1/source
[INFO] started tweaking crates.io crate miden-usdcx 0.17.1
[INFO] removed 0 missing tests
[INFO] finished tweaking crates.io crate miden-usdcx 0.17.1
[INFO] tweaked toml for crates.io crate miden-usdcx 0.17.1 written to /workspace/builds/worker-4-tc1/source/Cargo.toml
[INFO] validating manifest of crates.io crate miden-usdcx 0.17.1 on toolchain 3154cc1a3e6424e44f438a95007d043ed5ceaaf6
[INFO] running `Command { std: CARGO_HOME="/workspace/cargo-home" RUSTUP_HOME="/workspace/rustup-home" "/workspace/cargo-home/bin/cargo" "+3154cc1a3e6424e44f438a95007d043ed5ceaaf6" "metadata" "--manifest-path" "Cargo.toml" "--no-deps", kill_on_drop: false }`
[INFO] crate crates.io crate miden-usdcx 0.17.1 already has a lockfile, it will not be regenerated
[INFO] running `Command { std: CARGO_HOME="/workspace/cargo-home" RUSTUP_HOME="/workspace/rustup-home" "/workspace/cargo-home/bin/cargo" "+3154cc1a3e6424e44f438a95007d043ed5ceaaf6" "fetch" "--manifest-path" "Cargo.toml", kill_on_drop: false }`
[INFO] [stderr]     Updating crates.io index
[INFO] [stderr]     Blocking waiting for file lock on package cache
[INFO] [stderr]  Downloading crates ...
[INFO] [stderr]   Downloaded sponge-cursor v0.1.0
[INFO] [stderr]   Downloaded miden-tx v0.17.1
[INFO] [stderr]   Downloaded keccak v0.2.2
[INFO] [stderr]   Downloaded p3-maybe-rayon v0.8.0
[INFO] [stderr]   Downloaded miden-utils-indexing v0.35.0
[INFO] [stderr]   Downloaded target-tuple v1.0.2
[INFO] [stderr]   Downloaded miden-utils-sync v0.35.0
[INFO] [stderr]   Downloaded primitive-types v0.14.0
[INFO] [stderr]   Downloaded rustc_version v0.2.3
[INFO] [stderr]   Downloaded semver-parser v0.7.0
[INFO] [stderr]   Downloaded miden-formatting v0.1.1
[INFO] [stderr]   Downloaded p3-blake3 v0.8.0
[INFO] [stderr]   Downloaded miden-stark-transcript v0.35.0
[INFO] [stderr]   Downloaded miden-crypto-derive v0.35.0
[INFO] [stderr]   Downloaded miden-protocol-build-utils v0.17.1
[INFO] [stderr]   Downloaded miden-serde-utils v0.35.0
[INFO] [stderr]   Downloaded p3-symmetric v0.8.0
[INFO] [stderr]   Downloaded p3-poseidon2 v0.8.0
[INFO] [stderr]   Downloaded smawk v0.3.3
[INFO] [stderr]   Downloaded version-ranges v0.1.3
[INFO] [stderr]   Downloaded p3-mds v0.8.0
[INFO] [stderr]   Downloaded dissimilar v1.0.11
[INFO] [stderr]   Downloaded semver v0.9.0
[INFO] [stderr]   Downloaded owo-colors v4.4.0
[INFO] [stderr]   Downloaded miden-miette-derive v8.0.0
[INFO] [stderr]   Downloaded miden-lifted-air v0.35.0
[INFO] [stderr]   Downloaded miden-field v0.35.0
[INFO] [stderr]   Downloaded wnaf v0.14.1
[INFO] [stderr]   Downloaded rand_chacha v0.10.0
[INFO] [stderr]   Downloaded generator v0.8.10
[INFO] [stderr]   Downloaded miden-utils-core-derive v0.35.0
[INFO] [stderr]   Downloaded uint v0.10.1
[INFO] [stderr]   Downloaded miden-package-registry v0.35.0
[INFO] [stderr]   Downloaded spin v0.12.3
[INFO] [stderr]   Downloaded p3-dft v0.8.0
[INFO] [stderr]   Downloaded trybuild v1.0.121
[INFO] [stderr]   Downloaded p3-poseidon1 v0.8.0
[INFO] [stderr]   Downloaded miden-debug-types v0.35.0
[INFO] [stderr]   Downloaded p3-keccak v0.8.0
[INFO] [stderr]   Downloaded miden-stateful-hasher v0.35.0
[INFO] [stderr]   Downloaded miden-utils-diagnostics v0.35.0
[INFO] [stderr]   Downloaded p3-util v0.8.0
[INFO] [stderr]   Downloaded priority-queue v2.7.0
[INFO] [stderr]   Downloaded textwrap v0.16.4
[INFO] [stderr]   Downloaded p3-air v0.8.0
[INFO] [stderr]   Downloaded miden-project v0.35.0
[INFO] [stderr]   Downloaded pubgrub v0.3.0
[INFO] [stderr]   Downloaded p3-matrix v0.8.0
[INFO] [stderr]   Downloaded x25519-dalek v3.0.0
[INFO] [stderr]   Downloaded chacha20poly1305 v0.11.0
[INFO] [stderr]   Downloaded poly1305 v0.9.1
[INFO] [stderr]   Downloaded proptest-derive v0.8.0
[INFO] [stderr]   Downloaded midenc-hir-type v0.17.0
[INFO] [stderr]   Downloaded miden-assembly-syntax-cst v0.35.0
[INFO] [stderr]   Downloaded miden-rowan v0.16.4
[INFO] [stderr]   Downloaded rlp v0.5.2
[INFO] [stderr]   Downloaded primitive-types v0.12.2
[INFO] [stderr]   Downloaded uint v0.9.5
[INFO] [stderr]   Downloaded impl-codec v0.6.0
[INFO] [stderr]   Downloaded konst_macro_rules v0.2.19
[INFO] [stderr]   Downloaded sha3 v0.12.0
[INFO] [stderr]   Downloaded miden-mast-package v0.35.0
[INFO] [stderr]   Downloaded wincode v0.6.2
[INFO] [stderr]   Downloaded p3-goldilocks v0.8.0
[INFO] [stderr]   Downloaded p3-field v0.8.0
[INFO] [stderr]   Downloaded miden-miette v8.0.0
[INFO] [stderr]   Downloaded p3-challenger v0.8.0
[INFO] [stderr]   Downloaded k256 v0.14.0
[INFO] [stderr]   Downloaded der v0.8.2
[INFO] [stderr]   Downloaded ed25519-dalek v3.0.0
[INFO] [stderr]   Downloaded fs-err v3.3.1
[INFO] [stderr]   Downloaded rand_xoshiro v0.8.1
[INFO] [stderr]   Downloaded miden-verifier v0.35.0
[INFO] [stderr]   Downloaded serde-wincode v0.1.2
[INFO] [stderr]   Downloaded ruint-macro v1.2.1
[INFO] [stderr]   Downloaded const_format v0.2.36
[INFO] [stderr]   Downloaded fastrlp v0.4.0
[INFO] [stderr]   Downloaded fastrlp v0.3.1
[INFO] [stderr]   Downloaded ark-std v0.6.0
[INFO] [stderr]   Downloaded miden-lifted-stark v0.35.0
[INFO] [stderr]   Downloaded miden-core v0.35.0
[INFO] [stderr]   Downloaded miden-assembly-syntax v0.35.0
[INFO] [stderr]   Downloaded konst v0.2.20
[INFO] [stderr]   Downloaded ark-ff v0.6.0
[INFO] [stderr]   Downloaded ark-serialize v0.6.0
[INFO] [stderr]   Downloaded miden-standards v0.17.1
[INFO] [stderr]   Downloaded miden-assembly v0.35.0
[INFO] [stderr]   Downloaded miden-precompiles-air v0.35.0
[INFO] [stderr]   Downloaded ruint v1.20.1
[INFO] [stderr]   Downloaded miden-crypto v0.35.0
[INFO] [stderr]   Downloaded miden-protocol v0.17.1
[INFO] [stderr]   Downloaded miden-precompiles-verifier v0.35.0
[INFO] [stderr]   Downloaded ark-serialize-derive v0.6.0
[INFO] [stderr]   Downloaded ark-ff-macros v0.6.0
[INFO] [stderr]   Downloaded ark-ff-asm v0.6.0
[INFO] [stderr]   Downloaded ark-ff v0.3.0
[INFO] [stderr]   Downloaded rustc_version v0.3.3
[INFO] [stderr]   Downloaded semver v0.11.0
[INFO] [stderr]   Downloaded semver-parser v0.10.3
[INFO] [stderr]   Downloaded ark-std v0.3.0
[INFO] [stderr]   Downloaded ark-serialize v0.3.0
[INFO] [stderr]   Downloaded alloy-rlp v0.3.16
[INFO] [stderr]   Downloaded miden-core-lib-codegen v0.35.0
[INFO] [stderr]   Downloaded pest v2.9.2
[INFO] [stderr]   Downloaded ark-ff-macros v0.3.0
[INFO] [stderr]   Downloaded ark-ff-asm v0.3.0
[INFO] [stderr]   Downloaded p3-security v0.8.0
[INFO] [stderr]   Downloaded p3-commit v0.8.0
[INFO] [stderr]   Downloaded miden-ace-codegen v0.35.0
[INFO] [stderr]   Downloaded miden-constraint-compiler v0.35.0
[INFO] [stderr]   Downloaded miden-precompiles v0.35.0
[INFO] [stderr]   Downloaded miden-air v0.35.0
[INFO] [stderr]   Downloaded miden-processor v0.35.0
[INFO] [stderr]   Downloaded miden-core-lib v0.35.0
[INFO] [stderr]   Downloaded bon v3.10.1
[INFO] [stderr]   Downloaded bon-macros v3.10.1
[INFO] [stderr]   Downloaded miden-prover v0.35.0
[INFO] [stderr]   Downloaded alloy-sol-macro v1.7.3
[INFO] [stderr]   Downloaded alloy-sol-macro-input v1.7.3
[INFO] [stderr]   Downloaded bech32 v0.11.1
[INFO] [stderr]   Downloaded miden-precompiles-prover v0.35.0
[INFO] [stderr]   Downloaded miden-tx-batch v0.17.1
[INFO] [stderr]   Downloaded alloy-sol-types v1.7.3
[INFO] [stderr]   Downloaded proc-macro-error3 v3.0.1
[INFO] [stderr]   Downloaded proc-macro-error-attr3 v3.0.1
[INFO] [stderr]   Downloaded syn-solidity v1.7.3
[INFO] [stderr]   Downloaded macro-string v0.2.0
[INFO] [stderr]   Downloaded alloy-primitives v1.7.3
[INFO] [stderr]   Downloaded alloy-sol-macro-expander v1.7.3
[INFO] [stderr]   Downloaded const-hex v1.19.3
[INFO] [stderr]   Downloaded miden-block-prover v0.17.1
[INFO] [stderr]   Downloaded miden-agglayer v0.17.1
[INFO] [stderr]   Downloaded miden-testing v0.17.1
[INFO] running `Command { std: "docker" "create" "-v" "/var/lib/crater-agent-workspace/builds/worker-4-tc1/source:/opt/rustwide/workdir:ro,Z" "-v" "/var/lib/crater-agent-workspace/builds/worker-4-tc1/target:/opt/rustwide/target:rw,Z" "-v" "/var/lib/crater-agent-workspace/cargo-home:/opt/rustwide/cargo-home:ro,Z" "-v" "/var/lib/crater-agent-workspace/rustup-home:/opt/rustwide/rustup-home:ro,Z" "-m" "1610612736" "--network" "none" "ghcr.io/rust-lang/crates-build-env/linux@sha256:77db811e55d90add9212f6832c23229e3de5f1c1f9905e8cb07319ea15df73ac" "sleep" "infinity", kill_on_drop: false }`
[INFO] [stdout] 4d2e1b26d4d4ad6df8f73a176514b18d8e4207ce0ee52c28a3c390895f525a98
[INFO] running `Command { std: "docker" "start" "4d2e1b26d4d4ad6df8f73a176514b18d8e4207ce0ee52c28a3c390895f525a98", kill_on_drop: false }`
[INFO] running `Command { std: "docker" "inspect" "4d2e1b26d4d4ad6df8f73a176514b18d8e4207ce0ee52c28a3c390895f525a98", kill_on_drop: false }`
[INFO] running `Command { std: "docker" "exec" "-e" "SOURCE_DIR=/opt/rustwide/workdir" "-e" "CARGO_HOME=/opt/rustwide/cargo-home" "-e" "RUSTUP_HOME=/opt/rustwide/rustup-home" "-e" "CARGO_TARGET_DIR=/opt/rustwide/target" "-w" "/opt/rustwide/workdir" "--user" "0:0" "4d2e1b26d4d4ad6df8f73a176514b18d8e4207ce0ee52c28a3c390895f525a98" "/opt/rustwide/cargo-home/bin/cargo" "+3154cc1a3e6424e44f438a95007d043ed5ceaaf6" "metadata" "--no-deps" "--format-version=1", kill_on_drop: false }`
[INFO] running `Command { std: "docker" "inspect" "4d2e1b26d4d4ad6df8f73a176514b18d8e4207ce0ee52c28a3c390895f525a98", kill_on_drop: false }`
[INFO] running `Command { std: "docker" "exec" "-e" "SOURCE_DIR=/opt/rustwide/workdir" "-e" "CARGO_HOME=/opt/rustwide/cargo-home" "-e" "RUSTUP_HOME=/opt/rustwide/rustup-home" "-e" "CARGO_TARGET_DIR=/opt/rustwide/target" "-e" "CARGO_INCREMENTAL=0" "-e" "RUST_BACKTRACE=full" "-e" "RUSTFLAGS=--cap-lints=forbid -Znext-solver=coherence" "-e" "RUSTDOCFLAGS=--cap-lints=forbid" "-w" "/opt/rustwide/workdir" "--user" "0:0" "4d2e1b26d4d4ad6df8f73a176514b18d8e4207ce0ee52c28a3c390895f525a98" "/opt/rustwide/cargo-home/bin/cargo" "+3154cc1a3e6424e44f438a95007d043ed5ceaaf6" "check" "--frozen" "--all" "--all-targets" "--message-format=json", kill_on_drop: false }`
[INFO] [stderr]    Compiling unicode-ident v1.0.26
[INFO] [stderr]    Compiling serde_core v1.0.229
[INFO] [stderr]    Compiling getrandom v0.4.3
[INFO] [stderr]    Compiling subtle v2.6.1
[INFO] [stderr]    Compiling zeroize v1.9.0
[INFO] [stderr]    Compiling num-traits v0.2.19
[INFO] [stderr]    Compiling rand_core v0.10.1
[INFO] [stderr]    Compiling cfg-if v1.0.5
[INFO] [stderr]    Compiling crunchy v0.2.4
[INFO] [stderr]    Compiling libm v0.2.16
[INFO] [stderr]    Compiling serde v1.0.229
[INFO] [stderr]    Compiling tiny-keccak v2.0.2
[INFO] [stderr]    Compiling cpufeatures v0.3.1
[INFO] [stderr]    Compiling jobserver v0.1.35
[INFO] [stderr]    Compiling icu_locale_fallback_data v2.3.0
[INFO] [stderr]    Compiling crossbeam-utils v0.8.23
[INFO] [stderr]    Compiling portable-atomic v1.15.0
[INFO] [stderr]    Compiling cmov v0.5.4
[INFO] [stderr]    Compiling icu_segmenter_data v2.3.0
[INFO] [stderr]    Compiling either v1.18.0
[INFO] [stderr]    Compiling hybrid-array v0.4.15
[INFO] [stderr]    Compiling proc-macro2 v1.0.107
[INFO] [stderr]    Compiling const-oid v0.10.2
[INFO] [stderr]    Compiling tracing-core v0.1.36
[INFO] [stderr]    Compiling miden-field v0.35.0
[INFO] [stderr]    Compiling ctutils v0.4.2
[INFO] [stderr]    Compiling cc v1.5.1
[INFO] [stderr]    Compiling itertools v0.15.0
[INFO] [stderr]    Compiling lock_api v0.4.14
[INFO] [stderr]    Compiling syn v1.0.109
[INFO] [stderr]    Compiling crossbeam-epoch v0.9.21
[INFO] [stderr]    Compiling stable_deref_trait v1.2.1
[INFO] [stderr]     Checking rayon v1.12.0
[INFO] [stderr]    Compiling spin v0.12.3
[INFO] [stderr]    Compiling cpubits v0.1.1
[INFO] [stderr]    Compiling quote v1.0.47
[INFO] [stderr]    Compiling crypto-common v0.2.2
[INFO] [stderr]    Compiling block-buffer v0.12.1
[INFO] [stderr]    Compiling inout v0.2.2
[INFO] [stderr]    Compiling crossbeam-deque v0.8.8
[INFO] [stderr]     Checking num-integer v0.1.47
[INFO] [stderr]    Compiling der v0.8.2
[INFO] [stderr]    Compiling ff v0.14.0
[INFO] [stderr]    Compiling syn v3.0.6
[INFO] [stderr]    Compiling syn v2.0.119
[INFO] [stderr]    Compiling wincode v0.6.2
[INFO] [stderr]    Compiling rayon-core v1.13.0
[INFO] [stderr]     Checking num-bigint v0.5.1
[INFO] [stderr]    Compiling writeable v0.6.4
[INFO] [stderr]    Compiling cipher v0.5.2
[INFO] [stderr]    Compiling digest v0.11.3
[INFO] [stderr]    Compiling getrandom v0.3.4
[INFO] [stderr]    Compiling memchr v2.8.3
[INFO] [stderr]    Compiling chacha20 v0.10.2
[INFO] [stderr]    Compiling blake3 v1.8.7
[INFO] [stderr]    Compiling miden-crypto v0.35.0
[INFO] [stderr]    Compiling semver v1.0.28
[INFO] [stderr]    Compiling crypto-bigint v0.7.5
[INFO] [stderr]    Compiling hmac v0.13.0
[INFO] [stderr]     Checking rand v0.10.3
[INFO] [stderr]    Compiling rustc_version v0.4.1
[INFO] [stderr]    Compiling spki v0.8.0
[INFO] [stderr]    Compiling rand_core v0.9.5
[INFO] [stderr]    Compiling group v0.14.0
[INFO] [stderr]    Compiling keccak v0.2.2
[INFO] [stderr]    Compiling base16ct v1.0.0
[INFO] [stderr]    Compiling litemap v0.8.3
[INFO] [stderr]     Checking p3-maybe-rayon v0.8.0
[INFO] [stderr]    Compiling pkcs8 v0.11.0
[INFO] [stderr]    Compiling hkdf v0.13.0
[INFO] [stderr]    Compiling curve25519-dalek v5.0.0
[INFO] [stderr]    Compiling sec1 v0.8.1
[INFO] [stderr]    Compiling signature v3.0.0
[INFO] [stderr]    Compiling bitflags v2.13.2
[INFO] [stderr]    Compiling critical-section v1.2.0
[INFO] [stderr]    Compiling rand_xorshift v0.4.0
[INFO] [stderr]    Compiling rand v0.9.5
[INFO] [stderr]    Compiling num-bigint v0.4.8
[INFO] [stderr]    Compiling sha2 v0.11.0
[INFO] [stderr]    Compiling universal-hash v0.6.1
[INFO] [stderr]    Compiling spin v0.9.9
[INFO] [stderr]    Compiling unicode-width v0.1.14
[INFO] [stderr]    Compiling unarray v0.1.4
[INFO] [stderr]    Compiling arrayvec v0.7.8
[INFO] [stderr]    Compiling constant_time_eq v0.4.2
[INFO] [stderr]    Compiling poly1305 v0.9.1
[INFO] [stderr]    Compiling ed25519 v3.0.0
[INFO] [stderr]    Compiling once_cell v1.21.4
[INFO] [stderr]    Compiling num-iter v0.1.46
[INFO] [stderr]    Compiling num-complex v0.4.6
[INFO] [stderr]    Compiling aead v0.6.1
[INFO] [stderr]    Compiling smawk v0.3.3
[INFO] [stderr]    Compiling sponge-cursor v0.1.0
[INFO] [stderr]    Compiling unicode-width v0.2.2
[INFO] [stderr]    Compiling sha3 v0.12.0
[INFO] [stderr]    Compiling chacha20poly1305 v0.11.0
[INFO] [stderr]    Compiling miden-formatting v0.1.1
[INFO] [stderr]    Compiling flume v0.12.0
[INFO] [stderr]    Compiling serde_spanned v1.1.1
[INFO] [stderr]    Compiling owo-colors v4.4.0
[INFO] [stderr]    Compiling hashbrown v0.17.1
[INFO] [stderr]    Compiling log v0.4.34
[INFO] [stderr]    Compiling ruint-macro v1.2.1
[INFO] [stderr]    Compiling aho-corasick v1.1.5
[INFO] [stderr]    Compiling utf8parse v0.2.2
[INFO] [stderr]    Compiling erased-serde v0.4.10
[INFO] [stderr]    Compiling anstyle-parse v1.0.0
[INFO] [stderr]    Compiling indexmap v2.14.2
[INFO] [stderr]    Compiling anstyle v1.0.14
[INFO] [stderr]    Compiling is_terminal_polyfill v1.70.2
[INFO] [stderr]    Compiling colorchoice v1.0.5
[INFO] [stderr]    Compiling jiff-core v0.1.1
[INFO] [stderr]    Compiling anstyle-query v1.1.5
[INFO] [stderr]    Compiling anstream v1.0.0
[INFO] [stderr]    Compiling miden-rowan v0.16.4
[INFO] [stderr]    Compiling miden-assembly-syntax v0.35.0
[INFO] [stderr]    Compiling toml_datetime v1.1.1+spec-1.1.0
[INFO] [stderr]    Compiling num-rational v0.4.2
[INFO] [stderr]    Compiling regex-automata v0.4.18
[INFO] [stderr]    Compiling elliptic-curve v0.14.1
[INFO] [stderr]    Compiling primefield v0.14.0
[INFO] [stderr]    Compiling rfc6979 v0.6.0
[INFO] [stderr]    Compiling num v0.4.3
[INFO] [stderr]    Compiling wnaf v0.14.1
[INFO] [stderr]    Compiling jiff v0.2.37
[INFO] [stderr]    Compiling ecdsa v0.17.0
[INFO] [stderr]    Compiling primeorder v0.14.0
[INFO] [stderr]    Compiling ruint v1.20.1
[INFO] [stderr]    Compiling synstructure v0.14.0
[INFO] [stderr]    Compiling priority-queue v2.7.0
[INFO] [stderr]    Compiling k256 v0.14.0
[INFO] [stderr]    Compiling rustix v1.1.5
[INFO] [stderr]    Compiling toml v1.1.6+spec-1.1.0
[INFO] [stderr]    Compiling fs-err v3.3.1
[INFO] [stderr]    Compiling fastrand v2.5.0
[INFO] [stderr]    Compiling serde-untagged v0.1.9
[INFO] [stderr]    Compiling miden-utils-core-derive v0.35.0
[INFO] [stderr]    Compiling darling_core v0.24.1
[INFO] [stderr]    Compiling rand_xoshiro v0.8.1
[INFO] [stderr]    Compiling bech32 v0.11.1
[INFO] [stderr]    Compiling prettyplease v0.3.0
[INFO] [stderr]     Checking winnow v1.0.4
[INFO] [stderr]    Compiling tracing-attributes v0.1.31
[INFO] [stderr]    Compiling zerocopy-derive v0.8.59
[INFO] [stderr]    Compiling curve25519-dalek-derive v0.1.1
[INFO] [stderr]    Compiling miden-miette-derive v8.0.0
[INFO] [stderr]    Compiling miden-crypto-derive v0.35.0
[INFO] [stderr]    Compiling derive_more-impl v2.1.1
[INFO] [stderr]    Compiling proptest-derive v0.8.0
[INFO] [stderr]    Compiling serde_derive v1.0.229
[INFO] [stderr]    Compiling thiserror-impl v2.0.21
[INFO] [stderr]    Compiling zerofrom-derive v0.1.8
[INFO] [stderr]    Compiling yoke-derive v0.8.4
[INFO] [stderr]    Compiling zerovec-derive v0.11.6
[INFO] [stderr]    Compiling displaydoc v0.2.7
[INFO] [stderr]    Compiling tracing v0.1.44
[INFO] [stderr]    Compiling ed25519-dalek v3.0.0
[INFO] [stderr]    Compiling x25519-dalek v3.0.0
[INFO] [stderr]    Compiling regex v1.13.1
[INFO] [stderr]    Compiling zerotrie v0.2.5
[INFO] [stderr]    Compiling tempfile v3.27.0
[INFO] [stderr]     Checking toml_parser v1.1.3+spec-1.1.0
[INFO] [stderr]    Compiling zerocopy v0.8.59
[INFO] [stderr]    Compiling env_filter v2.0.0
[INFO] [stderr]    Compiling zerofrom v0.1.8
[INFO] [stderr]    Compiling yoke v0.8.3
[INFO] [stderr]    Compiling thiserror v2.0.21
[INFO] [stderr]    Compiling byteorder v1.5.0
[INFO] [stderr]    Compiling zerovec v0.11.8
[INFO] [stderr]    Compiling env_logger v0.11.11
[INFO] [stderr]    Compiling hex v0.4.3
[INFO] [stderr]     Checking toml_writer v1.1.2+spec-1.1.0
[INFO] [stderr]    Compiling fixed-hash v0.8.0
[INFO] [stderr]    Compiling const-hex v1.19.3
[INFO] [stderr]    Compiling uint v0.10.1
[INFO] [stderr]    Compiling syn-solidity v1.7.3
[INFO] [stderr]    Compiling primitive-types v0.14.0
[INFO] [stderr]    Compiling macro-string v0.2.0
[INFO] [stderr]    Compiling proc-macro-error-attr3 v3.0.1
[INFO] [stderr]    Compiling dunce v1.0.5
[INFO] [stderr]    Compiling sha3 v0.11.0
[INFO] [stderr]    Compiling proc-macro-error3 v3.0.1
[INFO] [stderr]     Checking bytes v1.12.1
[INFO] [stderr]     Checking tinystr v0.8.4
[INFO] [stderr]     Checking potential_utf v0.1.6
[INFO] [stderr]     Checking icu_collections v2.3.0
[INFO] [stderr]     Checking icu_locale_core v2.3.0
[INFO] [stderr]    Compiling darling_macro v0.24.1
[INFO] [stderr]    Compiling toml_edit v0.25.15+spec-1.1.0
[INFO] [stderr]    Compiling rstest_macros v0.26.1
[INFO] [stderr]    Compiling serde_json v1.0.151
[INFO] [stderr]    Compiling darling v0.24.1
[INFO] [stderr]    Compiling bon-macros v3.10.1
[INFO] [stderr]    Compiling anyhow v1.0.104
[INFO] [stderr]    Compiling futures-macro v0.3.34
[INFO] [stderr]    Compiling relative-path v1.9.3
[INFO] [stderr]     Checking futures-core v0.3.34
[INFO] [stderr]     Checking slab v0.4.12
[INFO] [stderr]    Compiling proc-macro-crate v3.5.0
[INFO] [stderr]    Compiling tokio-macros v2.7.2
[INFO] [stderr]    Compiling derive_more v2.1.1
[INFO] [stderr]     Checking futures-util v0.3.34
[INFO] [stderr]     Checking assert_matches v1.5.0
[INFO] [stderr]     Checking alloy-primitives v1.7.3
[INFO] [stderr]     Checking icu_provider v2.3.1
[INFO] [stderr]     Checking p3-util v0.8.0
[INFO] [stderr]     Checking smallvec v1.16.2
[INFO] [stderr]     Checking serde-wincode v0.1.2
[INFO] [stderr]     Checking tokio v1.53.1
[INFO] [stderr]     Checking icu_locale_fallback v2.3.0
[INFO] [stderr]    Compiling p3-field v0.8.0
[INFO] [stderr]     Checking icu_segmenter v2.3.0
[INFO] [stderr]    Compiling parking_lot_core v0.9.12
[INFO] [stderr]    Compiling version-ranges v0.1.3
[INFO] [stderr]    Compiling pubgrub v0.3.0
[INFO] [stderr]    Compiling parking_lot v0.12.5
[INFO] [stderr]     Checking miden-utils-sync v0.35.0
[INFO] [stderr]    Compiling alloy-sol-macro-input v1.7.3
[INFO] [stderr]    Compiling alloy-sol-macro-expander v1.7.3
[INFO] [stderr]     Checking textwrap v0.16.4
[INFO] [stderr]    Compiling p3-symmetric v0.8.0
[INFO] [stderr]    Compiling p3-matrix v0.8.0
[INFO] [stderr]     Checking miden-miette v8.0.0
[INFO] [stderr]    Compiling p3-keccak v0.8.0
[INFO] [stderr]    Compiling miden-stateful-hasher v0.35.0
[INFO] [stderr]    Compiling p3-blake3 v0.8.0
[INFO] [stderr]     Checking ppv-lite86 v0.2.21
[INFO] [stderr]    Compiling p3-challenger v0.8.0
[INFO] [stderr]    Compiling p3-dft v0.8.0
[INFO] [stderr]    Compiling p3-air v0.8.0
[INFO] [stderr]     Checking rand_chacha v0.9.0
[INFO] [stderr]     Checking rand_chacha v0.10.0
[INFO] [stderr]     Checking proptest v1.11.0
[INFO] [stderr]    Compiling p3-mds v0.8.0
[INFO] [stderr]    Compiling p3-commit v0.8.0
[INFO] [stderr]    Compiling miden-stark-transcript v0.35.0
[INFO] [stderr]    Compiling p3-poseidon2 v0.8.0
[INFO] [stderr]    Compiling p3-poseidon1 v0.8.0
[INFO] [stderr]     Checking rstest v0.26.1
[INFO] [stderr]    Compiling p3-goldilocks v0.8.0
[INFO] [stderr]     Checking miden-lifted-air v0.35.0
[INFO] [stderr]    Compiling p3-security v0.8.0
[INFO] [stderr]    Compiling bon v3.10.1
[INFO] [stderr]    Compiling miden-serde-utils v0.35.0
[INFO] [stderr]    Compiling miden-lifted-stark v0.35.0
[INFO] [stderr]    Compiling alloy-sol-macro v1.7.3
[INFO] [stderr]     Checking miden-utils-indexing v0.35.0
[INFO] [stderr]     Checking midenc-hir-type v0.17.0
[INFO] [stderr]     Checking alloy-sol-types v1.7.3
[INFO] [stderr]     Checking miden-debug-types v0.35.0
[INFO] [stderr]     Checking miden-core v0.35.0
[INFO] [stderr]     Checking miden-utils-diagnostics v0.35.0
[INFO] [stderr]     Checking miden-assembly-syntax-cst v0.35.0
[INFO] [stderr]     Checking miden-constraint-compiler v0.35.0
[INFO] [stderr]     Checking miden-precompiles v0.35.0
[INFO] [stderr]     Checking miden-ace-codegen v0.35.0
[INFO] [stderr]     Checking miden-air v0.35.0
[INFO] [stderr]     Checking miden-mast-package v0.35.0
[INFO] [stderr]     Checking miden-precompiles-air v0.35.0
[INFO] [stderr]     Checking miden-package-registry v0.35.0
[INFO] [stderr]     Checking miden-processor v0.35.0
[INFO] [stderr]     Checking miden-project v0.35.0
[INFO] [stderr]    Compiling miden-core-lib-codegen v0.35.0
[INFO] [stderr]     Checking miden-precompiles-verifier v0.35.0
[INFO] [stderr]     Checking miden-precompiles-prover v0.35.0
[INFO] [stderr]     Checking miden-assembly v0.35.0
[INFO] [stderr]     Checking miden-verifier v0.35.0
[INFO] [stderr]     Checking miden-prover v0.35.0
[INFO] [stderr]    Compiling miden-protocol-build-utils v0.17.1
[INFO] [stderr]    Compiling miden-core-lib v0.35.0
[INFO] [stderr]    Compiling miden-protocol v0.17.1
[INFO] [stderr]     Checking miden-block-prover v0.17.1
[INFO] [stderr]     Checking miden-tx-batch v0.17.1
[INFO] [stderr]    Compiling miden-standards v0.17.1
[INFO] [stderr]    Compiling miden-agglayer v0.17.1
[INFO] [stderr]    Compiling miden-usdcx v0.17.1 (/opt/rustwide/workdir)
[INFO] [stderr]     Checking miden-tx v0.17.1
[INFO] [stderr]     Checking miden-testing v0.17.1
[INFO] [stdout] error[E0432]: unresolved import `miden_usdcx::vectors`
[INFO] [stdout]   --> tests/support/mint_transport.rs:48:18
[INFO] [stdout]    |
[INFO] [stdout] 48 | use miden_usdcx::vectors::{MiVector, load};
[INFO] [stdout]    |                  ^^^^^^^ could not find `vectors` in `miden_usdcx`
[INFO] [stdout]    |
[INFO] [stdout] note: found an item that was configured out
[INFO] [stdout]   --> src/lib.rs:15:9
[INFO] [stdout]    |
[INFO] [stdout] 14 | #[cfg(any(feature = "testing", test))]
[INFO] [stdout]    |          --------------------------- the item is gated here
[INFO] [stdout] 15 | pub mod vectors;
[INFO] [stdout]    |         ^^^^^^^
[INFO] [stdout] 
[INFO] [stdout] 
[INFO] [stdout] error[E0432]: unresolved import `miden_usdcx::errors`
[INFO] [stdout]    --> tests/support/mod.rs:108:5
[INFO] [stdout]     |
[INFO] [stdout] 108 | use miden_usdcx::errors;
[INFO] [stdout]     |     ^^^^^^^^^^^^^------
[INFO] [stdout]     |                  |
[INFO] [stdout]     |                  no `errors` in the root
[INFO] [stdout]     |
[INFO] [stdout] note: found an item that was configured out
[INFO] [stdout]    --> src/lib.rs:12:9
[INFO] [stdout]     |
[INFO] [stdout]  11 | #[cfg(any(feature = "testing", test))]
[INFO] [stdout]     |          --------------------------- the item is gated here
[INFO] [stdout]  12 | pub mod errors;
[INFO] [stdout]     |         ^^^^^^
[INFO] [stdout] help: consider importing one of these modules instead
[INFO] [stdout]     |
[INFO] [stdout] 108 - use miden_usdcx::errors;
[INFO] [stdout] 108 + use miden_protocol::errors;
[INFO] [stdout]     |
[INFO] [stdout] 108 - use miden_usdcx::errors;
[INFO] [stdout] 108 + use miden_standards::errors;
[INFO] [stdout]     |
[INFO] [stdout] 
[INFO] [stdout] 
[INFO] [stdout] error[E0432]: unresolved import `miden_usdcx::xreserve_lib`
[INFO] [stdout]    --> tests/support/mod.rs:118:18
[INFO] [stdout]     |
[INFO] [stdout] 118 | use miden_usdcx::xreserve_lib::XReserveLibrary;
[INFO] [stdout]     |                  ^^^^^^^^^^^^ could not find `xreserve_lib` in `miden_usdcx`
[INFO] [stdout]     |
[INFO] [stdout] note: found an item that was configured out
[INFO] [stdout]    --> src/lib.rs:20:9
[INFO] [stdout]     |
[INFO] [stdout]  19 | #[cfg(feature = "testing")]
[INFO] [stdout]     |       ------------------- the item is gated behind the `testing` feature
[INFO] [stdout]  20 | pub mod xreserve_lib;
[INFO] [stdout]     |         ^^^^^^^^^^^^
[INFO] [stdout] help: a module with a similar name exists
[INFO] [stdout]     |
[INFO] [stdout] 118 - use miden_usdcx::xreserve_lib::XReserveLibrary;
[INFO] [stdout] 118 + use miden_usdcx::xreserve::XReserveLibrary;
[INFO] [stdout]     |
[INFO] [stdout] 
[INFO] [stdout] 
[INFO] [stdout] error[E0432]: unresolved import `miden_usdcx::vectors`
[INFO] [stdout]   --> tests/typing_equivalence.rs:17:18
[INFO] [stdout]    |
[INFO] [stdout] 17 | use miden_usdcx::vectors::{load, parse_hex32};
[INFO] [stdout]    |                  ^^^^^^^ could not find `vectors` in `miden_usdcx`
[INFO] [stdout]    |
[INFO] [stdout] note: found an item that was configured out
[INFO] [stdout]   --> src/lib.rs:15:9
[INFO] [stdout]    |
[INFO] [stdout] 14 | #[cfg(any(feature = "testing", test))]
[INFO] [stdout]    |          --------------------------- the item is gated here
[INFO] [stdout] 15 | pub mod vectors;
[INFO] [stdout]    |         ^^^^^^^
[INFO] [stdout] 
[INFO] [stdout] 
[INFO] [stdout] error[E0432]: unresolved import `miden_usdcx::vectors`
[INFO] [stdout]   --> tests/support/mint_transport.rs:48:18
[INFO] [stdout]    |
[INFO] [stdout] 48 | use miden_usdcx::vectors::{MiVector, load};
[INFO] [stdout]    |                  ^^^^^^^ could not find `vectors` in `miden_usdcx`
[INFO] [stdout]    |
[INFO] [stdout] note: found an item that was configured out
[INFO] [stdout]   --> src/lib.rs:15:9
[INFO] [stdout]    |
[INFO] [stdout] 14 | #[cfg(any(feature = "testing", test))]
[INFO] [stdout]    |          --------------------------- the item is gated here
[INFO] [stdout] 15 | pub mod vectors;
[INFO] [stdout]    |         ^^^^^^^
[INFO] [stdout] 
[INFO] [stdout] 
[INFO] [stdout] error[E0432]: unresolved import `miden_usdcx::errors`
[INFO] [stdout]    --> tests/support/mod.rs:108:5
[INFO] [stdout]     |
[INFO] [stdout] 108 | use miden_usdcx::errors;
[INFO] [stdout]     |     ^^^^^^^^^^^^^------
[INFO] [stdout]     |                  |
[INFO] [stdout]     |                  no `errors` in the root
[INFO] [stdout]     |
[INFO] [stdout] note: found an item that was configured out
[INFO] [stdout]    --> src/lib.rs:12:9
[INFO] [stdout]     |
[INFO] [stdout]  11 | #[cfg(any(feature = "testing", test))]
[INFO] [stdout]     |          --------------------------- the item is gated here
[INFO] [stdout]  12 | pub mod errors;
[INFO] [stdout]     |         ^^^^^^
[INFO] [stdout] help: consider importing one of these modules instead
[INFO] [stdout]     |
[INFO] [stdout] 108 - use miden_usdcx::errors;
[INFO] [stdout] 108 + use miden_protocol::errors;
[INFO] [stdout]     |
[INFO] [stdout] 108 - use miden_usdcx::errors;
[INFO] [stdout] 108 + use miden_standards::errors;
[INFO] [stdout]     |
[INFO] [stdout] 
[INFO] [stdout] 
[INFO] [stdout] error[E0432]: unresolved import `miden_usdcx::xreserve_lib`
[INFO] [stdout]    --> tests/support/mod.rs:118:18
[INFO] [stdout]     |
[INFO] [stdout] 118 | use miden_usdcx::xreserve_lib::XReserveLibrary;
[INFO] [stdout]     |                  ^^^^^^^^^^^^ could not find `xreserve_lib` in `miden_usdcx`
[INFO] [stdout]     |
[INFO] [stdout] note: found an item that was configured out
[INFO] [stdout]    --> src/lib.rs:20:9
[INFO] [stdout]     |
[INFO] [stdout]  19 | #[cfg(feature = "testing")]
[INFO] [stdout]     |       ------------------- the item is gated behind the `testing` feature
[INFO] [stdout]  20 | pub mod xreserve_lib;
[INFO] [stdout]     |         ^^^^^^^^^^^^
[INFO] [stdout] help: a module with a similar name exists
[INFO] [stdout]     |
[INFO] [stdout] 118 - use miden_usdcx::xreserve_lib::XReserveLibrary;
[INFO] [stdout] 118 + use miden_usdcx::xreserve::XReserveLibrary;
[INFO] [stdout]     |
[INFO] [stdout] 
[INFO] [stdout] 
[INFO] [stdout] error[E0432]: unresolved import `miden_usdcx::vectors`
[INFO] [stdout]   --> tests/w2admin_production_admin_effects.rs:40:18
[INFO] [stdout]    |
[INFO] [stdout] 40 | use miden_usdcx::vectors::{MiVector, load};
[INFO] [stdout]    |                  ^^^^^^^ could not find `vectors` in `miden_usdcx`
[INFO] [stdout]    |
[INFO] [stdout] note: found an item that was configured out
[INFO] [stdout]   --> src/lib.rs:15:9
[INFO] [stdout]    |
[INFO] [stdout] 14 | #[cfg(any(feature = "testing", test))]
[INFO] [stdout]    |          --------------------------- the item is gated here
[INFO] [stdout] 15 | pub mod vectors;
[INFO] [stdout]    |         ^^^^^^^
[INFO] [stdout] 
[INFO] [stdout] 
[INFO] [stdout] error[E0432]: unresolved import `miden_usdcx::vectors`
[INFO] [stdout]   --> tests/support/mint_transport.rs:48:18
[INFO] [stdout]    |
[INFO] [stdout] 48 | use miden_usdcx::vectors::{MiVector, load};
[INFO] [stdout]    |                  ^^^^^^^ could not find `vectors` in `miden_usdcx`
[INFO] [stdout]    |
[INFO] [stdout] note: found an item that was configured out
[INFO] [stdout]   --> src/lib.rs:15:9
[INFO] [stdout]    |
[INFO] [stdout] 14 | #[cfg(any(feature = "testing", test))]
[INFO] [stdout]    |          --------------------------- the item is gated here
[INFO] [stdout] 15 | pub mod vectors;
[INFO] [stdout]    |         ^^^^^^^
[INFO] [stdout] 
[INFO] [stdout] 
[INFO] [stdout] error[E0432]: unresolved import `miden_usdcx::errors`
[INFO] [stdout]    --> tests/support/mod.rs:108:5
[INFO] [stdout]     |
[INFO] [stdout] 108 | use miden_usdcx::errors;
[INFO] [stdout]     |     ^^^^^^^^^^^^^------
[INFO] [stdout]     |                  |
[INFO] [stdout]     |                  no `errors` in the root
[INFO] [stdout]     |
[INFO] [stdout] note: found an item that was configured out
[INFO] [stdout]    --> src/lib.rs:12:9
[INFO] [stdout]     |
[INFO] [stdout]  11 | #[cfg(any(feature = "testing", test))]
[INFO] [stdout]     |          --------------------------- the item is gated here
[INFO] [stdout]  12 | pub mod errors;
[INFO] [stdout]     |         ^^^^^^
[INFO] [stdout] help: consider importing one of these modules instead
[INFO] [stdout]     |
[INFO] [stdout] 108 - use miden_usdcx::errors;
[INFO] [stdout] 108 + use miden_protocol::errors;
[INFO] [stdout]     |
[INFO] [stdout] 108 - use miden_usdcx::errors;
[INFO] [stdout] 108 + use miden_standards::errors;
[INFO] [stdout]     |
[INFO] [stdout] 
[INFO] [stdout] 
[INFO] [stdout] error[E0432]: unresolved import `miden_usdcx::xreserve_lib`
[INFO] [stdout]    --> tests/support/mod.rs:118:18
[INFO] [stdout]     |
[INFO] [stdout] 118 | use miden_usdcx::xreserve_lib::XReserveLibrary;
[INFO] [stdout]     |                  ^^^^^^^^^^^^ could not find `xreserve_lib` in `miden_usdcx`
[INFO] [stdout]     |
[INFO] [stdout] note: found an item that was configured out
[INFO] [stdout]    --> src/lib.rs:20:9
[INFO] [stdout]     |
[INFO] [stdout]  19 | #[cfg(feature = "testing")]
[INFO] [stdout]     |       ------------------- the item is gated behind the `testing` feature
[INFO] [stdout]  20 | pub mod xreserve_lib;
[INFO] [stdout]     |         ^^^^^^^^^^^^
[INFO] [stdout] help: a module with a similar name exists
[INFO] [stdout]     |
[INFO] [stdout] 118 - use miden_usdcx::xreserve_lib::XReserveLibrary;
[INFO] [stdout] 118 + use miden_usdcx::xreserve::XReserveLibrary;
[INFO] [stdout]     |
[INFO] [stdout] 
[INFO] [stdout] 
[INFO] [stdout] error[E0432]: unresolved import `miden_usdcx::vectors`
[INFO] [stdout]   --> tests/support/mint_transport.rs:48:18
[INFO] [stdout]    |
[INFO] [stdout] 48 | use miden_usdcx::vectors::{MiVector, load};
[INFO] [stdout]    |                  ^^^^^^^ could not find `vectors` in `miden_usdcx`
[INFO] [stdout]    |
[INFO] [stdout] note: found an item that was configured out
[INFO] [stdout]   --> src/lib.rs:15:9
[INFO] [stdout]    |
[INFO] [stdout] 14 | #[cfg(any(feature = "testing", test))]
[INFO] [stdout]    |          --------------------------- the item is gated here
[INFO] [stdout] 15 | pub mod vectors;
[INFO] [stdout]    |         ^^^^^^^
[INFO] [stdout] 
[INFO] [stdout] 
[INFO] [stdout] error[E0432]: unresolved import `miden_usdcx::errors`
[INFO] [stdout]    --> tests/support/mod.rs:108:5
[INFO] [stdout]     |
[INFO] [stdout] 108 | use miden_usdcx::errors;
[INFO] [stdout]     |     ^^^^^^^^^^^^^------
[INFO] [stdout]     |                  |
[INFO] [stdout]     |                  no `errors` in the root
[INFO] [stdout]     |
[INFO] [stdout] note: found an item that was configured out
[INFO] [stdout]    --> src/lib.rs:12:9
[INFO] [stdout]     |
[INFO] [stdout]  11 | #[cfg(any(feature = "testing", test))]
[INFO] [stdout]     |          --------------------------- the item is gated here
[INFO] [stdout]  12 | pub mod errors;
[INFO] [stdout]     |         ^^^^^^
[INFO] [stdout] help: consider importing one of these modules instead
[INFO] [stdout]     |
[INFO] [stdout] 108 - use miden_usdcx::errors;
[INFO] [stdout] 108 + use miden_protocol::errors;
[INFO] [stdout]     |
[INFO] [stdout] 108 - use miden_usdcx::errors;
[INFO] [stdout] 108 + use miden_standards::errors;
[INFO] [stdout]     |
[INFO] [stdout] 
[INFO] [stdout] 
[INFO] [stdout] error[E0432]: unresolved import `miden_usdcx::xreserve_lib`
[INFO] [stdout]    --> tests/support/mod.rs:118:18
[INFO] [stdout]     |
[INFO] [stdout] 118 | use miden_usdcx::xreserve_lib::XReserveLibrary;
[INFO] [stdout]     |                  ^^^^^^^^^^^^ could not find `xreserve_lib` in `miden_usdcx`
[INFO] [stdout]     |
[INFO] [stdout] note: found an item that was configured out
[INFO] [stdout]    --> src/lib.rs:20:9
[INFO] [stdout]     |
[INFO] [stdout]  19 | #[cfg(feature = "testing")]
[INFO] [stdout]     |       ------------------- the item is gated behind the `testing` feature
[INFO] [stdout]  20 | pub mod xreserve_lib;
[INFO] [stdout]     |         ^^^^^^^^^^^^
[INFO] [stdout] help: a module with a similar name exists
[INFO] [stdout]     |
[INFO] [stdout] 118 - use miden_usdcx::xreserve_lib::XReserveLibrary;
[INFO] [stdout] 118 + use miden_usdcx::xreserve::XReserveLibrary;
[INFO] [stdout]     |
[INFO] [stdout] 
[INFO] [stdout] 
[INFO] [stdout] error[E0432]: unresolved import `miden_usdcx::vectors`
[INFO] [stdout]   --> tests/support/mint_transport.rs:48:18
[INFO] [stdout]    |
[INFO] [stdout] 48 | use miden_usdcx::vectors::{MiVector, load};
[INFO] [stdout]    |                  ^^^^^^^ could not find `vectors` in `miden_usdcx`
[INFO] [stdout]    |
[INFO] [stdout] note: found an item that was configured out
[INFO] [stdout]   --> src/lib.rs:15:9
[INFO] [stdout]    |
[INFO] [stdout] 14 | #[cfg(any(feature = "testing", test))]
[INFO] [stdout]    |          --------------------------- the item is gated here
[INFO] [stdout] 15 | pub mod vectors;
[INFO] [stdout]    |         ^^^^^^^
[INFO] [stdout] 
[INFO] [stdout] 
[INFO] [stdout] error[E0432]: unresolved import `miden_usdcx::errors`
[INFO] [stdout]    --> tests/support/mod.rs:108:5
[INFO] [stdout]     |
[INFO] [stdout] 108 | use miden_usdcx::errors;
[INFO] [stdout]     |     ^^^^^^^^^^^^^------
[INFO] [stdout]     |                  |
[INFO] [stdout]     |                  no `errors` in the root
[INFO] [stdout]     |
[INFO] [stdout] note: found an item that was configured out
[INFO] [stdout]    --> src/lib.rs:12:9
[INFO] [stdout]     |
[INFO] [stdout]  11 | #[cfg(any(feature = "testing", test))]
[INFO] [stdout]     |          --------------------------- the item is gated here
[INFO] [stdout]  12 | pub mod errors;
[INFO] [stdout]     |         ^^^^^^
[INFO] [stdout] help: consider importing one of these modules instead
[INFO] [stdout]     |
[INFO] [stdout] 108 - use miden_usdcx::errors;
[INFO] [stdout] 108 + use miden_protocol::errors;
[INFO] [stdout]     |
[INFO] [stdout] 108 - use miden_usdcx::errors;
[INFO] [stdout] 108 + use miden_standards::errors;
[INFO] [stdout]     |
[INFO] [stdout] 
[INFO] [stdout] 
[INFO] [stdout] error[E0432]: unresolved import `miden_usdcx::xreserve_lib`
[INFO] [stdout]    --> tests/support/mod.rs:118:18
[INFO] [stdout]     |
[INFO] [stdout] 118 | use miden_usdcx::xreserve_lib::XReserveLibrary;
[INFO] [stdout]     |                  ^^^^^^^^^^^^ could not find `xreserve_lib` in `miden_usdcx`
[INFO] [stdout]     |
[INFO] [stdout] note: found an item that was configured out
[INFO] [stdout]    --> src/lib.rs:20:9
[INFO] [stdout]     |
[INFO] [stdout]  19 | #[cfg(feature = "testing")]
[INFO] [stdout]     |       ------------------- the item is gated behind the `testing` feature
[INFO] [stdout]  20 | pub mod xreserve_lib;
[INFO] [stdout]     |         ^^^^^^^^^^^^
[INFO] [stdout] help: a module with a similar name exists
[INFO] [stdout]     |
[INFO] [stdout] 118 - use miden_usdcx::xreserve_lib::XReserveLibrary;
[INFO] [stdout] 118 + use miden_usdcx::xreserve::XReserveLibrary;
[INFO] [stdout]     |
[INFO] [stdout] 
[INFO] [stdout] 
[INFO] [stdout] error[E0432]: unresolved import `miden_usdcx::vectors`
[INFO] [stdout]   --> tests/support/mint_transport.rs:48:18
[INFO] [stdout]    |
[INFO] [stdout] 48 | use miden_usdcx::vectors::{MiVector, load};
[INFO] [stdout]    |                  ^^^^^^^ could not find `vectors` in `miden_usdcx`
[INFO] [stdout]    |
[INFO] [stdout] note: found an item that was configured out
[INFO] [stdout]   --> src/lib.rs:15:9
[INFO] [stdout]    |
[INFO] [stdout] 14 | #[cfg(any(feature = "testing", test))]
[INFO] [stdout]    |          --------------------------- the item is gated here
[INFO] [stdout] 15 | pub mod vectors;
[INFO] [stdout]    |         ^^^^^^^
[INFO] [stdout] 
[INFO] [stdout] 
[INFO] [stdout] error[E0432]: unresolved import `miden_usdcx::errors`
[INFO] [stdout]    --> tests/support/mod.rs:108:5
[INFO] [stdout]     |
[INFO] [stdout] 108 | use miden_usdcx::errors;
[INFO] [stdout]     |     ^^^^^^^^^^^^^------
[INFO] [stdout]     |                  |
[INFO] [stdout]     |                  no `errors` in the root
[INFO] [stdout]     |
[INFO] [stdout] note: found an item that was configured out
[INFO] [stdout]    --> src/lib.rs:12:9
[INFO] [stdout]     |
[INFO] [stdout]  11 | #[cfg(any(feature = "testing", test))]
[INFO] [stdout]     |          --------------------------- the item is gated here
[INFO] [stdout]  12 | pub mod errors;
[INFO] [stdout]     |         ^^^^^^
[INFO] [stdout] help: consider importing one of these modules instead
[INFO] [stdout]     |
[INFO] [stdout] 108 - use miden_usdcx::errors;
[INFO] [stdout] 108 + use miden_protocol::errors;
[INFO] [stdout]     |
[INFO] [stdout] 108 - use miden_usdcx::errors;
[INFO] [stdout] 108 + use miden_standards::errors;
[INFO] [stdout]     |
[INFO] [stdout] 
[INFO] [stdout] 
[INFO] [stdout] error[E0432]: unresolved import `miden_usdcx::xreserve_lib`
[INFO] [stdout]    --> tests/support/mod.rs:118:18
[INFO] [stdout]     |
[INFO] [stdout] 118 | use miden_usdcx::xreserve_lib::XReserveLibrary;
[INFO] [stdout]     |                  ^^^^^^^^^^^^ could not find `xreserve_lib` in `miden_usdcx`
[INFO] [stdout]     |
[INFO] [stdout] note: found an item that was configured out
[INFO] [stdout]    --> src/lib.rs:20:9
[INFO] [stdout]     |
[INFO] [stdout]  19 | #[cfg(feature = "testing")]
[INFO] [stdout]     |       ------------------- the item is gated behind the `testing` feature
[INFO] [stdout]  20 | pub mod xreserve_lib;
[INFO] [stdout]     |         ^^^^^^^^^^^^
[INFO] [stdout] help: a module with a similar name exists
[INFO] [stdout]     |
[INFO] [stdout] 118 - use miden_usdcx::xreserve_lib::XReserveLibrary;
[INFO] [stdout] 118 + use miden_usdcx::xreserve::XReserveLibrary;
[INFO] [stdout]     |
[INFO] [stdout] 
[INFO] [stdout] 
[INFO] [stdout] error[E0432]: unresolved import `miden_usdcx::vectors`
[INFO] [stdout]   --> tests/support/mint_transport.rs:48:18
[INFO] [stdout]    |
[INFO] [stdout] 48 | use miden_usdcx::vectors::{MiVector, load};
[INFO] [stdout]    |                  ^^^^^^^ could not find `vectors` in `miden_usdcx`
[INFO] [stdout]    |
[INFO] [stdout] note: found an item that was configured out
[INFO] [stdout]   --> src/lib.rs:15:9
[INFO] [stdout]    |
[INFO] [stdout] 14 | #[cfg(any(feature = "testing", test))]
[INFO] [stdout]    |          --------------------------- the item is gated here
[INFO] [stdout] 15 | pub mod vectors;
[INFO] [stdout]    |         ^^^^^^^
[INFO] [stdout] 
[INFO] [stdout] 
[INFO] [stdout] error[E0432]: unresolved import `miden_usdcx::errors`
[INFO] [stdout]    --> tests/support/mod.rs:108:5
[INFO] [stdout]     |
[INFO] [stdout] 108 | use miden_usdcx::errors;
[INFO] [stdout]     |     ^^^^^^^^^^^^^------
[INFO] [stdout]     |                  |
[INFO] [stdout]     |                  no `errors` in the root
[INFO] [stdout]     |
[INFO] [stdout] note: found an item that was configured out
[INFO] [stdout]    --> src/lib.rs:12:9
[INFO] [stdout]     |
[INFO] [stdout]  11 | #[cfg(any(feature = "testing", test))]
[INFO] [stdout]     |          --------------------------- the item is gated here
[INFO] [stdout]  12 | pub mod errors;
[INFO] [stdout]     |         ^^^^^^
[INFO] [stdout] help: consider importing one of these modules instead
[INFO] [stdout]     |
[INFO] [stdout] 108 - use miden_usdcx::errors;
[INFO] [stdout] 108 + use miden_protocol::errors;
[INFO] [stdout]     |
[INFO] [stdout] 108 - use miden_usdcx::errors;
[INFO] [stdout] 108 + use miden_standards::errors;
[INFO] [stdout]     |
[INFO] [stdout] 
[INFO] [stdout] 
[INFO] [stdout] error[E0432]: unresolved import `miden_usdcx::xreserve_lib`
[INFO] [stdout]    --> tests/support/mod.rs:118:18
[INFO] [stdout]     |
[INFO] [stdout] 118 | use miden_usdcx::xreserve_lib::XReserveLibrary;
[INFO] [stdout]     |                  ^^^^^^^^^^^^ could not find `xreserve_lib` in `miden_usdcx`
[INFO] [stdout]     |
[INFO] [stdout] note: found an item that was configured out
[INFO] [stdout]    --> src/lib.rs:20:9
[INFO] [stdout]     |
[INFO] [stdout]  19 | #[cfg(feature = "testing")]
[INFO] [stdout]     |       ------------------- the item is gated behind the `testing` feature
[INFO] [stdout]  20 | pub mod xreserve_lib;
[INFO] [stdout]     |         ^^^^^^^^^^^^
[INFO] [stdout] help: a module with a similar name exists
[INFO] [stdout]     |
[INFO] [stdout] 118 - use miden_usdcx::xreserve_lib::XReserveLibrary;
[INFO] [stdout] 118 + use miden_usdcx::xreserve::XReserveLibrary;
[INFO] [stdout]     |
[INFO] [stdout] 
[INFO] [stdout] 
[INFO] [stdout] error[E0432]: unresolved import `miden_usdcx::vectors`
[INFO] [stdout]   --> tests/support/mint_transport.rs:48:18
[INFO] [stdout]    |
[INFO] [stdout] 48 | use miden_usdcx::vectors::{MiVector, load};
[INFO] [stdout]    |                  ^^^^^^^ could not find `vectors` in `miden_usdcx`
[INFO] [stdout]    |
[INFO] [stdout] note: found an item that was configured out
[INFO] [stdout]   --> src/lib.rs:15:9
[INFO] [stdout]    |
[INFO] [stdout] 14 | #[cfg(any(feature = "testing", test))]
[INFO] [stdout]    |          --------------------------- the item is gated here
[INFO] [stdout] 15 | pub mod vectors;
[INFO] [stdout]    |         ^^^^^^^
[INFO] [stdout] 
[INFO] [stdout] 
[INFO] [stdout] error[E0432]: unresolved import `miden_usdcx::errors`
[INFO] [stdout]    --> tests/support/mod.rs:108:5
[INFO] [stdout]     |
[INFO] [stdout] 108 | use miden_usdcx::errors;
[INFO] [stdout]     |     ^^^^^^^^^^^^^------
[INFO] [stdout]     |                  |
[INFO] [stdout]     |                  no `errors` in the root
[INFO] [stdout]     |
[INFO] [stdout] note: found an item that was configured out
[INFO] [stdout]    --> src/lib.rs:12:9
[INFO] [stdout]     |
[INFO] [stdout]  11 | #[cfg(any(feature = "testing", test))]
[INFO] [stdout]     |          --------------------------- the item is gated here
[INFO] [stdout]  12 | pub mod errors;
[INFO] [stdout]     |         ^^^^^^
[INFO] [stdout] help: consider importing one of these modules instead
[INFO] [stdout]     |
[INFO] [stdout] 108 - use miden_usdcx::errors;
[INFO] [stdout] 108 + use miden_protocol::errors;
[INFO] [stdout]     |
[INFO] [stdout] 108 - use miden_usdcx::errors;
[INFO] [stdout] 108 + use miden_standards::errors;
[INFO] [stdout]     |
[INFO] [stdout] 
[INFO] [stdout] 
[INFO] [stdout] error[E0432]: unresolved import `miden_usdcx::xreserve_lib`
[INFO] [stdout]    --> tests/support/mod.rs:118:18
[INFO] [stdout]     |
[INFO] [stdout] 118 | use miden_usdcx::xreserve_lib::XReserveLibrary;
[INFO] [stdout]     |                  ^^^^^^^^^^^^ could not find `xreserve_lib` in `miden_usdcx`
[INFO] [stdout]     |
[INFO] [stdout] note: found an item that was configured out
[INFO] [stdout]    --> src/lib.rs:20:9
[INFO] [stdout]     |
[INFO] [stdout]  19 | #[cfg(feature = "testing")]
[INFO] [stdout]     |       ------------------- the item is gated behind the `testing` feature
[INFO] [stdout]  20 | pub mod xreserve_lib;
[INFO] [stdout]     |         ^^^^^^^^^^^^
[INFO] [stdout] help: a module with a similar name exists
[INFO] [stdout]     |
[INFO] [stdout] 118 - use miden_usdcx::xreserve_lib::XReserveLibrary;
[INFO] [stdout] 118 + use miden_usdcx::xreserve::XReserveLibrary;
[INFO] [stdout]     |
[INFO] [stdout] 
[INFO] [stdout] 
[INFO] [stdout] error[E0432]: unresolved import `miden_usdcx::vectors`
[INFO] [stdout]   --> tests/support/mint_transport.rs:48:18
[INFO] [stdout]    |
[INFO] [stdout] 48 | use miden_usdcx::vectors::{MiVector, load};
[INFO] [stdout]    |                  ^^^^^^^ could not find `vectors` in `miden_usdcx`
[INFO] [stdout]    |
[INFO] [stdout] note: found an item that was configured out
[INFO] [stdout]   --> src/lib.rs:15:9
[INFO] [stdout]    |
[INFO] [stdout] 14 | #[cfg(any(feature = "testing", test))]
[INFO] [stdout]    |          --------------------------- the item is gated here
[INFO] [stdout] 15 | pub mod vectors;
[INFO] [stdout]    |         ^^^^^^^
[INFO] [stdout] 
[INFO] [stdout] 
[INFO] [stdout] error[E0432]: unresolved import `miden_usdcx::errors`
[INFO] [stdout]    --> tests/support/mod.rs:108:5
[INFO] [stdout]     |
[INFO] [stdout] 108 | use miden_usdcx::errors;
[INFO] [stdout]     |     ^^^^^^^^^^^^^------
[INFO] [stdout]     |                  |
[INFO] [stdout]     |                  no `errors` in the root
[INFO] [stdout]     |
[INFO] [stdout] note: found an item that was configured out
[INFO] [stdout]    --> src/lib.rs:12:9
[INFO] [stdout]     |
[INFO] [stdout]  11 | #[cfg(any(feature = "testing", test))]
[INFO] [stdout]     |          --------------------------- the item is gated here
[INFO] [stdout]  12 | pub mod errors;
[INFO] [stdout]     |         ^^^^^^
[INFO] [stdout] help: consider importing one of these modules instead
[INFO] [stdout]     |
[INFO] [stdout] 108 - use miden_usdcx::errors;
[INFO] [stdout] 108 + use miden_protocol::errors;
[INFO] [stdout]     |
[INFO] [stdout] 108 - use miden_usdcx::errors;
[INFO] [stdout] 108 + use miden_standards::errors;
[INFO] [stdout]     |
[INFO] [stdout] 
[INFO] [stdout] 
[INFO] [stdout] error[E0432]: unresolved import `miden_usdcx::xreserve_lib`
[INFO] [stdout]    --> tests/support/mod.rs:118:18
[INFO] [stdout]     |
[INFO] [stdout] 118 | use miden_usdcx::xreserve_lib::XReserveLibrary;
[INFO] [stdout]     |                  ^^^^^^^^^^^^ could not find `xreserve_lib` in `miden_usdcx`
[INFO] [stdout]     |
[INFO] [stdout] note: found an item that was configured out
[INFO] [stdout]    --> src/lib.rs:20:9
[INFO] [stdout]     |
[INFO] [stdout]  19 | #[cfg(feature = "testing")]
[INFO] [stdout]     |       ------------------- the item is gated behind the `testing` feature
[INFO] [stdout]  20 | pub mod xreserve_lib;
[INFO] [stdout]     |         ^^^^^^^^^^^^
[INFO] [stdout] help: a module with a similar name exists
[INFO] [stdout]     |
[INFO] [stdout] 118 - use miden_usdcx::xreserve_lib::XReserveLibrary;
[INFO] [stdout] 118 + use miden_usdcx::xreserve::XReserveLibrary;
[INFO] [stdout]     |
[INFO] [stdout] 
[INFO] [stdout] 
[INFO] [stdout] error[E0432]: unresolved import `miden_usdcx::vectors`
[INFO] [stdout]   --> tests/support/mint_transport.rs:48:18
[INFO] [stdout]    |
[INFO] [stdout] 48 | use miden_usdcx::vectors::{MiVector, load};
[INFO] [stdout]    |                  ^^^^^^^ could not find `vectors` in `miden_usdcx`
[INFO] [stdout]    |
[INFO] [stdout] note: found an item that was configured out
[INFO] [stdout]   --> src/lib.rs:15:9
[INFO] [stdout]    |
[INFO] [stdout] 14 | #[cfg(any(feature = "testing", test))]
[INFO] [stdout]    |          --------------------------- the item is gated here
[INFO] [stdout] 15 | pub mod vectors;
[INFO] [stdout]    |         ^^^^^^^
[INFO] [stdout] 
[INFO] [stdout] 
[INFO] [stdout] error[E0432]: unresolved import `miden_usdcx::errors`
[INFO] [stdout]    --> tests/support/mod.rs:108:5
[INFO] [stdout]     |
[INFO] [stdout] 108 | use miden_usdcx::errors;
[INFO] [stdout]     |     ^^^^^^^^^^^^^------
[INFO] [stdout]     |                  |
[INFO] [stdout]     |                  no `errors` in the root
[INFO] [stdout]     |
[INFO] [stdout] note: found an item that was configured out
[INFO] [stdout]    --> src/lib.rs:12:9
[INFO] [stdout]     |
[INFO] [stdout]  11 | #[cfg(any(feature = "testing", test))]
[INFO] [stdout]     |          --------------------------- the item is gated here
[INFO] [stdout]  12 | pub mod errors;
[INFO] [stdout]     |         ^^^^^^
[INFO] [stdout] help: consider importing one of these modules instead
[INFO] [stdout]     |
[INFO] [stdout] 108 - use miden_usdcx::errors;
[INFO] [stdout] 108 + use miden_protocol::errors;
[INFO] [stdout]     |
[INFO] [stdout] 108 - use miden_usdcx::errors;
[INFO] [stdout] 108 + use miden_standards::errors;
[INFO] [stdout]     |
[INFO] [stdout] 
[INFO] [stdout] 
[INFO] [stdout] error[E0432]: unresolved import `miden_usdcx::vectors`
[INFO] [stdout]   --> tests/support/mint_transport.rs:48:18
[INFO] [stdout]    |
[INFO] [stdout] 48 | use miden_usdcx::vectors::{MiVector, load};
[INFO] [stdout]    |                  ^^^^^^^ could not find `vectors` in `miden_usdcx`
[INFO] [stdout]    |
[INFO] [stdout] note: found an item that was configured out
[INFO] [stdout]   --> src/lib.rs:15:9
[INFO] [stdout]    |
[INFO] [stdout] 14 | #[cfg(any(feature = "testing", test))]
[INFO] [stdout]    |          --------------------------- the item is gated here
[INFO] [stdout] 15 | pub mod vectors;
[INFO] [stdout]    |         ^^^^^^^
[INFO] [stdout] 
[INFO] [stdout] 
[INFO] [stdout] error[E0432]: unresolved import `miden_usdcx::errors`
[INFO] [stdout]    --> tests/support/mod.rs:108:5
[INFO] [stdout]     |
[INFO] [stdout] 108 | use miden_usdcx::errors;
[INFO] [stdout]     |     ^^^^^^^^^^^^^------
[INFO] [stdout]     |                  |
[INFO] [stdout]     |                  no `errors` in the root
[INFO] [stdout]     |
[INFO] [stdout] note: found an item that was configured out
[INFO] [stdout]    --> src/lib.rs:12:9
[INFO] [stdout]     |
[INFO] [stdout]  11 | #[cfg(any(feature = "testing", test))]
[INFO] [stdout]     |          --------------------------- the item is gated here
[INFO] [stdout]  12 | pub mod errors;
[INFO] [stdout]     |         ^^^^^^
[INFO] [stdout] help: consider importing one of these modules instead
[INFO] [stdout]     |
[INFO] [stdout] 108 - use miden_usdcx::errors;
[INFO] [stdout] 108 + use miden_protocol::errors;
[INFO] [stdout]     |
[INFO] [stdout] 108 - use miden_usdcx::errors;
[INFO] [stdout] 108 + use miden_standards::errors;
[INFO] [stdout]     |
[INFO] [stdout] 
[INFO] [stdout] 
[INFO] [stdout] error[E0432]: unresolved import `miden_usdcx::xreserve_lib`
[INFO] [stdout]    --> tests/support/mod.rs:118:18
[INFO] [stdout]     |
[INFO] [stdout] 118 | use miden_usdcx::xreserve_lib::XReserveLibrary;
[INFO] [stdout]     |                  ^^^^^^^^^^^^ could not find `xreserve_lib` in `miden_usdcx`
[INFO] [stdout]     |
[INFO] [stdout] note: found an item that was configured out
[INFO] [stdout]    --> src/lib.rs:20:9
[INFO] [stdout]     |
[INFO] [stdout]  19 | #[cfg(feature = "testing")]
[INFO] [stdout]     |       ------------------- the item is gated behind the `testing` feature
[INFO] [stdout]  20 | pub mod xreserve_lib;
[INFO] [stdout]     |         ^^^^^^^^^^^^
[INFO] [stdout] help: a module with a similar name exists
[INFO] [stdout]     |
[INFO] [stdout] 118 - use miden_usdcx::xreserve_lib::XReserveLibrary;
[INFO] [stdout] 118 + use miden_usdcx::xreserve::XReserveLibrary;
[INFO] [stdout]     |
[INFO] [stdout] 
[INFO] [stdout] 
[INFO] [stdout] error[E0432]: unresolved import `miden_usdcx::xreserve_lib`
[INFO] [stdout]    --> tests/support/mod.rs:118:18
[INFO] [stdout]     |
[INFO] [stdout] 118 | use miden_usdcx::xreserve_lib::XReserveLibrary;
[INFO] [stdout]     |                  ^^^^^^^^^^^^ could not find `xreserve_lib` in `miden_usdcx`
[INFO] [stdout]     |
[INFO] [stdout] note: found an item that was configured out
[INFO] [stdout]    --> src/lib.rs:20:9
[INFO] [stdout]     |
[INFO] [stdout]  19 | #[cfg(feature = "testing")]
[INFO] [stdout]     |       ------------------- the item is gated behind the `testing` feature
[INFO] [stdout]  20 | pub mod xreserve_lib;
[INFO] [stdout]     |         ^^^^^^^^^^^^
[INFO] [stdout] help: a module with a similar name exists
[INFO] [stdout]     |
[INFO] [stdout] 118 - use miden_usdcx::xreserve_lib::XReserveLibrary;
[INFO] [stdout] 118 + use miden_usdcx::xreserve::XReserveLibrary;
[INFO] [stdout]     |
[INFO] [stdout] 
[INFO] [stdout] 
[INFO] [stdout] error[E0432]: unresolved import `miden_usdcx::vectors`
[INFO] [stdout]   --> tests/support/mint_transport.rs:48:18
[INFO] [stdout]    |
[INFO] [stdout] 48 | use miden_usdcx::vectors::{MiVector, load};
[INFO] [stdout]    |                  ^^^^^^^ could not find `vectors` in `miden_usdcx`
[INFO] [stdout]    |
[INFO] [stdout] note: found an item that was configured out
[INFO] [stdout]   --> src/lib.rs:15:9
[INFO] [stdout]    |
[INFO] [stdout] 14 | #[cfg(any(feature = "testing", test))]
[INFO] [stdout]    |          --------------------------- the item is gated here
[INFO] [stdout] 15 | pub mod vectors;
[INFO] [stdout]    |         ^^^^^^^
[INFO] [stdout] 
[INFO] [stdout] 
[INFO] [stdout] error[E0432]: unresolved import `miden_usdcx::errors`
[INFO] [stdout]    --> tests/support/mod.rs:108:5
[INFO] [stdout]     |
[INFO] [stdout] 108 | use miden_usdcx::errors;
[INFO] [stdout]     |     ^^^^^^^^^^^^^------
[INFO] [stdout]     |                  |
[INFO] [stdout]     |                  no `errors` in the root
[INFO] [stdout]     |
[INFO] [stdout] note: found an item that was configured out
[INFO] [stdout]    --> src/lib.rs:12:9
[INFO] [stdout]     |
[INFO] [stdout]  11 | #[cfg(any(feature = "testing", test))]
[INFO] [stdout]     |          --------------------------- the item is gated here
[INFO] [stdout]  12 | pub mod errors;
[INFO] [stdout]     |         ^^^^^^
[INFO] [stdout] help: consider importing one of these modules instead
[INFO] [stdout]     |
[INFO] [stdout] 108 - use miden_usdcx::errors;
[INFO] [stdout] 108 + use miden_protocol::errors;
[INFO] [stdout]     |
[INFO] [stdout] 108 - use miden_usdcx::errors;
[INFO] [stdout] 108 + use miden_standards::errors;
[INFO] [stdout]     |
[INFO] [stdout] 
[INFO] [stdout] 
[INFO] [stdout] error[E0432]: unresolved import `miden_usdcx::xreserve_lib`
[INFO] [stdout]    --> tests/support/mod.rs:118:18
[INFO] [stdout]     |
[INFO] [stdout] 118 | use miden_usdcx::xreserve_lib::XReserveLibrary;
[INFO] [stdout]     |                  ^^^^^^^^^^^^ could not find `xreserve_lib` in `miden_usdcx`
[INFO] [stdout]     |
[INFO] [stdout] note: found an item that was configured out
[INFO] [stdout]    --> src/lib.rs:20:9
[INFO] [stdout]     |
[INFO] [stdout]  19 | #[cfg(feature = "testing")]
[INFO] [stdout]     |       ------------------- the item is gated behind the `testing` feature
[INFO] [stdout]  20 | pub mod xreserve_lib;
[INFO] [stdout]     |         ^^^^^^^^^^^^
[INFO] [stdout] help: a module with a similar name exists
[INFO] [stdout]     |
[INFO] [stdout] 118 - use miden_usdcx::xreserve_lib::XReserveLibrary;
[INFO] [stdout] 118 + use miden_usdcx::xreserve::XReserveLibrary;
[INFO] [stdout]     |
[INFO] [stdout] 
[INFO] [stdout] 
[INFO] [stdout] error[E0432]: unresolved import `miden_usdcx::vectors`
[INFO] [stdout]   --> tests/support/mint_transport.rs:48:18
[INFO] [stdout]    |
[INFO] [stdout] 48 | use miden_usdcx::vectors::{MiVector, load};
[INFO] [stdout]    |                  ^^^^^^^ could not find `vectors` in `miden_usdcx`
[INFO] [stdout]    |
[INFO] [stdout] note: found an item that was configured out
[INFO] [stdout]   --> src/lib.rs:15:9
[INFO] [stdout]    |
[INFO] [stdout] 14 | #[cfg(any(feature = "testing", test))]
[INFO] [stdout]    |          --------------------------- the item is gated here
[INFO] [stdout] 15 | pub mod vectors;
[INFO] [stdout]    |         ^^^^^^^
[INFO] [stdout] 
[INFO] [stdout] 
[INFO] [stdout] error[E0432]: unresolved import `miden_usdcx::errors`
[INFO] [stdout]    --> tests/support/mod.rs:108:5
[INFO] [stdout]     |
[INFO] [stdout] 108 | use miden_usdcx::errors;
[INFO] [stdout]     |     ^^^^^^^^^^^^^------
[INFO] [stdout]     |                  |
[INFO] [stdout]     |                  no `errors` in the root
[INFO] [stdout]     |
[INFO] [stdout] note: found an item that was configured out
[INFO] [stdout]    --> src/lib.rs:12:9
[INFO] [stdout]     |
[INFO] [stdout]  11 | #[cfg(any(feature = "testing", test))]
[INFO] [stdout]     |          --------------------------- the item is gated here
[INFO] [stdout]  12 | pub mod errors;
[INFO] [stdout]     |         ^^^^^^
[INFO] [stdout] help: consider importing one of these modules instead
[INFO] [stdout]     |
[INFO] [stdout] 108 - use miden_usdcx::errors;
[INFO] [stdout] 108 + use miden_protocol::errors;
[INFO] [stdout]     |
[INFO] [stdout] 108 - use miden_usdcx::errors;
[INFO] [stdout] 108 + use miden_standards::errors;
[INFO] [stdout]     |
[INFO] [stdout] 
[INFO] [stdout] 
[INFO] [stdout] error[E0432]: unresolved import `miden_usdcx::xreserve_lib`
[INFO] [stdout]    --> tests/support/mod.rs:118:18
[INFO] [stdout]     |
[INFO] [stdout] 118 | use miden_usdcx::xreserve_lib::XReserveLibrary;
[INFO] [stdout]     |                  ^^^^^^^^^^^^ could not find `xreserve_lib` in `miden_usdcx`
[INFO] [stdout]     |
[INFO] [stdout] note: found an item that was configured out
[INFO] [stdout]    --> src/lib.rs:20:9
[INFO] [stdout]     |
[INFO] [stdout]  19 | #[cfg(feature = "testing")]
[INFO] [stdout]     |       ------------------- the item is gated behind the `testing` feature
[INFO] [stdout]  20 | pub mod xreserve_lib;
[INFO] [stdout]     |         ^^^^^^^^^^^^
[INFO] [stdout] help: a module with a similar name exists
[INFO] [stdout]     |
[INFO] [stdout] 118 - use miden_usdcx::xreserve_lib::XReserveLibrary;
[INFO] [stdout] 118 + use miden_usdcx::xreserve::XReserveLibrary;
[INFO] [stdout]     |
[INFO] [stdout] 
[INFO] [stdout] 
[INFO] [stdout] error[E0432]: unresolved import `miden_usdcx::vectors`
[INFO] [stdout]   --> tests/support/mint_transport.rs:48:18
[INFO] [stdout]    |
[INFO] [stdout] 48 | use miden_usdcx::vectors::{MiVector, load};
[INFO] [stdout]    |                  ^^^^^^^ could not find `vectors` in `miden_usdcx`
[INFO] [stdout]    |
[INFO] [stdout] note: found an item that was configured out
[INFO] [stdout]   --> src/lib.rs:15:9
[INFO] [stdout]    |
[INFO] [stdout] 14 | #[cfg(any(feature = "testing", test))]
[INFO] [stdout]    |          --------------------------- the item is gated here
[INFO] [stdout] 15 | pub mod vectors;
[INFO] [stdout]    |         ^^^^^^^
[INFO] [stdout] 
[INFO] [stdout] 
[INFO] [stdout] error[E0432]: unresolved import `miden_usdcx::errors`
[INFO] [stdout]    --> tests/support/mod.rs:108:5
[INFO] [stdout]     |
[INFO] [stdout] 108 | use miden_usdcx::errors;
[INFO] [stdout]     |     ^^^^^^^^^^^^^------
[INFO] [stdout]     |                  |
[INFO] [stdout]     |                  no `errors` in the root
[INFO] [stdout]     |
[INFO] [stdout] note: found an item that was configured out
[INFO] [stdout]    --> src/lib.rs:12:9
[INFO] [stdout]     |
[INFO] [stdout]  11 | #[cfg(any(feature = "testing", test))]
[INFO] [stdout]     |          --------------------------- the item is gated here
[INFO] [stdout]  12 | pub mod errors;
[INFO] [stdout]     |         ^^^^^^
[INFO] [stdout] help: consider importing one of these modules instead
[INFO] [stdout]     |
[INFO] [stdout] 108 - use miden_usdcx::errors;
[INFO] [stdout] 108 + use miden_protocol::errors;
[INFO] [stdout]     |
[INFO] [stdout] 108 - use miden_usdcx::errors;
[INFO] [stdout] 108 + use miden_standards::errors;
[INFO] [stdout]     |
[INFO] [stdout] 
[INFO] [stdout] 
[INFO] [stdout] error[E0432]: unresolved import `miden_usdcx::xreserve_lib`
[INFO] [stdout]    --> tests/support/mod.rs:118:18
[INFO] [stdout]     |
[INFO] [stdout] 118 | use miden_usdcx::xreserve_lib::XReserveLibrary;
[INFO] [stdout]     |                  ^^^^^^^^^^^^ could not find `xreserve_lib` in `miden_usdcx`
[INFO] [stdout]     |
[INFO] [stdout] note: found an item that was configured out
[INFO] [stdout]    --> src/lib.rs:20:9
[INFO] [stdout]     |
[INFO] [stdout]  19 | #[cfg(feature = "testing")]
[INFO] [stdout]     |       ------------------- the item is gated behind the `testing` feature
[INFO] [stdout]  20 | pub mod xreserve_lib;
[INFO] [stdout]     |         ^^^^^^^^^^^^
[INFO] [stdout] help: a module with a similar name exists
[INFO] [stdout]     |
[INFO] [stdout] 118 - use miden_usdcx::xreserve_lib::XReserveLibrary;
[INFO] [stdout] 118 + use miden_usdcx::xreserve::XReserveLibrary;
[INFO] [stdout]     |
[INFO] [stdout] 
[INFO] [stdout] 
[INFO] [stdout] error[E0433]: cannot find `vectors` in `miden_usdcx`
[INFO] [stdout]    --> tests/f5_network_account_auth.rs:100:26
[INFO] [stdout]     |
[INFO] [stdout] 100 |     let v = miden_usdcx::vectors::load();
[INFO] [stdout]     |                          ^^^^^^^ could not find `vectors` in `miden_usdcx`
[INFO] [stdout]     |
[INFO] [stdout] note: found an item that was configured out
[INFO] [stdout]    --> src/lib.rs:15:9
[INFO] [stdout]     |
[INFO] [stdout]  14 | #[cfg(any(feature = "testing", test))]
[INFO] [stdout]     |          --------------------------- the item is gated here
[INFO] [stdout]  15 | pub mod vectors;
[INFO] [stdout]     |         ^^^^^^^
[INFO] [stdout] 
[INFO] [stdout] 
[INFO] [stdout] For more information about this error, try `rustc --explain E0432`.
[INFO] [stdout] 
[INFO] [stderr] error: could not compile `miden-usdcx` (test "typing_equivalence") due to 1 previous error
[INFO] [stderr] warning: build failed, waiting for other jobs to finish...
[INFO] [stdout] For more information about this error, try `rustc --explain E0432`.
[INFO] [stdout] 
[INFO] [stdout] For more information about this error, try `rustc --explain E0432`.
[INFO] [stdout] 
[INFO] [stderr] error: could not compile `miden-usdcx` (test "w2admin_surface_finalization") due to 3 previous errors
[INFO] [stderr] error: could not compile `miden-usdcx` (test "constant_parity") due to 3 previous errors
[INFO] [stdout] For more information about this error, try `rustc --explain E0432`.
[INFO] [stdout] 
[INFO] [stderr] error: could not compile `miden-usdcx` (test "f5_admin_notes") due to 3 previous errors
[INFO] [stdout] For more information about this error, try `rustc --explain E0432`.
[INFO] [stdout] 
[INFO] [stderr] error: could not compile `miden-usdcx` (test "w2admin_admin_authority") due to 3 previous errors
[INFO] [stdout] For more information about this error, try `rustc --explain E0432`.
[INFO] [stdout] 
[INFO] [stderr] error: could not compile `miden-usdcx` (test "wave1_recomposition") due to 3 previous errors
[INFO] [stdout] For more information about this error, try `rustc --explain E0432`.
[INFO] [stdout] 
[INFO] [stderr] error: could not compile `miden-usdcx` (test "config_note_allowlist") due to 3 previous errors
[INFO] [stdout] For more information about this error, try `rustc --explain E0432`.
[INFO] [stdout] 
[INFO] [stderr] error: could not compile `miden-usdcx` (test "wave1_recomposition_e2e") due to 3 previous errors
[INFO] [stdout] For more information about this error, try `rustc --explain E0432`.
[INFO] [stdout] 
[INFO] [stderr] error: could not compile `miden-usdcx` (test "w2admin_production_admin_effects") due to 4 previous errors
[INFO] [stdout] For more information about this error, try `rustc --explain E0432`.
[INFO] [stdout] 
[INFO] [stdout] For more information about this error, try `rustc --explain E0432`.
[INFO] [stdout] 
[INFO] [stderr] error: could not compile `miden-usdcx` (test "build_seeded_attesters") due to 3 previous errors
[INFO] [stderr] error: could not compile `miden-usdcx` (test "builder_api") due to 3 previous errors
[INFO] [stdout] For more information about this error, try `rustc --explain E0432`.
[INFO] [stdout] 
[INFO] [stderr] error: could not compile `miden-usdcx` (test "wave1_sec_hardening") due to 3 previous errors
[INFO] [stdout] For more information about this error, try `rustc --explain E0432`.
[INFO] [stdout] 
[INFO] [stderr] error: could not compile `miden-usdcx` (test "fee_policy") due to 3 previous errors
[INFO] [stdout] For more information about this error, try `rustc --explain E0432`.
[INFO] [stdout] 
[INFO] [stderr] error: could not compile `miden-usdcx` (test "builder_isolation") due to 3 previous errors
[INFO] [stdout] Some errors have detailed explanations: E0432, E0433.
[INFO] [stdout] 
[INFO] [stdout] For more information about an error, try `rustc --explain E0432`.
[INFO] [stdout] 
[INFO] [stderr] error: could not compile `miden-usdcx` (test "f5_network_account_auth") due to 4 previous errors
[INFO] running `Command { std: "docker" "inspect" "4d2e1b26d4d4ad6df8f73a176514b18d8e4207ce0ee52c28a3c390895f525a98", kill_on_drop: false }`
[INFO] running `Command { std: "docker" "rm" "-f" "4d2e1b26d4d4ad6df8f73a176514b18d8e4207ce0ee52c28a3c390895f525a98", kill_on_drop: false }`
[INFO] [stdout] 4d2e1b26d4d4ad6df8f73a176514b18d8e4207ce0ee52c28a3c390895f525a98
