[INFO] fetching crate lib-q-stark-commit 0.0.11...
[INFO] checking lib-q-stark-commit-0.0.11 against 3154cc1a3e6424e44f438a95007d043ed5ceaaf6+rustflags=-Znext-solver=coherence for pr-133502-30
[INFO] extracting crate lib-q-stark-commit 0.0.11 into /workspace/builds/worker-3-tc1/source
[INFO] started tweaking crates.io crate lib-q-stark-commit 0.0.11
[INFO] removed 0 missing tests
[INFO] finished tweaking crates.io crate lib-q-stark-commit 0.0.11
[INFO] tweaked toml for crates.io crate lib-q-stark-commit 0.0.11 written to /workspace/builds/worker-3-tc1/source/Cargo.toml
[INFO] validating manifest of crates.io crate lib-q-stark-commit 0.0.11 on toolchain 3154cc1a3e6424e44f438a95007d043ed5ceaaf6
[INFO] running `Command { std: CARGO_HOME="/workspace/cargo-home" RUSTUP_HOME="/workspace/rustup-home" "/workspace/cargo-home/bin/cargo" "+3154cc1a3e6424e44f438a95007d043ed5ceaaf6" "metadata" "--manifest-path" "Cargo.toml" "--no-deps", kill_on_drop: false }`
[INFO] crate crates.io crate lib-q-stark-commit 0.0.11 already has a lockfile, it will not be regenerated
[INFO] running `Command { std: CARGO_HOME="/workspace/cargo-home" RUSTUP_HOME="/workspace/rustup-home" "/workspace/cargo-home/bin/cargo" "+3154cc1a3e6424e44f438a95007d043ed5ceaaf6" "fetch" "--manifest-path" "Cargo.toml", kill_on_drop: false }`
[INFO] [stderr]     Updating crates.io index
[INFO] [stderr]  Downloading crates ...
[INFO] [stderr]   Downloaded lib-q-stark-util v0.0.11
[INFO] [stderr]   Downloaded lib-q-stark-matrix v0.0.11
[INFO] [stderr]   Downloaded transpose v0.2.3
[INFO] [stderr]   Downloaded strength_reduce v0.2.4
[INFO] [stderr]   Downloaded lib-q-stark-rayon v0.0.11
[INFO] [stderr]   Downloaded lib-q-stark-field v0.0.11
[INFO] [stderr]   Downloaded pastey v0.2.3
[INFO] [stderr]   Downloaded num-bigint v0.5.1
[INFO] running `Command { std: "docker" "create" "-v" "/var/lib/crater-agent-workspace/builds/worker-3-tc1/source:/opt/rustwide/workdir:ro,Z" "-v" "/var/lib/crater-agent-workspace/builds/worker-3-tc1/target:/opt/rustwide/target:rw,Z" "-v" "/var/lib/crater-agent-workspace/cargo-home:/opt/rustwide/cargo-home:ro,Z" "-v" "/var/lib/crater-agent-workspace/rustup-home:/opt/rustwide/rustup-home:ro,Z" "-m" "1610612736" "--network" "none" "ghcr.io/rust-lang/crates-build-env/linux@sha256:77db811e55d90add9212f6832c23229e3de5f1c1f9905e8cb07319ea15df73ac" "sleep" "infinity", kill_on_drop: false }`
[INFO] [stdout] 251d5b64386f788ea4e493c46565cdc21f06f88791abd536431150f62caa3af2
[INFO] running `Command { std: "docker" "start" "251d5b64386f788ea4e493c46565cdc21f06f88791abd536431150f62caa3af2", kill_on_drop: false }`
[INFO] running `Command { std: "docker" "inspect" "251d5b64386f788ea4e493c46565cdc21f06f88791abd536431150f62caa3af2", kill_on_drop: false }`
[INFO] running `Command { std: "docker" "exec" "-e" "SOURCE_DIR=/opt/rustwide/workdir" "-e" "CARGO_HOME=/opt/rustwide/cargo-home" "-e" "RUSTUP_HOME=/opt/rustwide/rustup-home" "-e" "CARGO_TARGET_DIR=/opt/rustwide/target" "-w" "/opt/rustwide/workdir" "--user" "0:0" "251d5b64386f788ea4e493c46565cdc21f06f88791abd536431150f62caa3af2" "/opt/rustwide/cargo-home/bin/cargo" "+3154cc1a3e6424e44f438a95007d043ed5ceaaf6" "metadata" "--no-deps" "--format-version=1", kill_on_drop: false }`
[INFO] running `Command { std: "docker" "inspect" "251d5b64386f788ea4e493c46565cdc21f06f88791abd536431150f62caa3af2", kill_on_drop: false }`
[INFO] running `Command { std: "docker" "exec" "-e" "SOURCE_DIR=/opt/rustwide/workdir" "-e" "CARGO_HOME=/opt/rustwide/cargo-home" "-e" "RUSTUP_HOME=/opt/rustwide/rustup-home" "-e" "CARGO_TARGET_DIR=/opt/rustwide/target" "-e" "CARGO_INCREMENTAL=0" "-e" "RUST_BACKTRACE=full" "-e" "RUSTFLAGS=--cap-lints=forbid -Znext-solver=coherence" "-e" "RUSTDOCFLAGS=--cap-lints=forbid" "-w" "/opt/rustwide/workdir" "--user" "0:0" "251d5b64386f788ea4e493c46565cdc21f06f88791abd536431150f62caa3af2" "/opt/rustwide/cargo-home/bin/cargo" "+3154cc1a3e6424e44f438a95007d043ed5ceaaf6" "check" "--frozen" "--all" "--all-targets" "--message-format=json", kill_on_drop: false }`
[INFO] [stderr]    Compiling proc-macro2 v1.0.107
[INFO] [stderr]    Compiling serde_core v1.0.229
[INFO] [stderr]    Compiling serde v1.0.229
[INFO] [stderr]     Checking tracing-core v0.1.36
[INFO] [stderr]     Checking either v1.17.0
[INFO] [stderr]     Checking rand_core v0.10.1
[INFO] [stderr]    Compiling pastey v0.2.3
[INFO] [stderr]    Compiling num-traits v0.2.19
[INFO] [stderr]     Checking rand v0.10.2
[INFO] [stderr]     Checking lib-q-stark-rayon v0.0.11
[INFO] [stderr]     Checking itertools v0.15.0
[INFO] [stderr]    Compiling quote v1.0.47
[INFO] [stderr]     Checking strength_reduce v0.2.4
[INFO] [stderr]    Compiling syn v2.0.119
[INFO] [stderr]    Compiling syn v3.0.3
[INFO] [stderr]     Checking num-integer v0.1.46
[INFO] [stderr]     Checking num-bigint v0.5.1
[INFO] [stderr]     Checking transpose v0.2.3
[INFO] [stderr]    Compiling serde_derive v1.0.229
[INFO] [stderr]    Compiling tracing-attributes v0.1.31
[INFO] [stderr]    Compiling zeroize_derive v1.5.0
[INFO] [stderr]     Checking zeroize v1.9.0
[INFO] [stderr]     Checking tracing v0.1.44
[INFO] [stderr]     Checking lib-q-stark-util v0.0.11
[INFO] [stderr]     Checking lib-q-stark-field v0.0.11
[INFO] [stderr]     Checking lib-q-stark-matrix v0.0.11
[INFO] [stderr]     Checking lib-q-stark-commit v0.0.11 (/opt/rustwide/workdir)
[INFO] [stdout] error[E0432]: unresolved import `lib_q_stark_baby_bear`
[INFO] [stdout]    --> src/domain.rs:336:9
[INFO] [stdout]     |
[INFO] [stdout] 336 |     use lib_q_stark_baby_bear::BabyBear;
[INFO] [stdout]     |         ^^^^^^^^^^^^^^^^^^^^^ use of unresolved module or unlinked crate `lib_q_stark_baby_bear`
[INFO] [stdout]     |
[INFO] [stdout]     = help: if you wanted to use a crate named `lib_q_stark_baby_bear`, use `cargo add lib_q_stark_baby_bear` to add it to your `Cargo.toml`
[INFO] [stdout] 
[INFO] [stdout] 
[INFO] [stdout] error[E0432]: unresolved import `lib_q_stark_baby_bear`
[INFO] [stdout]    --> src/pcs.rs:258:9
[INFO] [stdout]     |
[INFO] [stdout] 258 |     use lib_q_stark_baby_bear::BabyBear;
[INFO] [stdout]     |         ^^^^^^^^^^^^^^^^^^^^^ use of unresolved module or unlinked crate `lib_q_stark_baby_bear`
[INFO] [stdout]     |
[INFO] [stdout]     = help: if you wanted to use a crate named `lib_q_stark_baby_bear`, use `cargo add lib_q_stark_baby_bear` to add it to your `Cargo.toml`
[INFO] [stdout] 
[INFO] [stdout] 
[INFO] [stdout] error[E0432]: unresolved import `lib_q_stark_challenger`
[INFO] [stdout]    --> src/pcs.rs:259:9
[INFO] [stdout]     |
[INFO] [stdout] 259 |     use lib_q_stark_challenger::{
[INFO] [stdout]     |         ^^^^^^^^^^^^^^^^^^^^^^ use of unresolved module or unlinked crate `lib_q_stark_challenger`
[INFO] [stdout]     |
[INFO] [stdout]     = help: if you wanted to use a crate named `lib_q_stark_challenger`, use `cargo add lib_q_stark_challenger` to add it to your `Cargo.toml`
[INFO] [stdout] 
[INFO] [stdout] 
[INFO] [stdout] error[E0432]: unresolved import `lib_q_stark_dft`
[INFO] [stdout]    --> src/pcs.rs:263:9
[INFO] [stdout]     |
[INFO] [stdout] 263 |     use lib_q_stark_dft::{
[INFO] [stdout]     |         ^^^^^^^^^^^^^^^ use of unresolved module or unlinked crate `lib_q_stark_dft`
[INFO] [stdout]     |
[INFO] [stdout] help: there is a crate or module with a similar name
[INFO] [stdout]     |
[INFO] [stdout] 263 -     use lib_q_stark_dft::{
[INFO] [stdout] 263 +     use lib_q_stark_util::{
[INFO] [stdout]     |
[INFO] [stdout] 
[INFO] [stdout] 
[INFO] [stdout] error[E0432]: unresolved import `lib_q_stark_shake128`
[INFO] [stdout]    --> src/pcs.rs:272:9
[INFO] [stdout]     |
[INFO] [stdout] 272 |     use lib_q_stark_shake128::Shake128Hash;
[INFO] [stdout]     |         ^^^^^^^^^^^^^^^^^^^^ use of unresolved module or unlinked crate `lib_q_stark_shake128`
[INFO] [stdout]     |
[INFO] [stdout]     = help: if you wanted to use a crate named `lib_q_stark_shake128`, use `cargo add lib_q_stark_shake128` to add it to your `Cargo.toml`
[INFO] [stdout] 
[INFO] [stdout] 
[INFO] [stdout] error[E0432]: unresolved import `lib_q_stark_challenger`
[INFO] [stdout]   --> src/testing.rs:13:5
[INFO] [stdout]    |
[INFO] [stdout] 13 | use lib_q_stark_challenger::CanSample;
[INFO] [stdout]    |     ^^^^^^^^^^^^^^^^^^^^^^ use of unresolved module or unlinked crate `lib_q_stark_challenger`
[INFO] [stdout]    |
[INFO] [stdout]    = help: if you wanted to use a crate named `lib_q_stark_challenger`, use `cargo add lib_q_stark_challenger` to add it to your `Cargo.toml`
[INFO] [stdout] 
[INFO] [stdout] 
[INFO] [stdout] error[E0432]: unresolved import `lib_q_stark_dft`
[INFO] [stdout]   --> src/testing.rs:14:5
[INFO] [stdout]    |
[INFO] [stdout] 14 | use lib_q_stark_dft::TwoAdicSubgroupDft;
[INFO] [stdout]    |     ^^^^^^^^^^^^^^^ use of unresolved module or unlinked crate `lib_q_stark_dft`
[INFO] [stdout]    |
[INFO] [stdout] help: there is a crate or module with a similar name
[INFO] [stdout]    |
[INFO] [stdout] 14 - use lib_q_stark_dft::TwoAdicSubgroupDft;
[INFO] [stdout] 14 + use lib_q_stark_util::TwoAdicSubgroupDft;
[INFO] [stdout]    |
[INFO] [stdout] 
[INFO] [stdout] 
[INFO] [stdout] For more information about this error, try `rustc --explain E0432`.
[INFO] [stdout] 
[INFO] [stderr] error: could not compile `lib-q-stark-commit` (lib test) due to 7 previous errors
[INFO] [stderr] warning: build failed, waiting for other jobs to finish...
[INFO] running `Command { std: "docker" "inspect" "251d5b64386f788ea4e493c46565cdc21f06f88791abd536431150f62caa3af2", kill_on_drop: false }`
[INFO] running `Command { std: "docker" "rm" "-f" "251d5b64386f788ea4e493c46565cdc21f06f88791abd536431150f62caa3af2", kill_on_drop: false }`
[INFO] [stdout] 251d5b64386f788ea4e493c46565cdc21f06f88791abd536431150f62caa3af2
