[INFO] fetching crate equs-one-core 0.1.1...
[INFO] checking equs-one-core-0.1.1 against 3154cc1a3e6424e44f438a95007d043ed5ceaaf6+rustflags=-Znext-solver=coherence for pr-133502-30
[INFO] extracting crate equs-one-core 0.1.1 into /workspace/builds/worker-0-tc1/source
[INFO] started tweaking crates.io crate equs-one-core 0.1.1
[INFO] finished tweaking crates.io crate equs-one-core 0.1.1
[INFO] tweaked toml for crates.io crate equs-one-core 0.1.1 written to /workspace/builds/worker-0-tc1/source/Cargo.toml
[INFO] validating manifest of crates.io crate equs-one-core 0.1.1 on toolchain 3154cc1a3e6424e44f438a95007d043ed5ceaaf6
[INFO] running `Command { std: CARGO_HOME="/workspace/cargo-home" RUSTUP_HOME="/workspace/rustup-home" "/workspace/cargo-home/bin/cargo" "+3154cc1a3e6424e44f438a95007d043ed5ceaaf6" "metadata" "--manifest-path" "Cargo.toml" "--no-deps", kill_on_drop: false }`
[INFO] crate crates.io crate equs-one-core 0.1.1 already has a lockfile, it will not be regenerated
[INFO] running `Command { std: CARGO_HOME="/workspace/cargo-home" RUSTUP_HOME="/workspace/rustup-home" "/workspace/cargo-home/bin/cargo" "+3154cc1a3e6424e44f438a95007d043ed5ceaaf6" "fetch" "--manifest-path" "Cargo.toml", kill_on_drop: false }`
[INFO] [stderr]     Updating crates.io index
[INFO] [stderr]  Downloading crates ...
[INFO] [stderr]   Downloaded libz-rs-sys v0.5.5
[INFO] [stderr]   Downloaded asn1-rs v0.7.1
[INFO] [stderr]   Downloaded wiremock v0.6.5
[INFO] [stderr]   Downloaded zip v7.0.0
[INFO] [stderr]   Downloaded assert-json-diff v2.0.2
[INFO] [stderr]   Downloaded deadpool v0.12.3
[INFO] [stderr]   Downloaded serde_json v1.0.146
[INFO] [stderr]   Downloaded sophia_c14n v0.9.0
[INFO] [stderr]   Downloaded sophia_iri v0.9.0
[INFO] [stderr]   Downloaded similar-asserts v1.7.0
[INFO] [stderr]   Downloaded mownstr v0.3.1
[INFO] [stderr]   Downloaded zlib-rs v0.5.5
[INFO] [stderr]   Downloaded resiter v0.5.0
[INFO] [stderr]   Downloaded oxiri v0.2.11
[INFO] [stderr]   Downloaded sophia_api v0.9.0
[INFO] [stderr]   Downloaded lzma-rust2 v0.15.5
[INFO] [stderr]   Downloaded tzdb v0.7.3
[INFO] [stderr]   Downloaded shadow-rs v1.5.0
[INFO] [stderr]   Downloaded tz-rs v0.7.1
[INFO] [stderr]   Downloaded is_debug v1.1.0
[INFO] [stderr]   Downloaded tzdb_data v0.2.3
[INFO] [stderr]   Downloaded schemars v1.1.0
[INFO] [stderr]   Downloaded serde_json_path_macros_internal v0.1.2
[INFO] [stderr]   Downloaded serde_json_path_macros v0.1.6
[INFO] [stderr]   Downloaded serde_json_path_core v0.2.2
[INFO] [stderr]   Downloaded inventory v0.3.21
[INFO] [stderr]   Downloaded serde_json_path v0.7.2
[INFO] [stderr]   Downloaded webpki-root-certs v1.0.5
[INFO] [stderr]   Downloaded libgit2-sys v0.18.3+1.9.2
[INFO] [stderr]   Downloaded rumqttc-next v0.27.0
[INFO] [stderr]   Downloaded aws-lc-sys v0.39.0
[INFO] [stderr]   Downloaded rstest v0.26.1
[INFO] [stderr]   Downloaded rstest_macros v0.26.1
[INFO] [stderr]   Downloaded iri-string v0.7.9
[INFO] [stderr]   Downloaded rcgen v0.14.7
[INFO] [stderr]   Downloaded one-dto-mapper v0.1.10
[INFO] [stderr]   Downloaded one-dto-mapper-derive v0.1.10
[INFO] [stderr]   Downloaded fmap v0.8.3
[INFO] [stderr]   Downloaded ndef-rs v0.2.3
[INFO] [stderr]   Downloaded multihash v0.19.3
[INFO] [stderr]   Downloaded unsigned-varint v0.8.0
[INFO] [stderr]   Downloaded mrtd v0.5.2
[INFO] [stderr]   Downloaded mockall v0.14.0
[INFO] [stderr]   Downloaded predicates v3.1.3
[INFO] [stderr]   Downloaded mockall_derive v0.14.0
[INFO] [stderr]   Downloaded jsonschema v0.38.1
[INFO] [stderr]   Downloaded fraction v0.15.3
[INFO] [stderr]   Downloaded utf8-decode v1.0.1
[INFO] [stderr]   Downloaded smallstr v0.3.1
[INFO] [stderr]   Downloaded locspan-derive v0.6.0
[INFO] [stderr]   Downloaded locspan v0.8.2
[INFO] [stderr]   Downloaded referencing v0.38.1
[INFO] [stderr]   Downloaded json-syntax v0.12.5
[INFO] [stderr]   Downloaded ryu-js v0.2.2
[INFO] [stderr]   Downloaded json-number v0.4.9
[INFO] [stderr]   Downloaded lexical v7.0.5
[INFO] [stderr]   Downloaded decoded-char v0.1.1
[INFO] [stderr]   Downloaded contextual v0.1.6
[INFO] [stderr]   Downloaded rdf-types v0.22.5
[INFO] [stderr]   Downloaded static-iref v3.0.0
[INFO] [stderr]   Downloaded iref v3.2.2
[INFO] [stderr]   Downloaded json-ld v0.21.4
[INFO] [stderr]   Downloaded static-regular-grammar v2.0.2
[INFO] [stderr]   Downloaded pct-str v2.0.0
[INFO] [stderr]   Downloaded json-ld-syntax v0.21.4
[INFO] [stderr]   Downloaded json-ld-serialization v0.21.4
[INFO] [stderr]   Downloaded mown v0.2.2
[INFO] [stderr]   Downloaded iref-core v3.2.2
[INFO] [stderr]   Downloaded btree-range-map v0.7.2
[INFO] [stderr]   Downloaded range-traits v0.3.2
[INFO] [stderr]   Downloaded cc-traits v2.0.0
[INFO] [stderr]   Downloaded btree-slab v0.6.1
[INFO] [stderr]   Downloaded abnf v0.13.0
[INFO] [stderr]   Downloaded abnf-core v0.5.0
[INFO] [stderr]   Downloaded replace_with v0.1.8
[INFO] [stderr]   Downloaded raw-btree v0.3.3
[INFO] [stderr]   Downloaded langtag v0.4.0
[INFO] [stderr]   Downloaded educe v0.5.11
[INFO] [stderr]   Downloaded xsd-types v0.9.6
[INFO] [stderr]   Downloaded pretty_dtoa v0.3.0
[INFO] [stderr]   Downloaded ryu_floating_decimal v0.1.0
[INFO] [stderr]   Downloaded linked-data v0.1.2
[INFO] [stderr]   Downloaded linked-data-derive v0.1.0
[INFO] [stderr]   Downloaded json-ld-core v0.21.4
[INFO] [stderr]   Downloaded permutohedron v0.2.4
[INFO] [stderr]   Downloaded json-ld-expansion v0.21.4
[INFO] [stderr]   Downloaded json-ld-context-processing v0.21.4
[INFO] [stderr]   Downloaded json-ld-compaction v0.21.4
[INFO] [stderr]   Downloaded human-sort v0.2.2
[INFO] [stderr]   Downloaded equs-one-core-standardized-types v0.1.0
[INFO] [stderr]   Downloaded ct-codecs v1.1.6
[INFO] [stderr]   Downloaded equs-one-core-proc-macros v0.1.0
[INFO] [stderr]   Downloaded equs-one-core-shared-types v0.1.0
[INFO] [stderr]   Downloaded equs-one-core-dcql v0.1.0
[INFO] [stderr]   Downloaded equs-one-core-crypto v0.1.0
[INFO] [stderr]   Downloaded rand_xorshift v0.3.0
[INFO] [stderr]   Downloaded equs-one-core-portable v0.1.0
[INFO] [stderr]   Downloaded bon v3.8.1
[INFO] [stderr]   Downloaded bon-macros v3.8.1
[INFO] [stderr]   Downloaded rand v0.10.0
[INFO] [stderr]   Downloaded spki v0.8.0-rc.4
[INFO] [stderr]   Downloaded ml-dsa v0.1.0-rc.7
[INFO] [stderr]   Downloaded signature v3.0.0-rc.10
[INFO] [stderr]   Downloaded module-lattice v0.1.0
[INFO] [stderr]   Downloaded equs-pairing-crypto v0.1.0
[INFO] [stderr]   Downloaded block-buffer v0.11.0
[INFO] [stderr]   Downloaded keccak v0.2.0-rc.1
[INFO] [stderr]   Downloaded der v0.8.0-rc.10
[INFO] [stderr]   Downloaded digest v0.11.0-rc.11
[INFO] [stderr]   Downloaded crypto-common v0.2.0-rc.15
[INFO] [stderr]   Downloaded hybrid-array v0.4.7
[INFO] [stderr]   Downloaded pkcs8 v0.11.0-rc.10
[INFO] [stderr]   Downloaded sha3 v0.11.0-rc.7
[INFO] [stderr]   Downloaded pairing v0.22.0
[INFO] [stderr]   Downloaded concat-kdf v0.1.0
[INFO] [stderr]   Downloaded hmac v0.11.0
[INFO] [stderr]   Downloaded pairing v0.23.0
[INFO] [stderr]   Downloaded equs-blstrs v0.1.0
[INFO] [stderr]   Downloaded cocoon v0.4.3
[INFO] [stderr]   Downloaded pbkdf2 v0.9.0
[INFO] [stderr]   Downloaded blstrs v0.7.1
[INFO] [stderr]   Downloaded crypto-mac v0.11.0
[INFO] [stderr]   Downloaded ed25519-compact v2.2.0
[INFO] [stderr]   Downloaded assert2-macros v0.3.16
[INFO] [stderr]   Downloaded blst v0.3.10
[INFO] [stderr]   Downloaded coset v0.4.0
[INFO] [stderr]   Downloaded assert2 v0.3.16
[INFO] running `Command { std: "docker" "create" "-v" "/var/lib/crater-agent-workspace/builds/worker-0-tc1/source:/opt/rustwide/workdir:ro,Z" "-v" "/var/lib/crater-agent-workspace/builds/worker-0-tc1/target:/opt/rustwide/target:rw,Z" "-v" "/var/lib/crater-agent-workspace/cargo-home:/opt/rustwide/cargo-home:ro,Z" "-v" "/var/lib/crater-agent-workspace/rustup-home:/opt/rustwide/rustup-home:ro,Z" "-m" "1610612736" "--network" "none" "ghcr.io/rust-lang/crates-build-env/linux@sha256:77db811e55d90add9212f6832c23229e3de5f1c1f9905e8cb07319ea15df73ac" "sleep" "infinity", kill_on_drop: false }`
[INFO] [stdout] 791ed808e64a5cac0681b2770065004966efb1883d7e80d247fe1fdb80b8e7f9
[INFO] running `Command { std: "docker" "start" "791ed808e64a5cac0681b2770065004966efb1883d7e80d247fe1fdb80b8e7f9", kill_on_drop: false }`
[INFO] running `Command { std: "docker" "inspect" "791ed808e64a5cac0681b2770065004966efb1883d7e80d247fe1fdb80b8e7f9", kill_on_drop: false }`
[INFO] running `Command { std: "docker" "exec" "-e" "SOURCE_DIR=/opt/rustwide/workdir" "-e" "CARGO_HOME=/opt/rustwide/cargo-home" "-e" "RUSTUP_HOME=/opt/rustwide/rustup-home" "-e" "CARGO_TARGET_DIR=/opt/rustwide/target" "-w" "/opt/rustwide/workdir" "--user" "0:0" "791ed808e64a5cac0681b2770065004966efb1883d7e80d247fe1fdb80b8e7f9" "/opt/rustwide/cargo-home/bin/cargo" "+3154cc1a3e6424e44f438a95007d043ed5ceaaf6" "metadata" "--no-deps" "--format-version=1", kill_on_drop: false }`
[INFO] running `Command { std: "docker" "inspect" "791ed808e64a5cac0681b2770065004966efb1883d7e80d247fe1fdb80b8e7f9", kill_on_drop: false }`
[INFO] running `Command { std: "docker" "exec" "-e" "SOURCE_DIR=/opt/rustwide/workdir" "-e" "CARGO_HOME=/opt/rustwide/cargo-home" "-e" "RUSTUP_HOME=/opt/rustwide/rustup-home" "-e" "CARGO_TARGET_DIR=/opt/rustwide/target" "-e" "CARGO_INCREMENTAL=0" "-e" "RUST_BACKTRACE=full" "-e" "RUSTFLAGS=--cap-lints=forbid -Znext-solver=coherence" "-e" "RUSTDOCFLAGS=--cap-lints=forbid" "-w" "/opt/rustwide/workdir" "--user" "0:0" "791ed808e64a5cac0681b2770065004966efb1883d7e80d247fe1fdb80b8e7f9" "/opt/rustwide/cargo-home/bin/cargo" "+3154cc1a3e6424e44f438a95007d043ed5ceaaf6" "check" "--frozen" "--all" "--all-targets" "--message-format=json", kill_on_drop: false }`
[INFO] [stderr]    Compiling proc-macro2 v1.0.103
[INFO] [stderr]    Compiling quote v1.0.42
[INFO] [stderr]    Compiling unicode-ident v1.0.22
[INFO] [stderr]    Compiling libc v0.2.178
[INFO] [stderr]    Compiling typenum v1.19.0
[INFO] [stderr]    Compiling zerocopy v0.8.31
[INFO] [stderr]    Compiling generic-array v0.14.7
[INFO] [stderr]     Checking itoa v1.0.16
[INFO] [stderr]    Compiling find-msvc-tools v0.1.5
[INFO] [stderr]     Checking smallvec v1.15.1
[INFO] [stderr]     Checking ryu v1.0.21
[INFO] [stderr]    Compiling serde_json v1.0.146
[INFO] [stderr]    Compiling memchr v2.7.6
[INFO] [stderr]    Compiling icu_normalizer_data v2.1.1
[INFO] [stderr]    Compiling icu_properties_data v2.1.2
[INFO] [stderr]    Compiling cc-traits v2.0.0
[INFO] [stderr]    Compiling nom v7.1.3
[INFO] [stderr]    Compiling syn v2.0.111
[INFO] [stderr]    Compiling syn v1.0.109
[INFO] [stderr]    Compiling proc-macro-error-attr v1.0.4
[INFO] [stderr]    Compiling jobserver v0.1.34
[INFO] [stderr]    Compiling ciborium-io v0.2.2
[INFO] [stderr]     Checking getrandom v0.2.16
[INFO] [stderr]     Checking getrandom v0.3.4
[INFO] [stderr]     Checking rand_core v0.6.4
[INFO] [stderr]    Compiling btree-slab v0.6.1
[INFO] [stderr]    Compiling cc v1.2.50
[INFO] [stderr]     Checking indexmap v2.12.1
[INFO] [stderr]    Compiling range-traits v0.3.2
[INFO] [stderr]    Compiling crypto-common v0.1.7
[INFO] [stderr]    Compiling block-buffer v0.10.4
[INFO] [stderr]    Compiling hex_fmt v0.3.0
[INFO] [stderr]    Compiling digest v0.10.7
[INFO] [stderr]    Compiling time-core v0.1.8
[INFO] [stderr]    Compiling radium v0.7.0
[INFO] [stderr]    Compiling sha2 v0.10.9
[INFO] [stderr]    Compiling num-conv v0.2.0
[INFO] [stderr]     Checking tap v1.0.1
[INFO] [stderr]     Checking wyz v0.5.1
[INFO] [stderr]     Checking funty v2.0.0
[INFO] [stderr]     Checking lexical-util v1.0.7
[INFO] [stderr]     Checking num-bigint v0.4.6
[INFO] [stderr]     Checking socket2 v0.6.1
[INFO] [stderr]     Checking bitvec v1.0.1
[INFO] [stderr]     Checking mio v1.1.1
[INFO] [stderr]    Compiling abnf-core v0.5.0
[INFO] [stderr]    Compiling cmake v0.1.57
[INFO] [stderr]    Compiling abnf v0.13.0
[INFO] [stderr]    Compiling utf8-decode v1.0.1
[INFO] [stderr]     Checking writeable v0.6.2
[INFO] [stderr]     Checking litemap v0.8.1
[INFO] [stderr]     Checking deranged v0.5.5
[INFO] [stderr]    Compiling aws-lc-sys v0.39.0
[INFO] [stderr]     Checking lexical-write-integer v1.0.6
[INFO] [stderr]     Checking lexical-parse-integer v1.0.6
[INFO] [stderr]    Compiling time-macros v0.2.27
[INFO] [stderr]     Checking rand_xorshift v0.3.0
[INFO] [stderr]    Compiling ahash v0.7.8
[INFO] [stderr]     Checking num_threads v0.1.7
[INFO] [stderr]     Checking base64ct v1.8.1
[INFO] [stderr]    Compiling proc-macro-error v1.0.4
[INFO] [stderr]    Compiling libz-sys v1.1.23
[INFO] [stderr]     Checking lexical-write-float v1.0.6
[INFO] [stderr]     Checking lexical-parse-float v1.0.6
[INFO] [stderr]    Compiling num-traits v0.2.19
[INFO] [stderr]     Checking aho-corasick v1.1.4
[INFO] [stderr]    Compiling aws-lc-rs v1.16.2
[INFO] [stderr]     Checking regex-syntax v0.8.8
[INFO] [stderr]     Checking iana-time-zone v0.1.64
[INFO] [stderr]     Checking lexical-core v1.0.6
[INFO] [stderr]     Checking time v0.3.47
[INFO] [stderr]     Checking num-rational v0.4.2
[INFO] [stderr]    Compiling num-integer v0.1.46
[INFO] [stderr]    Compiling indexmap v1.9.3
[INFO] [stderr]    Compiling ryu_floating_decimal v0.1.0
[INFO] [stderr]    Compiling synstructure v0.13.2
[INFO] [stderr]    Compiling darling_core v0.21.3
[INFO] [stderr]     Checking hashbrown v0.12.3
[INFO] [stderr]     Checking lexical v7.0.5
[INFO] [stderr]     Checking pem-rfc7468 v0.7.0
[INFO] [stderr]     Checking contextual v0.1.6
[INFO] [stderr]     Checking regex-automata v0.4.13
[INFO] [stderr]     Checking ryu-js v0.2.2
[INFO] [stderr]     Checking untrusted v0.7.1
[INFO] [stderr]    Compiling locspan-derive v0.6.0
[INFO] [stderr]     Checking chrono v0.4.42
[INFO] [stderr]     Checking ff v0.13.1
[INFO] [stderr]    Compiling libgit2-sys v0.18.3+1.9.2
[INFO] [stderr]     Checking http v1.4.0
[INFO] [stderr]    Compiling zeroize_derive v1.4.2
[INFO] [stderr]    Compiling serde_derive v1.0.228
[INFO] [stderr]    Compiling zerocopy-derive v0.8.31
[INFO] [stderr]    Compiling zerofrom-derive v0.1.6
[INFO] [stderr]     Checking zeroize v1.8.2
[INFO] [stderr]    Compiling yoke-derive v0.8.1
[INFO] [stderr]    Compiling displaydoc v0.2.5
[INFO] [stderr]    Compiling zerovec-derive v0.11.2
[INFO] [stderr]    Compiling thiserror-impl v1.0.69
[INFO] [stderr]     Checking zerofrom v0.1.6
[INFO] [stderr]    Compiling futures-macro v0.3.31
[INFO] [stderr]     Checking yoke v0.8.1
[INFO] [stderr]    Compiling thiserror-impl v2.0.17
[INFO] [stderr]     Checking futures-util v0.3.31
[INFO] [stderr]     Checking zerovec v0.11.5
[INFO] [stderr]    Compiling thiserror v1.0.69
[INFO] [stderr]    Compiling tokio-macros v2.6.0
[INFO] [stderr]     Checking thiserror v2.0.17
[INFO] [stderr]     Checking tinystr v0.8.2
[INFO] [stderr]     Checking serde v1.0.228
[INFO] [stderr]     Checking ppv-lite86 v0.2.21
[INFO] [stderr]     Checking tokio v1.48.0
[INFO] [stderr]    Compiling pct-str v2.0.0
[INFO] [stderr]    Compiling half v2.7.1
[INFO] [stderr]     Checking rand_chacha v0.3.1
[INFO] [stderr]     Checking icu_locale_core v2.1.1
[INFO] [stderr]     Checking potential_utf v0.1.4
[INFO] [stderr]     Checking zerotrie v0.2.3
[INFO] [stderr]     Checking rand v0.8.5
[INFO] [stderr]    Compiling ciborium-ll v0.2.2
[INFO] [stderr]    Compiling btree-range-map v0.7.2
[INFO] [stderr]     Checking icu_collections v2.1.1
[INFO] [stderr]     Checking icu_provider v2.1.1
[INFO] [stderr]    Compiling ciborium v0.2.2
[INFO] [stderr]     Checking block-padding v0.3.3
[INFO] [stderr]     Checking inout v0.1.4
[INFO] [stderr]    Compiling enum-ordinalize-derive v4.3.2
[INFO] [stderr]     Checking icu_properties v2.1.2
[INFO] [stderr]     Checking cipher v0.4.4
[INFO] [stderr]     Checking icu_normalizer v2.1.1
[INFO] [stderr]    Compiling static-regular-grammar v2.0.2
[INFO] [stderr]    Compiling enum-ordinalize v4.3.2
[INFO] [stderr]     Checking ahash v0.8.12
[INFO] [stderr]    Compiling educe v0.5.11
[INFO] [stderr]     Checking json-number v0.4.9
[INFO] [stderr]     Checking idna_adapter v1.2.1
[INFO] [stderr]     Checking smallstr v0.3.1
[INFO] [stderr]     Checking hmac v0.12.1
[INFO] [stderr]     Checking regex v1.12.2
[INFO] [stderr]    Compiling darling_macro v0.21.3
[INFO] [stderr]     Checking digest v0.9.0
[INFO] [stderr]     Checking hybrid-array v0.4.7
[INFO] [stderr]     Checking der v0.7.10
[INFO] [stderr]     Checking rustls-pki-types v1.14.0
[INFO] [stderr]    Compiling enum-ordinalize v3.1.15
[INFO] [stderr]     Checking num_cpus v1.17.0
[INFO] [stderr]     Checking bitmaps v2.1.0
[INFO] [stderr]    Compiling im v15.1.0
[INFO] [stderr]     Checking decoded-char v0.1.1
[INFO] [stderr]     Checking locspan v0.8.2
[INFO] [stderr]     Checking replace_with v0.1.8
[INFO] [stderr]     Checking raw-btree v0.3.3
[INFO] [stderr]     Checking idna v1.1.0
[INFO] [stderr]     Checking json-syntax v0.12.5
[INFO] [stderr]     Checking spki v0.7.3
[INFO] [stderr]    Compiling educe v0.4.23
[INFO] [stderr]     Checking sized-chunks v0.6.5
[INFO] [stderr]    Compiling darling v0.21.3
[INFO] [stderr]     Checking futures-executor v0.3.31
[INFO] [stderr]     Checking group v0.13.0
[INFO] [stderr]     Checking universal-hash v0.5.1
[INFO] [stderr]    Compiling tracing-attributes v0.1.31
[INFO] [stderr]     Checking pretty_dtoa v0.3.0
[INFO] [stderr]     Checking rand_xoshiro v0.6.0
[INFO] [stderr]     Checking ordered-float v3.9.2
[INFO] [stderr]     Checking tracing-core v0.1.36
[INFO] [stderr]     Checking bitflags v2.10.0
[INFO] [stderr]     Checking base16ct v0.2.0
[INFO] [stderr]     Checking block-padding v0.2.1
[INFO] [stderr]     Checking rand_core v0.10.0
[INFO] [stderr]     Checking serdect v0.2.0
[INFO] [stderr]     Checking block-buffer v0.9.0
[INFO] [stderr]     Checking tracing v0.1.44
[INFO] [stderr]     Checking tokio-util v0.7.17
[INFO] [stderr]     Checking futures v0.3.31
[INFO] [stderr]     Checking pkcs8 v0.10.2
[INFO] [stderr]     Checking hashbrown v0.13.2
[INFO] [stderr]    Compiling iref-core v3.2.2
[INFO] [stderr]     Checking langtag v0.4.0
[INFO] [stderr]     Checking http-body v1.0.1
[INFO] [stderr]    Compiling darling_core v0.23.0
[INFO] [stderr]    Compiling blst v0.3.10
[INFO] [stderr]    Compiling rustls v0.23.37
[INFO] [stderr]    Compiling const_format_proc_macros v0.2.34
[INFO] [stderr]     Checking sec1 v0.7.3
[INFO] [stderr]     Checking url v2.5.7
[INFO] [stderr]     Checking iref v3.2.2
[INFO] [stderr]     Checking crypto-common v0.2.0-rc.15
[INFO] [stderr]     Checking block-buffer v0.11.0
[INFO] [stderr]     Checking threadpool v1.8.1
[INFO] [stderr]     Checking hkdf v0.12.4
[INFO] [stderr]     Checking crypto-bigint v0.5.5
[INFO] [stderr]     Checking ff v0.12.1
[INFO] [stderr]    Compiling percent-encoding v2.3.2
[INFO] [stderr]     Checking const-oid v0.10.2
[INFO] [stderr]     Checking permutohedron v0.2.4
[INFO] [stderr]     Checking digest v0.11.0-rc.11
[INFO] [stderr]     Checking elliptic-curve v0.13.8
[INFO] [stderr]    Compiling form_urlencoded v1.2.2
[INFO] [stderr]     Checking h2 v0.4.12
[INFO] [stderr]    Compiling static-iref v3.0.0
[INFO] [stderr]     Checking group v0.12.1
[INFO] [stderr]     Checking sha2 v0.9.9
[INFO] [stderr]     Checking rdf-types v0.22.5
[INFO] [stderr]     Checking xsd-types v0.9.6
[INFO] [stderr]    Compiling linked-data-derive v0.1.0
[INFO] [stderr]    Compiling darling_macro v0.23.0
[INFO] [stderr]    Compiling darling v0.23.0
[INFO] [stderr]     Checking rusticata-macros v4.1.0
[INFO] [stderr]     Checking polyval v0.6.2
[INFO] [stderr]    Compiling serde_with_macros v3.16.1
[INFO] [stderr]    Compiling strum_macros v0.27.2
[INFO] [stderr]     Checking aes v0.8.4
[INFO] [stderr]     Checking json-ld-syntax v0.21.4
[INFO] [stderr]     Checking der v0.8.0-rc.10
[INFO] [stderr]     Checking aead v0.5.2
[INFO] [stderr]     Checking crypto-mac v0.11.0
[INFO] [stderr]    Compiling asn1-rs-derive v0.6.0
[INFO] [stderr]    Compiling asn1-rs-impl v0.2.0
[INFO] [stderr]    Compiling darling_core v0.20.11
[INFO] [stderr]     Checking uuid v1.19.0
[INFO] [stderr]     Checking byte-slice-cast v1.2.3
[INFO] [stderr]     Checking ct-codecs v1.1.6
[INFO] [stderr]    Compiling mockall_derive v0.14.0
[INFO] [stderr]    Compiling powerfmt v0.2.0
[INFO] [stderr]    Compiling getrandom v0.4.2
[INFO] [stderr]    Compiling tz-rs v0.7.1
[INFO] [stderr]     Checking hyper v1.8.1
[INFO] [stderr]     Checking strum v0.27.2
[INFO] [stderr]    Compiling tzdb_data v0.2.3
[INFO] [stderr]     Checking asn1-rs v0.7.1
[INFO] [stderr]     Checking linked-data v0.1.2
[INFO] [stderr]     Checking spki v0.8.0-rc.4
[INFO] [stderr]     Checking json-ld-core v0.21.4
[INFO] [stderr]     Checking hmac v0.11.0
[INFO] [stderr]     Checking serde_with v3.16.1
[INFO] [stderr]     Checking ghash v0.5.1
[INFO] [stderr]    Compiling equs-one-core-proc-macros v0.1.0
[INFO] [stderr]     Checking pairing v0.22.0
[INFO] [stderr]     Checking parking_lot_core v0.9.12
[INFO] [stderr]    Compiling darling_macro v0.20.11
[INFO] [stderr]    Compiling prettyplease v0.2.37
[INFO] [stderr]     Checking poly1305 v0.8.0
[INFO] [stderr]     Checking rfc6979 v0.4.0
[INFO] [stderr]     Checking chacha20 v0.9.1
[INFO] [stderr]     Checking ctr v0.9.2
[INFO] [stderr]     Checking secrecy v0.10.3
[INFO] [stderr]     Checking signature v2.2.0
[INFO] [stderr]    Compiling proc-macro2-diagnostics v0.10.1
[INFO] [stderr]    Compiling uncased v0.9.10
[INFO] [stderr]    Compiling mockall v0.14.0
[INFO] [stderr]     Checking keccak v0.2.0-rc.1
[INFO] [stderr]    Compiling rustix v1.1.3
[INFO] [stderr]     Checking simd-adler32 v0.3.8
[INFO] [stderr]    Compiling oid-registry v0.8.1
[INFO] [stderr]    Compiling winnow v0.7.14
[INFO] [stderr]     Checking anstyle v1.0.13
[INFO] [stderr]     Checking mown v0.2.2
[INFO] [stderr]    Compiling log v0.4.29
[INFO] [stderr]     Checking sha3 v0.9.1
[INFO] [stderr]     Checking equs-one-core-standardized-types v0.1.0
[INFO] [stderr]     Checking json-ld-context-processing v0.21.4
[INFO] [stderr]    Compiling bon-macros v3.8.1
[INFO] [stderr]     Checking predicates v3.1.3
[INFO] [stderr]     Checking hyper-util v0.1.19
[INFO] [stderr]     Checking rustls-native-certs v0.8.3
[INFO] [stderr]     Checking sha3 v0.11.0-rc.7
[INFO] [stderr]    Compiling tzdb v0.7.3
[INFO] [stderr]     Checking chacha20 v0.10.0
[INFO] [stderr]    Compiling toml_parser v1.0.6+spec-1.1.0
[INFO] [stderr]     Checking ecdsa v0.16.9
[INFO] [stderr]     Checking aes-gcm v0.10.3
[INFO] [stderr]     Checking chacha20poly1305 v0.10.1
[INFO] [stderr]    Compiling darling v0.20.11
[INFO] [stderr]     Checking equs-blstrs v0.1.0
[INFO] [stderr]     Checking pbkdf2 v0.9.0
[INFO] [stderr]     Checking pkcs8 v0.11.0-rc.10
[INFO] [stderr]     Checking similar v2.7.0
[INFO] [stderr]     Checking primeorder v0.13.6
[INFO] [stderr]     Checking signature v3.0.0-rc.10
[INFO] [stderr]    Compiling const_format v0.2.35
[INFO] [stderr]     Checking pairing v0.23.0
[INFO] [stderr]     Checking module-lattice v0.1.0
[INFO] [stderr]    Compiling ref-cast-impl v1.0.25
[INFO] [stderr]    Compiling curve25519-dalek v4.1.3
[INFO] [stderr]     Checking password-hash v0.5.0
[INFO] [stderr]     Checking console v0.15.11
[INFO] [stderr]     Checking sync_wrapper v1.0.2
[INFO] [stderr]    Compiling figment v0.10.19
[INFO] [stderr]     Checking zlib-rs v0.5.5
[INFO] [stderr]     Checking linux-raw-sys v0.11.0
[INFO] [stderr]    Compiling is_debug v1.1.0
[INFO] [stderr]     Checking oxiri v0.2.11
[INFO] [stderr]    Compiling yansi v1.0.1
[INFO] [stderr]    Compiling toml_datetime v0.7.5+spec-1.1.0
[INFO] [stderr]     Checking fragile v2.0.1
[INFO] [stderr]     Checking tower v0.5.2
[INFO] [stderr]    Compiling toml_edit v0.23.10+spec-1.0.0
[INFO] [stderr]     Checking bon v3.8.1
[INFO] [stderr]     Checking libz-rs-sys v0.5.5
[INFO] [stderr]     Checking sophia_iri v0.9.0
[INFO] [stderr]     Checking miniz_oxide v0.8.9
[INFO] [stderr]     Checking similar-asserts v1.7.0
[INFO] [stderr]     Checking pbkdf2 v0.12.2
[INFO] [stderr]     Checking serde_yaml v0.9.34+deprecated
[INFO] [stderr]     Checking ref-cast v1.0.25
[INFO] [stderr]     Checking ml-dsa v0.1.0-rc.7
[INFO] [stderr]     Checking p256 v0.13.2
[INFO] [stderr]     Checking blstrs v0.7.1
[INFO] [stderr]     Checking equs-pairing-crypto v0.1.0
[INFO] [stderr]     Checking rand v0.10.0
[INFO] [stderr]     Checking cocoon v0.4.3
[INFO] [stderr]    Compiling one-dto-mapper-derive v0.1.10
[INFO] [stderr]     Checking json-ld-expansion v0.21.4
[INFO] [stderr]     Checking der-parser v10.0.0
[INFO] [stderr]     Checking ed25519-compact v2.2.0
[INFO] [stderr]     Checking aes-kw v0.2.1
[INFO] [stderr]     Checking http-body-util v0.1.3
[INFO] [stderr]    Compiling strum_macros v0.26.4
[INFO] [stderr]     Checking spin v0.9.8
[INFO] [stderr]     Checking rand_chacha v0.10.0
[INFO] [stderr]     Checking cbc v0.1.2
[INFO] [stderr]     Checking sha1 v0.10.6
[INFO] [stderr]     Checking concat-kdf v0.1.0
[INFO] [stderr]    Compiling async-trait v0.1.89
[INFO] [stderr]    Compiling curve25519-dalek-derive v0.1.1
[INFO] [stderr]    Compiling assert2-macros v0.3.16
[INFO] [stderr]    Compiling rstest_macros v0.26.1
[INFO] [stderr]     Checking num-iter v0.1.45
[INFO] [stderr]     Checking num-complex v0.4.6
[INFO] [stderr]     Checking resiter v0.5.0
[INFO] [stderr]     Checking fmap v0.8.3
[INFO] [stderr]     Checking inventory v0.3.21
[INFO] [stderr]     Checking bumpalo v3.19.1
[INFO] [stderr]     Checking mownstr v0.3.1
[INFO] [stderr]     Checking iri-string v0.7.9
[INFO] [stderr]     Checking sophia_api v0.9.0
[INFO] [stderr]     Checking zopfli v0.8.3
[INFO] [stderr]     Checking one-dto-mapper v0.1.10
[INFO] [stderr]     Checking equs-one-core-crypto v0.1.0
[INFO] [stderr]    Compiling ouroboros_macro v0.18.5
[INFO] [stderr]     Checking serde_json_path_core v0.2.2
[INFO] [stderr]     Checking strum v0.26.3
[INFO] [stderr]     Checking num v0.4.3
[INFO] [stderr]     Checking tempfile v3.23.0
[INFO] [stderr]     Checking fluent-uri v0.4.1
[INFO] [stderr]     Checking tower-http v0.6.8
[INFO] [stderr]     Checking flume v0.12.0
[INFO] [stderr]     Checking json-ld-compaction v0.21.4
[INFO] [stderr]     Checking lzma-rust2 v0.15.5
[INFO] [stderr]     Checking equs-one-core-dcql v0.1.0
[INFO] [stderr]    Compiling proc-macro-crate v3.4.0
[INFO] [stderr]     Checking flate2 v1.1.5
[INFO] [stderr]     Checking bit-set v0.8.0
[INFO] [stderr]     Checking json-ld-serialization v0.21.4
[INFO] [stderr]     Checking parking_lot v0.12.5
[INFO] [stderr]     Checking equs-one-core-shared-types v0.1.0
[INFO] [stderr]     Checking tokio-stream v0.1.17
[INFO] [stderr]     Checking hex v0.4.3
[INFO] [stderr]    Compiling serde_json_path_macros_internal v0.1.2
[INFO] [stderr]     Checking yasna v0.5.2
[INFO] [stderr]     Checking core2 v0.4.0
[INFO] [stderr]     Checking aliasable v0.1.3
[INFO] [stderr]     Checking fixedbitset v0.5.7
[INFO] [stderr]     Checking deadpool-runtime v0.1.4
[INFO] [stderr]    Compiling relative-path v1.9.3
[INFO] [stderr]     Checking unsigned-varint v0.8.0
[INFO] [stderr]     Checking bs58 v0.5.1
[INFO] [stderr]     Checking hex-literal v1.1.0
[INFO] [stderr]     Checking ndef-rs v0.2.3
[INFO] [stderr]     Checking multihash v0.19.3
[INFO] [stderr]     Checking serde_json_path_macros v0.1.6
[INFO] [stderr]     Checking zip v7.0.0
[INFO] [stderr]     Checking equs-one-core-portable v0.1.0
[INFO] [stderr]     Checking dashmap v6.1.0
[INFO] [stderr]     Checking deadpool v0.12.3
[INFO] [stderr]     Checking ouroboros v0.18.5
[INFO] [stderr]     Checking json-ld v0.21.4
[INFO] [stderr]     Checking referencing v0.38.1
[INFO] [stderr]     Checking fancy-regex v0.17.0
[INFO] [stderr]     Checking x25519-dalek v2.0.1
[INFO] [stderr]     Checking fraction v0.15.3
[INFO] [stderr]     Checking sophia_c14n v0.9.0
[INFO] [stderr]     Checking coset v0.4.0
[INFO] [stderr]     Checking convert_case v0.10.0
[INFO] [stderr]     Checking serde_urlencoded v0.7.1
[INFO] [stderr]     Checking mrtd v0.5.2
[INFO] [stderr]     Checking email_address v0.2.9
[INFO] [stderr]     Checking serde_qs v0.15.0
[INFO] [stderr]     Checking jsonptr v0.7.1
[INFO] [stderr]     Checking bincode v1.3.3
[INFO] [stderr]     Checking assert-json-diff v2.0.2
[INFO] [stderr]    Compiling serde_repr v0.1.20
[INFO] [stderr]     Checking wait-timeout v0.2.1
[INFO] [stderr]     Checking human-sort v0.2.2
[INFO] [stderr]     Checking maplit v1.0.2
[INFO] [stderr]     Checking rusty-fork v0.3.1
[INFO] [stderr]     Checking jsonschema v0.38.1
[INFO] [stderr]     Checking assert2 v0.3.16
[INFO] [stderr]     Checking wiremock v0.6.5
[INFO] [stderr]     Checking serde_json_path v0.7.2
[INFO] [stderr]     Checking rstest v0.26.1
[INFO] [stderr]    Compiling git2 v0.20.4
[INFO] [stderr]     Checking rustls-webpki v0.103.10
[INFO] [stderr]     Checking x509-parser v0.18.1
[INFO] [stderr]     Checking shadow-rs v1.5.0
[INFO] [stderr]     Checking rcgen v0.14.7
[INFO] [stderr]    Compiling equs-one-core v0.1.1 (/opt/rustwide/workdir)
[INFO] [stderr]     Checking tokio-rustls v0.26.4
[INFO] [stderr]     Checking rustls-platform-verifier v0.6.2
[INFO] [stderr]     Checking hyper-rustls v0.27.7
[INFO] [stderr]     Checking rumqttc-next v0.27.0
[INFO] [stderr]     Checking reqwest v0.13.2
[INFO] [stdout] error[E0432]: unresolved import `crate::provider::key_algorithm::provider::MockKeyAlgorithmProvider`
[INFO] [stdout]   --> src/proto/certificate_validator/test.rs:28:5
[INFO] [stdout]    |
[INFO] [stdout] 28 | use crate::provider::key_algorithm::provider::MockKeyAlgorithmProvider;
[INFO] [stdout]    |     ^^^^^^^^^^^^^^^^^^^^^^^^^^^^^^^^^^^^^^^^^^------------------------
[INFO] [stdout]    |                                               |
[INFO] [stdout]    |                                               no `MockKeyAlgorithmProvider` in `provider::key_algorithm::provider`
[INFO] [stdout]    |
[INFO] [stdout] help: a similar name exists in the module
[INFO] [stdout]    |
[INFO] [stdout] 28 - use crate::provider::key_algorithm::provider::MockKeyAlgorithmProvider;
[INFO] [stdout] 28 + use crate::provider::key_algorithm::provider::KeyAlgorithmProvider;
[INFO] [stdout]    |
[INFO] [stdout] 
[INFO] [stdout] 
[INFO] [stdout] error[E0432]: unresolved import `crate::provider::key_algorithm::provider::MockKeyAlgorithmProvider`
[INFO] [stdout]   --> src/proto/credential_validity_manager/test.rs:36:5
[INFO] [stdout]    |
[INFO] [stdout] 36 | use crate::provider::key_algorithm::provider::MockKeyAlgorithmProvider;
[INFO] [stdout]    |     ^^^^^^^^^^^^^^^^^^^^^^^^^^^^^^^^^^^^^^^^^^------------------------
[INFO] [stdout]    |                                               |
[INFO] [stdout]    |                                               no `MockKeyAlgorithmProvider` in `provider::key_algorithm::provider`
[INFO] [stdout]    |
[INFO] [stdout] help: a similar name exists in the module
[INFO] [stdout]    |
[INFO] [stdout] 36 - use crate::provider::key_algorithm::provider::MockKeyAlgorithmProvider;
[INFO] [stdout] 36 + use crate::provider::key_algorithm::provider::KeyAlgorithmProvider;
[INFO] [stdout]    |
[INFO] [stdout] 
[INFO] [stdout] 
[INFO] [stdout] error[E0432]: unresolved import `crate::provider::key_algorithm::MockKeyAlgorithm`
[INFO] [stdout]   --> src/proto/identifier_creator/test.rs:27:5
[INFO] [stdout]    |
[INFO] [stdout] 27 | use crate::provider::key_algorithm::MockKeyAlgorithm;
[INFO] [stdout]    |     ^^^^^^^^^^^^^^^^^^^^^^^^^^^^^^^^----------------
[INFO] [stdout]    |                                     |
[INFO] [stdout]    |                                     no `MockKeyAlgorithm` in `provider::key_algorithm`
[INFO] [stdout]    |
[INFO] [stdout] help: a similar name exists in the module
[INFO] [stdout]    |
[INFO] [stdout] 27 - use crate::provider::key_algorithm::MockKeyAlgorithm;
[INFO] [stdout] 27 + use crate::provider::key_algorithm::KeyAlgorithm;
[INFO] [stdout]    |
[INFO] [stdout] 
[INFO] [stdout] 
[INFO] [stdout] error[E0432]: unresolved import `crate::provider::key_algorithm::key::MockSignaturePublicKeyHandle`
[INFO] [stdout]   --> src/proto/identifier_creator/test.rs:29:16
[INFO] [stdout]    |
[INFO] [stdout] 29 |     KeyHandle, MockSignaturePublicKeyHandle, SignatureKeyHandle,
[INFO] [stdout]    |                ^^^^^^^^^^^^^^^^^^^^^^^^^^^^ no `MockSignaturePublicKeyHandle` in `provider::key_algorithm::key`
[INFO] [stdout]    |
[INFO] [stdout] help: a similar name exists in the module
[INFO] [stdout]    |
[INFO] [stdout] 29 -     KeyHandle, MockSignaturePublicKeyHandle, SignatureKeyHandle,
[INFO] [stdout] 29 +     KeyHandle, SignaturePublicKeyHandle, SignatureKeyHandle,
[INFO] [stdout]    |
[INFO] [stdout] 
[INFO] [stdout] 
[INFO] [stdout] error[E0432]: unresolved import `crate::provider::key_algorithm::provider::MockKeyAlgorithmProvider`
[INFO] [stdout]   --> src/proto/identifier_creator/test.rs:31:48
[INFO] [stdout]    |
[INFO] [stdout] 31 | use crate::provider::key_algorithm::provider::{MockKeyAlgorithmProvider, ParsedKey};
[INFO] [stdout]    |                                                ^^^^^^^^^^^^^^^^^^^^^^^^ no `MockKeyAlgorithmProvider` in `provider::key_algorithm::provider`
[INFO] [stdout]    |
[INFO] [stdout] help: a similar name exists in the module
[INFO] [stdout]    |
[INFO] [stdout] 31 - use crate::provider::key_algorithm::provider::{MockKeyAlgorithmProvider, ParsedKey};
[INFO] [stdout] 31 + use crate::provider::key_algorithm::provider::{KeyAlgorithmProvider, ParsedKey};
[INFO] [stdout]    |
[INFO] [stdout] 
[INFO] [stdout] 
[INFO] [stdout] error[E0432]: unresolved import `crate::provider::key_algorithm::MockKeyAlgorithm`
[INFO] [stdout]   --> src/proto/jwt/test.rs:16:5
[INFO] [stdout]    |
[INFO] [stdout] 16 | use crate::provider::key_algorithm::MockKeyAlgorithm;
[INFO] [stdout]    |     ^^^^^^^^^^^^^^^^^^^^^^^^^^^^^^^^----------------
[INFO] [stdout]    |                                     |
[INFO] [stdout]    |                                     no `MockKeyAlgorithm` in `provider::key_algorithm`
[INFO] [stdout]    |
[INFO] [stdout] help: a similar name exists in the module
[INFO] [stdout]    |
[INFO] [stdout] 16 - use crate::provider::key_algorithm::MockKeyAlgorithm;
[INFO] [stdout] 16 + use crate::provider::key_algorithm::KeyAlgorithm;
[INFO] [stdout]    |
[INFO] [stdout] 
[INFO] [stdout] 
[INFO] [stdout] error[E0432]: unresolved import `crate::provider::key_algorithm::provider::MockKeyAlgorithmProvider`
[INFO] [stdout]   --> src/proto/jwt/test.rs:18:70
[INFO] [stdout]    |
[INFO] [stdout] 18 | use crate::provider::key_algorithm::provider::{KeyAlgorithmProvider, MockKeyAlgorithmProvider};
[INFO] [stdout]    |                                                                      ^^^^^^^^^^^^^^^^^^^^^^^^ no `MockKeyAlgorithmProvider` in `provider::key_algorithm::provider`
[INFO] [stdout]    |
[INFO] [stdout] help: a similar name exists in the module
[INFO] [stdout]    |
[INFO] [stdout] 18 - use crate::provider::key_algorithm::provider::{KeyAlgorithmProvider, MockKeyAlgorithmProvider};
[INFO] [stdout] 18 + use crate::provider::key_algorithm::provider::{KeyAlgorithmProvider, KeyAlgorithmProvider};
[INFO] [stdout]    |
[INFO] [stdout] 
[INFO] [stdout] 
[INFO] [stdout] error[E0432]: unresolved import `crate::provider::key_algorithm::MockKeyAlgorithm`
[INFO] [stdout]    --> src/proto/key_verification.rs:150:9
[INFO] [stdout]     |
[INFO] [stdout] 150 |     use crate::provider::key_algorithm::MockKeyAlgorithm;
[INFO] [stdout]     |         ^^^^^^^^^^^^^^^^^^^^^^^^^^^^^^^^----------------
[INFO] [stdout]     |                                         |
[INFO] [stdout]     |                                         no `MockKeyAlgorithm` in `provider::key_algorithm`
[INFO] [stdout]     |
[INFO] [stdout] help: a similar name exists in the module
[INFO] [stdout]     |
[INFO] [stdout] 150 -     use crate::provider::key_algorithm::MockKeyAlgorithm;
[INFO] [stdout] 150 +     use crate::provider::key_algorithm::KeyAlgorithm;
[INFO] [stdout]     |
[INFO] [stdout] 
[INFO] [stdout] 
[INFO] [stdout] error[E0432]: unresolved import `crate::provider::key_algorithm::key::MockSignaturePublicKeyHandle`
[INFO] [stdout]    --> src/proto/key_verification.rs:152:20
[INFO] [stdout]     |
[INFO] [stdout] 152 |         KeyHandle, MockSignaturePublicKeyHandle, SignatureKeyHandle,
[INFO] [stdout]     |                    ^^^^^^^^^^^^^^^^^^^^^^^^^^^^ no `MockSignaturePublicKeyHandle` in `provider::key_algorithm::key`
[INFO] [stdout]     |
[INFO] [stdout] help: a similar name exists in the module
[INFO] [stdout]     |
[INFO] [stdout] 152 -         KeyHandle, MockSignaturePublicKeyHandle, SignatureKeyHandle,
[INFO] [stdout] 152 +         KeyHandle, SignaturePublicKeyHandle, SignatureKeyHandle,
[INFO] [stdout]     |
[INFO] [stdout] 
[INFO] [stdout] 
[INFO] [stdout] error[E0432]: unresolved import `crate::provider::key_algorithm::provider::MockKeyAlgorithmProvider`
[INFO] [stdout]    --> src/proto/key_verification.rs:154:9
[INFO] [stdout]     |
[INFO] [stdout] 154 |     use crate::provider::key_algorithm::provider::MockKeyAlgorithmProvider;
[INFO] [stdout]     |         ^^^^^^^^^^^^^^^^^^^^^^^^^^^^^^^^^^^^^^^^^^------------------------
[INFO] [stdout]     |                                                   |
[INFO] [stdout]     |                                                   no `MockKeyAlgorithmProvider` in `provider::key_algorithm::provider`
[INFO] [stdout]     |
[INFO] [stdout] help: a similar name exists in the module
[INFO] [stdout]     |
[INFO] [stdout] 154 -     use crate::provider::key_algorithm::provider::MockKeyAlgorithmProvider;
[INFO] [stdout] 154 +     use crate::provider::key_algorithm::provider::KeyAlgorithmProvider;
[INFO] [stdout]     |
[INFO] [stdout] 
[INFO] [stdout] 
[INFO] [stdout] error[E0432]: unresolved import `crate::provider::key_algorithm::provider::MockKeyAlgorithmProvider`
[INFO] [stdout]   --> src/proto/openid4vp_proof_validator/test.rs:31:5
[INFO] [stdout]    |
[INFO] [stdout] 31 | use crate::provider::key_algorithm::provider::MockKeyAlgorithmProvider;
[INFO] [stdout]    |     ^^^^^^^^^^^^^^^^^^^^^^^^^^^^^^^^^^^^^^^^^^------------------------
[INFO] [stdout]    |                                               |
[INFO] [stdout]    |                                               no `MockKeyAlgorithmProvider` in `provider::key_algorithm::provider`
[INFO] [stdout]    |
[INFO] [stdout] help: a similar name exists in the module
[INFO] [stdout]    |
[INFO] [stdout] 31 - use crate::provider::key_algorithm::provider::MockKeyAlgorithmProvider;
[INFO] [stdout] 31 + use crate::provider::key_algorithm::provider::KeyAlgorithmProvider;
[INFO] [stdout]    |
[INFO] [stdout] 
[INFO] [stdout] 
[INFO] [stdout] error[E0432]: unresolved import `crate::provider::key_algorithm::provider::MockKeyAlgorithmProvider`
[INFO] [stdout]    --> src/provider/credential_formatter/json_ld_bbsplus/data_integrity/base_proof.rs:306:9
[INFO] [stdout]     |
[INFO] [stdout] 306 |     use crate::provider::key_algorithm::provider::MockKeyAlgorithmProvider;
[INFO] [stdout]     |         ^^^^^^^^^^^^^^^^^^^^^^^^^^^^^^^^^^^^^^^^^^------------------------
[INFO] [stdout]     |                                                   |
[INFO] [stdout]     |                                                   no `MockKeyAlgorithmProvider` in `provider::key_algorithm::provider`
[INFO] [stdout]     |
[INFO] [stdout] help: a similar name exists in the module
[INFO] [stdout]     |
[INFO] [stdout] 306 -     use crate::provider::key_algorithm::provider::MockKeyAlgorithmProvider;
[INFO] [stdout] 306 +     use crate::provider::key_algorithm::provider::KeyAlgorithmProvider;
[INFO] [stdout]     |
[INFO] [stdout] 
[INFO] [stdout] 
[INFO] [stdout] error[E0432]: unresolved import `crate::provider::key_algorithm::provider::MockKeyAlgorithmProvider`
[INFO] [stdout]   --> src/provider/credential_formatter/json_ld_bbsplus/test.rs:24:5
[INFO] [stdout]    |
[INFO] [stdout] 24 | use crate::provider::key_algorithm::provider::MockKeyAlgorithmProvider;
[INFO] [stdout]    |     ^^^^^^^^^^^^^^^^^^^^^^^^^^^^^^^^^^^^^^^^^^------------------------
[INFO] [stdout]    |                                               |
[INFO] [stdout]    |                                               no `MockKeyAlgorithmProvider` in `provider::key_algorithm::provider`
[INFO] [stdout]    |
[INFO] [stdout] help: a similar name exists in the module
[INFO] [stdout]    |
[INFO] [stdout] 24 - use crate::provider::key_algorithm::provider::MockKeyAlgorithmProvider;
[INFO] [stdout] 24 + use crate::provider::key_algorithm::provider::KeyAlgorithmProvider;
[INFO] [stdout]    |
[INFO] [stdout] 
[INFO] [stdout] 
[INFO] [stdout] error[E0432]: unresolved import `crate::provider::data_type::provider::MockDataTypeProvider`
[INFO] [stdout]   --> src/provider/credential_formatter/json_ld_classic/test.rs:29:5
[INFO] [stdout]    |
[INFO] [stdout] 29 | use crate::provider::data_type::provider::MockDataTypeProvider;
[INFO] [stdout]    |     ^^^^^^^^^^^^^^^^^^^^^^^^^^^^^^^^^^^^^^--------------------
[INFO] [stdout]    |                                           |
[INFO] [stdout]    |                                           no `MockDataTypeProvider` in `provider::data_type::provider`
[INFO] [stdout]    |
[INFO] [stdout] help: a similar name exists in the module
[INFO] [stdout]    |
[INFO] [stdout] 29 - use crate::provider::data_type::provider::MockDataTypeProvider;
[INFO] [stdout] 29 + use crate::provider::data_type::provider::DataTypeProvider;
[INFO] [stdout]    |
[INFO] [stdout] 
[INFO] [stdout] 
[INFO] [stdout] error[E0432]: unresolved import `crate::provider::key_algorithm::MockKeyAlgorithm`
[INFO] [stdout]   --> src/provider/credential_formatter/json_ld_classic/test.rs:30:5
[INFO] [stdout]    |
[INFO] [stdout] 30 | use crate::provider::key_algorithm::MockKeyAlgorithm;
[INFO] [stdout]    |     ^^^^^^^^^^^^^^^^^^^^^^^^^^^^^^^^----------------
[INFO] [stdout]    |                                     |
[INFO] [stdout]    |                                     no `MockKeyAlgorithm` in `provider::key_algorithm`
[INFO] [stdout]    |
[INFO] [stdout] help: a similar name exists in the module
[INFO] [stdout]    |
[INFO] [stdout] 30 - use crate::provider::key_algorithm::MockKeyAlgorithm;
[INFO] [stdout] 30 + use crate::provider::key_algorithm::KeyAlgorithm;
[INFO] [stdout]    |
[INFO] [stdout] 
[INFO] [stdout] 
[INFO] [stdout] error[E0432]: unresolved import `crate::provider::key_algorithm::provider::MockKeyAlgorithmProvider`
[INFO] [stdout]   --> src/provider/credential_formatter/json_ld_classic/test.rs:31:5
[INFO] [stdout]    |
[INFO] [stdout] 31 | use crate::provider::key_algorithm::provider::MockKeyAlgorithmProvider;
[INFO] [stdout]    |     ^^^^^^^^^^^^^^^^^^^^^^^^^^^^^^^^^^^^^^^^^^------------------------
[INFO] [stdout]    |                                               |
[INFO] [stdout]    |                                               no `MockKeyAlgorithmProvider` in `provider::key_algorithm::provider`
[INFO] [stdout]    |
[INFO] [stdout] help: a similar name exists in the module
[INFO] [stdout]    |
[INFO] [stdout] 31 - use crate::provider::key_algorithm::provider::MockKeyAlgorithmProvider;
[INFO] [stdout] 31 + use crate::provider::key_algorithm::provider::KeyAlgorithmProvider;
[INFO] [stdout]    |
[INFO] [stdout] 
[INFO] [stdout] 
[INFO] [stdout] error[E0432]: unresolved import `crate::provider::data_type::provider::MockDataTypeProvider`
[INFO] [stdout]   --> src/provider/credential_formatter/jwt_formatter/test.rs:34:5
[INFO] [stdout]    |
[INFO] [stdout] 34 | use crate::provider::data_type::provider::MockDataTypeProvider;
[INFO] [stdout]    |     ^^^^^^^^^^^^^^^^^^^^^^^^^^^^^^^^^^^^^^--------------------
[INFO] [stdout]    |                                           |
[INFO] [stdout]    |                                           no `MockDataTypeProvider` in `provider::data_type::provider`
[INFO] [stdout]    |
[INFO] [stdout] help: a similar name exists in the module
[INFO] [stdout]    |
[INFO] [stdout] 34 - use crate::provider::data_type::provider::MockDataTypeProvider;
[INFO] [stdout] 34 + use crate::provider::data_type::provider::DataTypeProvider;
[INFO] [stdout]    |
[INFO] [stdout] 
[INFO] [stdout] 
[INFO] [stdout] error[E0432]: unresolved import `crate::provider::key_algorithm::MockKeyAlgorithm`
[INFO] [stdout]   --> src/provider/credential_formatter/jwt_formatter/test.rs:35:5
[INFO] [stdout]    |
[INFO] [stdout] 35 | use crate::provider::key_algorithm::MockKeyAlgorithm;
[INFO] [stdout]    |     ^^^^^^^^^^^^^^^^^^^^^^^^^^^^^^^^----------------
[INFO] [stdout]    |                                     |
[INFO] [stdout]    |                                     no `MockKeyAlgorithm` in `provider::key_algorithm`
[INFO] [stdout]    |
[INFO] [stdout] help: a similar name exists in the module
[INFO] [stdout]    |
[INFO] [stdout] 35 - use crate::provider::key_algorithm::MockKeyAlgorithm;
[INFO] [stdout] 35 + use crate::provider::key_algorithm::KeyAlgorithm;
[INFO] [stdout]    |
[INFO] [stdout] 
[INFO] [stdout] 
[INFO] [stdout] error[E0432]: unresolved import `crate::provider::key_algorithm::provider::MockKeyAlgorithmProvider`
[INFO] [stdout]   --> src/provider/credential_formatter/jwt_formatter/test.rs:36:5
[INFO] [stdout]    |
[INFO] [stdout] 36 | use crate::provider::key_algorithm::provider::MockKeyAlgorithmProvider;
[INFO] [stdout]    |     ^^^^^^^^^^^^^^^^^^^^^^^^^^^^^^^^^^^^^^^^^^------------------------
[INFO] [stdout]    |                                               |
[INFO] [stdout]    |                                               no `MockKeyAlgorithmProvider` in `provider::key_algorithm::provider`
[INFO] [stdout]    |
[INFO] [stdout] help: a similar name exists in the module
[INFO] [stdout]    |
[INFO] [stdout] 36 - use crate::provider::key_algorithm::provider::MockKeyAlgorithmProvider;
[INFO] [stdout] 36 + use crate::provider::key_algorithm::provider::KeyAlgorithmProvider;
[INFO] [stdout]    |
[INFO] [stdout] 
[INFO] [stdout] 
[INFO] [stdout] error[E0432]: unresolved import `crate::provider::data_type::provider::MockDataTypeProvider`
[INFO] [stdout]   --> src/provider/credential_formatter/mdoc_formatter/test.rs:25:5
[INFO] [stdout]    |
[INFO] [stdout] 25 | use crate::provider::data_type::provider::MockDataTypeProvider;
[INFO] [stdout]    |     ^^^^^^^^^^^^^^^^^^^^^^^^^^^^^^^^^^^^^^--------------------
[INFO] [stdout]    |                                           |
[INFO] [stdout]    |                                           no `MockDataTypeProvider` in `provider::data_type::provider`
[INFO] [stdout]    |
[INFO] [stdout] help: a similar name exists in the module
[INFO] [stdout]    |
[INFO] [stdout] 25 - use crate::provider::data_type::provider::MockDataTypeProvider;
[INFO] [stdout] 25 + use crate::provider::data_type::provider::DataTypeProvider;
[INFO] [stdout]    |
[INFO] [stdout] 
[INFO] [stdout] 
[INFO] [stdout] error[E0432]: unresolved import `crate::provider::key_algorithm::key::MockSignaturePublicKeyHandle`
[INFO] [stdout]   --> src/provider/credential_formatter/mdoc_formatter/test.rs:29:16
[INFO] [stdout]    |
[INFO] [stdout] 29 |     KeyHandle, MockSignaturePublicKeyHandle, SignatureKeyHandle,
[INFO] [stdout]    |                ^^^^^^^^^^^^^^^^^^^^^^^^^^^^ no `MockSignaturePublicKeyHandle` in `provider::key_algorithm::key`
[INFO] [stdout]    |
[INFO] [stdout] help: a similar name exists in the module
[INFO] [stdout]    |
[INFO] [stdout] 29 -     KeyHandle, MockSignaturePublicKeyHandle, SignatureKeyHandle,
[INFO] [stdout] 29 +     KeyHandle, SignaturePublicKeyHandle, SignatureKeyHandle,
[INFO] [stdout]    |
[INFO] [stdout] 
[INFO] [stdout] 
[INFO] [stdout] error[E0432]: unresolved import `crate::provider::key_algorithm::provider::MockKeyAlgorithmProvider`
[INFO] [stdout]   --> src/provider/credential_formatter/mdoc_formatter/test.rs:31:48
[INFO] [stdout]    |
[INFO] [stdout] 31 | use crate::provider::key_algorithm::provider::{MockKeyAlgorithmProvider, ParsedKey};
[INFO] [stdout]    |                                                ^^^^^^^^^^^^^^^^^^^^^^^^ no `MockKeyAlgorithmProvider` in `provider::key_algorithm::provider`
[INFO] [stdout]    |
[INFO] [stdout] help: a similar name exists in the module
[INFO] [stdout]    |
[INFO] [stdout] 31 - use crate::provider::key_algorithm::provider::{MockKeyAlgorithmProvider, ParsedKey};
[INFO] [stdout] 31 + use crate::provider::key_algorithm::provider::{KeyAlgorithmProvider, ParsedKey};
[INFO] [stdout]    |
[INFO] [stdout] 
[INFO] [stdout] 
[INFO] [stdout] error[E0432]: unresolved import `crate::provider::data_type::provider::MockDataTypeProvider`
[INFO] [stdout]    --> src/provider/credential_formatter/provider.rs:218:9
[INFO] [stdout]     |
[INFO] [stdout] 218 |     use crate::provider::data_type::provider::MockDataTypeProvider;
[INFO] [stdout]     |         ^^^^^^^^^^^^^^^^^^^^^^^^^^^^^^^^^^^^^^--------------------
[INFO] [stdout]     |                                               |
[INFO] [stdout]     |                                               no `MockDataTypeProvider` in `provider::data_type::provider`
[INFO] [stdout]     |
[INFO] [stdout] help: a similar name exists in the module
[INFO] [stdout]     |
[INFO] [stdout] 218 -     use crate::provider::data_type::provider::MockDataTypeProvider;
[INFO] [stdout] 218 +     use crate::provider::data_type::provider::DataTypeProvider;
[INFO] [stdout]     |
[INFO] [stdout] 
[INFO] [stdout] 
[INFO] [stdout] error[E0432]: unresolved import `crate::provider::key_algorithm::provider::MockKeyAlgorithmProvider`
[INFO] [stdout]    --> src/provider/credential_formatter/provider.rs:220:9
[INFO] [stdout]     |
[INFO] [stdout] 220 |     use crate::provider::key_algorithm::provider::MockKeyAlgorithmProvider;
[INFO] [stdout]     |         ^^^^^^^^^^^^^^^^^^^^^^^^^^^^^^^^^^^^^^^^^^------------------------
[INFO] [stdout]     |                                                   |
[INFO] [stdout]     |                                                   no `MockKeyAlgorithmProvider` in `provider::key_algorithm::provider`
[INFO] [stdout]     |
[INFO] [stdout] help: a similar name exists in the module
[INFO] [stdout]     |
[INFO] [stdout] 220 -     use crate::provider::key_algorithm::provider::MockKeyAlgorithmProvider;
[INFO] [stdout] 220 +     use crate::provider::key_algorithm::provider::KeyAlgorithmProvider;
[INFO] [stdout]     |
[INFO] [stdout] 
[INFO] [stdout] 
[INFO] [stdout] error[E0432]: unresolved import `crate::provider::data_type::provider::MockDataTypeProvider`
[INFO] [stdout]   --> src/provider/credential_formatter/sdjwt_formatter/test.rs:38:5
[INFO] [stdout]    |
[INFO] [stdout] 38 | use crate::provider::data_type::provider::MockDataTypeProvider;
[INFO] [stdout]    |     ^^^^^^^^^^^^^^^^^^^^^^^^^^^^^^^^^^^^^^--------------------
[INFO] [stdout]    |                                           |
[INFO] [stdout]    |                                           no `MockDataTypeProvider` in `provider::data_type::provider`
[INFO] [stdout]    |
[INFO] [stdout] help: a similar name exists in the module
[INFO] [stdout]    |
[INFO] [stdout] 38 - use crate::provider::data_type::provider::MockDataTypeProvider;
[INFO] [stdout] 38 + use crate::provider::data_type::provider::DataTypeProvider;
[INFO] [stdout]    |
[INFO] [stdout] 
[INFO] [stdout] 
[INFO] [stdout] error[E0432]: unresolved import `crate::provider::key_algorithm::MockKeyAlgorithm`
[INFO] [stdout]   --> src/provider/credential_formatter/sdjwt_formatter/test.rs:40:5
[INFO] [stdout]    |
[INFO] [stdout] 40 | use crate::provider::key_algorithm::MockKeyAlgorithm;
[INFO] [stdout]    |     ^^^^^^^^^^^^^^^^^^^^^^^^^^^^^^^^----------------
[INFO] [stdout]    |                                     |
[INFO] [stdout]    |                                     no `MockKeyAlgorithm` in `provider::key_algorithm`
[INFO] [stdout]    |
[INFO] [stdout] help: a similar name exists in the module
[INFO] [stdout]    |
[INFO] [stdout] 40 - use crate::provider::key_algorithm::MockKeyAlgorithm;
[INFO] [stdout] 40 + use crate::provider::key_algorithm::KeyAlgorithm;
[INFO] [stdout]    |
[INFO] [stdout] 
[INFO] [stdout] 
[INFO] [stdout] error[E0432]: unresolved import `crate::provider::key_algorithm::provider::MockKeyAlgorithmProvider`
[INFO] [stdout]   --> src/provider/credential_formatter/sdjwt_formatter/test.rs:41:5
[INFO] [stdout]    |
[INFO] [stdout] 41 | use crate::provider::key_algorithm::provider::MockKeyAlgorithmProvider;
[INFO] [stdout]    |     ^^^^^^^^^^^^^^^^^^^^^^^^^^^^^^^^^^^^^^^^^^------------------------
[INFO] [stdout]    |                                               |
[INFO] [stdout]    |                                               no `MockKeyAlgorithmProvider` in `provider::key_algorithm::provider`
[INFO] [stdout]    |
[INFO] [stdout] help: a similar name exists in the module
[INFO] [stdout]    |
[INFO] [stdout] 41 - use crate::provider::key_algorithm::provider::MockKeyAlgorithmProvider;
[INFO] [stdout] 41 + use crate::provider::key_algorithm::provider::KeyAlgorithmProvider;
[INFO] [stdout]    |
[INFO] [stdout] 
[INFO] [stdout] 
[INFO] [stdout] error[E0432]: unresolved import `crate::provider::data_type::provider::MockDataTypeProvider`
[INFO] [stdout]   --> src/provider/credential_formatter/sdjwtvc_formatter/test.rs:45:5
[INFO] [stdout]    |
[INFO] [stdout] 45 | use crate::provider::data_type::provider::MockDataTypeProvider;
[INFO] [stdout]    |     ^^^^^^^^^^^^^^^^^^^^^^^^^^^^^^^^^^^^^^--------------------
[INFO] [stdout]    |                                           |
[INFO] [stdout]    |                                           no `MockDataTypeProvider` in `provider::data_type::provider`
[INFO] [stdout]    |
[INFO] [stdout] help: a similar name exists in the module
[INFO] [stdout]    |
[INFO] [stdout] 45 - use crate::provider::data_type::provider::MockDataTypeProvider;
[INFO] [stdout] 45 + use crate::provider::data_type::provider::DataTypeProvider;
[INFO] [stdout]    |
[INFO] [stdout] 
[INFO] [stdout] 
[INFO] [stdout] error[E0432]: unresolved import `crate::provider::key_algorithm::MockKeyAlgorithm`
[INFO] [stdout]   --> src/provider/credential_formatter/sdjwtvc_formatter/test.rs:52:5
[INFO] [stdout]    |
[INFO] [stdout] 52 | use crate::provider::key_algorithm::MockKeyAlgorithm;
[INFO] [stdout]    |     ^^^^^^^^^^^^^^^^^^^^^^^^^^^^^^^^----------------
[INFO] [stdout]    |                                     |
[INFO] [stdout]    |                                     no `MockKeyAlgorithm` in `provider::key_algorithm`
[INFO] [stdout]    |
[INFO] [stdout] help: a similar name exists in the module
[INFO] [stdout]    |
[INFO] [stdout] 52 - use crate::provider::key_algorithm::MockKeyAlgorithm;
[INFO] [stdout] 52 + use crate::provider::key_algorithm::KeyAlgorithm;
[INFO] [stdout]    |
[INFO] [stdout] 
[INFO] [stdout] 
[INFO] [stdout] error[E0432]: unresolved import `crate::provider::key_algorithm::key::MockSignaturePublicKeyHandle`
[INFO] [stdout]   --> src/provider/credential_formatter/sdjwtvc_formatter/test.rs:55:16
[INFO] [stdout]    |
[INFO] [stdout] 55 |     KeyHandle, MockSignaturePublicKeyHandle, SignatureKeyHandle,
[INFO] [stdout]    |                ^^^^^^^^^^^^^^^^^^^^^^^^^^^^ no `MockSignaturePublicKeyHandle` in `provider::key_algorithm::key`
[INFO] [stdout]    |
[INFO] [stdout] help: a similar name exists in the module
[INFO] [stdout]    |
[INFO] [stdout] 55 -     KeyHandle, MockSignaturePublicKeyHandle, SignatureKeyHandle,
[INFO] [stdout] 55 +     KeyHandle, SignaturePublicKeyHandle, SignatureKeyHandle,
[INFO] [stdout]    |
[INFO] [stdout] 
[INFO] [stdout] 
[INFO] [stdout] error[E0432]: unresolved import `crate::provider::key_algorithm::provider::MockKeyAlgorithmProvider`
[INFO] [stdout]   --> src/provider/credential_formatter/sdjwtvc_formatter/test.rs:58:27
[INFO] [stdout]    |
[INFO] [stdout] 58 |     KeyAlgorithmProvider, MockKeyAlgorithmProvider, ParsedKey,
[INFO] [stdout]    |                           ^^^^^^^^^^^^^^^^^^^^^^^^ no `MockKeyAlgorithmProvider` in `provider::key_algorithm::provider`
[INFO] [stdout]    |
[INFO] [stdout] help: a similar name exists in the module
[INFO] [stdout]    |
[INFO] [stdout] 58 -     KeyAlgorithmProvider, MockKeyAlgorithmProvider, ParsedKey,
[INFO] [stdout] 58 +     KeyAlgorithmProvider, KeyAlgorithmProvider, ParsedKey,
[INFO] [stdout]    |
[INFO] [stdout] 
[INFO] [stdout] 
[INFO] [stdout] error[E0432]: unresolved import `crate::provider::key_algorithm::MockKeyAlgorithm`
[INFO] [stdout]   --> src/provider/did_method/jwk/test.rs:16:5
[INFO] [stdout]    |
[INFO] [stdout] 16 | use crate::provider::key_algorithm::MockKeyAlgorithm;
[INFO] [stdout]    |     ^^^^^^^^^^^^^^^^^^^^^^^^^^^^^^^^----------------
[INFO] [stdout]    |                                     |
[INFO] [stdout]    |                                     no `MockKeyAlgorithm` in `provider::key_algorithm`
[INFO] [stdout]    |
[INFO] [stdout] help: a similar name exists in the module
[INFO] [stdout]    |
[INFO] [stdout] 16 - use crate::provider::key_algorithm::MockKeyAlgorithm;
[INFO] [stdout] 16 + use crate::provider::key_algorithm::KeyAlgorithm;
[INFO] [stdout]    |
[INFO] [stdout] 
[INFO] [stdout] 
[INFO] [stdout] error[E0432]: unresolved import `crate::provider::key_algorithm::key::MockSignaturePublicKeyHandle`
[INFO] [stdout]   --> src/provider/did_method/jwk/test.rs:18:16
[INFO] [stdout]    |
[INFO] [stdout] 18 |     KeyHandle, MockSignaturePublicKeyHandle, SignatureKeyHandle,
[INFO] [stdout]    |                ^^^^^^^^^^^^^^^^^^^^^^^^^^^^ no `MockSignaturePublicKeyHandle` in `provider::key_algorithm::key`
[INFO] [stdout]    |
[INFO] [stdout] help: a similar name exists in the module
[INFO] [stdout]    |
[INFO] [stdout] 18 -     KeyHandle, MockSignaturePublicKeyHandle, SignatureKeyHandle,
[INFO] [stdout] 18 +     KeyHandle, SignaturePublicKeyHandle, SignatureKeyHandle,
[INFO] [stdout]    |
[INFO] [stdout] 
[INFO] [stdout] 
[INFO] [stdout] error[E0432]: unresolved import `crate::provider::key_algorithm::provider::MockKeyAlgorithmProvider`
[INFO] [stdout]   --> src/provider/did_method/jwk/test.rs:20:5
[INFO] [stdout]    |
[INFO] [stdout] 20 | use crate::provider::key_algorithm::provider::MockKeyAlgorithmProvider;
[INFO] [stdout]    |     ^^^^^^^^^^^^^^^^^^^^^^^^^^^^^^^^^^^^^^^^^^------------------------
[INFO] [stdout]    |                                               |
[INFO] [stdout]    |                                               no `MockKeyAlgorithmProvider` in `provider::key_algorithm::provider`
[INFO] [stdout]    |
[INFO] [stdout] help: a similar name exists in the module
[INFO] [stdout]    |
[INFO] [stdout] 20 - use crate::provider::key_algorithm::provider::MockKeyAlgorithmProvider;
[INFO] [stdout] 20 + use crate::provider::key_algorithm::provider::KeyAlgorithmProvider;
[INFO] [stdout]    |
[INFO] [stdout] 
[INFO] [stdout] 
[INFO] [stdout] error[E0432]: unresolved import `crate::provider::key_algorithm::MockKeyAlgorithm`
[INFO] [stdout]   --> src/provider/did_method/key/test.rs:16:5
[INFO] [stdout]    |
[INFO] [stdout] 16 | use crate::provider::key_algorithm::MockKeyAlgorithm;
[INFO] [stdout]    |     ^^^^^^^^^^^^^^^^^^^^^^^^^^^^^^^^----------------
[INFO] [stdout]    |                                     |
[INFO] [stdout]    |                                     no `MockKeyAlgorithm` in `provider::key_algorithm`
[INFO] [stdout]    |
[INFO] [stdout] help: a similar name exists in the module
[INFO] [stdout]    |
[INFO] [stdout] 16 - use crate::provider::key_algorithm::MockKeyAlgorithm;
[INFO] [stdout] 16 + use crate::provider::key_algorithm::KeyAlgorithm;
[INFO] [stdout]    |
[INFO] [stdout] 
[INFO] [stdout] 
[INFO] [stdout] error[E0432]: unresolved import `crate::provider::key_algorithm::key::MockSignaturePublicKeyHandle`
[INFO] [stdout]   --> src/provider/did_method/key/test.rs:18:16
[INFO] [stdout]    |
[INFO] [stdout] 18 |     KeyHandle, MockSignaturePublicKeyHandle, SignatureKeyHandle,
[INFO] [stdout]    |                ^^^^^^^^^^^^^^^^^^^^^^^^^^^^ no `MockSignaturePublicKeyHandle` in `provider::key_algorithm::key`
[INFO] [stdout]    |
[INFO] [stdout] help: a similar name exists in the module
[INFO] [stdout]    |
[INFO] [stdout] 18 -     KeyHandle, MockSignaturePublicKeyHandle, SignatureKeyHandle,
[INFO] [stdout] 18 +     KeyHandle, SignaturePublicKeyHandle, SignatureKeyHandle,
[INFO] [stdout]    |
[INFO] [stdout] 
[INFO] [stdout] 
[INFO] [stdout] error[E0432]: unresolved import `crate::provider::key_algorithm::provider::MockKeyAlgorithmProvider`
[INFO] [stdout]   --> src/provider/did_method/key/test.rs:20:5
[INFO] [stdout]    |
[INFO] [stdout] 20 | use crate::provider::key_algorithm::provider::MockKeyAlgorithmProvider;
[INFO] [stdout]    |     ^^^^^^^^^^^^^^^^^^^^^^^^^^^^^^^^^^^^^^^^^^------------------------
[INFO] [stdout]    |                                               |
[INFO] [stdout]    |                                               no `MockKeyAlgorithmProvider` in `provider::key_algorithm::provider`
[INFO] [stdout]    |
[INFO] [stdout] help: a similar name exists in the module
[INFO] [stdout]    |
[INFO] [stdout] 20 - use crate::provider::key_algorithm::provider::MockKeyAlgorithmProvider;
[INFO] [stdout] 20 + use crate::provider::key_algorithm::provider::KeyAlgorithmProvider;
[INFO] [stdout]    |
[INFO] [stdout] 
[INFO] [stdout] 
[INFO] [stdout] error[E0432]: unresolved import `crate::provider::key_algorithm::provider::MockKeyAlgorithmProvider`
[INFO] [stdout]    --> src/provider/did_method/webvh/resolver.rs:152:31
[INFO] [stdout]     |
[INFO] [stdout] 152 |         KeyAlgorithmProvider, MockKeyAlgorithmProvider,
[INFO] [stdout]     |                               ^^^^^^^^^^^^^^^^^^^^^^^^ no `MockKeyAlgorithmProvider` in `provider::key_algorithm::provider`
[INFO] [stdout]     |
[INFO] [stdout] help: a similar name exists in the module
[INFO] [stdout]     |
[INFO] [stdout] 152 -         KeyAlgorithmProvider, MockKeyAlgorithmProvider,
[INFO] [stdout] 152 +         KeyAlgorithmProvider, KeyAlgorithmProvider,
[INFO] [stdout]     |
[INFO] [stdout] 
[INFO] [stdout] 
[INFO] [stdout] error[E0432]: unresolved import `crate::provider::key_algorithm::provider::MockKeyAlgorithmProvider`
[INFO] [stdout]    --> src/provider/issuance_protocol/openid4vci_draft13/proof_formatter.rs:186:52
[INFO] [stdout]     |
[INFO] [stdout] 186 |     use crate::provider::key_algorithm::provider::{MockKeyAlgorithmProvider, ParsedKey};
[INFO] [stdout]     |                                                    ^^^^^^^^^^^^^^^^^^^^^^^^ no `MockKeyAlgorithmProvider` in `provider::key_algorithm::provider`
[INFO] [stdout]     |
[INFO] [stdout] help: a similar name exists in the module
[INFO] [stdout]     |
[INFO] [stdout] 186 -     use crate::provider::key_algorithm::provider::{MockKeyAlgorithmProvider, ParsedKey};
[INFO] [stdout] 186 +     use crate::provider::key_algorithm::provider::{KeyAlgorithmProvider, ParsedKey};
[INFO] [stdout]     |
[INFO] [stdout] 
[INFO] [stdout] 
[INFO] [stdout] error[E0432]: unresolved imports `crate::provider::key_algorithm::key::MockSignaturePrivateKeyHandle`, `crate::provider::key_algorithm::key::MockSignaturePublicKeyHandle`
[INFO] [stdout]   --> src/provider/issuance_protocol/openid4vci_draft13/test.rs:67:16
[INFO] [stdout]    |
[INFO] [stdout] 67 |     KeyHandle, MockSignaturePrivateKeyHandle, MockSignaturePublicKeyHandle, SignatureKeyHandle,
[INFO] [stdout]    |                ^^^^^^^^^^^^^^^^^^^^^^^^^^^^^  ^^^^^^^^^^^^^^^^^^^^^^^^^^^^ no `MockSignaturePublicKeyHandle` in `provider::key_algorithm::key`
[INFO] [stdout]    |                |
[INFO] [stdout]    |                no `MockSignaturePrivateKeyHandle` in `provider::key_algorithm::key`
[INFO] [stdout]    |
[INFO] [stdout] help: a similar name exists in the module
[INFO] [stdout]    |
[INFO] [stdout] 67 -     KeyHandle, MockSignaturePrivateKeyHandle, MockSignaturePublicKeyHandle, SignatureKeyHandle,
[INFO] [stdout] 67 +     KeyHandle, SignaturePrivateKeyHandle, MockSignaturePublicKeyHandle, SignatureKeyHandle,
[INFO] [stdout]    |
[INFO] [stdout] help: a similar name exists in the module
[INFO] [stdout]    |
[INFO] [stdout] 67 -     KeyHandle, MockSignaturePrivateKeyHandle, MockSignaturePublicKeyHandle, SignatureKeyHandle,
[INFO] [stdout] 67 +     KeyHandle, MockSignaturePrivateKeyHandle, SignaturePublicKeyHandle, SignatureKeyHandle,
[INFO] [stdout]    |
[INFO] [stdout] 
[INFO] [stdout] 
[INFO] [stdout] error[E0432]: unresolved import `crate::provider::key_algorithm::provider::MockKeyAlgorithmProvider`
[INFO] [stdout]   --> src/provider/issuance_protocol/openid4vci_draft13/test.rs:70:48
[INFO] [stdout]    |
[INFO] [stdout] 70 | use crate::provider::key_algorithm::provider::{MockKeyAlgorithmProvider, ParsedKey};
[INFO] [stdout]    |                                                ^^^^^^^^^^^^^^^^^^^^^^^^ no `MockKeyAlgorithmProvider` in `provider::key_algorithm::provider`
[INFO] [stdout]    |
[INFO] [stdout] help: a similar name exists in the module
[INFO] [stdout]    |
[INFO] [stdout] 70 - use crate::provider::key_algorithm::provider::{MockKeyAlgorithmProvider, ParsedKey};
[INFO] [stdout] 70 + use crate::provider::key_algorithm::provider::{KeyAlgorithmProvider, ParsedKey};
[INFO] [stdout]    |
[INFO] [stdout] 
[INFO] [stdout] 
[INFO] [stdout] error[E0432]: unresolved import `crate::provider::key_algorithm::MockKeyAlgorithm`
[INFO] [stdout]   --> src/provider/issuance_protocol/openid4vci_draft13/test.rs:71:52
[INFO] [stdout]    |
[INFO] [stdout] 71 | use crate::provider::key_algorithm::{KeyAlgorithm, MockKeyAlgorithm};
[INFO] [stdout]    |                                                    ^^^^^^^^^^^^^^^^ no `MockKeyAlgorithm` in `provider::key_algorithm`
[INFO] [stdout]    |
[INFO] [stdout] help: a similar name exists in the module
[INFO] [stdout]    |
[INFO] [stdout] 71 - use crate::provider::key_algorithm::{KeyAlgorithm, MockKeyAlgorithm};
[INFO] [stdout] 71 + use crate::provider::key_algorithm::{KeyAlgorithm, KeyAlgorithm};
[INFO] [stdout]    |
[INFO] [stdout] 
[INFO] [stdout] 
[INFO] [stdout] error[E0432]: unresolved import `crate::provider::key_algorithm::provider::MockKeyAlgorithmProvider`
[INFO] [stdout]   --> src/provider/issuance_protocol/openid4vci_draft13/test_issuance.rs:37:5
[INFO] [stdout]    |
[INFO] [stdout] 37 | use crate::provider::key_algorithm::provider::MockKeyAlgorithmProvider;
[INFO] [stdout]    |     ^^^^^^^^^^^^^^^^^^^^^^^^^^^^^^^^^^^^^^^^^^------------------------
[INFO] [stdout]    |                                               |
[INFO] [stdout]    |                                               no `MockKeyAlgorithmProvider` in `provider::key_algorithm::provider`
[INFO] [stdout]    |
[INFO] [stdout] help: a similar name exists in the module
[INFO] [stdout]    |
[INFO] [stdout] 37 - use crate::provider::key_algorithm::provider::MockKeyAlgorithmProvider;
[INFO] [stdout] 37 + use crate::provider::key_algorithm::provider::KeyAlgorithmProvider;
[INFO] [stdout]    |
[INFO] [stdout] 
[INFO] [stdout] 
[INFO] [stdout] error[E0432]: unresolved import `crate::provider::key_algorithm::provider::MockKeyAlgorithmProvider`
[INFO] [stdout]    --> src/provider/issuance_protocol/openid4vci_final1_0/proof_formatter.rs:213:52
[INFO] [stdout]     |
[INFO] [stdout] 213 |     use crate::provider::key_algorithm::provider::{MockKeyAlgorithmProvider, ParsedKey};
[INFO] [stdout]     |                                                    ^^^^^^^^^^^^^^^^^^^^^^^^ no `MockKeyAlgorithmProvider` in `provider::key_algorithm::provider`
[INFO] [stdout]     |
[INFO] [stdout] help: a similar name exists in the module
[INFO] [stdout]     |
[INFO] [stdout] 213 -     use crate::provider::key_algorithm::provider::{MockKeyAlgorithmProvider, ParsedKey};
[INFO] [stdout] 213 +     use crate::provider::key_algorithm::provider::{KeyAlgorithmProvider, ParsedKey};
[INFO] [stdout]     |
[INFO] [stdout] 
[INFO] [stdout] 
[INFO] [stdout] error[E0432]: unresolved imports `crate::provider::key_algorithm::key::MockSignaturePrivateKeyHandle`, `crate::provider::key_algorithm::key::MockSignaturePublicKeyHandle`
[INFO] [stdout]   --> src/provider/issuance_protocol/openid4vci_final1_0/test.rs:61:16
[INFO] [stdout]    |
[INFO] [stdout] 61 |     KeyHandle, MockSignaturePrivateKeyHandle, MockSignaturePublicKeyHandle, SignatureKeyHandle,
[INFO] [stdout]    |                ^^^^^^^^^^^^^^^^^^^^^^^^^^^^^  ^^^^^^^^^^^^^^^^^^^^^^^^^^^^ no `MockSignaturePublicKeyHandle` in `provider::key_algorithm::key`
[INFO] [stdout]    |                |
[INFO] [stdout]    |                no `MockSignaturePrivateKeyHandle` in `provider::key_algorithm::key`
[INFO] [stdout]    |
[INFO] [stdout] help: a similar name exists in the module
[INFO] [stdout]    |
[INFO] [stdout] 61 -     KeyHandle, MockSignaturePrivateKeyHandle, MockSignaturePublicKeyHandle, SignatureKeyHandle,
[INFO] [stdout] 61 +     KeyHandle, SignaturePrivateKeyHandle, MockSignaturePublicKeyHandle, SignatureKeyHandle,
[INFO] [stdout]    |
[INFO] [stdout] help: a similar name exists in the module
[INFO] [stdout]    |
[INFO] [stdout] 61 -     KeyHandle, MockSignaturePrivateKeyHandle, MockSignaturePublicKeyHandle, SignatureKeyHandle,
[INFO] [stdout] 61 +     KeyHandle, MockSignaturePrivateKeyHandle, SignaturePublicKeyHandle, SignatureKeyHandle,
[INFO] [stdout]    |
[INFO] [stdout] 
[INFO] [stdout] 
[INFO] [stdout] error[E0432]: unresolved import `crate::provider::key_algorithm::provider::MockKeyAlgorithmProvider`
[INFO] [stdout]   --> src/provider/issuance_protocol/openid4vci_final1_0/test.rs:64:48
[INFO] [stdout]    |
[INFO] [stdout] 64 | use crate::provider::key_algorithm::provider::{MockKeyAlgorithmProvider, ParsedKey};
[INFO] [stdout]    |                                                ^^^^^^^^^^^^^^^^^^^^^^^^ no `MockKeyAlgorithmProvider` in `provider::key_algorithm::provider`
[INFO] [stdout]    |
[INFO] [stdout] help: a similar name exists in the module
[INFO] [stdout]    |
[INFO] [stdout] 64 - use crate::provider::key_algorithm::provider::{MockKeyAlgorithmProvider, ParsedKey};
[INFO] [stdout] 64 + use crate::provider::key_algorithm::provider::{KeyAlgorithmProvider, ParsedKey};
[INFO] [stdout]    |
[INFO] [stdout] 
[INFO] [stdout] 
[INFO] [stdout] error[E0432]: unresolved import `crate::provider::key_algorithm::MockKeyAlgorithm`
[INFO] [stdout]   --> src/provider/issuance_protocol/openid4vci_final1_0/test.rs:65:52
[INFO] [stdout]    |
[INFO] [stdout] 65 | use crate::provider::key_algorithm::{KeyAlgorithm, MockKeyAlgorithm};
[INFO] [stdout]    |                                                    ^^^^^^^^^^^^^^^^ no `MockKeyAlgorithm` in `provider::key_algorithm`
[INFO] [stdout]    |
[INFO] [stdout] help: a similar name exists in the module
[INFO] [stdout]    |
[INFO] [stdout] 65 - use crate::provider::key_algorithm::{KeyAlgorithm, MockKeyAlgorithm};
[INFO] [stdout] 65 + use crate::provider::key_algorithm::{KeyAlgorithm, KeyAlgorithm};
[INFO] [stdout]    |
[INFO] [stdout] 
[INFO] [stdout] 
[INFO] [stdout] error[E0432]: unresolved import `crate::provider::key_algorithm::provider::MockKeyAlgorithmProvider`
[INFO] [stdout]   --> src/provider/issuance_protocol/openid4vci_final1_0/test_issuance.rs:38:5
[INFO] [stdout]    |
[INFO] [stdout] 38 | use crate::provider::key_algorithm::provider::MockKeyAlgorithmProvider;
[INFO] [stdout]    |     ^^^^^^^^^^^^^^^^^^^^^^^^^^^^^^^^^^^^^^^^^^------------------------
[INFO] [stdout]    |                                               |
[INFO] [stdout]    |                                               no `MockKeyAlgorithmProvider` in `provider::key_algorithm::provider`
[INFO] [stdout]    |
[INFO] [stdout] help: a similar name exists in the module
[INFO] [stdout]    |
[INFO] [stdout] 38 - use crate::provider::key_algorithm::provider::MockKeyAlgorithmProvider;
[INFO] [stdout] 38 + use crate::provider::key_algorithm::provider::KeyAlgorithmProvider;
[INFO] [stdout]    |
[INFO] [stdout] 
[INFO] [stdout] 
[INFO] [stdout] error[E0432]: unresolved import `crate::provider::key_algorithm::MockKeyAlgorithm`
[INFO] [stdout]   --> src/provider/key_storage/internal/test.rs:13:5
[INFO] [stdout]    |
[INFO] [stdout] 13 | use crate::provider::key_algorithm::MockKeyAlgorithm;
[INFO] [stdout]    |     ^^^^^^^^^^^^^^^^^^^^^^^^^^^^^^^^----------------
[INFO] [stdout]    |                                     |
[INFO] [stdout]    |                                     no `MockKeyAlgorithm` in `provider::key_algorithm`
[INFO] [stdout]    |
[INFO] [stdout] help: a similar name exists in the module
[INFO] [stdout]    |
[INFO] [stdout] 13 - use crate::provider::key_algorithm::MockKeyAlgorithm;
[INFO] [stdout] 13 + use crate::provider::key_algorithm::KeyAlgorithm;
[INFO] [stdout]    |
[INFO] [stdout] 
[INFO] [stdout] 
[INFO] [stdout] error[E0432]: unresolved imports `crate::provider::key_algorithm::key::MockSignaturePrivateKeyHandle`, `crate::provider::key_algorithm::key::MockSignaturePublicKeyHandle`
[INFO] [stdout]   --> src/provider/key_storage/internal/test.rs:15:16
[INFO] [stdout]    |
[INFO] [stdout] 15 |     KeyHandle, MockSignaturePrivateKeyHandle, MockSignaturePublicKeyHandle, SignatureKeyHandle,
[INFO] [stdout]    |                ^^^^^^^^^^^^^^^^^^^^^^^^^^^^^  ^^^^^^^^^^^^^^^^^^^^^^^^^^^^ no `MockSignaturePublicKeyHandle` in `provider::key_algorithm::key`
[INFO] [stdout]    |                |
[INFO] [stdout]    |                no `MockSignaturePrivateKeyHandle` in `provider::key_algorithm::key`
[INFO] [stdout]    |
[INFO] [stdout] help: a similar name exists in the module
[INFO] [stdout]    |
[INFO] [stdout] 15 -     KeyHandle, MockSignaturePrivateKeyHandle, MockSignaturePublicKeyHandle, SignatureKeyHandle,
[INFO] [stdout] 15 +     KeyHandle, SignaturePrivateKeyHandle, MockSignaturePublicKeyHandle, SignatureKeyHandle,
[INFO] [stdout]    |
[INFO] [stdout] help: a similar name exists in the module
[INFO] [stdout]    |
[INFO] [stdout] 15 -     KeyHandle, MockSignaturePrivateKeyHandle, MockSignaturePublicKeyHandle, SignatureKeyHandle,
[INFO] [stdout] 15 +     KeyHandle, MockSignaturePrivateKeyHandle, SignaturePublicKeyHandle, SignatureKeyHandle,
[INFO] [stdout]    |
[INFO] [stdout] 
[INFO] [stdout] 
[INFO] [stdout] error[E0432]: unresolved import `crate::provider::key_algorithm::provider::MockKeyAlgorithmProvider`
[INFO] [stdout]   --> src/provider/key_storage/internal/test.rs:18:5
[INFO] [stdout]    |
[INFO] [stdout] 18 | use crate::provider::key_algorithm::provider::MockKeyAlgorithmProvider;
[INFO] [stdout]    |     ^^^^^^^^^^^^^^^^^^^^^^^^^^^^^^^^^^^^^^^^^^------------------------
[INFO] [stdout]    |                                               |
[INFO] [stdout]    |                                               no `MockKeyAlgorithmProvider` in `provider::key_algorithm::provider`
[INFO] [stdout]    |
[INFO] [stdout] help: a similar name exists in the module
[INFO] [stdout]    |
[INFO] [stdout] 18 - use crate::provider::key_algorithm::provider::MockKeyAlgorithmProvider;
[INFO] [stdout] 18 + use crate::provider::key_algorithm::provider::KeyAlgorithmProvider;
[INFO] [stdout]    |
[INFO] [stdout] 
[INFO] [stdout] 
[INFO] [stdout] error[E0432]: unresolved import `crate::provider::key_algorithm::MockKeyAlgorithm`
[INFO] [stdout]   --> src/provider/presentation_formatter/jwt_vp_json/test.rs:14:5
[INFO] [stdout]    |
[INFO] [stdout] 14 | use crate::provider::key_algorithm::MockKeyAlgorithm;
[INFO] [stdout]    |     ^^^^^^^^^^^^^^^^^^^^^^^^^^^^^^^^----------------
[INFO] [stdout]    |                                     |
[INFO] [stdout]    |                                     no `MockKeyAlgorithm` in `provider::key_algorithm`
[INFO] [stdout]    |
[INFO] [stdout] help: a similar name exists in the module
[INFO] [stdout]    |
[INFO] [stdout] 14 - use crate::provider::key_algorithm::MockKeyAlgorithm;
[INFO] [stdout] 14 + use crate::provider::key_algorithm::KeyAlgorithm;
[INFO] [stdout]    |
[INFO] [stdout] 
[INFO] [stdout] 
[INFO] [stdout] error[E0432]: unresolved import `crate::provider::key_algorithm::provider::MockKeyAlgorithmProvider`
[INFO] [stdout]   --> src/provider/presentation_formatter/jwt_vp_json/test.rs:15:5
[INFO] [stdout]    |
[INFO] [stdout] 15 | use crate::provider::key_algorithm::provider::MockKeyAlgorithmProvider;
[INFO] [stdout]    |     ^^^^^^^^^^^^^^^^^^^^^^^^^^^^^^^^^^^^^^^^^^------------------------
[INFO] [stdout]    |                                               |
[INFO] [stdout]    |                                               no `MockKeyAlgorithmProvider` in `provider::key_algorithm::provider`
[INFO] [stdout]    |
[INFO] [stdout] help: a similar name exists in the module
[INFO] [stdout]    |
[INFO] [stdout] 15 - use crate::provider::key_algorithm::provider::MockKeyAlgorithmProvider;
[INFO] [stdout] 15 + use crate::provider::key_algorithm::provider::KeyAlgorithmProvider;
[INFO] [stdout]    |
[INFO] [stdout] 
[INFO] [stdout] 
[INFO] [stdout] error[E0432]: unresolved import `crate::provider::key_algorithm::MockKeyAlgorithm`
[INFO] [stdout]   --> src/provider/presentation_formatter/ldp_vp/test.rs:18:5
[INFO] [stdout]    |
[INFO] [stdout] 18 | use crate::provider::key_algorithm::MockKeyAlgorithm;
[INFO] [stdout]    |     ^^^^^^^^^^^^^^^^^^^^^^^^^^^^^^^^----------------
[INFO] [stdout]    |                                     |
[INFO] [stdout]    |                                     no `MockKeyAlgorithm` in `provider::key_algorithm`
[INFO] [stdout]    |
[INFO] [stdout] help: a similar name exists in the module
[INFO] [stdout]    |
[INFO] [stdout] 18 - use crate::provider::key_algorithm::MockKeyAlgorithm;
[INFO] [stdout] 18 + use crate::provider::key_algorithm::KeyAlgorithm;
[INFO] [stdout]    |
[INFO] [stdout] 
[INFO] [stdout] 
[INFO] [stdout] error[E0432]: unresolved import `crate::provider::key_algorithm::provider::MockKeyAlgorithmProvider`
[INFO] [stdout]   --> src/provider/presentation_formatter/ldp_vp/test.rs:19:5
[INFO] [stdout]    |
[INFO] [stdout] 19 | use crate::provider::key_algorithm::provider::MockKeyAlgorithmProvider;
[INFO] [stdout]    |     ^^^^^^^^^^^^^^^^^^^^^^^^^^^^^^^^^^^^^^^^^^------------------------
[INFO] [stdout]    |                                               |
[INFO] [stdout]    |                                               no `MockKeyAlgorithmProvider` in `provider::key_algorithm::provider`
[INFO] [stdout]    |
[INFO] [stdout] help: a similar name exists in the module
[INFO] [stdout]    |
[INFO] [stdout] 19 - use crate::provider::key_algorithm::provider::MockKeyAlgorithmProvider;
[INFO] [stdout] 19 + use crate::provider::key_algorithm::provider::KeyAlgorithmProvider;
[INFO] [stdout]    |
[INFO] [stdout] 
[INFO] [stdout] 
[INFO] [stdout] error[E0432]: unresolved import `crate::provider::key_algorithm::MockKeyAlgorithm`
[INFO] [stdout]   --> src/provider/presentation_formatter/sdjwt/test.rs:22:5
[INFO] [stdout]    |
[INFO] [stdout] 22 | use crate::provider::key_algorithm::MockKeyAlgorithm;
[INFO] [stdout]    |     ^^^^^^^^^^^^^^^^^^^^^^^^^^^^^^^^----------------
[INFO] [stdout]    |                                     |
[INFO] [stdout]    |                                     no `MockKeyAlgorithm` in `provider::key_algorithm`
[INFO] [stdout]    |
[INFO] [stdout] help: a similar name exists in the module
[INFO] [stdout]    |
[INFO] [stdout] 22 - use crate::provider::key_algorithm::MockKeyAlgorithm;
[INFO] [stdout] 22 + use crate::provider::key_algorithm::KeyAlgorithm;
[INFO] [stdout]    |
[INFO] [stdout] 
[INFO] [stdout] 
[INFO] [stdout] error[E0432]: unresolved import `crate::provider::key_algorithm::provider::MockKeyAlgorithmProvider`
[INFO] [stdout]   --> src/provider/presentation_formatter/sdjwt/test.rs:23:5
[INFO] [stdout]    |
[INFO] [stdout] 23 | use crate::provider::key_algorithm::provider::MockKeyAlgorithmProvider;
[INFO] [stdout]    |     ^^^^^^^^^^^^^^^^^^^^^^^^^^^^^^^^^^^^^^^^^^------------------------
[INFO] [stdout]    |                                               |
[INFO] [stdout]    |                                               no `MockKeyAlgorithmProvider` in `provider::key_algorithm::provider`
[INFO] [stdout]    |
[INFO] [stdout] help: a similar name exists in the module
[INFO] [stdout]    |
[INFO] [stdout] 23 - use crate::provider::key_algorithm::provider::MockKeyAlgorithmProvider;
[INFO] [stdout] 23 + use crate::provider::key_algorithm::provider::KeyAlgorithmProvider;
[INFO] [stdout]    |
[INFO] [stdout] 
[INFO] [stdout] 
[INFO] [stdout] error[E0432]: unresolved import `crate::provider::key_algorithm::MockKeyAlgorithm`
[INFO] [stdout]   --> src/provider/presentation_formatter/sdjwt_vc/test.rs:20:5
[INFO] [stdout]    |
[INFO] [stdout] 20 | use crate::provider::key_algorithm::MockKeyAlgorithm;
[INFO] [stdout]    |     ^^^^^^^^^^^^^^^^^^^^^^^^^^^^^^^^----------------
[INFO] [stdout]    |                                     |
[INFO] [stdout]    |                                     no `MockKeyAlgorithm` in `provider::key_algorithm`
[INFO] [stdout]    |
[INFO] [stdout] help: a similar name exists in the module
[INFO] [stdout]    |
[INFO] [stdout] 20 - use crate::provider::key_algorithm::MockKeyAlgorithm;
[INFO] [stdout] 20 + use crate::provider::key_algorithm::KeyAlgorithm;
[INFO] [stdout]    |
[INFO] [stdout] 
[INFO] [stdout] 
[INFO] [stdout] error[E0432]: unresolved import `crate::provider::key_algorithm::provider::MockKeyAlgorithmProvider`
[INFO] [stdout]   --> src/provider/presentation_formatter/sdjwt_vc/test.rs:21:5
[INFO] [stdout]    |
[INFO] [stdout] 21 | use crate::provider::key_algorithm::provider::MockKeyAlgorithmProvider;
[INFO] [stdout]    |     ^^^^^^^^^^^^^^^^^^^^^^^^^^^^^^^^^^^^^^^^^^------------------------
[INFO] [stdout]    |                                               |
[INFO] [stdout]    |                                               no `MockKeyAlgorithmProvider` in `provider::key_algorithm::provider`
[INFO] [stdout]    |
[INFO] [stdout] help: a similar name exists in the module
[INFO] [stdout]    |
[INFO] [stdout] 21 - use crate::provider::key_algorithm::provider::MockKeyAlgorithmProvider;
[INFO] [stdout] 21 + use crate::provider::key_algorithm::provider::KeyAlgorithmProvider;
[INFO] [stdout]    |
[INFO] [stdout] 
[INFO] [stdout] 
[INFO] [stdout] error[E0432]: unresolved import `crate::provider::key_algorithm::provider::MockKeyAlgorithmProvider`
[INFO] [stdout]   --> src/provider/revocation/bitstring_status_list/test.rs:13:5
[INFO] [stdout]    |
[INFO] [stdout] 13 | use crate::provider::key_algorithm::provider::MockKeyAlgorithmProvider;
[INFO] [stdout]    |     ^^^^^^^^^^^^^^^^^^^^^^^^^^^^^^^^^^^^^^^^^^------------------------
[INFO] [stdout]    |                                               |
[INFO] [stdout]    |                                               no `MockKeyAlgorithmProvider` in `provider::key_algorithm::provider`
[INFO] [stdout]    |
[INFO] [stdout] help: a similar name exists in the module
[INFO] [stdout]    |
[INFO] [stdout] 13 - use crate::provider::key_algorithm::provider::MockKeyAlgorithmProvider;
[INFO] [stdout] 13 + use crate::provider::key_algorithm::provider::KeyAlgorithmProvider;
[INFO] [stdout]    |
[INFO] [stdout] 
[INFO] [stdout] 
[INFO] [stdout] error[E0432]: unresolved imports `crate::provider::key_algorithm::key::MockSignaturePrivateKeyHandle`, `crate::provider::key_algorithm::key::MockSignaturePublicKeyHandle`
[INFO] [stdout]   --> src/provider/revocation/crl/test.rs:21:16
[INFO] [stdout]    |
[INFO] [stdout] 21 |     KeyHandle, MockSignaturePrivateKeyHandle, MockSignaturePublicKeyHandle, SignatureKeyHandle,
[INFO] [stdout]    |                ^^^^^^^^^^^^^^^^^^^^^^^^^^^^^  ^^^^^^^^^^^^^^^^^^^^^^^^^^^^ no `MockSignaturePublicKeyHandle` in `provider::key_algorithm::key`
[INFO] [stdout]    |                |
[INFO] [stdout]    |                no `MockSignaturePrivateKeyHandle` in `provider::key_algorithm::key`
[INFO] [stdout]    |
[INFO] [stdout] help: a similar name exists in the module
[INFO] [stdout]    |
[INFO] [stdout] 21 -     KeyHandle, MockSignaturePrivateKeyHandle, MockSignaturePublicKeyHandle, SignatureKeyHandle,
[INFO] [stdout] 21 +     KeyHandle, SignaturePrivateKeyHandle, MockSignaturePublicKeyHandle, SignatureKeyHandle,
[INFO] [stdout]    |
[INFO] [stdout] help: a similar name exists in the module
[INFO] [stdout]    |
[INFO] [stdout] 21 -     KeyHandle, MockSignaturePrivateKeyHandle, MockSignaturePublicKeyHandle, SignatureKeyHandle,
[INFO] [stdout] 21 +     KeyHandle, MockSignaturePrivateKeyHandle, SignaturePublicKeyHandle, SignatureKeyHandle,
[INFO] [stdout]    |
[INFO] [stdout] 
[INFO] [stdout] 
[INFO] [stdout] error[E0432]: unresolved import `crate::provider::key_algorithm::provider::MockKeyAlgorithmProvider`
[INFO] [stdout]   --> src/provider/task/holder_check_credential_status/test.rs:31:5
[INFO] [stdout]    |
[INFO] [stdout] 31 | use crate::provider::key_algorithm::provider::MockKeyAlgorithmProvider;
[INFO] [stdout]    |     ^^^^^^^^^^^^^^^^^^^^^^^^^^^^^^^^^^^^^^^^^^------------------------
[INFO] [stdout]    |                                               |
[INFO] [stdout]    |                                               no `MockKeyAlgorithmProvider` in `provider::key_algorithm::provider`
[INFO] [stdout]    |
[INFO] [stdout] help: a similar name exists in the module
[INFO] [stdout]    |
[INFO] [stdout] 31 - use crate::provider::key_algorithm::provider::MockKeyAlgorithmProvider;
[INFO] [stdout] 31 + use crate::provider::key_algorithm::provider::KeyAlgorithmProvider;
[INFO] [stdout]    |
[INFO] [stdout] 
[INFO] [stdout] 
[INFO] [stdout] error[E0432]: unresolved import `crate::provider::key_algorithm::provider::MockKeyAlgorithmProvider`
[INFO] [stdout]   --> src/provider/trust_list_publisher/etsi_lote/test.rs:24:5
[INFO] [stdout]    |
[INFO] [stdout] 24 | use crate::provider::key_algorithm::provider::MockKeyAlgorithmProvider;
[INFO] [stdout]    |     ^^^^^^^^^^^^^^^^^^^^^^^^^^^^^^^^^^^^^^^^^^------------------------
[INFO] [stdout]    |                                               |
[INFO] [stdout]    |                                               no `MockKeyAlgorithmProvider` in `provider::key_algorithm::provider`
[INFO] [stdout]    |
[INFO] [stdout] help: a similar name exists in the module
[INFO] [stdout]    |
[INFO] [stdout] 24 - use crate::provider::key_algorithm::provider::MockKeyAlgorithmProvider;
[INFO] [stdout] 24 + use crate::provider::key_algorithm::provider::KeyAlgorithmProvider;
[INFO] [stdout]    |
[INFO] [stdout] 
[INFO] [stdout] 
[INFO] [stdout] error[E0432]: unresolved import `crate::provider::key_algorithm::provider::MockKeyAlgorithmProvider`
[INFO] [stdout]   --> src/provider/trust_list_subscriber/etsi_lote/test.rs:26:5
[INFO] [stdout]    |
[INFO] [stdout] 26 | use crate::provider::key_algorithm::provider::MockKeyAlgorithmProvider;
[INFO] [stdout]    |     ^^^^^^^^^^^^^^^^^^^^^^^^^^^^^^^^^^^^^^^^^^------------------------
[INFO] [stdout]    |                                               |
[INFO] [stdout]    |                                               no `MockKeyAlgorithmProvider` in `provider::key_algorithm::provider`
[INFO] [stdout]    |
[INFO] [stdout] help: a similar name exists in the module
[INFO] [stdout]    |
[INFO] [stdout] 26 - use crate::provider::key_algorithm::provider::MockKeyAlgorithmProvider;
[INFO] [stdout] 26 + use crate::provider::key_algorithm::provider::KeyAlgorithmProvider;
[INFO] [stdout]    |
[INFO] [stdout] 
[INFO] [stdout] 
[INFO] [stdout] error[E0432]: unresolved import `crate::provider::key_algorithm::provider::MockKeyAlgorithmProvider`
[INFO] [stdout]   --> src/provider/verification_protocol/iso_mdl/test.rs:24:5
[INFO] [stdout]    |
[INFO] [stdout] 24 | use crate::provider::key_algorithm::provider::MockKeyAlgorithmProvider;
[INFO] [stdout]    |     ^^^^^^^^^^^^^^^^^^^^^^^^^^^^^^^^^^^^^^^^^^------------------------
[INFO] [stdout]    |                                               |
[INFO] [stdout]    |                                               no `MockKeyAlgorithmProvider` in `provider::key_algorithm::provider`
[INFO] [stdout]    |
[INFO] [stdout] help: a similar name exists in the module
[INFO] [stdout]    |
[INFO] [stdout] 24 - use crate::provider::key_algorithm::provider::MockKeyAlgorithmProvider;
[INFO] [stdout] 24 + use crate::provider::key_algorithm::provider::KeyAlgorithmProvider;
[INFO] [stdout]    |
[INFO] [stdout] 
[INFO] [stdout] 
[INFO] [stdout] error[E0432]: unresolved import `crate::provider::key_algorithm::MockKeyAlgorithm`
[INFO] [stdout]   --> src/provider/verification_protocol/openid4vp/draft20/test.rs:37:5
[INFO] [stdout]    |
[INFO] [stdout] 37 | use crate::provider::key_algorithm::MockKeyAlgorithm;
[INFO] [stdout]    |     ^^^^^^^^^^^^^^^^^^^^^^^^^^^^^^^^----------------
[INFO] [stdout]    |                                     |
[INFO] [stdout]    |                                     no `MockKeyAlgorithm` in `provider::key_algorithm`
[INFO] [stdout]    |
[INFO] [stdout] help: a similar name exists in the module
[INFO] [stdout]    |
[INFO] [stdout] 37 - use crate::provider::key_algorithm::MockKeyAlgorithm;
[INFO] [stdout] 37 + use crate::provider::key_algorithm::KeyAlgorithm;
[INFO] [stdout]    |
[INFO] [stdout] 
[INFO] [stdout] 
[INFO] [stdout] error[E0432]: unresolved import `crate::provider::key_algorithm::key::MockSignaturePublicKeyHandle`
[INFO] [stdout]   --> src/provider/verification_protocol/openid4vp/draft20/test.rs:39:16
[INFO] [stdout]    |
[INFO] [stdout] 39 |     KeyHandle, MockSignaturePublicKeyHandle, SignatureKeyHandle,
[INFO] [stdout]    |                ^^^^^^^^^^^^^^^^^^^^^^^^^^^^ no `MockSignaturePublicKeyHandle` in `provider::key_algorithm::key`
[INFO] [stdout]    |
[INFO] [stdout] help: a similar name exists in the module
[INFO] [stdout]    |
[INFO] [stdout] 39 -     KeyHandle, MockSignaturePublicKeyHandle, SignatureKeyHandle,
[INFO] [stdout] 39 +     KeyHandle, SignaturePublicKeyHandle, SignatureKeyHandle,
[INFO] [stdout]    |
[INFO] [stdout] 
[INFO] [stdout] 
[INFO] [stdout] error[E0432]: unresolved import `crate::provider::key_algorithm::provider::MockKeyAlgorithmProvider`
[INFO] [stdout]   --> src/provider/verification_protocol/openid4vp/draft20/test.rs:41:5
[INFO] [stdout]    |
[INFO] [stdout] 41 | use crate::provider::key_algorithm::provider::MockKeyAlgorithmProvider;
[INFO] [stdout]    |     ^^^^^^^^^^^^^^^^^^^^^^^^^^^^^^^^^^^^^^^^^^------------------------
[INFO] [stdout]    |                                               |
[INFO] [stdout]    |                                               no `MockKeyAlgorithmProvider` in `provider::key_algorithm::provider`
[INFO] [stdout]    |
[INFO] [stdout] help: a similar name exists in the module
[INFO] [stdout]    |
[INFO] [stdout] 41 - use crate::provider::key_algorithm::provider::MockKeyAlgorithmProvider;
[INFO] [stdout] 41 + use crate::provider::key_algorithm::provider::KeyAlgorithmProvider;
[INFO] [stdout]    |
[INFO] [stdout] 
[INFO] [stdout] 
[INFO] [stdout] error[E0432]: unresolved import `crate::provider::key_algorithm::provider::MockKeyAlgorithmProvider`
[INFO] [stdout]   --> src/provider/verification_protocol/openid4vp/draft25/test.rs:26:5
[INFO] [stdout]    |
[INFO] [stdout] 26 | use crate::provider::key_algorithm::provider::MockKeyAlgorithmProvider;
[INFO] [stdout]    |     ^^^^^^^^^^^^^^^^^^^^^^^^^^^^^^^^^^^^^^^^^^------------------------
[INFO] [stdout]    |                                               |
[INFO] [stdout]    |                                               no `MockKeyAlgorithmProvider` in `provider::key_algorithm::provider`
[INFO] [stdout]    |
[INFO] [stdout] help: a similar name exists in the module
[INFO] [stdout]    |
[INFO] [stdout] 26 - use crate::provider::key_algorithm::provider::MockKeyAlgorithmProvider;
[INFO] [stdout] 26 + use crate::provider::key_algorithm::provider::KeyAlgorithmProvider;
[INFO] [stdout]    |
[INFO] [stdout] 
[INFO] [stdout] 
[INFO] [stdout] error[E0432]: unresolved import `crate::provider::key_algorithm::MockKeyAlgorithm`
[INFO] [stdout]   --> src/provider/verification_protocol/openid4vp/final1_0/test.rs:34:5
[INFO] [stdout]    |
[INFO] [stdout] 34 | use crate::provider::key_algorithm::MockKeyAlgorithm;
[INFO] [stdout]    |     ^^^^^^^^^^^^^^^^^^^^^^^^^^^^^^^^----------------
[INFO] [stdout]    |                                     |
[INFO] [stdout]    |                                     no `MockKeyAlgorithm` in `provider::key_algorithm`
[INFO] [stdout]    |
[INFO] [stdout] help: a similar name exists in the module
[INFO] [stdout]    |
[INFO] [stdout] 34 - use crate::provider::key_algorithm::MockKeyAlgorithm;
[INFO] [stdout] 34 + use crate::provider::key_algorithm::KeyAlgorithm;
[INFO] [stdout]    |
[INFO] [stdout] 
[INFO] [stdout] 
[INFO] [stdout] error[E0432]: unresolved imports `crate::provider::key_algorithm::key::MockPublicKeyAgreementHandle`, `crate::provider::key_algorithm::key::MockSignaturePublicKeyHandle`
[INFO] [stdout]   --> src/provider/verification_protocol/openid4vp/final1_0/test.rs:36:36
[INFO] [stdout]    |
[INFO] [stdout] 36 |     KeyAgreementHandle, KeyHandle, MockPublicKeyAgreementHandle, MockSignaturePublicKeyHandle,
[INFO] [stdout]    |                                    ^^^^^^^^^^^^^^^^^^^^^^^^^^^^  ^^^^^^^^^^^^^^^^^^^^^^^^^^^^ no `MockSignaturePublicKeyHandle` in `provider::key_algorithm::key`
[INFO] [stdout]    |                                    |
[INFO] [stdout]    |                                    no `MockPublicKeyAgreementHandle` in `provider::key_algorithm::key`
[INFO] [stdout]    |
[INFO] [stdout] help: a similar name exists in the module
[INFO] [stdout]    |
[INFO] [stdout] 36 -     KeyAgreementHandle, KeyHandle, MockPublicKeyAgreementHandle, MockSignaturePublicKeyHandle,
[INFO] [stdout] 36 +     KeyAgreementHandle, KeyHandle, PublicKeyAgreementHandle, MockSignaturePublicKeyHandle,
[INFO] [stdout]    |
[INFO] [stdout] help: a similar name exists in the module
[INFO] [stdout]    |
[INFO] [stdout] 36 -     KeyAgreementHandle, KeyHandle, MockPublicKeyAgreementHandle, MockSignaturePublicKeyHandle,
[INFO] [stdout] 36 +     KeyAgreementHandle, KeyHandle, MockPublicKeyAgreementHandle, SignaturePublicKeyHandle,
[INFO] [stdout]    |
[INFO] [stdout] 
[INFO] [stdout] 
[INFO] [stdout] error[E0432]: unresolved import `crate::provider::key_algorithm::provider::MockKeyAlgorithmProvider`
[INFO] [stdout]   --> src/provider/verification_protocol/openid4vp/final1_0/test.rs:39:5
[INFO] [stdout]    |
[INFO] [stdout] 39 | use crate::provider::key_algorithm::provider::MockKeyAlgorithmProvider;
[INFO] [stdout]    |     ^^^^^^^^^^^^^^^^^^^^^^^^^^^^^^^^^^^^^^^^^^------------------------
[INFO] [stdout]    |                                               |
[INFO] [stdout]    |                                               no `MockKeyAlgorithmProvider` in `provider::key_algorithm::provider`
[INFO] [stdout]    |
[INFO] [stdout] help: a similar name exists in the module
[INFO] [stdout]    |
[INFO] [stdout] 39 - use crate::provider::key_algorithm::provider::MockKeyAlgorithmProvider;
[INFO] [stdout] 39 + use crate::provider::key_algorithm::provider::KeyAlgorithmProvider;
[INFO] [stdout]    |
[INFO] [stdout] 
[INFO] [stdout] 
[INFO] [stdout] error[E0432]: unresolved import `crate::provider::key_algorithm::MockKeyAlgorithm`
[INFO] [stdout]   --> src/provider/verification_protocol/openid4vp/proximity_draft00/mqtt/test.rs:25:5
[INFO] [stdout]    |
[INFO] [stdout] 25 | use crate::provider::key_algorithm::MockKeyAlgorithm;
[INFO] [stdout]    |     ^^^^^^^^^^^^^^^^^^^^^^^^^^^^^^^^----------------
[INFO] [stdout]    |                                     |
[INFO] [stdout]    |                                     no `MockKeyAlgorithm` in `provider::key_algorithm`
[INFO] [stdout]    |
[INFO] [stdout] help: a similar name exists in the module
[INFO] [stdout]    |
[INFO] [stdout] 25 - use crate::provider::key_algorithm::MockKeyAlgorithm;
[INFO] [stdout] 25 + use crate::provider::key_algorithm::KeyAlgorithm;
[INFO] [stdout]    |
[INFO] [stdout] 
[INFO] [stdout] 
[INFO] [stdout] error[E0432]: unresolved import `crate::provider::key_algorithm::provider::MockKeyAlgorithmProvider`
[INFO] [stdout]   --> src/provider/verification_protocol/openid4vp/proximity_draft00/mqtt/test.rs:26:5
[INFO] [stdout]    |
[INFO] [stdout] 26 | use crate::provider::key_algorithm::provider::MockKeyAlgorithmProvider;
[INFO] [stdout]    |     ^^^^^^^^^^^^^^^^^^^^^^^^^^^^^^^^^^^^^^^^^^------------------------
[INFO] [stdout]    |                                               |
[INFO] [stdout]    |                                               no `MockKeyAlgorithmProvider` in `provider::key_algorithm::provider`
[INFO] [stdout]    |
[INFO] [stdout] help: a similar name exists in the module
[INFO] [stdout]    |
[INFO] [stdout] 26 - use crate::provider::key_algorithm::provider::MockKeyAlgorithmProvider;
[INFO] [stdout] 26 + use crate::provider::key_algorithm::provider::KeyAlgorithmProvider;
[INFO] [stdout]    |
[INFO] [stdout] 
[INFO] [stdout] 
[INFO] [stdout] error[E0432]: unresolved import `crate::provider::key_algorithm::provider::MockKeyAlgorithmProvider`
[INFO] [stdout]   --> src/service/did/test.rs:25:5
[INFO] [stdout]    |
[INFO] [stdout] 25 | use crate::provider::key_algorithm::provider::MockKeyAlgorithmProvider;
[INFO] [stdout]    |     ^^^^^^^^^^^^^^^^^^^^^^^^^^^^^^^^^^^^^^^^^^------------------------
[INFO] [stdout]    |                                               |
[INFO] [stdout]    |                                               no `MockKeyAlgorithmProvider` in `provider::key_algorithm::provider`
[INFO] [stdout]    |
[INFO] [stdout] help: a similar name exists in the module
[INFO] [stdout]    |
[INFO] [stdout] 25 - use crate::provider::key_algorithm::provider::MockKeyAlgorithmProvider;
[INFO] [stdout] 25 + use crate::provider::key_algorithm::provider::KeyAlgorithmProvider;
[INFO] [stdout]    |
[INFO] [stdout] 
[INFO] [stdout] 
[INFO] [stdout] error[E0432]: unresolved import `crate::provider::key_algorithm::MockKeyAlgorithm`
[INFO] [stdout]   --> src/service/oid4vci_draft13/test.rs:40:5
[INFO] [stdout]    |
[INFO] [stdout] 40 | use crate::provider::key_algorithm::MockKeyAlgorithm;
[INFO] [stdout]    |     ^^^^^^^^^^^^^^^^^^^^^^^^^^^^^^^^----------------
[INFO] [stdout]    |                                     |
[INFO] [stdout]    |                                     no `MockKeyAlgorithm` in `provider::key_algorithm`
[INFO] [stdout]    |
[INFO] [stdout] help: a similar name exists in the module
[INFO] [stdout]    |
[INFO] [stdout] 40 - use crate::provider::key_algorithm::MockKeyAlgorithm;
[INFO] [stdout] 40 + use crate::provider::key_algorithm::KeyAlgorithm;
[INFO] [stdout]    |
[INFO] [stdout] 
[INFO] [stdout] 
[INFO] [stdout] error[E0432]: unresolved import `crate::provider::key_algorithm::provider::MockKeyAlgorithmProvider`
[INFO] [stdout]   --> src/service/oid4vci_draft13/test.rs:42:5
[INFO] [stdout]    |
[INFO] [stdout] 42 | use crate::provider::key_algorithm::provider::MockKeyAlgorithmProvider;
[INFO] [stdout]    |     ^^^^^^^^^^^^^^^^^^^^^^^^^^^^^^^^^^^^^^^^^^------------------------
[INFO] [stdout]    |                                               |
[INFO] [stdout]    |                                               no `MockKeyAlgorithmProvider` in `provider::key_algorithm::provider`
[INFO] [stdout]    |
[INFO] [stdout] help: a similar name exists in the module
[INFO] [stdout]    |
[INFO] [stdout] 42 - use crate::provider::key_algorithm::provider::MockKeyAlgorithmProvider;
[INFO] [stdout] 42 + use crate::provider::key_algorithm::provider::KeyAlgorithmProvider;
[INFO] [stdout]    |
[INFO] [stdout] 
[INFO] [stdout] 
[INFO] [stdout] error[E0432]: unresolved import `crate::provider::key_algorithm::key::MockSignaturePublicKeyHandle`
[INFO] [stdout]   --> src/service/oid4vci_final1_0/test.rs:43:16
[INFO] [stdout]    |
[INFO] [stdout] 43 |     KeyHandle, MockSignaturePublicKeyHandle, SignatureKeyHandle,
[INFO] [stdout]    |                ^^^^^^^^^^^^^^^^^^^^^^^^^^^^ no `MockSignaturePublicKeyHandle` in `provider::key_algorithm::key`
[INFO] [stdout]    |
[INFO] [stdout] help: a similar name exists in the module
[INFO] [stdout]    |
[INFO] [stdout] 43 -     KeyHandle, MockSignaturePublicKeyHandle, SignatureKeyHandle,
[INFO] [stdout] 43 +     KeyHandle, SignaturePublicKeyHandle, SignatureKeyHandle,
[INFO] [stdout]    |
[INFO] [stdout] 
[INFO] [stdout] 
[INFO] [stdout] error[E0432]: unresolved import `crate::provider::key_algorithm::provider::MockKeyAlgorithmProvider`
[INFO] [stdout]   --> src/service/oid4vci_final1_0/test.rs:45:5
[INFO] [stdout]    |
[INFO] [stdout] 45 | use crate::provider::key_algorithm::provider::MockKeyAlgorithmProvider;
[INFO] [stdout]    |     ^^^^^^^^^^^^^^^^^^^^^^^^^^^^^^^^^^^^^^^^^^------------------------
[INFO] [stdout]    |                                               |
[INFO] [stdout]    |                                               no `MockKeyAlgorithmProvider` in `provider::key_algorithm::provider`
[INFO] [stdout]    |
[INFO] [stdout] help: a similar name exists in the module
[INFO] [stdout]    |
[INFO] [stdout] 45 - use crate::provider::key_algorithm::provider::MockKeyAlgorithmProvider;
[INFO] [stdout] 45 + use crate::provider::key_algorithm::provider::KeyAlgorithmProvider;
[INFO] [stdout]    |
[INFO] [stdout] 
[INFO] [stdout] 
[INFO] [stdout] error[E0432]: unresolved import `crate::provider::key_algorithm::MockKeyAlgorithm`
[INFO] [stdout]   --> src/service/oid4vci_final1_0/test.rs:46:52
[INFO] [stdout]    |
[INFO] [stdout] 46 | use crate::provider::key_algorithm::{KeyAlgorithm, MockKeyAlgorithm};
[INFO] [stdout]    |                                                    ^^^^^^^^^^^^^^^^ no `MockKeyAlgorithm` in `provider::key_algorithm`
[INFO] [stdout]    |
[INFO] [stdout] help: a similar name exists in the module
[INFO] [stdout]    |
[INFO] [stdout] 46 - use crate::provider::key_algorithm::{KeyAlgorithm, MockKeyAlgorithm};
[INFO] [stdout] 46 + use crate::provider::key_algorithm::{KeyAlgorithm, KeyAlgorithm};
[INFO] [stdout]    |
[INFO] [stdout] 
[INFO] [stdout] 
[INFO] [stdout] error[E0432]: unresolved import `crate::provider::key_algorithm::MockKeyAlgorithm`
[INFO] [stdout]   --> src/service/oid4vp_draft20/test.rs:29:5
[INFO] [stdout]    |
[INFO] [stdout] 29 | use crate::provider::key_algorithm::MockKeyAlgorithm;
[INFO] [stdout]    |     ^^^^^^^^^^^^^^^^^^^^^^^^^^^^^^^^----------------
[INFO] [stdout]    |                                     |
[INFO] [stdout]    |                                     no `MockKeyAlgorithm` in `provider::key_algorithm`
[INFO] [stdout]    |
[INFO] [stdout] help: a similar name exists in the module
[INFO] [stdout]    |
[INFO] [stdout] 29 - use crate::provider::key_algorithm::MockKeyAlgorithm;
[INFO] [stdout] 29 + use crate::provider::key_algorithm::KeyAlgorithm;
[INFO] [stdout]    |
[INFO] [stdout] 
[INFO] [stdout] 
[INFO] [stdout] error[E0432]: unresolved import `crate::provider::key_algorithm::key::MockSignaturePublicKeyHandle`
[INFO] [stdout]   --> src/service/oid4vp_draft20/test.rs:31:16
[INFO] [stdout]    |
[INFO] [stdout] 31 |     KeyHandle, MockSignaturePublicKeyHandle, SignatureKeyHandle,
[INFO] [stdout]    |                ^^^^^^^^^^^^^^^^^^^^^^^^^^^^ no `MockSignaturePublicKeyHandle` in `provider::key_algorithm::key`
[INFO] [stdout]    |
[INFO] [stdout] help: a similar name exists in the module
[INFO] [stdout]    |
[INFO] [stdout] 31 -     KeyHandle, MockSignaturePublicKeyHandle, SignatureKeyHandle,
[INFO] [stdout] 31 +     KeyHandle, SignaturePublicKeyHandle, SignatureKeyHandle,
[INFO] [stdout]    |
[INFO] [stdout] 
[INFO] [stdout] 
[INFO] [stdout] error[E0432]: unresolved import `crate::provider::key_algorithm::provider::MockKeyAlgorithmProvider`
[INFO] [stdout]   --> src/service/oid4vp_draft20/test.rs:33:5
[INFO] [stdout]    |
[INFO] [stdout] 33 | use crate::provider::key_algorithm::provider::MockKeyAlgorithmProvider;
[INFO] [stdout]    |     ^^^^^^^^^^^^^^^^^^^^^^^^^^^^^^^^^^^^^^^^^^------------------------
[INFO] [stdout]    |                                               |
[INFO] [stdout]    |                                               no `MockKeyAlgorithmProvider` in `provider::key_algorithm::provider`
[INFO] [stdout]    |
[INFO] [stdout] help: a similar name exists in the module
[INFO] [stdout]    |
[INFO] [stdout] 33 - use crate::provider::key_algorithm::provider::MockKeyAlgorithmProvider;
[INFO] [stdout] 33 + use crate::provider::key_algorithm::provider::KeyAlgorithmProvider;
[INFO] [stdout]    |
[INFO] [stdout] 
[INFO] [stdout] 
[INFO] [stdout] error[E0432]: unresolved import `crate::provider::key_algorithm::MockKeyAlgorithm`
[INFO] [stdout]   --> src/service/oid4vp_draft25/test.rs:29:5
[INFO] [stdout]    |
[INFO] [stdout] 29 | use crate::provider::key_algorithm::MockKeyAlgorithm;
[INFO] [stdout]    |     ^^^^^^^^^^^^^^^^^^^^^^^^^^^^^^^^----------------
[INFO] [stdout]    |                                     |
[INFO] [stdout]    |                                     no `MockKeyAlgorithm` in `provider::key_algorithm`
[INFO] [stdout]    |
[INFO] [stdout] help: a similar name exists in the module
[INFO] [stdout]    |
[INFO] [stdout] 29 - use crate::provider::key_algorithm::MockKeyAlgorithm;
[INFO] [stdout] 29 + use crate::provider::key_algorithm::KeyAlgorithm;
[INFO] [stdout]    |
[INFO] [stdout] 
[INFO] [stdout] 
[INFO] [stdout] error[E0432]: unresolved import `crate::provider::key_algorithm::key::MockSignaturePublicKeyHandle`
[INFO] [stdout]   --> src/service/oid4vp_draft25/test.rs:31:16
[INFO] [stdout]    |
[INFO] [stdout] 31 |     KeyHandle, MockSignaturePublicKeyHandle, SignatureKeyHandle,
[INFO] [stdout]    |                ^^^^^^^^^^^^^^^^^^^^^^^^^^^^ no `MockSignaturePublicKeyHandle` in `provider::key_algorithm::key`
[INFO] [stdout]    |
[INFO] [stdout] help: a similar name exists in the module
[INFO] [stdout]    |
[INFO] [stdout] 31 -     KeyHandle, MockSignaturePublicKeyHandle, SignatureKeyHandle,
[INFO] [stdout] 31 +     KeyHandle, SignaturePublicKeyHandle, SignatureKeyHandle,
[INFO] [stdout]    |
[INFO] [stdout] 
[INFO] [stdout] 
[INFO] [stdout] error[E0432]: unresolved import `crate::provider::key_algorithm::provider::MockKeyAlgorithmProvider`
[INFO] [stdout]   --> src/service/oid4vp_draft25/test.rs:33:5
[INFO] [stdout]    |
[INFO] [stdout] 33 | use crate::provider::key_algorithm::provider::MockKeyAlgorithmProvider;
[INFO] [stdout]    |     ^^^^^^^^^^^^^^^^^^^^^^^^^^^^^^^^^^^^^^^^^^------------------------
[INFO] [stdout]    |                                               |
[INFO] [stdout]    |                                               no `MockKeyAlgorithmProvider` in `provider::key_algorithm::provider`
[INFO] [stdout]    |
[INFO] [stdout] help: a similar name exists in the module
[INFO] [stdout]    |
[INFO] [stdout] 33 - use crate::provider::key_algorithm::provider::MockKeyAlgorithmProvider;
[INFO] [stdout] 33 + use crate::provider::key_algorithm::provider::KeyAlgorithmProvider;
[INFO] [stdout]    |
[INFO] [stdout] 
[INFO] [stdout] 
[INFO] [stdout] error[E0432]: unresolved import `crate::provider::key_algorithm::MockKeyAlgorithm`
[INFO] [stdout]   --> src/service/oid4vp_final1_0/test.rs:29:5
[INFO] [stdout]    |
[INFO] [stdout] 29 | use crate::provider::key_algorithm::MockKeyAlgorithm;
[INFO] [stdout]    |     ^^^^^^^^^^^^^^^^^^^^^^^^^^^^^^^^----------------
[INFO] [stdout]    |                                     |
[INFO] [stdout]    |                                     no `MockKeyAlgorithm` in `provider::key_algorithm`
[INFO] [stdout]    |
[INFO] [stdout] help: a similar name exists in the module
[INFO] [stdout]    |
[INFO] [stdout] 29 - use crate::provider::key_algorithm::MockKeyAlgorithm;
[INFO] [stdout] 29 + use crate::provider::key_algorithm::KeyAlgorithm;
[INFO] [stdout]    |
[INFO] [stdout] 
[INFO] [stdout] 
[INFO] [stdout] error[E0432]: unresolved imports `crate::provider::key_algorithm::key::MockPublicKeyAgreementHandle`, `crate::provider::key_algorithm::key::MockSignaturePublicKeyHandle`
[INFO] [stdout]   --> src/service/oid4vp_final1_0/test.rs:31:36
[INFO] [stdout]    |
[INFO] [stdout] 31 |     KeyAgreementHandle, KeyHandle, MockPublicKeyAgreementHandle, MockSignaturePublicKeyHandle,
[INFO] [stdout]    |                                    ^^^^^^^^^^^^^^^^^^^^^^^^^^^^  ^^^^^^^^^^^^^^^^^^^^^^^^^^^^ no `MockSignaturePublicKeyHandle` in `provider::key_algorithm::key`
[INFO] [stdout]    |                                    |
[INFO] [stdout]    |                                    no `MockPublicKeyAgreementHandle` in `provider::key_algorithm::key`
[INFO] [stdout]    |
[INFO] [stdout] help: a similar name exists in the module
[INFO] [stdout]    |
[INFO] [stdout] 31 -     KeyAgreementHandle, KeyHandle, MockPublicKeyAgreementHandle, MockSignaturePublicKeyHandle,
[INFO] [stdout] 31 +     KeyAgreementHandle, KeyHandle, PublicKeyAgreementHandle, MockSignaturePublicKeyHandle,
[INFO] [stdout]    |
[INFO] [stdout] help: a similar name exists in the module
[INFO] [stdout]    |
[INFO] [stdout] 31 -     KeyAgreementHandle, KeyHandle, MockPublicKeyAgreementHandle, MockSignaturePublicKeyHandle,
[INFO] [stdout] 31 +     KeyAgreementHandle, KeyHandle, MockPublicKeyAgreementHandle, SignaturePublicKeyHandle,
[INFO] [stdout]    |
[INFO] [stdout] 
[INFO] [stdout] 
[INFO] [stdout] error[E0432]: unresolved import `crate::provider::key_algorithm::provider::MockKeyAlgorithmProvider`
[INFO] [stdout]   --> src/service/oid4vp_final1_0/test.rs:34:5
[INFO] [stdout]    |
[INFO] [stdout] 34 | use crate::provider::key_algorithm::provider::MockKeyAlgorithmProvider;
[INFO] [stdout]    |     ^^^^^^^^^^^^^^^^^^^^^^^^^^^^^^^^^^^^^^^^^^------------------------
[INFO] [stdout]    |                                               |
[INFO] [stdout]    |                                               no `MockKeyAlgorithmProvider` in `provider::key_algorithm::provider`
[INFO] [stdout]    |
[INFO] [stdout] help: a similar name exists in the module
[INFO] [stdout]    |
[INFO] [stdout] 34 - use crate::provider::key_algorithm::provider::MockKeyAlgorithmProvider;
[INFO] [stdout] 34 + use crate::provider::key_algorithm::provider::KeyAlgorithmProvider;
[INFO] [stdout]    |
[INFO] [stdout] 
[INFO] [stdout] 
[INFO] [stdout] error[E0432]: unresolved import `crate::provider::key_algorithm::MockKeyAlgorithm`
[INFO] [stdout]   --> src/service/proof/test.rs:65:5
[INFO] [stdout]    |
[INFO] [stdout] 65 | use crate::provider::key_algorithm::MockKeyAlgorithm;
[INFO] [stdout]    |     ^^^^^^^^^^^^^^^^^^^^^^^^^^^^^^^^----------------
[INFO] [stdout]    |                                     |
[INFO] [stdout]    |                                     no `MockKeyAlgorithm` in `provider::key_algorithm`
[INFO] [stdout]    |
[INFO] [stdout] help: a similar name exists in the module
[INFO] [stdout]    |
[INFO] [stdout] 65 - use crate::provider::key_algorithm::MockKeyAlgorithm;
[INFO] [stdout] 65 + use crate::provider::key_algorithm::KeyAlgorithm;
[INFO] [stdout]    |
[INFO] [stdout] 
[INFO] [stdout] 
[INFO] [stdout] error[E0432]: unresolved import `crate::provider::key_algorithm::key::MockSignaturePublicKeyHandle`
[INFO] [stdout]   --> src/service/proof/test.rs:67:16
[INFO] [stdout]    |
[INFO] [stdout] 67 |     KeyHandle, MockSignaturePublicKeyHandle, SignatureKeyHandle,
[INFO] [stdout]    |                ^^^^^^^^^^^^^^^^^^^^^^^^^^^^ no `MockSignaturePublicKeyHandle` in `provider::key_algorithm::key`
[INFO] [stdout]    |
[INFO] [stdout] help: a similar name exists in the module
[INFO] [stdout]    |
[INFO] [stdout] 67 -     KeyHandle, MockSignaturePublicKeyHandle, SignatureKeyHandle,
[INFO] [stdout] 67 +     KeyHandle, SignaturePublicKeyHandle, SignatureKeyHandle,
[INFO] [stdout]    |
[INFO] [stdout] 
[INFO] [stdout] 
[INFO] [stdout] error[E0432]: unresolved import `crate::provider::key_algorithm::provider::MockKeyAlgorithmProvider`
[INFO] [stdout]   --> src/service/proof/test.rs:69:5
[INFO] [stdout]    |
[INFO] [stdout] 69 | use crate::provider::key_algorithm::provider::MockKeyAlgorithmProvider;
[INFO] [stdout]    |     ^^^^^^^^^^^^^^^^^^^^^^^^^^^^^^^^^^^^^^^^^^------------------------
[INFO] [stdout]    |                                               |
[INFO] [stdout]    |                                               no `MockKeyAlgorithmProvider` in `provider::key_algorithm::provider`
[INFO] [stdout]    |
[INFO] [stdout] help: a similar name exists in the module
[INFO] [stdout]    |
[INFO] [stdout] 69 - use crate::provider::key_algorithm::provider::MockKeyAlgorithmProvider;
[INFO] [stdout] 69 + use crate::provider::key_algorithm::provider::KeyAlgorithmProvider;
[INFO] [stdout]    |
[INFO] [stdout] 
[INFO] [stdout] 
[INFO] [stdout] error[E0432]: unresolved import `crate::provider::key_algorithm::provider::MockKeyAlgorithmProvider`
[INFO] [stdout]   --> src/service/ssi_holder/test.rs:50:5
[INFO] [stdout]    |
[INFO] [stdout] 50 | use crate::provider::key_algorithm::provider::MockKeyAlgorithmProvider;
[INFO] [stdout]    |     ^^^^^^^^^^^^^^^^^^^^^^^^^^^^^^^^^^^^^^^^^^------------------------
[INFO] [stdout]    |                                               |
[INFO] [stdout]    |                                               no `MockKeyAlgorithmProvider` in `provider::key_algorithm::provider`
[INFO] [stdout]    |
[INFO] [stdout]    = note: unresolved item `crate::service::proof::test::test_delete_proof_fails_for_invalid_state::MockKeyAlgorithmProvider` exists but is inaccessible
[INFO] [stdout] help: a similar name exists in the module
[INFO] [stdout]    |
[INFO] [stdout] 50 - use crate::provider::key_algorithm::provider::MockKeyAlgorithmProvider;
[INFO] [stdout] 50 + use crate::provider::key_algorithm::provider::KeyAlgorithmProvider;
[INFO] [stdout]    |
[INFO] [stdout] 
[INFO] [stdout] 
[INFO] [stdout] error[E0432]: unresolved import `crate::provider::key_algorithm::MockKeyAlgorithm`
[INFO] [stdout]   --> src/service/trust_entity/test.rs:22:5
[INFO] [stdout]    |
[INFO] [stdout] 22 | use crate::provider::key_algorithm::MockKeyAlgorithm;
[INFO] [stdout]    |     ^^^^^^^^^^^^^^^^^^^^^^^^^^^^^^^^----------------
[INFO] [stdout]    |                                     |
[INFO] [stdout]    |                                     no `MockKeyAlgorithm` in `provider::key_algorithm`
[INFO] [stdout]    |
[INFO] [stdout]    = note: unresolved item `crate::service::proof::test::test_delete_proof_fails_for_invalid_state::MockKeyAlgorithm` exists but is inaccessible
[INFO] [stdout] help: a similar name exists in the module
[INFO] [stdout]    |
[INFO] [stdout] 22 - use crate::provider::key_algorithm::MockKeyAlgorithm;
[INFO] [stdout] 22 + use crate::provider::key_algorithm::KeyAlgorithm;
[INFO] [stdout]    |
[INFO] [stdout] 
[INFO] [stdout] 
[INFO] [stdout] error[E0432]: unresolved import `crate::provider::key_algorithm::key::MockSignaturePublicKeyHandle`
[INFO] [stdout]   --> src/service/trust_entity/test.rs:24:16
[INFO] [stdout]    |
[INFO] [stdout] 24 |     KeyHandle, MockSignaturePublicKeyHandle, SignatureKeyHandle,
[INFO] [stdout]    |                ^^^^^^^^^^^^^^^^^^^^^^^^^^^^ no `MockSignaturePublicKeyHandle` in `provider::key_algorithm::key`
[INFO] [stdout]    |
[INFO] [stdout]    = note: unresolved item `crate::service::proof::test::test_delete_proof_fails_for_invalid_state::MockSignaturePublicKeyHandle` exists but is inaccessible
[INFO] [stdout] help: a similar name exists in the module
[INFO] [stdout]    |
[INFO] [stdout] 24 -     KeyHandle, MockSignaturePublicKeyHandle, SignatureKeyHandle,
[INFO] [stdout] 24 +     KeyHandle, SignaturePublicKeyHandle, SignatureKeyHandle,
[INFO] [stdout]    |
[INFO] [stdout] 
[INFO] [stdout] 
[INFO] [stdout] error[E0432]: unresolved import `crate::provider::key_algorithm::provider::MockKeyAlgorithmProvider`
[INFO] [stdout]   --> src/service/trust_entity/test.rs:26:5
[INFO] [stdout]    |
[INFO] [stdout] 26 | use crate::provider::key_algorithm::provider::MockKeyAlgorithmProvider;
[INFO] [stdout]    |     ^^^^^^^^^^^^^^^^^^^^^^^^^^^^^^^^^^^^^^^^^^------------------------
[INFO] [stdout]    |                                               |
[INFO] [stdout]    |                                               no `MockKeyAlgorithmProvider` in `provider::key_algorithm::provider`
[INFO] [stdout]    |
[INFO] [stdout]    = note: unresolved item `crate::service::proof::test::test_delete_proof_fails_for_invalid_state::MockKeyAlgorithmProvider` exists but is inaccessible
[INFO] [stdout] help: a similar name exists in the module
[INFO] [stdout]    |
[INFO] [stdout] 26 - use crate::provider::key_algorithm::provider::MockKeyAlgorithmProvider;
[INFO] [stdout] 26 + use crate::provider::key_algorithm::provider::KeyAlgorithmProvider;
[INFO] [stdout]    |
[INFO] [stdout] 
[INFO] [stdout] 
[INFO] [stdout] error[E0432]: unresolved import `crate::provider::key_algorithm::provider::MockKeyAlgorithmProvider`
[INFO] [stdout]    --> src/service/wallet_provider/app_integrity/android.rs:253:9
[INFO] [stdout]     |
[INFO] [stdout] 253 |     use crate::provider::key_algorithm::provider::MockKeyAlgorithmProvider;
[INFO] [stdout]     |         ^^^^^^^^^^^^^^^^^^^^^^^^^^^^^^^^^^^^^^^^^^------------------------
[INFO] [stdout]     |                                                   |
[INFO] [stdout]     |                                                   no `MockKeyAlgorithmProvider` in `provider::key_algorithm::provider`
[INFO] [stdout]     |
[INFO] [stdout]     = note: unresolved item `crate::service::proof::test::test_delete_proof_fails_for_invalid_state::MockKeyAlgorithmProvider` exists but is inaccessible
[INFO] [stdout] help: a similar name exists in the module
[INFO] [stdout]     |
[INFO] [stdout] 253 -     use crate::provider::key_algorithm::provider::MockKeyAlgorithmProvider;
[INFO] [stdout] 253 +     use crate::provider::key_algorithm::provider::KeyAlgorithmProvider;
[INFO] [stdout]     |
[INFO] [stdout] 
[INFO] [stdout] 
[INFO] [stdout] error[E0432]: unresolved import `crate::provider::key_algorithm::provider::MockKeyAlgorithmProvider`
[INFO] [stdout]    --> src/service/wallet_provider/app_integrity/ios.rs:298:9
[INFO] [stdout]     |
[INFO] [stdout] 298 |     use crate::provider::key_algorithm::provider::MockKeyAlgorithmProvider;
[INFO] [stdout]     |         ^^^^^^^^^^^^^^^^^^^^^^^^^^^^^^^^^^^^^^^^^^------------------------
[INFO] [stdout]     |                                                   |
[INFO] [stdout]     |                                                   no `MockKeyAlgorithmProvider` in `provider::key_algorithm::provider`
[INFO] [stdout]     |
[INFO] [stdout]     = note: unresolved item `crate::service::proof::test::test_delete_proof_fails_for_invalid_state::MockKeyAlgorithmProvider` exists but is inaccessible
[INFO] [stdout] help: a similar name exists in the module
[INFO] [stdout]     |
[INFO] [stdout] 298 -     use crate::provider::key_algorithm::provider::MockKeyAlgorithmProvider;
[INFO] [stdout] 298 +     use crate::provider::key_algorithm::provider::KeyAlgorithmProvider;
[INFO] [stdout]     |
[INFO] [stdout] 
[INFO] [stdout] 
[INFO] [stdout] error[E0432]: unresolved import `crate::provider::key_algorithm::provider::MockKeyAlgorithmProvider`
[INFO] [stdout]   --> src/service/wallet_provider/test.rs:35:5
[INFO] [stdout]    |
[INFO] [stdout] 35 | use crate::provider::key_algorithm::provider::MockKeyAlgorithmProvider;
[INFO] [stdout]    |     ^^^^^^^^^^^^^^^^^^^^^^^^^^^^^^^^^^^^^^^^^^------------------------
[INFO] [stdout]    |                                               |
[INFO] [stdout]    |                                               no `MockKeyAlgorithmProvider` in `provider::key_algorithm::provider`
[INFO] [stdout]    |
[INFO] [stdout]    = note: unresolved item `crate::service::proof::test::test_delete_proof_fails_for_invalid_state::MockKeyAlgorithmProvider` exists but is inaccessible
[INFO] [stdout] help: a similar name exists in the module
[INFO] [stdout]    |
[INFO] [stdout] 35 - use crate::provider::key_algorithm::provider::MockKeyAlgorithmProvider;
[INFO] [stdout] 35 + use crate::provider::key_algorithm::provider::KeyAlgorithmProvider;
[INFO] [stdout]    |
[INFO] [stdout] 
[INFO] [stdout] 
[INFO] [stdout] error[E0432]: unresolved import `crate::provider::key_algorithm::provider::MockKeyAlgorithmProvider`
[INFO] [stdout]   --> src/service/wallet_unit/test.rs:26:5
[INFO] [stdout]    |
[INFO] [stdout] 26 | use crate::provider::key_algorithm::provider::MockKeyAlgorithmProvider;
[INFO] [stdout]    |     ^^^^^^^^^^^^^^^^^^^^^^^^^^^^^^^^^^^^^^^^^^------------------------
[INFO] [stdout]    |                                               |
[INFO] [stdout]    |                                               no `MockKeyAlgorithmProvider` in `provider::key_algorithm::provider`
[INFO] [stdout]    |
[INFO] [stdout]    = note: unresolved item `crate::service::proof::test::test_delete_proof_fails_for_invalid_state::MockKeyAlgorithmProvider` exists but is inaccessible
[INFO] [stdout] help: a similar name exists in the module
[INFO] [stdout]    |
[INFO] [stdout] 26 - use crate::provider::key_algorithm::provider::MockKeyAlgorithmProvider;
[INFO] [stdout] 26 + use crate::provider::key_algorithm::provider::KeyAlgorithmProvider;
[INFO] [stdout]    |
[INFO] [stdout] 
[INFO] [stdout] 
[INFO] [stdout] error[E0432]: unresolved import `crate::provider::key_algorithm::provider::MockKeyAlgorithmProvider`
[INFO] [stdout]   --> src/util/test_mdoc.rs:21:5
[INFO] [stdout]    |
[INFO] [stdout] 21 | use crate::provider::key_algorithm::provider::MockKeyAlgorithmProvider;
[INFO] [stdout]    |     ^^^^^^^^^^^^^^^^^^^^^^^^^^^^^^^^^^^^^^^^^^------------------------
[INFO] [stdout]    |                                               |
[INFO] [stdout]    |                                               no `MockKeyAlgorithmProvider` in `provider::key_algorithm::provider`
[INFO] [stdout]    |
[INFO] [stdout]    = note: unresolved item `crate::service::proof::test::test_delete_proof_fails_for_invalid_state::MockKeyAlgorithmProvider` exists but is inaccessible
[INFO] [stdout] help: a similar name exists in the module
[INFO] [stdout]    |
[INFO] [stdout] 21 - use crate::provider::key_algorithm::provider::MockKeyAlgorithmProvider;
[INFO] [stdout] 21 + use crate::provider::key_algorithm::provider::KeyAlgorithmProvider;
[INFO] [stdout]    |
[INFO] [stdout] 
[INFO] [stdout] 
[INFO] [stdout] error[E0432]: unresolved import `crate::provider::key_algorithm::key::MockSignaturePublicKeyHandle`
[INFO] [stdout]     --> src/provider/credential_formatter/sdjwtvc_formatter/test.rs:1455:28
[INFO] [stdout]      |
[INFO] [stdout] 1455 |                 KeyHandle, MockSignaturePublicKeyHandle, SignatureKeyHandle,
[INFO] [stdout]      |                            ^^^^^^^^^^^^^^^^^^^^^^^^^^^^ no `MockSignaturePublicKeyHandle` in `provider::key_algorithm::key`
[INFO] [stdout]      |
[INFO] [stdout]      = help: consider importing this unresolved item through its public re-export instead:
[INFO] [stdout]              crate::provider::credential_formatter::sdjwtvc_formatter::test::MockSignaturePublicKeyHandle
[INFO] [stdout] help: a similar name exists in the module
[INFO] [stdout]      |
[INFO] [stdout] 1455 -                 KeyHandle, MockSignaturePublicKeyHandle, SignatureKeyHandle,
[INFO] [stdout] 1455 +                 KeyHandle, SignaturePublicKeyHandle, SignatureKeyHandle,
[INFO] [stdout]      |
[INFO] [stdout] 
[INFO] [stdout] 
[INFO] [stdout] error[E0433]: cannot find `MockDataTypeProvider` in `provider`
[INFO] [stdout]     --> src/provider/credential_formatter/sdjwt_formatter/test.rs:1086:71
[INFO] [stdout]      |
[INFO] [stdout] 1086 |     let mut datatype_provider = crate::provider::data_type::provider::MockDataTypeProvider::new();
[INFO] [stdout]      |                                                                       ^^^^^^^^^^^^^^^^^^^^ could not find `MockDataTypeProvider` in `provider`
[INFO] [stdout]      |
[INFO] [stdout] help: a trait with a similar name exists
[INFO] [stdout]      |
[INFO] [stdout] 1086 -     let mut datatype_provider = crate::provider::data_type::provider::MockDataTypeProvider::new();
[INFO] [stdout] 1086 +     let mut datatype_provider = crate::provider::data_type::provider::DataTypeProvider::new();
[INFO] [stdout]      |
[INFO] [stdout] 
[INFO] [stdout] 
[INFO] [stderr] error: could not compile `equs-one-core` (lib test) due to 103 previous errors
[INFO] [stderr] 
[INFO] [stderr] Caused by:
[INFO] [stderr]   process didn't exit successfully: `/opt/rustwide/rustup-home/toolchains/3154cc1a3e6424e44f438a95007d043ed5ceaaf6/bin/rustc --crate-name one_core --edition=2024 src/lib.rs --error-format=json --json=diagnostic-rendered-ansi,artifacts,future-incompat,unused-externs-silent --emit=dep-info,metadata -C embed-bitcode=no -C debuginfo=2 '--deny=clippy::unwrap_used' '--warn=clippy::redundant_clone' '--deny=clippy::print_stderr' '--deny=clippy::panic' '--warn=clippy::let_underscore_must_use' --warn=let_underscore_drop '--deny=clippy::indexing_slicing' '--deny=clippy::expect_used' '--deny=clippy::dbg_macro' --test --cfg 'feature="config_yaml"' --cfg 'feature="default"' --check-cfg 'cfg(docsrs,test)' --check-cfg 'cfg(feature, values("config_env", "config_json", "config_yaml", "default", "mock", "mockall"))' -C metadata=d409c66023403175 -C extra-filename=-0af3e4d1700417ea --out-dir /opt/rustwide/target/debug/build/equs-one-core/0af3e4d1700417ea/out -L dependency=/opt/rustwide/target/debug/build/adler2/146a96abf593f074/out -L dependency=/opt/rustwide/target/debug/build/aead/810e3ffbd7868164/out -L dependency=/opt/rustwide/target/debug/build/aes-gcm/af8a5b279fcabb4a/out -L dependency=/opt/rustwide/target/debug/build/aes-kw/e4c361458a8edf17/out -L dependency=/opt/rustwide/target/debug/build/aes/7ffa587159222d8e/out -L dependency=/opt/rustwide/target/debug/build/ahash/546dc6b8c2d81767/out -L dependency=/opt/rustwide/target/debug/build/ahash/89b83d75e9d8d1ac/out -L dependency=/opt/rustwide/target/debug/build/aho-corasick/924ab98802c4dac7/out -L dependency=/opt/rustwide/target/debug/build/aliasable/da5d274637652191/out -L dependency=/opt/rustwide/target/debug/build/allocator-api2/320a7223f6faf4b8/out -L dependency=/opt/rustwide/target/debug/build/anstyle/b1b0f174008484d8/out -L dependency=/opt/rustwide/target/debug/build/anyhow/a338f9315f61a93f/out -L dependency=/opt/rustwide/target/debug/build/asn1-rs-derive/bfd27d6c2b5678b6/out -L dependency=/opt/rustwide/target/debug/build/asn1-rs-impl/9c2a81f386015bb1/out -L dependency=/opt/rustwide/target/debug/build/asn1-rs/5c5c2b18415d2fc8/out -L dependency=/opt/rustwide/target/debug/build/assert-json-diff/076afbfd36930ac1/out -L dependency=/opt/rustwide/target/debug/build/assert2-macros/4ca953944645705d/out -L dependency=/opt/rustwide/target/debug/build/async-trait/c17d6c3b8c2a79c9/out -L dependency=/opt/rustwide/target/debug/build/atomic-waker/da9535de70c6dc9f/out -L dependency=/opt/rustwide/target/debug/build/aws-lc-rs/4cd85672f0e5c241/out -L dependency=/opt/rustwide/target/debug/build/aws-lc-sys/a322313b41d7c79f/out -L dependency=/opt/rustwide/target/debug/build/base16ct/c739859802a2455c/out -L dependency=/opt/rustwide/target/debug/build/base64/1197ac9fab90ee7e/out -L dependency=/opt/rustwide/target/debug/build/base64ct/e8e9f7d0a260a2b7/out -L dependency=/opt/rustwide/target/debug/build/bit-set/794c9f9a3f668fb6/out -L dependency=/opt/rustwide/target/debug/build/bit-vec/99568281a650de7f/out -L dependency=/opt/rustwide/target/debug/build/bitflags/0fa765c78c65aa2f/out -L dependency=/opt/rustwide/target/debug/build/bitmaps/de5b1b8b1d073afd/out -L dependency=/opt/rustwide/target/debug/build/bitvec/64e79294ac967a24/out -L dependency=/opt/rustwide/target/debug/build/block-buffer/02e9f582247b4946/out -L dependency=/opt/rustwide/target/debug/build/block-buffer/15e906ee6b4f7768/out -L dependency=/opt/rustwide/target/debug/build/block-buffer/8c228b9e9349c8a2/out -L dependency=/opt/rustwide/target/debug/build/block-padding/377871ce9f2e5163/out -L dependency=/opt/rustwide/target/debug/build/block-padding/4a35a86d59b42f22/out -L dependency=/opt/rustwide/target/debug/build/blst/2ecdca199b6f32a4/out -L dependency=/opt/rustwide/target/debug/build/blstrs/41a32721fe4b3682/out -L dependency=/opt/rustwide/target/debug/build/bon-macros/e702f543a4e59130/out -L dependency=/opt/rustwide/target/debug/build/bon/34beb1e90db6eae7/out -L dependency=/opt/rustwide/target/debug/build/borrow-or-share/f6ef01ba42a6ae23/out -L dependency=/opt/rustwide/target/debug/build/bs58/4b6c8f66ae8d94f2/out -L dependency=/opt/rustwide/target/debug/build/bumpalo/6b933abf703e5638/out -L dependency=/opt/rustwide/target/debug/build/byte-slice-cast/36a614ec3cd5feb6/out -L dependency=/opt/rustwide/target/debug/build/bytecount/3d4361a9d602fc99/out -L dependency=/opt/rustwide/target/debug/build/byteorder/1faabe2fe6089cfe/out -L dependency=/opt/rustwide/target/debug/build/bytes/3aadfa1b17fcccf1/out -L dependency=/opt/rustwide/target/debug/build/cbc/d5a25dc04c48b72e/out -L dependency=/opt/rustwide/target/debug/build/cfg-if/455a21b2886a1534/out -L dependency=/opt/rustwide/target/debug/build/chacha20/37145a678dc180dd/out -L dependency=/opt/rustwide/target/debug/build/chacha20/eda07bbf916fcbc1/out -L dependency=/opt/rustwide/target/debug/build/chacha20poly1305/7bd467e7d68dcfe6/out -L dependency=/opt/rustwide/target/debug/build/chrono/29a859841b5be44d/out -L dependency=/opt/rustwide/target/debug/build/ciborium-io/2e9c3e4ad6801b04/out -L dependency=/opt/rustwide/target/debug/build/ciborium-ll/47a88d5416e4475e/out -L dependency=/opt/rustwide/target/debug/build/ciborium/50e7475894c5fbf0/out -L dependency=/opt/rustwide/target/debug/build/cipher/dcd32b2afaffe616/out -L dependency=/opt/rustwide/target/debug/build/cocoon/12d340d307ff7453/out -L dependency=/opt/rustwide/target/debug/build/concat-kdf/ed97b192c0e9d797/out -L dependency=/opt/rustwide/target/debug/build/console/f09f9f0793369cf3/out -L dependency=/opt/rustwide/target/debug/build/const-oid/44e5b4d64fbafe41/out -L dependency=/opt/rustwide/target/debug/build/const-oid/e17db77c59c6da8b/out -L dependency=/opt/rustwide/target/debug/build/const_format/16102d2ec4a7464b/out -L dependency=/opt/rustwide/target/debug/build/const_format_proc_macros/dd77bad93009770e/out -L dependency=/opt/rustwide/target/debug/build/contextual/029e7bdc59cd6e50/out -L dependency=/opt/rustwide/target/debug/build/core2/244e92ea2ff7506e/out -L dependency=/opt/rustwide/target/debug/build/cpufeatures/1dc4fc21797f1e07/out -L dependency=/opt/rustwide/target/debug/build/cpufeatures/d69d304f9ccab94d/out -L dependency=/opt/rustwide/target/debug/build/crc-catalog/f95c611efac03ecc/out -L dependency=/opt/rustwide/target/debug/build/crc/ac3fd584f90b4156/out -L dependency=/opt/rustwide/target/debug/build/crc32fast/59b7cdb19678a957/out -L dependency=/opt/rustwide/target/debug/build/crossbeam-utils/01b97955d654b440/out -L dependency=/opt/rustwide/target/debug/build/crypto-bigint/56129f2bc912aa6b/out -L dependency=/opt/rustwide/target/debug/build/crypto-common/baf5d0fbb857e843/out -L dependency=/opt/rustwide/target/debug/build/crypto-common/fcf5a2b252bda02f/out -L dependency=/opt/rustwide/target/debug/build/crypto-mac/f7c7cd0c69f2df65/out -L dependency=/opt/rustwide/target/debug/build/ct-codecs/3deb192daaba2385/out -L dependency=/opt/rustwide/target/debug/build/ctr/25cd0e283da72962/out -L dependency=/opt/rustwide/target/debug/build/curve25519-dalek-derive/4e6947b37388d622/out -L dependency=/opt/rustwide/target/debug/build/curve25519-dalek/b7f03c0dbec6c162/out -L dependency=/opt/rustwide/target/debug/build/data-encoding/7b2563cc1bafa4e2/out -L dependency=/opt/rustwide/target/debug/build/deadpool-runtime/903573e82886bca5/out -L dependency=/opt/rustwide/target/debug/build/deadpool/d4d2de5635509fd5/out -L dependency=/opt/rustwide/target/debug/build/decoded-char/fd14e110566c9759/out -L dependency=/opt/rustwide/target/debug/build/der-parser/08db07d0a63416a5/out -L dependency=/opt/rustwide/target/debug/build/der/8b9abb229e236eac/out -L dependency=/opt/rustwide/target/debug/build/der/cbf357910a422c81/out -L dependency=/opt/rustwide/target/debug/build/deranged/e6881d2e0321294e/out -L dependency=/opt/rustwide/target/debug/build/diff/b8e0798c8a3e18f2/out -L dependency=/opt/rustwide/target/debug/build/digest/1c1d2e23da7a3708/out -L dependency=/opt/rustwide/target/debug/build/digest/70ce32002701afae/out -L dependency=/opt/rustwide/target/debug/build/digest/bb79d0bb6a26873d/out -L dependency=/opt/rustwide/target/debug/build/displaydoc/284a6b57a7922353/out -L dependency=/opt/rustwide/target/debug/build/downcast/340196ce4d6d5bff/out -L dependency=/opt/rustwide/target/debug/build/ecdsa/b96d908c688daf8c/out -L dependency=/opt/rustwide/target/debug/build/ed25519-compact/56667c33abb67c91/out -L dependency=/opt/rustwide/target/debug/build/educe/85f0efa3ac661753/out -L dependency=/opt/rustwide/target/debug/build/educe/b20c70e68efdcc56/out -L dependency=/opt/rustwide/target/debug/build/either/74fcb86e509fe94c/out -L dependency=/opt/rustwide/target/debug/build/elliptic-curve/5b42ecb4d02a7532/out -L dependency=/opt/rustwide/target/debug/build/email_address/713b2a27426c80c6/out -L dependency=/opt/rustwide/target/debug/build/equivalent/53277b141c879f87/out -L dependency=/opt/rustwide/target/debug/build/equs-blstrs/bf8b6853b6e39b8b/out -L dependency=/opt/rustwide/target/debug/build/equs-one-core-crypto/9ba04538030336bb/out -L dependency=/opt/rustwide/target/debug/build/equs-one-core-dcql/16c8e3a376e842ca/out -L dependency=/opt/rustwide/target/debug/build/equs-one-core-proc-macros/fa439eaa16d6e039/out -L dependency=/opt/rustwide/target/debug/build/equs-one-core-shared-types/12267afe0febb507/out -L dependency=/opt/rustwide/target/debug/build/equs-one-core-standardized-types/008ebee505661abe/out -L dependency=/opt/rustwide/target/debug/build/equs-pairing-crypto/3fbde2d25c669ae6/out -L dependency=/opt/rustwide/target/debug/build/fancy-regex/b65188c9fea174a9/out -L dependency=/opt/rustwide/target/debug/build/fastrand/964c7e4b37fe3d85/out -L dependency=/opt/rustwide/target/debug/build/ff/2c9bc5c3ee196657/out -L dependency=/opt/rustwide/target/debug/build/ff/d185a1fbf41a18fc/out -L dependency=/opt/rustwide/target/debug/build/figment/3c612e7a5191d06b/out -L dependency=/opt/rustwide/target/debug/build/fixedbitset/47724d03fe0c3794/out -L dependency=/opt/rustwide/target/debug/build/flate2/36e472f1f8979076/out -L dependency=/opt/rustwide/target/debug/build/fluent-uri/abc09c91dbbcf0ec/out -L dependency=/opt/rustwide/target/debug/build/flume/7e17869fa3057e20/out -L dependency=/opt/rustwide/target/debug/build/fmap/542b49f3908206ae/out -L dependency=/opt/rustwide/target/debug/build/fnv/65440ab31d1f3d7a/out -L dependency=/opt/rustwide/target/debug/build/foldhash/d794f8647a7c5183/out -L dependency=/opt/rustwide/target/debug/build/form_urlencoded/8558270de8c5e9db/out -L dependency=/opt/rustwide/target/debug/build/fraction/818ff8a081f6a7a9/out -L dependency=/opt/rustwide/target/debug/build/fragile/23ccd4efdc9f3fa7/out -L dependency=/opt/rustwide/target/debug/build/funty/afe18b9c1a364713/out -L dependency=/opt/rustwide/target/debug/build/futures-channel/57486951aa1763dd/out -L dependency=/opt/rustwide/target/debug/build/futures-core/937cdc440dea5f51/out -L dependency=/opt/rustwide/target/debug/build/futures-executor/8a787e2044177de4/out -L dependency=/opt/rustwide/target/debug/build/futures-io/5a4810416b7602d3/out -L dependency=/opt/rustwide/target/debug/build/futures-macro/e6337714f556c946/out -L dependency=/opt/rustwide/target/debug/build/futures-sink/761787380e6cfe37/out -L dependency=/opt/rustwide/target/debug/build/futures-task/f02075f0be3ac103/out -L dependency=/opt/rustwide/target/debug/build/futures-timer/2714deb9e0496c16/out -L dependency=/opt/rustwide/target/debug/build/futures-util/24957947a0d64fb4/out -L dependency=/opt/rustwide/target/debug/build/futures/5402f57f39ac507b/out -L dependency=/opt/rustwide/target/debug/build/generic-array/670f05eefa1fb077/out -L dependency=/opt/rustwide/target/debug/build/getrandom/105f94b90871fa2f/out -L dependency=/opt/rustwide/target/debug/build/getrandom/9ceba551094a043f/out -L dependency=/opt/rustwide/target/debug/build/getrandom/cf36a3e047d73a22/out -L dependency=/opt/rustwide/target/debug/build/ghash/7f286a7542064b48/out -L dependency=/opt/rustwide/target/debug/build/git2/692c2ee3824e4f74/out -L dependency=/opt/rustwide/target/debug/build/group/5b97ab9397634b22/out -L dependency=/opt/rustwide/target/debug/build/group/e6d06f6a79c1fff0/out -L dependency=/opt/rustwide/target/debug/build/h2/68f66df4e2099361/out -L dependency=/opt/rustwide/target/debug/build/half/07bd8851d34315cd/out -L dependency=/opt/rustwide/target/debug/build/hashbrown/1cf194601ed5cf08/out -L dependency=/opt/rustwide/target/debug/build/hashbrown/4b7f4884d1f9f0a8/out -L dependency=/opt/rustwide/target/debug/build/hashbrown/68a1f0a460acd3f4/out -L dependency=/opt/rustwide/target/debug/build/hashbrown/d89ba31faf6d5fa2/out -L dependency=/opt/rustwide/target/debug/build/hex-literal/cbd5053e6f167f97/out -L dependency=/opt/rustwide/target/debug/build/hex/95c42952486a9634/out -L dependency=/opt/rustwide/target/debug/build/hkdf/895db9bab94cfeb7/out -L dependency=/opt/rustwide/target/debug/build/hmac/cad4486012edd826/out -L dependency=/opt/rustwide/target/debug/build/hmac/f11af06a859867c6/out -L dependency=/opt/rustwide/target/debug/build/http-body-util/4cf810361f4f42c5/out -L dependency=/opt/rustwide/target/debug/build/http-body/e23dded8be88d096/out -L dependency=/opt/rustwide/target/debug/build/http/0050d56dda6f4576/out -L dependency=/opt/rustwide/target/debug/build/httparse/76e96eecfa617739/out -L dependency=/opt/rustwide/target/debug/build/httpdate/b5025f4ba65bacc8/out -L dependency=/opt/rustwide/target/debug/build/hybrid-array/e0c3fdf337cc65df/out -L dependency=/opt/rustwide/target/debug/build/hyper-rustls/73cf426488974991/out -L dependency=/opt/rustwide/target/debug/build/hyper-util/a7d5964da0b7182f/out -L dependency=/opt/rustwide/target/debug/build/hyper/165a16a9177cce23/out -L dependency=/opt/rustwide/target/debug/build/iana-time-zone/f90d3d5060ddf03d/out -L dependency=/opt/rustwide/target/debug/build/icu_collections/a29a716a6633bfad/out -L dependency=/opt/rustwide/target/debug/build/icu_locale_core/3f6ff9ad0e5e0972/out -L dependency=/opt/rustwide/target/debug/build/icu_normalizer/281b9117bbc6d3a6/out -L dependency=/opt/rustwide/target/debug/build/icu_normalizer_data/102cb0a4e5f709be/out -L dependency=/opt/rustwide/target/debug/build/icu_properties/4f44e2d308888e9e/out -L dependency=/opt/rustwide/target/debug/build/icu_properties_data/c1c875ddb0028a4e/out -L dependency=/opt/rustwide/target/debug/build/icu_provider/7a72a9bc0050e1ad/out -L dependency=/opt/rustwide/target/debug/build/idna/acfd696f311b1ecf/out -L dependency=/opt/rustwide/target/debug/build/idna_adapter/5a7cbac612513c59/out -L dependency=/opt/rustwide/target/debug/build/im/1303f24268ff5995/out -L dependency=/opt/rustwide/target/debug/build/indexmap/4f62036edacebeb2/out -L dependency=/opt/rustwide/target/debug/build/indexmap/df9064fec935c06e/out -L dependency=/opt/rustwide/target/debug/build/indoc/f644ae72af11c0f9/out -L dependency=/opt/rustwide/target/debug/build/inout/816cba920128a252/out -L dependency=/opt/rustwide/target/debug/build/inventory/6ed870a88e2874a9/out -L dependency=/opt/rustwide/target/debug/build/ipnet/cd3243a0c9041eb6/out -L dependency=/opt/rustwide/target/debug/build/iref-core/edc0dbdac5f73b8d/out -L dependency=/opt/rustwide/target/debug/build/iref/8591d33a3e8797c6/out -L dependency=/opt/rustwide/target/debug/build/iri-string/ffc7c1b21e809a15/out -L dependency=/opt/rustwide/target/debug/build/is_debug/6f95fa0f4f558583/out -L dependency=/opt/rustwide/target/debug/build/itertools/07365d1483529fa9/out -L dependency=/opt/rustwide/target/debug/build/itoa/8e3c0d5f07f07443/out -L dependency=/opt/rustwide/target/debug/build/json-ld-compaction/9beeb9fa970e1bc0/out -L dependency=/opt/rustwide/target/debug/build/json-ld-context-processing/7a6e752c5d9b0f10/out -L dependency=/opt/rustwide/target/debug/build/json-ld-core/d31c917d716b57c0/out -L dependency=/opt/rustwide/target/debug/build/json-ld-expansion/9c56505295a6ce65/out -L dependency=/opt/rustwide/target/debug/build/json-ld-serialization/1556693ca5dc50fc/out -L dependency=/opt/rustwide/target/debug/build/json-ld-syntax/e98795588a9c487b/out -L dependency=/opt/rustwide/target/debug/build/json-number/37734433f2651340/out -L dependency=/opt/rustwide/target/debug/build/json-syntax/9a9e32b4c85766cc/out -L dependency=/opt/rustwide/target/debug/build/keccak/035a0dfaeca22252/out -L dependency=/opt/rustwide/target/debug/build/keccak/69fc64c42663329a/out -L dependency=/opt/rustwide/target/debug/build/langtag/58e2cc3d0104b84f/out -L dependency=/opt/rustwide/target/debug/build/lazy_static/8814797a196a17b5/out -L dependency=/opt/rustwide/target/debug/build/lexical-core/31c59ed7e7903762/out -L dependency=/opt/rustwide/target/debug/build/lexical-parse-float/625e00f99076d736/out -L dependency=/opt/rustwide/target/debug/build/lexical-parse-integer/45c71add8c989fcf/out -L dependency=/opt/rustwide/target/debug/build/lexical-util/5a4dec58f7ea9eaa/out -L dependency=/opt/rustwide/target/debug/build/lexical-write-float/3050c7b58f7c47df/out -L dependency=/opt/rustwide/target/debug/build/lexical-write-integer/06fe76b11ddda4e6/out -L dependency=/opt/rustwide/target/debug/build/lexical/a4c7feeb17556b62/out -L dependency=/opt/rustwide/target/debug/build/libc/8f47d2d7d4f78c63/out -L dependency=/opt/rustwide/target/debug/build/libgit2-sys/4f1d32757ac09ac2/out -L dependency=/opt/rustwide/target/debug/build/libz-rs-sys/6d906531e0f4aa27/out -L dependency=/opt/rustwide/target/debug/build/libz-sys/619136a3229d1f30/out -L dependency=/opt/rustwide/target/debug/build/linked-data-derive/ac637cfdb8755787/out -L dependency=/opt/rustwide/target/debug/build/linked-data/4c9799471f46fdf8/out -L dependency=/opt/rustwide/target/debug/build/linux-raw-sys/06b070abb1612713/out -L dependency=/opt/rustwide/target/debug/build/litemap/aa43607d32344b5b/out -L dependency=/opt/rustwide/target/debug/build/lock_api/497c3c4b546acad3/out -L dependency=/opt/rustwide/target/debug/build/locspan-derive/d86bd0c73c6814b9/out -L dependency=/opt/rustwide/target/debug/build/locspan/ca922c39a0397934/out -L dependency=/opt/rustwide/target/debug/build/log/9d9a83f7b12b7de1/out -L dependency=/opt/rustwide/target/debug/build/lzma-rust2/85db29d056955ca8/out -L dependency=/opt/rustwide/target/debug/build/memchr/51f0bf88eac8402f/out -L dependency=/opt/rustwide/target/debug/build/mime/ee7da7d8bd74decc/out -L dependency=/opt/rustwide/target/debug/build/minimal-lexical/a8b06c322f46c594/out -L dependency=/opt/rustwide/target/debug/build/miniz_oxide/53af354df45ed2ae/out -L dependency=/opt/rustwide/target/debug/build/mio/d119b274d6034513/out -L dependency=/opt/rustwide/target/debug/build/ml-dsa/07222ba7f63e8ec9/out -L dependency=/opt/rustwide/target/debug/build/mockall/c32fe1a356a600dd/out -L dependency=/opt/rustwide/target/debug/build/mockall_derive/fd8602d1c36325ac/out -L dependency=/opt/rustwide/target/debug/build/module-lattice/dcec5bd2a1f51abd/out -L dependency=/opt/rustwide/target/debug/build/mown/fa969f0d67f3a703/out -L dependency=/opt/rustwide/target/debug/build/mownstr/8727f72a498bde80/out -L dependency=/opt/rustwide/target/debug/build/nom/55276705dc58c4e9/out -L dependency=/opt/rustwide/target/debug/build/num-bigint/9d5373390724ddfc/out -L dependency=/opt/rustwide/target/debug/build/num-cmp/f8b961b0dcb8ead3/out -L dependency=/opt/rustwide/target/debug/build/num-complex/19e1aeddfbcc8296/out -L dependency=/opt/rustwide/target/debug/build/num-conv/6eaf3800823ab3d6/out -L dependency=/opt/rustwide/target/debug/build/num-integer/9683e12b33dd2ad5/out -L dependency=/opt/rustwide/target/debug/build/num-iter/f778aabb810b9dd2/out -L dependency=/opt/rustwide/target/debug/build/num-rational/c030d9ada79ae78a/out -L dependency=/opt/rustwide/target/debug/build/num-traits/195c77de1ae28a5a/out -L dependency=/opt/rustwide/target/debug/build/num/0cc2edf8737be5b8/out -L dependency=/opt/rustwide/target/debug/build/num_cpus/48f75099b1f4d698/out -L dependency=/opt/rustwide/target/debug/build/num_threads/30546558e13b5207/out -L dependency=/opt/rustwide/target/debug/build/oid-registry/f69bc200f2116559/out -L dependency=/opt/rustwide/target/debug/build/once_cell/65ef733aa5ad93db/out -L dependency=/opt/rustwide/target/debug/build/one-dto-mapper-derive/782fc3b103014449/out -L dependency=/opt/rustwide/target/debug/build/one-dto-mapper/62651102c2ead221/out -L dependency=/opt/rustwide/target/debug/build/opaque-debug/eb419a8313c052e0/out -L dependency=/opt/rustwide/target/debug/build/openssl-probe/a5326edbaaf90049/out -L dependency=/opt/rustwide/target/debug/build/ordered-float/f67110723cbf303b/out -L dependency=/opt/rustwide/target/debug/build/ouroboros_macro/4ec8d56e5870d76b/out -L dependency=/opt/rustwide/target/debug/build/outref/d3ba9472b6b93394/out -L dependency=/opt/rustwide/target/debug/build/oxiri/e0735fdf76160a20/out -L dependency=/opt/rustwide/target/debug/build/p256/bb79833a89d6d2ff/out -L dependency=/opt/rustwide/target/debug/build/pairing/0c19ebefb1980ad3/out -L dependency=/opt/rustwide/target/debug/build/pairing/b321aba725d5f363/out -L dependency=/opt/rustwide/target/debug/build/parking_lot/263424267be2ca98/out -L dependency=/opt/rustwide/target/debug/build/parking_lot_core/a775da2f4b3b8e85/out -L dependency=/opt/rustwide/target/debug/build/password-hash/706d77e4308fe34f/out -L dependency=/opt/rustwide/target/debug/build/pbkdf2/03ca03444088784e/out -L dependency=/opt/rustwide/target/debug/build/pbkdf2/d026118596f80445/out -L dependency=/opt/rustwide/target/debug/build/pct-str/f904b6f5f301607b/out -L dependency=/opt/rustwide/target/debug/build/pem-rfc7468/43089b37bd06e189/out -L dependency=/opt/rustwide/target/debug/build/pem/609c0a5e2417ebd6/out -L dependency=/opt/rustwide/target/debug/build/percent-encoding/528721a9f54dc4b1/out -L dependency=/opt/rustwide/target/debug/build/permutohedron/6b71d0ee02896297/out -L dependency=/opt/rustwide/target/debug/build/pin-project-lite/1b81da4f494a9bc3/out -L dependency=/opt/rustwide/target/debug/build/pin-utils/878ed655ba41bb46/out -L dependency=/opt/rustwide/target/debug/build/pkcs8/2e8b1af31b7f2fd7/out -L dependency=/opt/rustwide/target/debug/build/pkcs8/b6f90c4b0ab87c03/out -L dependency=/opt/rustwide/target/debug/build/poly1305/8ab0634bbb633d8f/out -L dependency=/opt/rustwide/target/debug/build/polyval/409148a85608f488/out -L dependency=/opt/rustwide/target/debug/build/potential_utf/621ef8148ec89c24/out -L dependency=/opt/rustwide/target/debug/build/powerfmt/56923de0405665be/out -L dependency=/opt/rustwide/target/debug/build/ppv-lite86/cc5cda4bb51a6712/out -L dependency=/opt/rustwide/target/debug/build/predicates-core/63e64bf232126bf2/out -L dependency=/opt/rustwide/target/debug/build/predicates-tree/bcff83b9003c1de0/out -L dependency=/opt/rustwide/target/debug/build/predicates/ed1962caa2119794/out -L dependency=/opt/rustwide/target/debug/build/pretty_dtoa/7492a76a0e6aec23/out -L dependency=/opt/rustwide/target/debug/build/primeorder/b6291a68497af340/out -L dependency=/opt/rustwide/target/debug/build/quick-error/3fd2f7aa78d8fbd5/out -L dependency=/opt/rustwide/target/debug/build/radium/9ca7325be4e4a02a/out -L dependency=/opt/rustwide/target/debug/build/rand/3380e7586af97df7/out -L dependency=/opt/rustwide/target/debug/build/rand/8a7840234712ff00/out -L dependency=/opt/rustwide/target/debug/build/rand_chacha/8efdb661234d5cc1/out -L dependency=/opt/rustwide/target/debug/build/rand_chacha/9dabe6803c6bd8d5/out -L dependency=/opt/rustwide/target/debug/build/rand_core/24980ca5fb042aa1/out -L dependency=/opt/rustwide/target/debug/build/rand_core/6058f6cb6e04c19f/out -L dependency=/opt/rustwide/target/debug/build/rand_xorshift/e994ff0c798c3ef5/out -L dependency=/opt/rustwide/target/debug/build/rand_xoshiro/851d8871f4da80b5/out -L dependency=/opt/rustwide/target/debug/build/raw-btree/04f3244be7e7bad1/out -L dependency=/opt/rustwide/target/debug/build/rdf-types/6683763c228dc4eb/out -L dependency=/opt/rustwide/target/debug/build/ref-cast-impl/e84ccb0027008e8a/out -L dependency=/opt/rustwide/target/debug/build/ref-cast/da77a581d19ad6a3/out -L dependency=/opt/rustwide/target/debug/build/referencing/7a5984597e3fe5e2/out -L dependency=/opt/rustwide/target/debug/build/regex-automata/7b917aeb329c7eb8/out -L dependency=/opt/rustwide/target/debug/build/regex-syntax/ceb894bed38f3f6c/out -L dependency=/opt/rustwide/target/debug/build/regex/659b0889c48d8620/out -L dependency=/opt/rustwide/target/debug/build/replace_with/17cf269f319620fd/out -L dependency=/opt/rustwide/target/debug/build/resiter/b344fae24b5c4a0a/out -L dependency=/opt/rustwide/target/debug/build/rfc6979/7693c2b30507f532/out -L dependency=/opt/rustwide/target/debug/build/rstest_macros/d03cbd5551c2c546/out -L dependency=/opt/rustwide/target/debug/build/rusticata-macros/8938dc23ade8cb71/out -L dependency=/opt/rustwide/target/debug/build/rustix/217498148669dd1e/out -L dependency=/opt/rustwide/target/debug/build/rustls-native-certs/baa9c67c14298a3d/out -L dependency=/opt/rustwide/target/debug/build/rustls-pki-types/a28105054b48ea87/out -L dependency=/opt/rustwide/target/debug/build/rustls-platform-verifier/879ff85bfe77c6fa/out -L dependency=/opt/rustwide/target/debug/build/rustls-webpki/c0e19eca70550910/out -L dependency=/opt/rustwide/target/debug/build/rustls/4a3a703aa775fb5e/out -L dependency=/opt/rustwide/target/debug/build/rustversion/9f087dd105db79d1/out -L dependency=/opt/rustwide/target/debug/build/ryu-js/35f2d1e8452e30b5/out -L dependency=/opt/rustwide/target/debug/build/ryu/a90565e13f2e459f/out -L dependency=/opt/rustwide/target/debug/build/ryu_floating_decimal/71a3c552c6ed1623/out -L dependency=/opt/rustwide/target/debug/build/scopeguard/2eedc5e742d791e6/out -L dependency=/opt/rustwide/target/debug/build/sec1/3742f459844667bd/out -L dependency=/opt/rustwide/target/debug/build/secrecy/270442fe17c74577/out -L dependency=/opt/rustwide/target/debug/build/serde/d979cbaa8fb5a7f9/out -L dependency=/opt/rustwide/target/debug/build/serde_core/c51942f077137b8a/out -L dependency=/opt/rustwide/target/debug/build/serde_derive/0d31a52d633918b7/out -L dependency=/opt/rustwide/target/debug/build/serde_json/de8dc5adff18c985/out -L dependency=/opt/rustwide/target/debug/build/serde_json_path_core/a5b4623e94679624/out -L dependency=/opt/rustwide/target/debug/build/serde_json_path_macros/4646fc71dbd589d3/out -L dependency=/opt/rustwide/target/debug/build/serde_json_path_macros_internal/87822571dcd92a51/out -L dependency=/opt/rustwide/target/debug/build/serde_with/39b8c36fe98d15f8/out -L dependency=/opt/rustwide/target/debug/build/serde_with_macros/c6f1370cc9b00c48/out -L dependency=/opt/rustwide/target/debug/build/serde_yaml/2fcf62bf19fc1c45/out -L dependency=/opt/rustwide/target/debug/build/serdect/ffd1e677caf59f3f/out -L dependency=/opt/rustwide/target/debug/build/sha1/f8d716416d98f512/out -L dependency=/opt/rustwide/target/debug/build/sha2/6c46134d8eb0193c/out -L dependency=/opt/rustwide/target/debug/build/sha2/f00b712380fb67c3/out -L dependency=/opt/rustwide/target/debug/build/sha3/a79655f1405d437d/out -L dependency=/opt/rustwide/target/debug/build/sha3/e9bbde16564bce70/out -L dependency=/opt/rustwide/target/debug/build/signature/8eeb2dc8e96ccb64/out -L dependency=/opt/rustwide/target/debug/build/signature/9facf472e7662558/out -L dependency=/opt/rustwide/target/debug/build/simd-adler32/c6462935a14b3b56/out -L dependency=/opt/rustwide/target/debug/build/similar-asserts/fae3bbf1c0d94e7b/out -L dependency=/opt/rustwide/target/debug/build/similar/84c30560ffcaf421/out -L dependency=/opt/rustwide/target/debug/build/sized-chunks/45cc73c07a011c5c/out -L dependency=/opt/rustwide/target/debug/build/slab/5b4561caabd64ab3/out -L dependency=/opt/rustwide/target/debug/build/smallstr/af832453a2f35603/out -L dependency=/opt/rustwide/target/debug/build/smallvec/c6da762fcc569523/out -L dependency=/opt/rustwide/target/debug/build/socket2/bbdcc3626f0a01cf/out -L dependency=/opt/rustwide/target/debug/build/sophia_api/5e9056e23379f24a/out -L dependency=/opt/rustwide/target/debug/build/sophia_iri/6a6f32787d131beb/out -L dependency=/opt/rustwide/target/debug/build/spin/26fe6c80c39cf11c/out -L dependency=/opt/rustwide/target/debug/build/spki/6304dda640b25d7e/out -L dependency=/opt/rustwide/target/debug/build/spki/7802e4876b88603b/out -L dependency=/opt/rustwide/target/debug/build/stable_deref_trait/5d0e5045ac141f4e/out -L dependency=/opt/rustwide/target/debug/build/static-iref/55fd954a9dc10673/out -L dependency=/opt/rustwide/target/debug/build/static-regular-grammar/b3380d37ddf72a41/out -L dependency=/opt/rustwide/target/debug/build/static_assertions/ccbe326b41a234c7/out -L dependency=/opt/rustwide/target/debug/build/strum/6d364d114f547592/out -L dependency=/opt/rustwide/target/debug/build/strum/954235d94e1a7c32/out -L dependency=/opt/rustwide/target/debug/build/strum_macros/26a1bf7dbbdbcec1/out -L dependency=/opt/rustwide/target/debug/build/strum_macros/b4d32a30f9db87bb/out -L dependency=/opt/rustwide/target/debug/build/subtle/7721577afe967253/out -L dependency=/opt/rustwide/target/debug/build/sync_wrapper/635027808d782301/out -L dependency=/opt/rustwide/target/debug/build/tap/3e66966ee826b1a4/out -L dependency=/opt/rustwide/target/debug/build/tempfile/aff9a0271f8e0a0d/out -L dependency=/opt/rustwide/target/debug/build/termtree/2c70a7797f5af069/out -L dependency=/opt/rustwide/target/debug/build/thiserror-impl/029ff864a53f4623/out -L dependency=/opt/rustwide/target/debug/build/thiserror-impl/d1c780ce8a5c10f6/out -L dependency=/opt/rustwide/target/debug/build/thiserror/0184a552682be7ec/out -L dependency=/opt/rustwide/target/debug/build/thiserror/67a6983d5d2c4820/out -L dependency=/opt/rustwide/target/debug/build/threadpool/9cedacc9a034f786/out -L dependency=/opt/rustwide/target/debug/build/time-core/7ccd799a39caf9e0/out -L dependency=/opt/rustwide/target/debug/build/time-macros/ac4db3c8aa190868/out -L dependency=/opt/rustwide/target/debug/build/time/9e71cf20f0b4f73f/out -L dependency=/opt/rustwide/target/debug/build/tinystr/c1feb513aeca07ee/out -L dependency=/opt/rustwide/target/debug/build/tokio-macros/c7d2586de752af3f/out -L dependency=/opt/rustwide/target/debug/build/tokio-rustls/a5a40396d560edb5/out -L dependency=/opt/rustwide/target/debug/build/tokio-stream/7817b23d1ed25fd1/out -L dependency=/opt/rustwide/target/debug/build/tokio-util/3865f3f14fa57d32/out -L dependency=/opt/rustwide/target/debug/build/tokio/b70b4b1fcfcf10e1/out -L dependency=/opt/rustwide/target/debug/build/tower-http/edae3acb22bfeb85/out -L dependency=/opt/rustwide/target/debug/build/tower-layer/18253f72d6097d72/out -L dependency=/opt/rustwide/target/debug/build/tower-service/f067f85429613f02/out -L dependency=/opt/rustwide/target/debug/build/tower/f6225598e041bf1f/out -L dependency=/opt/rustwide/target/debug/build/tracing-attributes/4e885957f8e0e3f4/out -L dependency=/opt/rustwide/target/debug/build/tracing-core/dc96c80e148c248f/out -L dependency=/opt/rustwide/target/debug/build/tracing/255d1c824ecb4a15/out -L dependency=/opt/rustwide/target/debug/build/try-lock/2456ef037cb93cd8/out -L dependency=/opt/rustwide/target/debug/build/typenum/41cd41c60f7d7f21/out -L dependency=/opt/rustwide/target/debug/build/tz-rs/68bd3a54c9fa329f/out -L dependency=/opt/rustwide/target/debug/build/tzdb/4fa4c2e67cb5d5eb/out -L dependency=/opt/rustwide/target/debug/build/tzdb_data/910a75aedbf2b5c8/out -L dependency=/opt/rustwide/target/debug/build/uncased/a0261d40dd23f806/out -L dependency=/opt/rustwide/target/debug/build/unicode-general-category/abde4c654a098e73/out -L dependency=/opt/rustwide/target/debug/build/unicode-segmentation/a9a2dc76aa756679/out -L dependency=/opt/rustwide/target/debug/build/universal-hash/e596a186747157db/out -L dependency=/opt/rustwide/target/debug/build/unsafe-libyaml/2532ab1ba345d0f9/out -L dependency=/opt/rustwide/target/debug/build/unsigned-varint/f9ef24c5dbd1befc/out -L dependency=/opt/rustwide/target/debug/build/untrusted/6fab01473f7c0eb0/out -L dependency=/opt/rustwide/target/debug/build/untrusted/d227284a77a27113/out -L dependency=/opt/rustwide/target/debug/build/url/20931396c50b48fa/out -L dependency=/opt/rustwide/target/debug/build/utf8-decode/087d66a68b797058/out -L dependency=/opt/rustwide/target/debug/build/utf8_iter/2a9a14295c98e961/out -L dependency=/opt/rustwide/target/debug/build/uuid-simd/65682397de715276/out -L dependency=/opt/rustwide/target/debug/build/uuid/e89f396fe572e5a1/out -L dependency=/opt/rustwide/target/debug/build/vsimd/f237167291ace128/out -L dependency=/opt/rustwide/target/debug/build/wait-timeout/2caac2bc8c393b53/out -L dependency=/opt/rustwide/target/debug/build/want/02f6f2e86f12f8db/out -L dependency=/opt/rustwide/target/debug/build/writeable/999454f8466c5908/out -L dependency=/opt/rustwide/target/debug/build/wyz/76895a3b0c18a9ee/out -L dependency=/opt/rustwide/target/debug/build/x509-parser/a66317b78c0ccce1/out -L dependency=/opt/rustwide/target/debug/build/xsd-types/88a9ec61e0edf936/out -L dependency=/opt/rustwide/target/debug/build/yansi/3b553b5b60441f81/out -L dependency=/opt/rustwide/target/debug/build/yasna/9384c81e1b8ba31f/out -L dependency=/opt/rustwide/target/debug/build/yoke-derive/5f66e78c2bfdb267/out -L dependency=/opt/rustwide/target/debug/build/yoke/69b94c48b242fb2c/out -L dependency=/opt/rustwide/target/debug/build/zerocopy-derive/b06f56a297e090b0/out -L dependency=/opt/rustwide/target/debug/build/zerocopy/929bba2713d19d18/out -L dependency=/opt/rustwide/target/debug/build/zerofrom-derive/8b1e50317bb68eca/out -L dependency=/opt/rustwide/target/debug/build/zerofrom/a240e46cf0756cf4/out -L dependency=/opt/rustwide/target/debug/build/zeroize/9356808d8ecce350/out -L dependency=/opt/rustwide/target/debug/build/zeroize_derive/0dc6f349694f41ee/out -L dependency=/opt/rustwide/target/debug/build/zerotrie/7be5191e4e6af3a1/out -L dependency=/opt/rustwide/target/debug/build/zerovec-derive/b47d6d18db2ffb39/out -L dependency=/opt/rustwide/target/debug/build/zerovec/8aceceb71faba0d3/out -L dependency=/opt/rustwide/target/debug/build/zlib-rs/578686f9bb858ef8/out -L dependency=/opt/rustwide/target/debug/build/zopfli/6948e9a76c81459d/out --extern aes_gcm=/opt/rustwide/target/debug/build/aes-gcm/af8a5b279fcabb4a/out/libaes_gcm-af8a5b279fcabb4a.rmeta --extern anyhow=/opt/rustwide/target/debug/build/anyhow/a338f9315f61a93f/out/libanyhow-a338f9315f61a93f.rmeta --extern asn1_rs=/opt/rustwide/target/debug/build/asn1-rs/5c5c2b18415d2fc8/out/libasn1_rs-5c5c2b18415d2fc8.rmeta --extern assert2=/opt/rustwide/target/debug/build/assert2/101268476a866eff/out/libassert2-101268476a866eff.rmeta --extern async_trait=/opt/rustwide/target/debug/build/async-trait/c17d6c3b8c2a79c9/out/libasync_trait-c17d6c3b8c2a79c9.so --extern bincode=/opt/rustwide/target/debug/build/bincode/89ba0e954dcad761/out/libbincode-89ba0e954dcad761.rmeta --extern bit_vec=/opt/rustwide/target/debug/build/bit-vec/99568281a650de7f/out/libbit_vec-99568281a650de7f.rmeta --extern bon=/opt/rustwide/target/debug/build/bon/34beb1e90db6eae7/out/libbon-34beb1e90db6eae7.rmeta --extern bs58=/opt/rustwide/target/debug/build/bs58/4b6c8f66ae8d94f2/out/libbs58-4b6c8f66ae8d94f2.rmeta --extern ciborium=/opt/rustwide/target/debug/build/ciborium/50e7475894c5fbf0/out/libciborium-50e7475894c5fbf0.rmeta --extern convert_case=/opt/rustwide/target/debug/build/convert_case/8c9e22573000bd64/out/libconvert_case-8c9e22573000bd64.rmeta --extern coset=/opt/rustwide/target/debug/build/coset/8e6d11160d0940af/out/libcoset-8e6d11160d0940af.rmeta --extern crc=/opt/rustwide/target/debug/build/crc/ac3fd584f90b4156/out/libcrc-ac3fd584f90b4156.rmeta --extern ct_codecs=/opt/rustwide/target/debug/build/ct-codecs/3deb192daaba2385/out/libct_codecs-3deb192daaba2385.rmeta --extern dashmap=/opt/rustwide/target/debug/build/dashmap/919d53e61004ff5d/out/libdashmap-919d53e61004ff5d.rmeta --extern one_crypto=/opt/rustwide/target/debug/build/equs-one-core-crypto/9ba04538030336bb/out/libone_crypto-9ba04538030336bb.rmeta --extern dcql=/opt/rustwide/target/debug/build/equs-one-core-dcql/16c8e3a376e842ca/out/libdcql-16c8e3a376e842ca.rmeta --extern one_core_portable=/opt/rustwide/target/debug/build/equs-one-core-portable/535b3c151f45ec53/out/libone_core_portable-535b3c151f45ec53.rmeta --extern shared_types=/opt/rustwide/target/debug/build/equs-one-core-shared-types/12267afe0febb507/out/libshared_types-12267afe0febb507.rmeta --extern standardized_types=/opt/rustwide/target/debug/build/equs-one-core-standardized-types/008ebee505661abe/out/libstandardized_types-008ebee505661abe.rmeta --extern figment=/opt/rustwide/target/debug/build/figment/3c612e7a5191d06b/out/libfigment-3c612e7a5191d06b.rmeta --extern flate2=/opt/rustwide/target/debug/build/flate2/36e472f1f8979076/out/libflate2-36e472f1f8979076.rmeta --extern futures=/opt/rustwide/target/debug/build/futures/5402f57f39ac507b/out/libfutures-5402f57f39ac507b.rmeta --extern hex=/opt/rustwide/target/debug/build/hex/95c42952486a9634/out/libhex-95c42952486a9634.rmeta --extern hex_literal=/opt/rustwide/target/debug/build/hex-literal/cbd5053e6f167f97/out/libhex_literal-cbd5053e6f167f97.rmeta --extern hkdf=/opt/rustwide/target/debug/build/hkdf/895db9bab94cfeb7/out/libhkdf-895db9bab94cfeb7.rmeta --extern human_sort=/opt/rustwide/target/debug/build/human-sort/de8becd92cf0bcf5/out/libhuman_sort-de8becd92cf0bcf5.rmeta --extern indexmap=/opt/rustwide/target/debug/build/indexmap/df9064fec935c06e/out/libindexmap-df9064fec935c06e.rmeta --extern indoc=/opt/rustwide/target/debug/build/indoc/f644ae72af11c0f9/out/libindoc-f644ae72af11c0f9.so --extern itertools=/opt/rustwide/target/debug/build/itertools/437f5d46e9ee7980/out/libitertools-437f5d46e9ee7980.rmeta --extern json_ld=/opt/rustwide/target/debug/build/json-ld/85d6cfacf836d38a/out/libjson_ld-85d6cfacf836d38a.rmeta --extern json_syntax=/opt/rustwide/target/debug/build/json-syntax/9a9e32b4c85766cc/out/libjson_syntax-9a9e32b4c85766cc.rmeta --extern jsonptr=/opt/rustwide/target/debug/build/jsonptr/6b355c4eae56df02/out/libjsonptr-6b355c4eae56df02.rmeta --extern jsonschema=/opt/rustwide/target/debug/build/jsonschema/620a1116394c6697/out/libjsonschema-620a1116394c6697.rmeta --extern maplit=/opt/rustwide/target/debug/build/maplit/5496e81e31d7a29e/out/libmaplit-5496e81e31d7a29e.rmeta --extern mime=/opt/rustwide/target/debug/build/mime/ee7da7d8bd74decc/out/libmime-ee7da7d8bd74decc.rmeta --extern mockall=/opt/rustwide/target/debug/build/mockall/c32fe1a356a600dd/out/libmockall-c32fe1a356a600dd.rmeta --extern mrtd=/opt/rustwide/target/debug/build/mrtd/46017f32888904ca/out/libmrtd-46017f32888904ca.rmeta --extern multihash=/opt/rustwide/target/debug/build/multihash/8ef95205be31231b/out/libmultihash-8ef95205be31231b.rmeta --extern ndef_rs=/opt/rustwide/target/debug/build/ndef-rs/42e8f4587347a5e3/out/libndef_rs-42e8f4587347a5e3.rmeta --extern num_traits=/opt/rustwide/target/debug/build/num-traits/195c77de1ae28a5a/out/libnum_traits-195c77de1ae28a5a.rmeta --extern one_dto_mapper=/opt/rustwide/target/debug/build/one-dto-mapper/62651102c2ead221/out/libone_dto_mapper-62651102c2ead221.rmeta --extern ouroboros=/opt/rustwide/target/debug/build/ouroboros/092353b3cb43e172/out/libouroboros-092353b3cb43e172.rmeta --extern pem=/opt/rustwide/target/debug/build/pem/609c0a5e2417ebd6/out/libpem-609c0a5e2417ebd6.rmeta --extern rand=/opt/rustwide/target/debug/build/rand/3380e7586af97df7/out/librand-3380e7586af97df7.rmeta --extern rcgen=/opt/rustwide/target/debug/build/rcgen/123135e3aecbd63b/out/librcgen-123135e3aecbd63b.rmeta --extern regex=/opt/rustwide/target/debug/build/regex/659b0889c48d8620/out/libregex-659b0889c48d8620.rmeta --extern reqwest=/opt/rustwide/target/debug/build/reqwest/ddf7f892ccf46325/out/libreqwest-ddf7f892ccf46325.rmeta --extern rstest=/opt/rustwide/target/debug/build/rstest/5068ea72203ab26b/out/librstest-5068ea72203ab26b.rmeta --extern rumqttc=/opt/rustwide/target/debug/build/rumqttc-next/72e55918a6d65925/out/librumqttc-72e55918a6d65925.rmeta --extern rustls=/opt/rustwide/target/debug/build/rustls/4a3a703aa775fb5e/out/librustls-4a3a703aa775fb5e.rmeta --extern rustls_pki_types=/opt/rustwide/target/debug/build/rustls-pki-types/a28105054b48ea87/out/librustls_pki_types-a28105054b48ea87.rmeta --extern rustls_platform_verifier=/opt/rustwide/target/debug/build/rustls-platform-verifier/879ff85bfe77c6fa/out/librustls_platform_verifier-879ff85bfe77c6fa.rmeta --extern rusty_fork=/opt/rustwide/target/debug/build/rusty-fork/1509838f8b7e713e/out/librusty_fork-1509838f8b7e713e.rmeta --extern secrecy=/opt/rustwide/target/debug/build/secrecy/270442fe17c74577/out/libsecrecy-270442fe17c74577.rmeta --extern serde=/opt/rustwide/target/debug/build/serde/d979cbaa8fb5a7f9/out/libserde-d979cbaa8fb5a7f9.rmeta --extern serde_json=/opt/rustwide/target/debug/build/serde_json/de8dc5adff18c985/out/libserde_json-de8dc5adff18c985.rmeta --extern serde_json_path=/opt/rustwide/target/debug/build/serde_json_path/e9c52e14770c9c5a/out/libserde_json_path-e9c52e14770c9c5a.rmeta --extern serde_qs=/opt/rustwide/target/debug/build/serde_qs/743ed34b55b3c4bb/out/libserde_qs-743ed34b55b3c4bb.rmeta --extern serde_repr=/opt/rustwide/target/debug/build/serde_repr/cf2c76eb232586d1/out/libserde_repr-cf2c76eb232586d1.so --extern serde_urlencoded=/opt/rustwide/target/debug/build/serde_urlencoded/5cd837bb73e7403f/out/libserde_urlencoded-5cd837bb73e7403f.rmeta --extern serde_with=/opt/rustwide/target/debug/build/serde_with/39b8c36fe98d15f8/out/libserde_with-39b8c36fe98d15f8.rmeta --extern serde_yaml=/opt/rustwide/target/debug/build/serde_yaml/2fcf62bf19fc1c45/out/libserde_yaml-2fcf62bf19fc1c45.rmeta --extern sha2=/opt/rustwide/target/debug/build/sha2/6c46134d8eb0193c/out/libsha2-6c46134d8eb0193c.rmeta --extern shadow_rs=/opt/rustwide/target/debug/build/shadow-rs/58216ea3e16b2944/out/libshadow_rs-58216ea3e16b2944.rmeta --extern similar_asserts=/opt/rustwide/target/debug/build/similar-asserts/fae3bbf1c0d94e7b/out/libsimilar_asserts-fae3bbf1c0d94e7b.rmeta --extern sophia_api=/opt/rustwide/target/debug/build/sophia_api/5e9056e23379f24a/out/libsophia_api-5e9056e23379f24a.rmeta --extern sophia_c14n=/opt/rustwide/target/debug/build/sophia_c14n/ddae07e461f7467f/out/libsophia_c14n-ddae07e461f7467f.rmeta --extern strum=/opt/rustwide/target/debug/build/strum/954235d94e1a7c32/out/libstrum-954235d94e1a7c32.rmeta --extern tempfile=/opt/rustwide/target/debug/build/tempfile/aff9a0271f8e0a0d/out/libtempfile-aff9a0271f8e0a0d.rmeta --extern thiserror=/opt/rustwide/target/debug/build/thiserror/0184a552682be7ec/out/libthiserror-0184a552682be7ec.rmeta --extern time=/opt/rustwide/target/debug/build/time/9e71cf20f0b4f73f/out/libtime-9e71cf20f0b4f73f.rmeta --extern tokio=/opt/rustwide/target/debug/build/tokio/b70b4b1fcfcf10e1/out/libtokio-b70b4b1fcfcf10e1.rmeta --extern tokio_util=/opt/rustwide/target/debug/build/tokio-util/3865f3f14fa57d32/out/libtokio_util-3865f3f14fa57d32.rmeta --extern tracing=/opt/rustwide/target/debug/build/tracing/255d1c824ecb4a15/out/libtracing-255d1c824ecb4a15.rmeta --extern url=/opt/rustwide/target/debug/build/url/20931396c50b48fa/out/liburl-20931396c50b48fa.rmeta --extern urlencoding=/opt/rustwide/target/debug/build/urlencoding/a820217702783b7f/out/liburlencoding-a820217702783b7f.rmeta --extern uuid=/opt/rustwide/target/debug/build/uuid/e89f396fe572e5a1/out/libuuid-e89f396fe572e5a1.rmeta --extern wiremock=/opt/rustwide/target/debug/build/wiremock/d7d8c895a21420d3/out/libwiremock-d7d8c895a21420d3.rmeta --extern x25519_dalek=/opt/rustwide/target/debug/build/x25519-dalek/01fb1b711e93b051/out/libx25519_dalek-01fb1b711e93b051.rmeta --extern x509_parser=/opt/rustwide/target/debug/build/x509-parser/a66317b78c0ccce1/out/libx509_parser-a66317b78c0ccce1.rmeta --extern yasna=/opt/rustwide/target/debug/build/yasna/9384c81e1b8ba31f/out/libyasna-9384c81e1b8ba31f.rmeta --extern zip=/opt/rustwide/target/debug/build/zip/cb9a25929350a631/out/libzip-cb9a25929350a631.rmeta --cap-lints=forbid -Znext-solver=coherence --force-warn=unused_crate_dependencies -L native=/opt/rustwide/target/debug/build/blst/32113a88783e0b05/out -L native=/opt/rustwide/target/debug/build/aws-lc-sys/347f630dd0a34c40/out -L native=/opt/rustwide/target/debug/build/libgit2-sys/aed6ffa0138ddd3e/out/build` (signal: 9, SIGKILL: kill)
[INFO] [stderr] warning: build failed, waiting for other jobs to finish...
[INFO] [stderr] error: could not compile `equs-one-core` (lib)
[INFO] [stderr] 
[INFO] [stderr] Caused by:
[INFO] [stderr]   process didn't exit successfully: `/opt/rustwide/rustup-home/toolchains/3154cc1a3e6424e44f438a95007d043ed5ceaaf6/bin/rustc --crate-name one_core --edition=2024 src/lib.rs --error-format=json --json=diagnostic-rendered-ansi,artifacts,future-incompat,unused-externs-silent --crate-type lib --emit=dep-info,metadata -C embed-bitcode=no -C debuginfo=2 '--deny=clippy::unwrap_used' '--warn=clippy::redundant_clone' '--deny=clippy::print_stderr' '--deny=clippy::panic' '--warn=clippy::let_underscore_must_use' --warn=let_underscore_drop '--deny=clippy::indexing_slicing' '--deny=clippy::expect_used' '--deny=clippy::dbg_macro' --cfg 'feature="config_yaml"' --cfg 'feature="default"' --check-cfg 'cfg(docsrs,test)' --check-cfg 'cfg(feature, values("config_env", "config_json", "config_yaml", "default", "mock", "mockall"))' -C metadata=567a6bf423bedf68 -C extra-filename=-144f3209f4f5c60f --out-dir /opt/rustwide/target/debug/build/equs-one-core/144f3209f4f5c60f/out -L dependency=/opt/rustwide/target/debug/build/adler2/146a96abf593f074/out -L dependency=/opt/rustwide/target/debug/build/aead/810e3ffbd7868164/out -L dependency=/opt/rustwide/target/debug/build/aes-gcm/af8a5b279fcabb4a/out -L dependency=/opt/rustwide/target/debug/build/aes-kw/e4c361458a8edf17/out -L dependency=/opt/rustwide/target/debug/build/aes/7ffa587159222d8e/out -L dependency=/opt/rustwide/target/debug/build/ahash/546dc6b8c2d81767/out -L dependency=/opt/rustwide/target/debug/build/ahash/89b83d75e9d8d1ac/out -L dependency=/opt/rustwide/target/debug/build/aho-corasick/924ab98802c4dac7/out -L dependency=/opt/rustwide/target/debug/build/aliasable/da5d274637652191/out -L dependency=/opt/rustwide/target/debug/build/allocator-api2/320a7223f6faf4b8/out -L dependency=/opt/rustwide/target/debug/build/anstyle/b1b0f174008484d8/out -L dependency=/opt/rustwide/target/debug/build/anyhow/a338f9315f61a93f/out -L dependency=/opt/rustwide/target/debug/build/asn1-rs-derive/bfd27d6c2b5678b6/out -L dependency=/opt/rustwide/target/debug/build/asn1-rs-impl/9c2a81f386015bb1/out -L dependency=/opt/rustwide/target/debug/build/asn1-rs/5c5c2b18415d2fc8/out -L dependency=/opt/rustwide/target/debug/build/async-trait/c17d6c3b8c2a79c9/out -L dependency=/opt/rustwide/target/debug/build/atomic-waker/da9535de70c6dc9f/out -L dependency=/opt/rustwide/target/debug/build/aws-lc-rs/4cd85672f0e5c241/out -L dependency=/opt/rustwide/target/debug/build/aws-lc-sys/a322313b41d7c79f/out -L dependency=/opt/rustwide/target/debug/build/base16ct/c739859802a2455c/out -L dependency=/opt/rustwide/target/debug/build/base64/1197ac9fab90ee7e/out -L dependency=/opt/rustwide/target/debug/build/base64ct/e8e9f7d0a260a2b7/out -L dependency=/opt/rustwide/target/debug/build/bitflags/0fa765c78c65aa2f/out -L dependency=/opt/rustwide/target/debug/build/bitmaps/de5b1b8b1d073afd/out -L dependency=/opt/rustwide/target/debug/build/bitvec/64e79294ac967a24/out -L dependency=/opt/rustwide/target/debug/build/block-buffer/02e9f582247b4946/out -L dependency=/opt/rustwide/target/debug/build/block-buffer/15e906ee6b4f7768/out -L dependency=/opt/rustwide/target/debug/build/block-buffer/8c228b9e9349c8a2/out -L dependency=/opt/rustwide/target/debug/build/block-padding/377871ce9f2e5163/out -L dependency=/opt/rustwide/target/debug/build/block-padding/4a35a86d59b42f22/out -L dependency=/opt/rustwide/target/debug/build/blst/2ecdca199b6f32a4/out -L dependency=/opt/rustwide/target/debug/build/blstrs/41a32721fe4b3682/out -L dependency=/opt/rustwide/target/debug/build/bon-macros/e702f543a4e59130/out -L dependency=/opt/rustwide/target/debug/build/bon/34beb1e90db6eae7/out -L dependency=/opt/rustwide/target/debug/build/bs58/4b6c8f66ae8d94f2/out -L dependency=/opt/rustwide/target/debug/build/bumpalo/6b933abf703e5638/out -L dependency=/opt/rustwide/target/debug/build/byte-slice-cast/36a614ec3cd5feb6/out -L dependency=/opt/rustwide/target/debug/build/byteorder/1faabe2fe6089cfe/out -L dependency=/opt/rustwide/target/debug/build/bytes/3aadfa1b17fcccf1/out -L dependency=/opt/rustwide/target/debug/build/cbc/d5a25dc04c48b72e/out -L dependency=/opt/rustwide/target/debug/build/cfg-if/455a21b2886a1534/out -L dependency=/opt/rustwide/target/debug/build/chacha20/37145a678dc180dd/out -L dependency=/opt/rustwide/target/debug/build/chacha20/eda07bbf916fcbc1/out -L dependency=/opt/rustwide/target/debug/build/chacha20poly1305/7bd467e7d68dcfe6/out -L dependency=/opt/rustwide/target/debug/build/chrono/29a859841b5be44d/out -L dependency=/opt/rustwide/target/debug/build/ciborium-io/2e9c3e4ad6801b04/out -L dependency=/opt/rustwide/target/debug/build/ciborium-ll/47a88d5416e4475e/out -L dependency=/opt/rustwide/target/debug/build/ciborium/50e7475894c5fbf0/out -L dependency=/opt/rustwide/target/debug/build/cipher/dcd32b2afaffe616/out -L dependency=/opt/rustwide/target/debug/build/cocoon/12d340d307ff7453/out -L dependency=/opt/rustwide/target/debug/build/concat-kdf/ed97b192c0e9d797/out -L dependency=/opt/rustwide/target/debug/build/console/f09f9f0793369cf3/out -L dependency=/opt/rustwide/target/debug/build/const-oid/44e5b4d64fbafe41/out -L dependency=/opt/rustwide/target/debug/build/const-oid/e17db77c59c6da8b/out -L dependency=/opt/rustwide/target/debug/build/const_format/16102d2ec4a7464b/out -L dependency=/opt/rustwide/target/debug/build/const_format_proc_macros/dd77bad93009770e/out -L dependency=/opt/rustwide/target/debug/build/contextual/029e7bdc59cd6e50/out -L dependency=/opt/rustwide/target/debug/build/core2/244e92ea2ff7506e/out -L dependency=/opt/rustwide/target/debug/build/cpufeatures/1dc4fc21797f1e07/out -L dependency=/opt/rustwide/target/debug/build/cpufeatures/d69d304f9ccab94d/out -L dependency=/opt/rustwide/target/debug/build/crc-catalog/f95c611efac03ecc/out -L dependency=/opt/rustwide/target/debug/build/crc/ac3fd584f90b4156/out -L dependency=/opt/rustwide/target/debug/build/crc32fast/59b7cdb19678a957/out -L dependency=/opt/rustwide/target/debug/build/crossbeam-utils/01b97955d654b440/out -L dependency=/opt/rustwide/target/debug/build/crypto-bigint/56129f2bc912aa6b/out -L dependency=/opt/rustwide/target/debug/build/crypto-common/baf5d0fbb857e843/out -L dependency=/opt/rustwide/target/debug/build/crypto-common/fcf5a2b252bda02f/out -L dependency=/opt/rustwide/target/debug/build/crypto-mac/f7c7cd0c69f2df65/out -L dependency=/opt/rustwide/target/debug/build/ct-codecs/3deb192daaba2385/out -L dependency=/opt/rustwide/target/debug/build/ctr/25cd0e283da72962/out -L dependency=/opt/rustwide/target/debug/build/curve25519-dalek-derive/4e6947b37388d622/out -L dependency=/opt/rustwide/target/debug/build/curve25519-dalek/b7f03c0dbec6c162/out -L dependency=/opt/rustwide/target/debug/build/data-encoding/7b2563cc1bafa4e2/out -L dependency=/opt/rustwide/target/debug/build/decoded-char/fd14e110566c9759/out -L dependency=/opt/rustwide/target/debug/build/der-parser/08db07d0a63416a5/out -L dependency=/opt/rustwide/target/debug/build/der/8b9abb229e236eac/out -L dependency=/opt/rustwide/target/debug/build/der/cbf357910a422c81/out -L dependency=/opt/rustwide/target/debug/build/deranged/e6881d2e0321294e/out -L dependency=/opt/rustwide/target/debug/build/digest/1c1d2e23da7a3708/out -L dependency=/opt/rustwide/target/debug/build/digest/70ce32002701afae/out -L dependency=/opt/rustwide/target/debug/build/digest/bb79d0bb6a26873d/out -L dependency=/opt/rustwide/target/debug/build/displaydoc/284a6b57a7922353/out -L dependency=/opt/rustwide/target/debug/build/downcast/340196ce4d6d5bff/out -L dependency=/opt/rustwide/target/debug/build/ecdsa/b96d908c688daf8c/out -L dependency=/opt/rustwide/target/debug/build/ed25519-compact/56667c33abb67c91/out -L dependency=/opt/rustwide/target/debug/build/educe/85f0efa3ac661753/out -L dependency=/opt/rustwide/target/debug/build/educe/b20c70e68efdcc56/out -L dependency=/opt/rustwide/target/debug/build/either/74fcb86e509fe94c/out -L dependency=/opt/rustwide/target/debug/build/elliptic-curve/5b42ecb4d02a7532/out -L dependency=/opt/rustwide/target/debug/build/equivalent/53277b141c879f87/out -L dependency=/opt/rustwide/target/debug/build/equs-blstrs/bf8b6853b6e39b8b/out -L dependency=/opt/rustwide/target/debug/build/equs-one-core-crypto/9ba04538030336bb/out -L dependency=/opt/rustwide/target/debug/build/equs-one-core-dcql/16c8e3a376e842ca/out -L dependency=/opt/rustwide/target/debug/build/equs-one-core-proc-macros/fa439eaa16d6e039/out -L dependency=/opt/rustwide/target/debug/build/equs-one-core-shared-types/12267afe0febb507/out -L dependency=/opt/rustwide/target/debug/build/equs-one-core-standardized-types/008ebee505661abe/out -L dependency=/opt/rustwide/target/debug/build/equs-pairing-crypto/3fbde2d25c669ae6/out -L dependency=/opt/rustwide/target/debug/build/fastrand/964c7e4b37fe3d85/out -L dependency=/opt/rustwide/target/debug/build/ff/2c9bc5c3ee196657/out -L dependency=/opt/rustwide/target/debug/build/ff/d185a1fbf41a18fc/out -L dependency=/opt/rustwide/target/debug/build/figment/3c612e7a5191d06b/out -L dependency=/opt/rustwide/target/debug/build/fixedbitset/47724d03fe0c3794/out -L dependency=/opt/rustwide/target/debug/build/flate2/36e472f1f8979076/out -L dependency=/opt/rustwide/target/debug/build/flume/7e17869fa3057e20/out -L dependency=/opt/rustwide/target/debug/build/fmap/542b49f3908206ae/out -L dependency=/opt/rustwide/target/debug/build/fnv/65440ab31d1f3d7a/out -L dependency=/opt/rustwide/target/debug/build/foldhash/d794f8647a7c5183/out -L dependency=/opt/rustwide/target/debug/build/form_urlencoded/8558270de8c5e9db/out -L dependency=/opt/rustwide/target/debug/build/fragile/23ccd4efdc9f3fa7/out -L dependency=/opt/rustwide/target/debug/build/funty/afe18b9c1a364713/out -L dependency=/opt/rustwide/target/debug/build/futures-channel/57486951aa1763dd/out -L dependency=/opt/rustwide/target/debug/build/futures-core/937cdc440dea5f51/out -L dependency=/opt/rustwide/target/debug/build/futures-executor/8a787e2044177de4/out -L dependency=/opt/rustwide/target/debug/build/futures-io/5a4810416b7602d3/out -L dependency=/opt/rustwide/target/debug/build/futures-macro/e6337714f556c946/out -L dependency=/opt/rustwide/target/debug/build/futures-sink/761787380e6cfe37/out -L dependency=/opt/rustwide/target/debug/build/futures-task/f02075f0be3ac103/out -L dependency=/opt/rustwide/target/debug/build/futures-util/24957947a0d64fb4/out -L dependency=/opt/rustwide/target/debug/build/futures/5402f57f39ac507b/out -L dependency=/opt/rustwide/target/debug/build/generic-array/670f05eefa1fb077/out -L dependency=/opt/rustwide/target/debug/build/getrandom/105f94b90871fa2f/out -L dependency=/opt/rustwide/target/debug/build/getrandom/9ceba551094a043f/out -L dependency=/opt/rustwide/target/debug/build/getrandom/cf36a3e047d73a22/out -L dependency=/opt/rustwide/target/debug/build/ghash/7f286a7542064b48/out -L dependency=/opt/rustwide/target/debug/build/git2/692c2ee3824e4f74/out -L dependency=/opt/rustwide/target/debug/build/group/5b97ab9397634b22/out -L dependency=/opt/rustwide/target/debug/build/group/e6d06f6a79c1fff0/out -L dependency=/opt/rustwide/target/debug/build/h2/68f66df4e2099361/out -L dependency=/opt/rustwide/target/debug/build/half/07bd8851d34315cd/out -L dependency=/opt/rustwide/target/debug/build/hashbrown/1cf194601ed5cf08/out -L dependency=/opt/rustwide/target/debug/build/hashbrown/4b7f4884d1f9f0a8/out -L dependency=/opt/rustwide/target/debug/build/hashbrown/68a1f0a460acd3f4/out -L dependency=/opt/rustwide/target/debug/build/hashbrown/d89ba31faf6d5fa2/out -L dependency=/opt/rustwide/target/debug/build/hex-literal/cbd5053e6f167f97/out -L dependency=/opt/rustwide/target/debug/build/hex/95c42952486a9634/out -L dependency=/opt/rustwide/target/debug/build/hkdf/895db9bab94cfeb7/out -L dependency=/opt/rustwide/target/debug/build/hmac/cad4486012edd826/out -L dependency=/opt/rustwide/target/debug/build/hmac/f11af06a859867c6/out -L dependency=/opt/rustwide/target/debug/build/http-body-util/4cf810361f4f42c5/out -L dependency=/opt/rustwide/target/debug/build/http-body/e23dded8be88d096/out -L dependency=/opt/rustwide/target/debug/build/http/0050d56dda6f4576/out -L dependency=/opt/rustwide/target/debug/build/httparse/76e96eecfa617739/out -L dependency=/opt/rustwide/target/debug/build/httpdate/b5025f4ba65bacc8/out -L dependency=/opt/rustwide/target/debug/build/hybrid-array/e0c3fdf337cc65df/out -L dependency=/opt/rustwide/target/debug/build/hyper-rustls/73cf426488974991/out -L dependency=/opt/rustwide/target/debug/build/hyper-util/a7d5964da0b7182f/out -L dependency=/opt/rustwide/target/debug/build/hyper/165a16a9177cce23/out -L dependency=/opt/rustwide/target/debug/build/iana-time-zone/f90d3d5060ddf03d/out -L dependency=/opt/rustwide/target/debug/build/icu_collections/a29a716a6633bfad/out -L dependency=/opt/rustwide/target/debug/build/icu_locale_core/3f6ff9ad0e5e0972/out -L dependency=/opt/rustwide/target/debug/build/icu_normalizer/281b9117bbc6d3a6/out -L dependency=/opt/rustwide/target/debug/build/icu_normalizer_data/102cb0a4e5f709be/out -L dependency=/opt/rustwide/target/debug/build/icu_properties/4f44e2d308888e9e/out -L dependency=/opt/rustwide/target/debug/build/icu_properties_data/c1c875ddb0028a4e/out -L dependency=/opt/rustwide/target/debug/build/icu_provider/7a72a9bc0050e1ad/out -L dependency=/opt/rustwide/target/debug/build/idna/acfd696f311b1ecf/out -L dependency=/opt/rustwide/target/debug/build/idna_adapter/5a7cbac612513c59/out -L dependency=/opt/rustwide/target/debug/build/im/1303f24268ff5995/out -L dependency=/opt/rustwide/target/debug/build/indexmap/4f62036edacebeb2/out -L dependency=/opt/rustwide/target/debug/build/indexmap/df9064fec935c06e/out -L dependency=/opt/rustwide/target/debug/build/indoc/f644ae72af11c0f9/out -L dependency=/opt/rustwide/target/debug/build/inout/816cba920128a252/out -L dependency=/opt/rustwide/target/debug/build/ipnet/cd3243a0c9041eb6/out -L dependency=/opt/rustwide/target/debug/build/iref-core/edc0dbdac5f73b8d/out -L dependency=/opt/rustwide/target/debug/build/iref/8591d33a3e8797c6/out -L dependency=/opt/rustwide/target/debug/build/iri-string/ffc7c1b21e809a15/out -L dependency=/opt/rustwide/target/debug/build/is_debug/6f95fa0f4f558583/out -L dependency=/opt/rustwide/target/debug/build/itertools/07365d1483529fa9/out -L dependency=/opt/rustwide/target/debug/build/itoa/8e3c0d5f07f07443/out -L dependency=/opt/rustwide/target/debug/build/json-ld-compaction/9beeb9fa970e1bc0/out -L dependency=/opt/rustwide/target/debug/build/json-ld-context-processing/7a6e752c5d9b0f10/out -L dependency=/opt/rustwide/target/debug/build/json-ld-core/d31c917d716b57c0/out -L dependency=/opt/rustwide/target/debug/build/json-ld-expansion/9c56505295a6ce65/out -L dependency=/opt/rustwide/target/debug/build/json-ld-serialization/1556693ca5dc50fc/out -L dependency=/opt/rustwide/target/debug/build/json-ld-syntax/e98795588a9c487b/out -L dependency=/opt/rustwide/target/debug/build/json-number/37734433f2651340/out -L dependency=/opt/rustwide/target/debug/build/json-syntax/9a9e32b4c85766cc/out -L dependency=/opt/rustwide/target/debug/build/keccak/035a0dfaeca22252/out -L dependency=/opt/rustwide/target/debug/build/keccak/69fc64c42663329a/out -L dependency=/opt/rustwide/target/debug/build/langtag/58e2cc3d0104b84f/out -L dependency=/opt/rustwide/target/debug/build/lazy_static/8814797a196a17b5/out -L dependency=/opt/rustwide/target/debug/build/lexical-core/31c59ed7e7903762/out -L dependency=/opt/rustwide/target/debug/build/lexical-parse-float/625e00f99076d736/out -L dependency=/opt/rustwide/target/debug/build/lexical-parse-integer/45c71add8c989fcf/out -L dependency=/opt/rustwide/target/debug/build/lexical-util/5a4dec58f7ea9eaa/out -L dependency=/opt/rustwide/target/debug/build/lexical-write-float/3050c7b58f7c47df/out -L dependency=/opt/rustwide/target/debug/build/lexical-write-integer/06fe76b11ddda4e6/out -L dependency=/opt/rustwide/target/debug/build/lexical/a4c7feeb17556b62/out -L dependency=/opt/rustwide/target/debug/build/libc/8f47d2d7d4f78c63/out -L dependency=/opt/rustwide/target/debug/build/libgit2-sys/4f1d32757ac09ac2/out -L dependency=/opt/rustwide/target/debug/build/libz-rs-sys/6d906531e0f4aa27/out -L dependency=/opt/rustwide/target/debug/build/libz-sys/619136a3229d1f30/out -L dependency=/opt/rustwide/target/debug/build/linked-data-derive/ac637cfdb8755787/out -L dependency=/opt/rustwide/target/debug/build/linked-data/4c9799471f46fdf8/out -L dependency=/opt/rustwide/target/debug/build/linux-raw-sys/06b070abb1612713/out -L dependency=/opt/rustwide/target/debug/build/litemap/aa43607d32344b5b/out -L dependency=/opt/rustwide/target/debug/build/lock_api/497c3c4b546acad3/out -L dependency=/opt/rustwide/target/debug/build/locspan-derive/d86bd0c73c6814b9/out -L dependency=/opt/rustwide/target/debug/build/locspan/ca922c39a0397934/out -L dependency=/opt/rustwide/target/debug/build/log/9d9a83f7b12b7de1/out -L dependency=/opt/rustwide/target/debug/build/lzma-rust2/85db29d056955ca8/out -L dependency=/opt/rustwide/target/debug/build/memchr/51f0bf88eac8402f/out -L dependency=/opt/rustwide/target/debug/build/mime/ee7da7d8bd74decc/out -L dependency=/opt/rustwide/target/debug/build/minimal-lexical/a8b06c322f46c594/out -L dependency=/opt/rustwide/target/debug/build/miniz_oxide/53af354df45ed2ae/out -L dependency=/opt/rustwide/target/debug/build/mio/d119b274d6034513/out -L dependency=/opt/rustwide/target/debug/build/ml-dsa/07222ba7f63e8ec9/out -L dependency=/opt/rustwide/target/debug/build/mockall/c32fe1a356a600dd/out -L dependency=/opt/rustwide/target/debug/build/mockall_derive/fd8602d1c36325ac/out -L dependency=/opt/rustwide/target/debug/build/module-lattice/dcec5bd2a1f51abd/out -L dependency=/opt/rustwide/target/debug/build/mown/fa969f0d67f3a703/out -L dependency=/opt/rustwide/target/debug/build/mownstr/8727f72a498bde80/out -L dependency=/opt/rustwide/target/debug/build/nom/55276705dc58c4e9/out -L dependency=/opt/rustwide/target/debug/build/num-bigint/9d5373390724ddfc/out -L dependency=/opt/rustwide/target/debug/build/num-conv/6eaf3800823ab3d6/out -L dependency=/opt/rustwide/target/debug/build/num-integer/9683e12b33dd2ad5/out -L dependency=/opt/rustwide/target/debug/build/num-rational/c030d9ada79ae78a/out -L dependency=/opt/rustwide/target/debug/build/num-traits/195c77de1ae28a5a/out -L dependency=/opt/rustwide/target/debug/build/num_cpus/48f75099b1f4d698/out -L dependency=/opt/rustwide/target/debug/build/num_threads/30546558e13b5207/out -L dependency=/opt/rustwide/target/debug/build/oid-registry/f69bc200f2116559/out -L dependency=/opt/rustwide/target/debug/build/once_cell/65ef733aa5ad93db/out -L dependency=/opt/rustwide/target/debug/build/one-dto-mapper-derive/782fc3b103014449/out -L dependency=/opt/rustwide/target/debug/build/one-dto-mapper/62651102c2ead221/out -L dependency=/opt/rustwide/target/debug/build/opaque-debug/eb419a8313c052e0/out -L dependency=/opt/rustwide/target/debug/build/openssl-probe/a5326edbaaf90049/out -L dependency=/opt/rustwide/target/debug/build/ordered-float/f67110723cbf303b/out -L dependency=/opt/rustwide/target/debug/build/ouroboros_macro/4ec8d56e5870d76b/out -L dependency=/opt/rustwide/target/debug/build/oxiri/e0735fdf76160a20/out -L dependency=/opt/rustwide/target/debug/build/p256/bb79833a89d6d2ff/out -L dependency=/opt/rustwide/target/debug/build/pairing/0c19ebefb1980ad3/out -L dependency=/opt/rustwide/target/debug/build/pairing/b321aba725d5f363/out -L dependency=/opt/rustwide/target/debug/build/parking_lot_core/a775da2f4b3b8e85/out -L dependency=/opt/rustwide/target/debug/build/password-hash/706d77e4308fe34f/out -L dependency=/opt/rustwide/target/debug/build/pbkdf2/03ca03444088784e/out -L dependency=/opt/rustwide/target/debug/build/pbkdf2/d026118596f80445/out -L dependency=/opt/rustwide/target/debug/build/pct-str/f904b6f5f301607b/out -L dependency=/opt/rustwide/target/debug/build/pem-rfc7468/43089b37bd06e189/out -L dependency=/opt/rustwide/target/debug/build/pem/609c0a5e2417ebd6/out -L dependency=/opt/rustwide/target/debug/build/percent-encoding/528721a9f54dc4b1/out -L dependency=/opt/rustwide/target/debug/build/permutohedron/6b71d0ee02896297/out -L dependency=/opt/rustwide/target/debug/build/pin-project-lite/1b81da4f494a9bc3/out -L dependency=/opt/rustwide/target/debug/build/pin-utils/878ed655ba41bb46/out -L dependency=/opt/rustwide/target/debug/build/pkcs8/2e8b1af31b7f2fd7/out -L dependency=/opt/rustwide/target/debug/build/pkcs8/b6f90c4b0ab87c03/out -L dependency=/opt/rustwide/target/debug/build/poly1305/8ab0634bbb633d8f/out -L dependency=/opt/rustwide/target/debug/build/polyval/409148a85608f488/out -L dependency=/opt/rustwide/target/debug/build/potential_utf/621ef8148ec89c24/out -L dependency=/opt/rustwide/target/debug/build/powerfmt/56923de0405665be/out -L dependency=/opt/rustwide/target/debug/build/ppv-lite86/cc5cda4bb51a6712/out -L dependency=/opt/rustwide/target/debug/build/predicates-core/63e64bf232126bf2/out -L dependency=/opt/rustwide/target/debug/build/predicates-tree/bcff83b9003c1de0/out -L dependency=/opt/rustwide/target/debug/build/predicates/ed1962caa2119794/out -L dependency=/opt/rustwide/target/debug/build/pretty_dtoa/7492a76a0e6aec23/out -L dependency=/opt/rustwide/target/debug/build/primeorder/b6291a68497af340/out -L dependency=/opt/rustwide/target/debug/build/radium/9ca7325be4e4a02a/out -L dependency=/opt/rustwide/target/debug/build/rand/3380e7586af97df7/out -L dependency=/opt/rustwide/target/debug/build/rand/8a7840234712ff00/out -L dependency=/opt/rustwide/target/debug/build/rand_chacha/8efdb661234d5cc1/out -L dependency=/opt/rustwide/target/debug/build/rand_chacha/9dabe6803c6bd8d5/out -L dependency=/opt/rustwide/target/debug/build/rand_core/24980ca5fb042aa1/out -L dependency=/opt/rustwide/target/debug/build/rand_core/6058f6cb6e04c19f/out -L dependency=/opt/rustwide/target/debug/build/rand_xorshift/e994ff0c798c3ef5/out -L dependency=/opt/rustwide/target/debug/build/rand_xoshiro/851d8871f4da80b5/out -L dependency=/opt/rustwide/target/debug/build/raw-btree/04f3244be7e7bad1/out -L dependency=/opt/rustwide/target/debug/build/rdf-types/6683763c228dc4eb/out -L dependency=/opt/rustwide/target/debug/build/regex-automata/7b917aeb329c7eb8/out -L dependency=/opt/rustwide/target/debug/build/regex-syntax/ceb894bed38f3f6c/out -L dependency=/opt/rustwide/target/debug/build/regex/659b0889c48d8620/out -L dependency=/opt/rustwide/target/debug/build/replace_with/17cf269f319620fd/out -L dependency=/opt/rustwide/target/debug/build/resiter/b344fae24b5c4a0a/out -L dependency=/opt/rustwide/target/debug/build/rfc6979/7693c2b30507f532/out -L dependency=/opt/rustwide/target/debug/build/rusticata-macros/8938dc23ade8cb71/out -L dependency=/opt/rustwide/target/debug/build/rustix/217498148669dd1e/out -L dependency=/opt/rustwide/target/debug/build/rustls-native-certs/baa9c67c14298a3d/out -L dependency=/opt/rustwide/target/debug/build/rustls-pki-types/a28105054b48ea87/out -L dependency=/opt/rustwide/target/debug/build/rustls-platform-verifier/879ff85bfe77c6fa/out -L dependency=/opt/rustwide/target/debug/build/rustls-webpki/c0e19eca70550910/out -L dependency=/opt/rustwide/target/debug/build/rustls/4a3a703aa775fb5e/out -L dependency=/opt/rustwide/target/debug/build/rustversion/9f087dd105db79d1/out -L dependency=/opt/rustwide/target/debug/build/ryu-js/35f2d1e8452e30b5/out -L dependency=/opt/rustwide/target/debug/build/ryu/a90565e13f2e459f/out -L dependency=/opt/rustwide/target/debug/build/ryu_floating_decimal/71a3c552c6ed1623/out -L dependency=/opt/rustwide/target/debug/build/scopeguard/2eedc5e742d791e6/out -L dependency=/opt/rustwide/target/debug/build/sec1/3742f459844667bd/out -L dependency=/opt/rustwide/target/debug/build/secrecy/270442fe17c74577/out -L dependency=/opt/rustwide/target/debug/build/serde/d979cbaa8fb5a7f9/out -L dependency=/opt/rustwide/target/debug/build/serde_core/c51942f077137b8a/out -L dependency=/opt/rustwide/target/debug/build/serde_derive/0d31a52d633918b7/out -L dependency=/opt/rustwide/target/debug/build/serde_json/de8dc5adff18c985/out -L dependency=/opt/rustwide/target/debug/build/serde_with/39b8c36fe98d15f8/out -L dependency=/opt/rustwide/target/debug/build/serde_with_macros/c6f1370cc9b00c48/out -L dependency=/opt/rustwide/target/debug/build/serde_yaml/2fcf62bf19fc1c45/out -L dependency=/opt/rustwide/target/debug/build/serdect/ffd1e677caf59f3f/out -L dependency=/opt/rustwide/target/debug/build/sha1/f8d716416d98f512/out -L dependency=/opt/rustwide/target/debug/build/sha2/6c46134d8eb0193c/out -L dependency=/opt/rustwide/target/debug/build/sha2/f00b712380fb67c3/out -L dependency=/opt/rustwide/target/debug/build/sha3/a79655f1405d437d/out -L dependency=/opt/rustwide/target/debug/build/sha3/e9bbde16564bce70/out -L dependency=/opt/rustwide/target/debug/build/signature/8eeb2dc8e96ccb64/out -L dependency=/opt/rustwide/target/debug/build/signature/9facf472e7662558/out -L dependency=/opt/rustwide/target/debug/build/simd-adler32/c6462935a14b3b56/out -L dependency=/opt/rustwide/target/debug/build/similar-asserts/fae3bbf1c0d94e7b/out -L dependency=/opt/rustwide/target/debug/build/similar/84c30560ffcaf421/out -L dependency=/opt/rustwide/target/debug/build/sized-chunks/45cc73c07a011c5c/out -L dependency=/opt/rustwide/target/debug/build/slab/5b4561caabd64ab3/out -L dependency=/opt/rustwide/target/debug/build/smallstr/af832453a2f35603/out -L dependency=/opt/rustwide/target/debug/build/smallvec/c6da762fcc569523/out -L dependency=/opt/rustwide/target/debug/build/socket2/bbdcc3626f0a01cf/out -L dependency=/opt/rustwide/target/debug/build/sophia_api/5e9056e23379f24a/out -L dependency=/opt/rustwide/target/debug/build/sophia_iri/6a6f32787d131beb/out -L dependency=/opt/rustwide/target/debug/build/spin/26fe6c80c39cf11c/out -L dependency=/opt/rustwide/target/debug/build/spki/6304dda640b25d7e/out -L dependency=/opt/rustwide/target/debug/build/spki/7802e4876b88603b/out -L dependency=/opt/rustwide/target/debug/build/stable_deref_trait/5d0e5045ac141f4e/out -L dependency=/opt/rustwide/target/debug/build/static-iref/55fd954a9dc10673/out -L dependency=/opt/rustwide/target/debug/build/static-regular-grammar/b3380d37ddf72a41/out -L dependency=/opt/rustwide/target/debug/build/static_assertions/ccbe326b41a234c7/out -L dependency=/opt/rustwide/target/debug/build/strum/6d364d114f547592/out -L dependency=/opt/rustwide/target/debug/build/strum/954235d94e1a7c32/out -L dependency=/opt/rustwide/target/debug/build/strum_macros/26a1bf7dbbdbcec1/out -L dependency=/opt/rustwide/target/debug/build/strum_macros/b4d32a30f9db87bb/out -L dependency=/opt/rustwide/target/debug/build/subtle/7721577afe967253/out -L dependency=/opt/rustwide/target/debug/build/sync_wrapper/635027808d782301/out -L dependency=/opt/rustwide/target/debug/build/tap/3e66966ee826b1a4/out -L dependency=/opt/rustwide/target/debug/build/termtree/2c70a7797f5af069/out -L dependency=/opt/rustwide/target/debug/build/thiserror-impl/029ff864a53f4623/out -L dependency=/opt/rustwide/target/debug/build/thiserror-impl/d1c780ce8a5c10f6/out -L dependency=/opt/rustwide/target/debug/build/thiserror/0184a552682be7ec/out -L dependency=/opt/rustwide/target/debug/build/thiserror/67a6983d5d2c4820/out -L dependency=/opt/rustwide/target/debug/build/threadpool/9cedacc9a034f786/out -L dependency=/opt/rustwide/target/debug/build/time-core/7ccd799a39caf9e0/out -L dependency=/opt/rustwide/target/debug/build/time-macros/ac4db3c8aa190868/out -L dependency=/opt/rustwide/target/debug/build/time/9e71cf20f0b4f73f/out -L dependency=/opt/rustwide/target/debug/build/tinystr/c1feb513aeca07ee/out -L dependency=/opt/rustwide/target/debug/build/tokio-macros/c7d2586de752af3f/out -L dependency=/opt/rustwide/target/debug/build/tokio-rustls/a5a40396d560edb5/out -L dependency=/opt/rustwide/target/debug/build/tokio-stream/7817b23d1ed25fd1/out -L dependency=/opt/rustwide/target/debug/build/tokio-util/3865f3f14fa57d32/out -L dependency=/opt/rustwide/target/debug/build/tokio/b70b4b1fcfcf10e1/out -L dependency=/opt/rustwide/target/debug/build/tower-http/edae3acb22bfeb85/out -L dependency=/opt/rustwide/target/debug/build/tower-layer/18253f72d6097d72/out -L dependency=/opt/rustwide/target/debug/build/tower-service/f067f85429613f02/out -L dependency=/opt/rustwide/target/debug/build/tower/f6225598e041bf1f/out -L dependency=/opt/rustwide/target/debug/build/tracing-attributes/4e885957f8e0e3f4/out -L dependency=/opt/rustwide/target/debug/build/tracing-core/dc96c80e148c248f/out -L dependency=/opt/rustwide/target/debug/build/tracing/255d1c824ecb4a15/out -L dependency=/opt/rustwide/target/debug/build/try-lock/2456ef037cb93cd8/out -L dependency=/opt/rustwide/target/debug/build/typenum/41cd41c60f7d7f21/out -L dependency=/opt/rustwide/target/debug/build/tz-rs/68bd3a54c9fa329f/out -L dependency=/opt/rustwide/target/debug/build/tzdb/4fa4c2e67cb5d5eb/out -L dependency=/opt/rustwide/target/debug/build/tzdb_data/910a75aedbf2b5c8/out -L dependency=/opt/rustwide/target/debug/build/uncased/a0261d40dd23f806/out -L dependency=/opt/rustwide/target/debug/build/unicode-segmentation/a9a2dc76aa756679/out -L dependency=/opt/rustwide/target/debug/build/universal-hash/e596a186747157db/out -L dependency=/opt/rustwide/target/debug/build/unsafe-libyaml/2532ab1ba345d0f9/out -L dependency=/opt/rustwide/target/debug/build/unsigned-varint/f9ef24c5dbd1befc/out -L dependency=/opt/rustwide/target/debug/build/untrusted/6fab01473f7c0eb0/out -L dependency=/opt/rustwide/target/debug/build/untrusted/d227284a77a27113/out -L dependency=/opt/rustwide/target/debug/build/url/20931396c50b48fa/out -L dependency=/opt/rustwide/target/debug/build/utf8-decode/087d66a68b797058/out -L dependency=/opt/rustwide/target/debug/build/utf8_iter/2a9a14295c98e961/out -L dependency=/opt/rustwide/target/debug/build/uuid/e89f396fe572e5a1/out -L dependency=/opt/rustwide/target/debug/build/want/02f6f2e86f12f8db/out -L dependency=/opt/rustwide/target/debug/build/writeable/999454f8466c5908/out -L dependency=/opt/rustwide/target/debug/build/wyz/76895a3b0c18a9ee/out -L dependency=/opt/rustwide/target/debug/build/x509-parser/a66317b78c0ccce1/out -L dependency=/opt/rustwide/target/debug/build/xsd-types/88a9ec61e0edf936/out -L dependency=/opt/rustwide/target/debug/build/yasna/9384c81e1b8ba31f/out -L dependency=/opt/rustwide/target/debug/build/yoke-derive/5f66e78c2bfdb267/out -L dependency=/opt/rustwide/target/debug/build/yoke/69b94c48b242fb2c/out -L dependency=/opt/rustwide/target/debug/build/zerocopy-derive/b06f56a297e090b0/out -L dependency=/opt/rustwide/target/debug/build/zerocopy/929bba2713d19d18/out -L dependency=/opt/rustwide/target/debug/build/zerofrom-derive/8b1e50317bb68eca/out -L dependency=/opt/rustwide/target/debug/build/zerofrom/a240e46cf0756cf4/out -L dependency=/opt/rustwide/target/debug/build/zeroize/9356808d8ecce350/out -L dependency=/opt/rustwide/target/debug/build/zeroize_derive/0dc6f349694f41ee/out -L dependency=/opt/rustwide/target/debug/build/zerotrie/7be5191e4e6af3a1/out -L dependency=/opt/rustwide/target/debug/build/zerovec-derive/b47d6d18db2ffb39/out -L dependency=/opt/rustwide/target/debug/build/zerovec/8aceceb71faba0d3/out -L dependency=/opt/rustwide/target/debug/build/zlib-rs/578686f9bb858ef8/out -L dependency=/opt/rustwide/target/debug/build/zopfli/6948e9a76c81459d/out --extern aes_gcm=/opt/rustwide/target/debug/build/aes-gcm/af8a5b279fcabb4a/out/libaes_gcm-af8a5b279fcabb4a.rmeta --extern anyhow=/opt/rustwide/target/debug/build/anyhow/a338f9315f61a93f/out/libanyhow-a338f9315f61a93f.rmeta --extern asn1_rs=/opt/rustwide/target/debug/build/asn1-rs/5c5c2b18415d2fc8/out/libasn1_rs-5c5c2b18415d2fc8.rmeta --extern async_trait=/opt/rustwide/target/debug/build/async-trait/c17d6c3b8c2a79c9/out/libasync_trait-c17d6c3b8c2a79c9.so --extern bincode=/opt/rustwide/target/debug/build/bincode/89ba0e954dcad761/out/libbincode-89ba0e954dcad761.rmeta --extern bit_vec=/opt/rustwide/target/debug/build/bit-vec/99568281a650de7f/out/libbit_vec-99568281a650de7f.rmeta --extern bon=/opt/rustwide/target/debug/build/bon/34beb1e90db6eae7/out/libbon-34beb1e90db6eae7.rmeta --extern bs58=/opt/rustwide/target/debug/build/bs58/4b6c8f66ae8d94f2/out/libbs58-4b6c8f66ae8d94f2.rmeta --extern ciborium=/opt/rustwide/target/debug/build/ciborium/50e7475894c5fbf0/out/libciborium-50e7475894c5fbf0.rmeta --extern convert_case=/opt/rustwide/target/debug/build/convert_case/8c9e22573000bd64/out/libconvert_case-8c9e22573000bd64.rmeta --extern coset=/opt/rustwide/target/debug/build/coset/8e6d11160d0940af/out/libcoset-8e6d11160d0940af.rmeta --extern crc=/opt/rustwide/target/debug/build/crc/ac3fd584f90b4156/out/libcrc-ac3fd584f90b4156.rmeta --extern ct_codecs=/opt/rustwide/target/debug/build/ct-codecs/3deb192daaba2385/out/libct_codecs-3deb192daaba2385.rmeta --extern dashmap=/opt/rustwide/target/debug/build/dashmap/919d53e61004ff5d/out/libdashmap-919d53e61004ff5d.rmeta --extern one_crypto=/opt/rustwide/target/debug/build/equs-one-core-crypto/9ba04538030336bb/out/libone_crypto-9ba04538030336bb.rmeta --extern dcql=/opt/rustwide/target/debug/build/equs-one-core-dcql/16c8e3a376e842ca/out/libdcql-16c8e3a376e842ca.rmeta --extern one_core_portable=/opt/rustwide/target/debug/build/equs-one-core-portable/535b3c151f45ec53/out/libone_core_portable-535b3c151f45ec53.rmeta --extern shared_types=/opt/rustwide/target/debug/build/equs-one-core-shared-types/12267afe0febb507/out/libshared_types-12267afe0febb507.rmeta --extern standardized_types=/opt/rustwide/target/debug/build/equs-one-core-standardized-types/008ebee505661abe/out/libstandardized_types-008ebee505661abe.rmeta --extern figment=/opt/rustwide/target/debug/build/figment/3c612e7a5191d06b/out/libfigment-3c612e7a5191d06b.rmeta --extern flate2=/opt/rustwide/target/debug/build/flate2/36e472f1f8979076/out/libflate2-36e472f1f8979076.rmeta --extern futures=/opt/rustwide/target/debug/build/futures/5402f57f39ac507b/out/libfutures-5402f57f39ac507b.rmeta --extern hex=/opt/rustwide/target/debug/build/hex/95c42952486a9634/out/libhex-95c42952486a9634.rmeta --extern hex_literal=/opt/rustwide/target/debug/build/hex-literal/cbd5053e6f167f97/out/libhex_literal-cbd5053e6f167f97.rmeta --extern hkdf=/opt/rustwide/target/debug/build/hkdf/895db9bab94cfeb7/out/libhkdf-895db9bab94cfeb7.rmeta --extern human_sort=/opt/rustwide/target/debug/build/human-sort/de8becd92cf0bcf5/out/libhuman_sort-de8becd92cf0bcf5.rmeta --extern indexmap=/opt/rustwide/target/debug/build/indexmap/df9064fec935c06e/out/libindexmap-df9064fec935c06e.rmeta --extern indoc=/opt/rustwide/target/debug/build/indoc/f644ae72af11c0f9/out/libindoc-f644ae72af11c0f9.so --extern itertools=/opt/rustwide/target/debug/build/itertools/437f5d46e9ee7980/out/libitertools-437f5d46e9ee7980.rmeta --extern json_ld=/opt/rustwide/target/debug/build/json-ld/85d6cfacf836d38a/out/libjson_ld-85d6cfacf836d38a.rmeta --extern json_syntax=/opt/rustwide/target/debug/build/json-syntax/9a9e32b4c85766cc/out/libjson_syntax-9a9e32b4c85766cc.rmeta --extern jsonptr=/opt/rustwide/target/debug/build/jsonptr/6b355c4eae56df02/out/libjsonptr-6b355c4eae56df02.rmeta --extern maplit=/opt/rustwide/target/debug/build/maplit/5496e81e31d7a29e/out/libmaplit-5496e81e31d7a29e.rmeta --extern mime=/opt/rustwide/target/debug/build/mime/ee7da7d8bd74decc/out/libmime-ee7da7d8bd74decc.rmeta --extern mrtd=/opt/rustwide/target/debug/build/mrtd/46017f32888904ca/out/libmrtd-46017f32888904ca.rmeta --extern multihash=/opt/rustwide/target/debug/build/multihash/8ef95205be31231b/out/libmultihash-8ef95205be31231b.rmeta --extern ndef_rs=/opt/rustwide/target/debug/build/ndef-rs/42e8f4587347a5e3/out/libndef_rs-42e8f4587347a5e3.rmeta --extern num_traits=/opt/rustwide/target/debug/build/num-traits/195c77de1ae28a5a/out/libnum_traits-195c77de1ae28a5a.rmeta --extern one_dto_mapper=/opt/rustwide/target/debug/build/one-dto-mapper/62651102c2ead221/out/libone_dto_mapper-62651102c2ead221.rmeta --extern ouroboros=/opt/rustwide/target/debug/build/ouroboros/092353b3cb43e172/out/libouroboros-092353b3cb43e172.rmeta --extern pem=/opt/rustwide/target/debug/build/pem/609c0a5e2417ebd6/out/libpem-609c0a5e2417ebd6.rmeta --extern rand=/opt/rustwide/target/debug/build/rand/3380e7586af97df7/out/librand-3380e7586af97df7.rmeta --extern rcgen=/opt/rustwide/target/debug/build/rcgen/123135e3aecbd63b/out/librcgen-123135e3aecbd63b.rmeta --extern regex=/opt/rustwide/target/debug/build/regex/659b0889c48d8620/out/libregex-659b0889c48d8620.rmeta --extern reqwest=/opt/rustwide/target/debug/build/reqwest/ddf7f892ccf46325/out/libreqwest-ddf7f892ccf46325.rmeta --extern rumqttc=/opt/rustwide/target/debug/build/rumqttc-next/72e55918a6d65925/out/librumqttc-72e55918a6d65925.rmeta --extern rustls=/opt/rustwide/target/debug/build/rustls/4a3a703aa775fb5e/out/librustls-4a3a703aa775fb5e.rmeta --extern rustls_pki_types=/opt/rustwide/target/debug/build/rustls-pki-types/a28105054b48ea87/out/librustls_pki_types-a28105054b48ea87.rmeta --extern rustls_platform_verifier=/opt/rustwide/target/debug/build/rustls-platform-verifier/879ff85bfe77c6fa/out/librustls_platform_verifier-879ff85bfe77c6fa.rmeta --extern secrecy=/opt/rustwide/target/debug/build/secrecy/270442fe17c74577/out/libsecrecy-270442fe17c74577.rmeta --extern serde=/opt/rustwide/target/debug/build/serde/d979cbaa8fb5a7f9/out/libserde-d979cbaa8fb5a7f9.rmeta --extern serde_json=/opt/rustwide/target/debug/build/serde_json/de8dc5adff18c985/out/libserde_json-de8dc5adff18c985.rmeta --extern serde_qs=/opt/rustwide/target/debug/build/serde_qs/743ed34b55b3c4bb/out/libserde_qs-743ed34b55b3c4bb.rmeta --extern serde_repr=/opt/rustwide/target/debug/build/serde_repr/cf2c76eb232586d1/out/libserde_repr-cf2c76eb232586d1.so --extern serde_urlencoded=/opt/rustwide/target/debug/build/serde_urlencoded/5cd837bb73e7403f/out/libserde_urlencoded-5cd837bb73e7403f.rmeta --extern serde_with=/opt/rustwide/target/debug/build/serde_with/39b8c36fe98d15f8/out/libserde_with-39b8c36fe98d15f8.rmeta --extern serde_yaml=/opt/rustwide/target/debug/build/serde_yaml/2fcf62bf19fc1c45/out/libserde_yaml-2fcf62bf19fc1c45.rmeta --extern sha2=/opt/rustwide/target/debug/build/sha2/6c46134d8eb0193c/out/libsha2-6c46134d8eb0193c.rmeta --extern shadow_rs=/opt/rustwide/target/debug/build/shadow-rs/58216ea3e16b2944/out/libshadow_rs-58216ea3e16b2944.rmeta --extern sophia_api=/opt/rustwide/target/debug/build/sophia_api/5e9056e23379f24a/out/libsophia_api-5e9056e23379f24a.rmeta --extern sophia_c14n=/opt/rustwide/target/debug/build/sophia_c14n/ddae07e461f7467f/out/libsophia_c14n-ddae07e461f7467f.rmeta --extern strum=/opt/rustwide/target/debug/build/strum/954235d94e1a7c32/out/libstrum-954235d94e1a7c32.rmeta --extern tempfile=/opt/rustwide/target/debug/build/tempfile/aff9a0271f8e0a0d/out/libtempfile-aff9a0271f8e0a0d.rmeta --extern thiserror=/opt/rustwide/target/debug/build/thiserror/0184a552682be7ec/out/libthiserror-0184a552682be7ec.rmeta --extern time=/opt/rustwide/target/debug/build/time/9e71cf20f0b4f73f/out/libtime-9e71cf20f0b4f73f.rmeta --extern tokio=/opt/rustwide/target/debug/build/tokio/b70b4b1fcfcf10e1/out/libtokio-b70b4b1fcfcf10e1.rmeta --extern tokio_util=/opt/rustwide/target/debug/build/tokio-util/3865f3f14fa57d32/out/libtokio_util-3865f3f14fa57d32.rmeta --extern tracing=/opt/rustwide/target/debug/build/tracing/255d1c824ecb4a15/out/libtracing-255d1c824ecb4a15.rmeta --extern url=/opt/rustwide/target/debug/build/url/20931396c50b48fa/out/liburl-20931396c50b48fa.rmeta --extern urlencoding=/opt/rustwide/target/debug/build/urlencoding/a820217702783b7f/out/liburlencoding-a820217702783b7f.rmeta --extern uuid=/opt/rustwide/target/debug/build/uuid/e89f396fe572e5a1/out/libuuid-e89f396fe572e5a1.rmeta --extern x25519_dalek=/opt/rustwide/target/debug/build/x25519-dalek/01fb1b711e93b051/out/libx25519_dalek-01fb1b711e93b051.rmeta --extern x509_parser=/opt/rustwide/target/debug/build/x509-parser/a66317b78c0ccce1/out/libx509_parser-a66317b78c0ccce1.rmeta --extern yasna=/opt/rustwide/target/debug/build/yasna/9384c81e1b8ba31f/out/libyasna-9384c81e1b8ba31f.rmeta --extern zip=/opt/rustwide/target/debug/build/zip/cb9a25929350a631/out/libzip-cb9a25929350a631.rmeta --cap-lints=forbid -Znext-solver=coherence --force-warn=unused_crate_dependencies -L native=/opt/rustwide/target/debug/build/blst/32113a88783e0b05/out -L native=/opt/rustwide/target/debug/build/aws-lc-sys/347f630dd0a34c40/out -L native=/opt/rustwide/target/debug/build/libgit2-sys/aed6ffa0138ddd3e/out/build` (signal: 9, SIGKILL: kill)
[INFO] running `Command { std: "docker" "inspect" "791ed808e64a5cac0681b2770065004966efb1883d7e80d247fe1fdb80b8e7f9", kill_on_drop: false }`
[INFO] running `Command { std: "docker" "rm" "-f" "791ed808e64a5cac0681b2770065004966efb1883d7e80d247fe1fdb80b8e7f9", kill_on_drop: false }`
[INFO] [stdout] 791ed808e64a5cac0681b2770065004966efb1883d7e80d247fe1fdb80b8e7f9
