[INFO] cloning repository https://github.com/kojofl/mitchrs
[INFO] running `Command { std: "git" "-c" "credential.helper=" "-c" "credential.helper=/workspace/cargo-home/bin/git-credential-null" "clone" "--bare" "https://github.com/kojofl/mitchrs" "/workspace/cache/git-repos/https%3A%2F%2Fgithub.com%2Fkojofl%2Fmitchrs", kill_on_drop: false }`
[INFO] [stderr] Cloning into bare repository '/workspace/cache/git-repos/https%3A%2F%2Fgithub.com%2Fkojofl%2Fmitchrs'...
[INFO] running `Command { std: "git" "rev-parse" "HEAD", kill_on_drop: false }`
[INFO] [stdout] be06bce07b18ea3d56c9a491a616ebc155c0e78d
[INFO] checking kojofl/mitchrs against 3154cc1a3e6424e44f438a95007d043ed5ceaaf6 for pr-133502-30
[INFO] running `Command { std: "git" "clone" "/workspace/cache/git-repos/https%3A%2F%2Fgithub.com%2Fkojofl%2Fmitchrs" "/workspace/builds/worker-3-tc2/source", kill_on_drop: false }`
[INFO] [stderr] Cloning into '/workspace/builds/worker-3-tc2/source'...
[INFO] [stderr] done.
[INFO] started tweaking git repo https://github.com/kojofl/mitchrs
[INFO] finished tweaking git repo https://github.com/kojofl/mitchrs
[INFO] tweaked toml for git repo https://github.com/kojofl/mitchrs written to /workspace/builds/worker-3-tc2/source/Cargo.toml
[INFO] validating manifest of git repo https://github.com/kojofl/mitchrs on toolchain 3154cc1a3e6424e44f438a95007d043ed5ceaaf6
[INFO] running `Command { std: CARGO_HOME="/workspace/cargo-home" RUSTUP_HOME="/workspace/rustup-home" "/workspace/cargo-home/bin/cargo" "+3154cc1a3e6424e44f438a95007d043ed5ceaaf6" "metadata" "--manifest-path" "Cargo.toml" "--no-deps", kill_on_drop: false }`
[INFO] crate git repo https://github.com/kojofl/mitchrs already has a lockfile, it will not be regenerated
[INFO] running `Command { std: CARGO_HOME="/workspace/cargo-home" RUSTUP_HOME="/workspace/rustup-home" "/workspace/cargo-home/bin/cargo" "+3154cc1a3e6424e44f438a95007d043ed5ceaaf6" "fetch" "--manifest-path" "Cargo.toml", kill_on_drop: false }`
[INFO] running `Command { std: "docker" "create" "-v" "/var/lib/crater-agent-workspace/builds/worker-3-tc2/source:/opt/rustwide/workdir:ro,Z" "-v" "/var/lib/crater-agent-workspace/builds/worker-3-tc2/target:/opt/rustwide/target:rw,Z" "-v" "/var/lib/crater-agent-workspace/cargo-home:/opt/rustwide/cargo-home:ro,Z" "-v" "/var/lib/crater-agent-workspace/rustup-home:/opt/rustwide/rustup-home:ro,Z" "-m" "1610612736" "--network" "none" "ghcr.io/rust-lang/crates-build-env/linux@sha256:77db811e55d90add9212f6832c23229e3de5f1c1f9905e8cb07319ea15df73ac" "sleep" "infinity", kill_on_drop: false }`
[INFO] [stdout] be7de98b47888bcb953a2f31b6cc3b2fdf652004b3c7fc060104fad2dfc62b4d
[INFO] running `Command { std: "docker" "start" "be7de98b47888bcb953a2f31b6cc3b2fdf652004b3c7fc060104fad2dfc62b4d", kill_on_drop: false }`
[INFO] running `Command { std: "docker" "inspect" "be7de98b47888bcb953a2f31b6cc3b2fdf652004b3c7fc060104fad2dfc62b4d", kill_on_drop: false }`
[INFO] running `Command { std: "docker" "exec" "-e" "SOURCE_DIR=/opt/rustwide/workdir" "-e" "CARGO_HOME=/opt/rustwide/cargo-home" "-e" "RUSTUP_HOME=/opt/rustwide/rustup-home" "-e" "CARGO_TARGET_DIR=/opt/rustwide/target" "-w" "/opt/rustwide/workdir" "--user" "0:0" "be7de98b47888bcb953a2f31b6cc3b2fdf652004b3c7fc060104fad2dfc62b4d" "/opt/rustwide/cargo-home/bin/cargo" "+3154cc1a3e6424e44f438a95007d043ed5ceaaf6" "metadata" "--no-deps" "--format-version=1", kill_on_drop: false }`
[INFO] running `Command { std: "docker" "inspect" "be7de98b47888bcb953a2f31b6cc3b2fdf652004b3c7fc060104fad2dfc62b4d", kill_on_drop: false }`
[INFO] running `Command { std: "docker" "exec" "-e" "SOURCE_DIR=/opt/rustwide/workdir" "-e" "CARGO_HOME=/opt/rustwide/cargo-home" "-e" "RUSTUP_HOME=/opt/rustwide/rustup-home" "-e" "CARGO_TARGET_DIR=/opt/rustwide/target" "-e" "CARGO_INCREMENTAL=0" "-e" "RUST_BACKTRACE=full" "-e" "RUSTFLAGS=--cap-lints=forbid" "-e" "RUSTDOCFLAGS=--cap-lints=forbid" "-w" "/opt/rustwide/workdir" "--user" "0:0" "be7de98b47888bcb953a2f31b6cc3b2fdf652004b3c7fc060104fad2dfc62b4d" "/opt/rustwide/cargo-home/bin/cargo" "+3154cc1a3e6424e44f438a95007d043ed5ceaaf6" "check" "--frozen" "--all" "--all-targets" "--message-format=json", kill_on_drop: false }`
[INFO] [stderr]    Compiling proc-macro2 v1.0.95
[INFO] [stderr]    Compiling libc v0.2.174
[INFO] [stderr]     Checking cfg-if v1.0.1
[INFO] [stderr]    Compiling parking_lot_core v0.9.11
[INFO] [stderr]    Compiling lock_api v0.4.13
[INFO] [stderr]     Checking memchr v2.7.5
[INFO] [stderr]     Checking log v0.4.27
[INFO] [stderr]     Checking slab v0.4.10
[INFO] [stderr]    Compiling libdbus-sys v0.2.5
[INFO] [stderr]    Compiling rustversion v1.0.21
[INFO] [stderr]     Checking either v1.15.0
[INFO] [stderr]    Compiling cc v1.2.29
[INFO] [stderr]     Checking tracing-core v0.1.34
[INFO] [stderr]    Compiling serde v1.0.219
[INFO] [stderr]     Checking bitflags v2.9.1
[INFO] [stderr]     Checking thread_local v1.1.9
[INFO] [stderr]    Compiling object v0.36.7
[INFO] [stderr]    Compiling owo-colors v4.2.2
[INFO] [stderr]    Compiling rustix v0.38.44
[INFO] [stderr]    Compiling thiserror v2.0.12
[INFO] [stderr]     Checking tracing-subscriber v0.3.19
[INFO] [stderr]     Checking tracing v0.1.41
[INFO] [stderr]     Checking xml-rs v0.8.26
[INFO] [stderr]     Checking gimli v0.31.1
[INFO] [stderr]    Compiling eyre v0.6.12
[INFO] [stderr]     Checking miniz_oxide v0.8.9
[INFO] [stderr]    Compiling quote v1.0.40
[INFO] [stderr]     Checking hashbrown v0.15.4
[INFO] [stderr]     Checking signal-hook-registry v1.4.5
[INFO] [stderr]    Compiling syn v2.0.104
[INFO] [stderr]     Checking mio v1.0.4
[INFO] [stderr]     Checking parking_lot v0.12.4
[INFO] [stderr]     Checking socket2 v0.5.10
[INFO] [stderr]    Compiling cmake v0.1.54
[INFO] [stderr]     Checking signal-hook v0.3.18
[INFO] [stderr]     Checking castaway v0.2.3
[INFO] [stderr]     Checking tracing-error v0.2.1
[INFO] [stderr]     Checking itertools v0.14.0
[INFO] [stderr]     Checking signal-hook-mio v0.2.4
[INFO] [stderr]     Checking itertools v0.13.0
[INFO] [stderr]     Checking indenter v0.3.3
[INFO] [stderr]    Compiling lsl-sys v0.1.1 (https://github.com/kojofl/liblsl-rust#0804c86a)
[INFO] [stderr]     Checking unicode-segmentation v1.12.0
[INFO] [stderr]     Checking uuid v1.17.0
[INFO] [stderr]     Checking addr2line v0.24.2
[INFO] [stderr]     Checking rustc-demangle v0.1.25
[INFO] [stderr]    Compiling indoc v2.0.6
[INFO] [stderr]     Checking compact_str v0.8.1
[INFO] [stderr]     Checking dashmap v6.1.0
[INFO] [stderr]     Checking color-spantrace v0.3.0
[INFO] [stderr]     Checking crossterm v0.28.1
[INFO] [stderr]     Checking lru v0.12.5
[INFO] [stderr]     Checking cassowary v0.3.0
[INFO] [stderr]     Checking unicode-truncate v1.1.0
[INFO] [stderr] error: could not compile `object` (lib)
[INFO] [stderr] 
[INFO] [stderr] Caused by:
[INFO] [stderr]   process didn't exit successfully: `/opt/rustwide/rustup-home/toolchains/3154cc1a3e6424e44f438a95007d043ed5ceaaf6/bin/rustc --crate-name object --edition=2018 /opt/rustwide/cargo-home/registry/src/index.crates.io-1949cf8c6b5b557f/object-0.36.7/src/lib.rs --error-format=json --json=diagnostic-rendered-ansi,artifacts,future-incompat,unused-externs-silent --crate-type lib --emit=dep-info,metadata -C embed-bitcode=no -C debuginfo=2 --cfg 'feature="archive"' --cfg 'feature="coff"' --cfg 'feature="elf"' --cfg 'feature="macho"' --cfg 'feature="pe"' --cfg 'feature="read_core"' --cfg 'feature="unaligned"' --cfg 'feature="xcoff"' --check-cfg 'cfg(docsrs,test)' --check-cfg 'cfg(feature, values("all", "alloc", "archive", "build", "build_core", "cargo-all", "coff", "compiler_builtins", "compression", "core", "default", "doc", "elf", "macho", "pe", "read", "read_core", "rustc-dep-of-std", "std", "unaligned", "unstable", "unstable-all", "wasm", "write", "write_core", "write_std", "xcoff"))' -C metadata=0fb61bf817d5f24a -C extra-filename=-c0ce0a192e4f7dd1 --out-dir /opt/rustwide/target/debug/build/object/c0ce0a192e4f7dd1/out --extern memchr=/opt/rustwide/target/debug/build/memchr/2998dc56ed90fbb0/out/libmemchr-2998dc56ed90fbb0.rmeta --cap-lints allow --cap-lints=forbid --force-warn=unused_crate_dependencies --cfg core_error --check-cfg 'cfg(core_error)'` (signal: 9, SIGKILL: kill)
[INFO] [stderr] warning: build failed, waiting for other jobs to finish...
[INFO] [stderr] error: could not compile `syn` (lib)
[INFO] [stderr] 
[INFO] [stderr] Caused by:
[INFO] [stderr]   process didn't exit successfully: `/opt/rustwide/rustup-home/toolchains/3154cc1a3e6424e44f438a95007d043ed5ceaaf6/bin/rustc --crate-name syn --edition=2021 /opt/rustwide/cargo-home/registry/src/index.crates.io-1949cf8c6b5b557f/syn-2.0.104/src/lib.rs --error-format=json --json=diagnostic-rendered-ansi,artifacts,future-incompat,unused-externs-silent --crate-type lib --emit=dep-info,metadata,link -Z embed-metadata=no -C embed-bitcode=no --cfg 'feature="clone-impls"' --cfg 'feature="default"' --cfg 'feature="derive"' --cfg 'feature="extra-traits"' --cfg 'feature="full"' --cfg 'feature="parsing"' --cfg 'feature="printing"' --cfg 'feature="proc-macro"' --cfg 'feature="visit-mut"' --check-cfg 'cfg(docsrs,test)' --check-cfg 'cfg(feature, values("clone-impls", "default", "derive", "extra-traits", "fold", "full", "parsing", "printing", "proc-macro", "test", "visit", "visit-mut"))' -C metadata=07021d4e2df22c67 -C extra-filename=-627b35d8c4406724 --out-dir /opt/rustwide/target/debug/build/syn/627b35d8c4406724/out -L dependency=/opt/rustwide/target/debug/build/proc-macro2/d8665169c487d19b/out -L dependency=/opt/rustwide/target/debug/build/unicode-ident/b3925cc8f83e9ac1/out --extern proc_macro2=/opt/rustwide/target/debug/build/proc-macro2/d8665169c487d19b/out/libproc_macro2-d8665169c487d19b.rmeta --extern quote=/opt/rustwide/target/debug/build/quote/60c6fa93c90874f2/out/libquote-60c6fa93c90874f2.rmeta --extern unicode_ident=/opt/rustwide/target/debug/build/unicode-ident/b3925cc8f83e9ac1/out/libunicode_ident-b3925cc8f83e9ac1.rmeta --cap-lints allow --cap-lints=forbid --force-warn=unused_crate_dependencies` (signal: 9, SIGKILL: kill)
[INFO] [stderr] error: failed to run custom build command for `lsl-sys v0.1.1 (https://github.com/kojofl/liblsl-rust#0804c86a)`
[INFO] [stderr] note: To improve backtraces for build dependencies, set the CARGO_PROFILE_DEV_BUILD_OVERRIDE_DEBUG=true environment variable to enable debug information generation.
[INFO] [stderr] 
[INFO] [stderr] Caused by:
[INFO] [stderr]   process didn't exit successfully: `/opt/rustwide/target/debug/build/lsl-sys/d69b388a25bbaa58/out/build_script_build` (exit status: 101)
[INFO] [stderr]   --- stdout
[INFO] [stderr]   CMAKE_TOOLCHAIN_FILE_x86_64-unknown-linux-gnu = None
[INFO] [stderr]   CMAKE_TOOLCHAIN_FILE_x86_64_unknown_linux_gnu = None
[INFO] [stderr]   HOST_CMAKE_TOOLCHAIN_FILE = None
[INFO] [stderr]   CMAKE_TOOLCHAIN_FILE = None
[INFO] [stderr]   CMAKE_GENERATOR_x86_64-unknown-linux-gnu = None
[INFO] [stderr]   CMAKE_GENERATOR_x86_64_unknown_linux_gnu = None
[INFO] [stderr]   HOST_CMAKE_GENERATOR = None
[INFO] [stderr]   CMAKE_GENERATOR = None
[INFO] [stderr]   CMAKE_PREFIX_PATH_x86_64-unknown-linux-gnu = None
[INFO] [stderr]   CMAKE_PREFIX_PATH_x86_64_unknown_linux_gnu = None
[INFO] [stderr]   HOST_CMAKE_PREFIX_PATH = None
[INFO] [stderr]   CMAKE_PREFIX_PATH = None
[INFO] [stderr]   CMAKE_x86_64-unknown-linux-gnu = None
[INFO] [stderr]   CMAKE_x86_64_unknown_linux_gnu = None
[INFO] [stderr]   HOST_CMAKE = None
[INFO] [stderr]   CMAKE = None
[INFO] [stderr]   running: cd "/opt/rustwide/target/debug/build/lsl-sys/a2f1188d78d7c37d/out/build" && CMAKE_PREFIX_PATH="" LC_ALL="C" "cmake" "/opt/rustwide/cargo-home/git/checkouts/liblsl-rust-00d57e2e627b682c/0804c86/lsl-sys/liblsl" "-DLSL_NO_FANCY_LIBNAME=ON" "-DLSL_BUILD_STATIC=ON" "-DCMAKE_INSTALL_PREFIX=/opt/rustwide/target/debug/build/lsl-sys/a2f1188d78d7c37d/out" "-DCMAKE_C_FLAGS= -ffunction-sections -fdata-sections -fPIC -m64" "-DCMAKE_C_COMPILER=/usr/bin/cc" "-DCMAKE_CXX_FLAGS= -ffunction-sections -fdata-sections -fPIC -m64" "-DCMAKE_CXX_COMPILER=/usr/bin/c++" "-DCMAKE_ASM_FLAGS= -ffunction-sections -fdata-sections -fPIC -m64" "-DCMAKE_ASM_COMPILER=/usr/bin/cc" "-DCMAKE_BUILD_TYPE=Debug"
[INFO] [stderr]   -- The C compiler identification is GNU 15.2.0
[INFO] [stderr]   -- The CXX compiler identification is GNU 15.2.0
[INFO] [stderr]   -- Detecting C compiler ABI info
[INFO] [stderr]   -- Detecting C compiler ABI info - done
[INFO] [stderr]   -- Check for working C compiler: /usr/bin/cc - skipped
[INFO] [stderr]   -- Detecting C compile features
[INFO] [stderr]   -- Detecting C compile features - done
[INFO] [stderr]   -- Detecting CXX compiler ABI info
[INFO] [stderr]   -- Detecting CXX compiler ABI info - done
[INFO] [stderr]   -- Check for working CXX compiler: /usr/bin/c++ - skipped
[INFO] [stderr]   -- Detecting CXX compile features
[INFO] [stderr]   -- Detecting CXX compile features - done
[INFO] [stderr]   -- Using bundled pugixml
[INFO] [stderr]   -- Found Git: /usr/bin/git (found version "2.53.0")
[INFO] [stderr]   -- Git version information: master/
[INFO] [stderr]   -- Performing Test CMAKE_HAVE_LIBC_PTHREAD
[INFO] [stderr]   -- Performing Test CMAKE_HAVE_LIBC_PTHREAD - Success
[INFO] [stderr]   -- Found Threads: TRUE
[INFO] [stderr]   -- Using bundled Boost
[INFO] [stderr]   -- Looking for clock_gettime
[INFO] [stderr]   -- Looking for clock_gettime - found
[INFO] [stderr]   -- Included LSL CMake helpers, rev. 15, /opt/rustwide/cargo-home/git/checkouts/liblsl-rust-00d57e2e627b682c/0804c86/lsl-sys/liblsl/cmake
[INFO] [stderr]   -- Detected architecture: amd64
[INFO] [stderr]   -- Installing Components: liblsl
[INFO] [stderr]   -- Configuring done (7.2s)
[INFO] [stderr]   -- Generating done (0.2s)
[INFO] [stderr]   -- Build files have been written to: /opt/rustwide/target/debug/build/lsl-sys/a2f1188d78d7c37d/out/build
[INFO] [stderr]   running: cd "/opt/rustwide/target/debug/build/lsl-sys/a2f1188d78d7c37d/out/build" && LC_ALL="C" MAKEFLAGS="-j --jobserver-fds=4,5 --jobserver-auth=4,5" "cmake" "--build" "/opt/rustwide/target/debug/build/lsl-sys/a2f1188d78d7c37d/out/build" "--target" "install" "--config" "Debug"
[INFO] [stderr]   [  2%] Building CXX object CMakeFiles/lslobj.dir/src/api_config.cpp.o
[INFO] [stderr]   [  5%] Building CXX object CMakeFiles/lslobj.dir/src/cancellation.cpp.o
[INFO] [stderr]   [  8%] Building CXX object CMakeFiles/lslobj.dir/src/common.cpp.o
[INFO] [stderr]   [ 11%] Building CXX object CMakeFiles/lslobj.dir/src/consumer_queue.cpp.o
[INFO] [stderr]   [ 14%] Building CXX object CMakeFiles/lslobj.dir/src/data_receiver.cpp.o
[INFO] [stderr]   [ 17%] Building CXX object CMakeFiles/lslobj.dir/src/info_receiver.cpp.o
[INFO] [stderr]   [ 20%] Building CXX object CMakeFiles/lslobj.dir/src/inlet_connection.cpp.o
[INFO] [stderr]   [ 22%] Building CXX object CMakeFiles/lslobj.dir/src/lsl_resolver_c.cpp.o
[INFO] [stderr]   [ 25%] Building CXX object CMakeFiles/lslobj.dir/src/lsl_inlet_c.cpp.o
[INFO] [stderr]   [ 28%] Building CXX object CMakeFiles/lslobj.dir/src/lsl_outlet_c.cpp.o
[INFO] [stderr]   [ 31%] Building CXX object CMakeFiles/lslobj.dir/src/lsl_streaminfo_c.cpp.o
[INFO] [stderr] 
[INFO] [stderr]   --- stderr
[INFO] [stderr]   fatal: No names found, cannot describe anything.
[INFO] [stderr]   CMake Warning:
[INFO] [stderr]     Manually-specified variables were not used by the project:
[INFO] [stderr] 
[INFO] [stderr]       CMAKE_ASM_COMPILER
[INFO] [stderr]       CMAKE_ASM_FLAGS
[INFO] [stderr]       LSL_NO_FANCY_LIBNAME
[INFO] [stderr] 
[INFO] [stderr] 
[INFO] [stderr]   c++: fatal error: Killed signal terminated program cc1plus
[INFO] [stderr]   compilation terminated.
[INFO] [stderr]   gmake[2]: *** [CMakeFiles/lslobj.dir/build.make:163: CMakeFiles/lslobj.dir/src/inlet_connection.cpp.o] Error 1
[INFO] [stderr]   gmake[2]: *** Waiting for unfinished jobs....
[INFO] [stderr]   In file included from /opt/rustwide/cargo-home/git/checkouts/liblsl-rust-00d57e2e627b682c/0804c86/lsl-sys/liblsl/src/data_receiver.cpp:22:
[INFO] [stderr]   /opt/rustwide/cargo-home/git/checkouts/liblsl-rust-00d57e2e627b682c/0804c86/lsl-sys/liblsl/src/portable_archive/portable_iarchive.hpp: In instantiation of 'typename std::enable_if<(! std::is_arithmetic<_Tp>::value)>::type eos::portable_iarchive::load(T&, dummy<4>) [with T = lslboost::archive::class_id_type; typename std::enable_if<(! std::is_arithmetic<_Tp>::value)>::type = void]':
[INFO] [stderr]   /opt/rustwide/cargo-home/git/checkouts/liblsl-rust-00d57e2e627b682c/0804c86/lsl-sys/liblsl/lslboost/boost/archive/detail/iserializer.hpp:110:16:   required from 'static void lslboost::archive::load_access::load_primitive(Archive&, T&) [with Archive = eos::portable_iarchive; T = lslboost::archive::class_id_type]'
[INFO] [stderr]     110 |         ar.load(t);
[INFO] [stderr]         |         ~~~~~~~^~~
[INFO] [stderr]   /opt/rustwide/cargo-home/git/checkouts/liblsl-rust-00d57e2e627b682c/0804c86/lsl-sys/liblsl/lslboost/boost/archive/detail/iserializer.hpp:386:40:   required from 'static void lslboost::archive::detail::load_non_pointer_type<Archive>::load_primitive::invoke(Archive&, T&) [with T = lslboost::archive::class_id_type; Archive = eos::portable_iarchive]'
[INFO] [stderr]     386 |             load_access::load_primitive(ar, t);
[INFO] [stderr]         |             ~~~~~~~~~~~~~~~~~~~~~~~~~~~^~~~~~~
[INFO] [stderr]   /opt/rustwide/cargo-home/git/checkouts/liblsl-rust-00d57e2e627b682c/0804c86/lsl-sys/liblsl/lslboost/boost/archive/detail/iserializer.hpp:463:22:   required from 'static void lslboost::archive::detail::load_non_pointer_type<Archive>::invoke(Archive&, T&) [with T = lslboost::archive::class_id_type; Archive = eos::portable_iarchive]'
[INFO] [stderr]     463 |         typex::invoke(ar, t);
[INFO] [stderr]         |         ~~~~~~~~~~~~~^~~~~~~
[INFO] [stderr]   /opt/rustwide/cargo-home/git/checkouts/liblsl-rust-00d57e2e627b682c/0804c86/lsl-sys/liblsl/lslboost/boost/archive/detail/iserializer.hpp:626:18:   required from 'void lslboost::archive::load(Archive&, T&) [with Archive = eos::portable_iarchive; T = class_id_type]'
[INFO] [stderr]     626 |     typex::invoke(ar, t);
[INFO] [stderr]         |     ~~~~~~~~~~~~~^~~~~~~
[INFO] [stderr]   /opt/rustwide/cargo-home/git/checkouts/liblsl-rust-00d57e2e627b682c/0804c86/lsl-sys/liblsl/lslboost/boost/archive/detail/common_iarchive.hpp:67:22:   required from 'void lslboost::archive::detail::common_iarchive<Archive>::load_override(T&) [with T = lslboost::archive::class_id_type; Archive = eos::portable_iarchive]'
[INFO] [stderr]      67 |         archive::load(* this->This(), t);
[INFO] [stderr]         |         ~~~~~~~~~~~~~^~~~~~~~~~~~~~~~~~~
[INFO] [stderr]   /opt/rustwide/cargo-home/git/checkouts/liblsl-rust-00d57e2e627b682c/0804c86/lsl-sys/liblsl/lslboost/boost/archive/basic_binary_iarchive.hpp:125:56:   required from 'void lslboost::archive::basic_binary_iarchive<Archive>::load_override(lslboost::archive::class_id_type&) [with Archive = eos::portable_iarchive]'
[INFO] [stderr]     125 |             this->detail_common_iarchive::load_override(t);
[INFO] [stderr]         |             ~~~~~~~~~~~~~~~~~~~~~~~~~~~~~~~~~~~~~~~~~~~^~~
[INFO] [stderr]   /opt/rustwide/cargo-home/git/checkouts/liblsl-rust-00d57e2e627b682c/0804c86/lsl-sys/liblsl/lslboost/boost/archive/detail/interface_iarchive.hpp:68:36:   required from 'Archive& lslboost::archive::detail::interface_iarchive<Archive>::operator>>(T&) [with T = lslboost::archive::class_id_type; Archive = eos::portable_iarchive]'
[INFO] [stderr]      68 |         this->This()->load_override(t);
[INFO] [stderr]         |         ~~~~~~~~~~~~~~~~~~~~~~~~~~~^~~
[INFO] [stderr]   /opt/rustwide/cargo-home/git/checkouts/liblsl-rust-00d57e2e627b682c/0804c86/lsl-sys/liblsl/lslboost/boost/archive/detail/common_iarchive.hpp:52:24:   required from 'void lslboost::archive::detail::common_iarchive<Archive>::vload(lslboost::archive::class_id_type&) [with Archive = eos::portable_iarchive]'
[INFO] [stderr]      52 |         * this->This() >> t;
[INFO] [stderr]         |         ~~~~~~~~~~~~~~~^~~~
[INFO] [stderr]   /opt/rustwide/cargo-home/git/checkouts/liblsl-rust-00d57e2e627b682c/0804c86/lsl-sys/liblsl/lslboost/boost/archive/detail/common_iarchive.hpp:51:10:   required from here
[INFO] [stderr]      51 |     void vload(class_id_type & t) BOOST_OVERRIDE {
[INFO] [stderr]         |          ^~~~~
[INFO] [stderr]   /opt/rustwide/cargo-home/git/checkouts/liblsl-rust-00d57e2e627b682c/0804c86/lsl-sys/liblsl/src/portable_archive/portable_iarchive.hpp:248:30: warning: casting 'lslboost::archive::class_id_type' to 'lslboost::uint_t<16>::least&' {aka 'short unsigned int&'} does not use 'lslboost::archive::class_id_type::operator base_type&()' [-Wcast-user-defined]
[INFO] [stderr]     248 |                         load((typename lslboost::uint_t<sizeof(T)*CHAR_BIT>::least&)(t));
[INFO] [stderr]         |                              ^~~~~~~~~~~~~~~~~~~~~~~~~~~~~~~~~~~~~~~~~~~~~~~~~~~~~~~~~~
[INFO] [stderr]   /opt/rustwide/cargo-home/git/checkouts/liblsl-rust-00d57e2e627b682c/0804c86/lsl-sys/liblsl/src/portable_archive/portable_iarchive.hpp: In instantiation of 'typename std::enable_if<(! std::is_arithmetic<_Tp>::value)>::type eos::portable_iarchive::load(T&, dummy<4>) [with T = lslboost::archive::tracking_type; typename std::enable_if<(! std::is_arithmetic<_Tp>::value)>::type = void]':
[INFO] [stderr]   /opt/rustwide/cargo-home/git/checkouts/liblsl-rust-00d57e2e627b682c/0804c86/lsl-sys/liblsl/lslboost/boost/archive/detail/iserializer.hpp:110:16:   required from 'static void lslboost::archive::load_access::load_primitive(Archive&, T&) [with Archive = eos::portable_iarchive; T = lslboost::archive::tracking_type]'
[INFO] [stderr]     110 |         ar.load(t);
[INFO] [stderr]         |         ~~~~~~~^~~
[INFO] [stderr]   /opt/rustwide/cargo-home/git/checkouts/liblsl-rust-00d57e2e627b682c/0804c86/lsl-sys/liblsl/lslboost/boost/archive/detail/iserializer.hpp:386:40:   required from 'static void lslboost::archive::detail::load_non_pointer_type<Archive>::load_primitive::invoke(Archive&, T&) [with T = lslboost::archive::tracking_type; Archive = eos::portable_iarchive]'
[INFO] [stderr]     386 |             load_access::load_primitive(ar, t);
[INFO] [stderr]         |             ~~~~~~~~~~~~~~~~~~~~~~~~~~~^~~~~~~
[INFO] [stderr]   /opt/rustwide/cargo-home/git/checkouts/liblsl-rust-00d57e2e627b682c/0804c86/lsl-sys/liblsl/lslboost/boost/archive/detail/iserializer.hpp:463:22:   required from 'static void lslboost::archive::detail::load_non_pointer_type<Archive>::invoke(Archive&, T&) [with T = lslboost::archive::tracking_type; Archive = eos::portable_iarchive]'
[INFO] [stderr]     463 |         typex::invoke(ar, t);
[INFO] [stderr]         |         ~~~~~~~~~~~~~^~~~~~~
[INFO] [stderr]   /opt/rustwide/cargo-home/git/checkouts/liblsl-rust-00d57e2e627b682c/0804c86/lsl-sys/liblsl/lslboost/boost/archive/detail/iserializer.hpp:626:18:   required from 'void lslboost::archive::load(Archive&, T&) [with Archive = eos::portable_iarchive; T = tracking_type]'
[INFO] [stderr]     626 |     typex::invoke(ar, t);
[INFO] [stderr]         |     ~~~~~~~~~~~~~^~~~~~~
[INFO] [stderr]   /opt/rustwide/cargo-home/git/checkouts/liblsl-rust-00d57e2e627b682c/0804c86/lsl-sys/liblsl/lslboost/boost/archive/detail/common_iarchive.hpp:67:22:   required from 'void lslboost::archive::detail::common_iarchive<Archive>::load_override(T&) [with T = lslboost::archive::tracking_type; Archive = eos::portable_iarchive]'
[INFO] [stderr]      67 |         archive::load(* this->This(), t);
[INFO] [stderr]         |         ~~~~~~~~~~~~~^~~~~~~~~~~~~~~~~~~
[INFO] [stderr]   /opt/rustwide/cargo-home/git/checkouts/liblsl-rust-00d57e2e627b682c/0804c86/lsl-sys/liblsl/lslboost/boost/archive/basic_binary_iarchive.hpp:76:50:   required from 'void lslboost::archive::basic_binary_iarchive<Archive>::load_override(T&) [with T = lslboost::archive::tracking_type; Archive = eos::portable_iarchive]'
[INFO] [stderr]      76 |       this->detail_common_iarchive::load_override(t);
[INFO] [stderr]         |       ~~~~~~~~~~~~~~~~~~~~~~~~~~~~~~~~~~~~~~~~~~~^~~
[INFO] [stderr]   /opt/rustwide/cargo-home/git/checkouts/liblsl-rust-00d57e2e627b682c/0804c86/lsl-sys/liblsl/lslboost/boost/archive/detail/interface_iarchive.hpp:68:36:   required from 'Archive& lslboost::archive::detail::interface_iarchive<Archive>::operator>>(T&) [with T = lslboost::archive::tracking_type; Archive = eos::portable_iarchive]'
[INFO] [stderr]      68 |         this->This()->load_override(t);
[INFO] [stderr]         |         ~~~~~~~~~~~~~~~~~~~~~~~~~~~^~~
[INFO] [stderr]   /opt/rustwide/cargo-home/git/checkouts/liblsl-rust-00d57e2e627b682c/0804c86/lsl-sys/liblsl/lslboost/boost/archive/detail/common_iarchive.hpp:58:24:   required from 'void lslboost::archive::detail::common_iarchive<Archive>::vload(lslboost::archive::tracking_type&) [with Archive = eos::portable_iarchive]'
[INFO] [stderr]      58 |         * this->This() >> t;
[INFO] [stderr]         |         ~~~~~~~~~~~~~~~^~~~
[INFO] [stderr]   /opt/rustwide/cargo-home/git/checkouts/liblsl-rust-00d57e2e627b682c/0804c86/lsl-sys/liblsl/lslboost/boost/archive/detail/common_iarchive.hpp:57:10:   required from here
[INFO] [stderr]      57 |     void vload(tracking_type & t) BOOST_OVERRIDE {
[INFO] [stderr]         |          ^~~~~
[INFO] [stderr]   /opt/rustwide/cargo-home/git/checkouts/liblsl-rust-00d57e2e627b682c/0804c86/lsl-sys/liblsl/src/portable_archive/portable_iarchive.hpp:248:30: warning: casting 'lslboost::archive::tracking_type' to 'lslboost::uint_t<8>::least&' {aka 'unsigned char&'} does not use 'lslboost::archive::tracking_type::operator bool&()' [-Wcast-user-defined]
[INFO] [stderr]     248 |                         load((typename lslboost::uint_t<sizeof(T)*CHAR_BIT>::least&)(t));
[INFO] [stderr]         |                              ^~~~~~~~~~~~~~~~~~~~~~~~~~~~~~~~~~~~~~~~~~~~~~~~~~~~~~~~~~
[INFO] [stderr]   gmake[1]: *** [CMakeFiles/Makefile2:93: CMakeFiles/lslobj.dir/all] Error 2
[INFO] [stderr]   gmake: *** [Makefile:156: all] Error 2
[INFO] [stderr] 
[INFO] [stderr]   thread 'main' (564) panicked at /opt/rustwide/cargo-home/registry/src/index.crates.io-1949cf8c6b5b557f/cmake-0.1.54/src/lib.rs:1119:5:
[INFO] [stderr] 
[INFO] [stderr]   command did not execute successfully, got: exit status: 2
[INFO] [stderr] 
[INFO] [stderr]   build script failed, must exit now
[INFO] [stderr]   stack backtrace:
[INFO] [stderr]      0:     0x5dc7add19db1 - std[3164a59e47d3bde]::backtrace_rs::backtrace::libunwind::trace
[INFO] [stderr]                                  at /rustc/3154cc1a3e6424e44f438a95007d043ed5ceaaf6/library/std/src/../../backtrace/src/backtrace/libunwind.rs:117:9
[INFO] [stderr]      1:     0x5dc7add19db1 - std[3164a59e47d3bde]::backtrace_rs::backtrace::trace_unsynchronized::<std[3164a59e47d3bde]::sys::backtrace::_print_fmt::{closure#1}>
[INFO] [stderr]                                  at /rustc/3154cc1a3e6424e44f438a95007d043ed5ceaaf6/library/std/src/../../backtrace/src/backtrace/mod.rs:66:14
[INFO] [stderr]      2:     0x5dc7add19db1 - std[3164a59e47d3bde]::sys::backtrace::_print_fmt
[INFO] [stderr]                                  at /rustc/3154cc1a3e6424e44f438a95007d043ed5ceaaf6/library/std/src/sys/backtrace.rs:74:9
[INFO] [stderr]      3:     0x5dc7add19db1 - <<std[3164a59e47d3bde]::sys::backtrace::BacktraceLock>::print::DisplayBacktrace as core[934024a1e6126fb4]::fmt::Display>::fmt
[INFO] [stderr]                                  at /rustc/3154cc1a3e6424e44f438a95007d043ed5ceaaf6/library/std/src/sys/backtrace.rs:44:26
[INFO] [stderr]      4:     0x5dc7add2e02a - <core[934024a1e6126fb4]::fmt::rt::Argument>::fmt
[INFO] [stderr]                                  at /rustc/3154cc1a3e6424e44f438a95007d043ed5ceaaf6/library/core/src/fmt/rt.rs:152:76
[INFO] [stderr]      5:     0x5dc7add2e02a - core[934024a1e6126fb4]::fmt::write
[INFO] [stderr]      6:     0x5dc7add1f87c - core[934024a1e6126fb4]::io::write::default_write_fmt::<std[3164a59e47d3bde]::sys::stdio::unix::Stderr>
[INFO] [stderr]                                  at /rustc/3154cc1a3e6424e44f438a95007d043ed5ceaaf6/library/core/src/io/write.rs:402:11
[INFO] [stderr]      7:     0x5dc7add1f87c - <std[3164a59e47d3bde]::sys::stdio::unix::Stderr as core[934024a1e6126fb4]::io::write::Write>::write_fmt
[INFO] [stderr]                                  at /rustc/3154cc1a3e6424e44f438a95007d043ed5ceaaf6/library/core/src/io/write.rs:335:13
[INFO] [stderr]      8:     0x5dc7adcf9676 - <std[3164a59e47d3bde]::sys::backtrace::BacktraceLock>::print
[INFO] [stderr]                                  at /rustc/3154cc1a3e6424e44f438a95007d043ed5ceaaf6/library/std/src/sys/backtrace.rs:47:9
[INFO] [stderr]      9:     0x5dc7adcf9676 - std[3164a59e47d3bde]::panicking::default_hook::{closure#0}
[INFO] [stderr]                                  at /rustc/3154cc1a3e6424e44f438a95007d043ed5ceaaf6/library/std/src/panicking.rs:289:27
[INFO] [stderr]     10:     0x5dc7add14ad1 - std[3164a59e47d3bde]::panicking::default_hook
[INFO] [stderr]                                  at /rustc/3154cc1a3e6424e44f438a95007d043ed5ceaaf6/library/std/src/panicking.rs:316:9
[INFO] [stderr]     11:     0x5dc7add14c8b - std[3164a59e47d3bde]::panicking::panic_with_hook
[INFO] [stderr]                                  at /rustc/3154cc1a3e6424e44f438a95007d043ed5ceaaf6/library/std/src/panicking.rs:811:13
[INFO] [stderr]     12:     0x5dc7adcf9722 - std[3164a59e47d3bde]::panicking::panic_handler::{closure#0}
[INFO] [stderr]                                  at /rustc/3154cc1a3e6424e44f438a95007d043ed5ceaaf6/library/std/src/panicking.rs:685:13
[INFO] [stderr]     13:     0x5dc7adcf23c9 - std[3164a59e47d3bde]::sys::backtrace::__rust_end_short_backtrace::<std[3164a59e47d3bde]::panicking::panic_handler::{closure#0}, !>
[INFO] [stderr]                                  at /rustc/3154cc1a3e6424e44f438a95007d043ed5ceaaf6/library/std/src/sys/backtrace.rs:182:18
[INFO] [stderr]     14:     0x5dc7adcf9f0d - __rustc[2e7b49d4226056d3]::rust_begin_unwind
[INFO] [stderr]                                  at /rustc/3154cc1a3e6424e44f438a95007d043ed5ceaaf6/library/std/src/panicking.rs:676:5
[INFO] [stderr]     15:     0x5dc7add2e81c - core[934024a1e6126fb4]::panicking::panic_fmt
[INFO] [stderr]                                  at /rustc/3154cc1a3e6424e44f438a95007d043ed5ceaaf6/library/core/src/panicking.rs:80:14
[INFO] [stderr]     16:     0x5dc7adc8a5b7 - cmake[50c4edc58413ab56]::fail
[INFO] [stderr]     17:     0x5dc7adc8a243 - cmake[50c4edc58413ab56]::run
[INFO] [stderr]     18:     0x5dc7adc90094 - <cmake[50c4edc58413ab56]::Config>::build
[INFO] [stderr]     19:     0x5dc7adc7cd13 - build_script_build[4f7f3e1ed81d3e50]::build_liblsl
[INFO] [stderr]     20:     0x5dc7adc7d2b6 - build_script_build[4f7f3e1ed81d3e50]::main
[INFO] [stderr]     21:     0x5dc7adc7d7f3 - <fn() as core[934024a1e6126fb4]::ops::function::FnOnce<()>>::call_once
[INFO] [stderr]     22:     0x5dc7adc7cabe - std[3164a59e47d3bde]::sys::backtrace::__rust_begin_short_backtrace::<fn(), ()>
[INFO] [stderr]     23:     0x5dc7adc7cac9 - std[3164a59e47d3bde]::rt::lang_start::<()>::{closure#0}
[INFO] [stderr]     24:     0x5dc7add13dd8 - <&dyn core[934024a1e6126fb4]::ops::function::Fn<(), Output = i32> + core[934024a1e6126fb4]::marker::Sync + core[934024a1e6126fb4]::panic::unwind_safe::RefUnwindSafe as core[934024a1e6126fb4]::ops::function::FnOnce<()>>::call_once
[INFO] [stderr]                                  at /rustc/3154cc1a3e6424e44f438a95007d043ed5ceaaf6/library/core/src/ops/function.rs:287:21
[INFO] [stderr]     25:     0x5dc7add13dd8 - std[3164a59e47d3bde]::panicking::catch_unwind::do_call::<&dyn core[934024a1e6126fb4]::ops::function::Fn<(), Output = i32> + core[934024a1e6126fb4]::marker::Sync + core[934024a1e6126fb4]::panic::unwind_safe::RefUnwindSafe, i32>
[INFO] [stderr]                                  at /rustc/3154cc1a3e6424e44f438a95007d043ed5ceaaf6/library/std/src/panicking.rs:573:43
[INFO] [stderr]     26:     0x5dc7add13dd8 - std[3164a59e47d3bde]::panicking::catch_unwind::<i32, &dyn core[934024a1e6126fb4]::ops::function::Fn<(), Output = i32> + core[934024a1e6126fb4]::marker::Sync + core[934024a1e6126fb4]::panic::unwind_safe::RefUnwindSafe>
[INFO] [stderr]                                  at /rustc/3154cc1a3e6424e44f438a95007d043ed5ceaaf6/library/std/src/panicking.rs:541:19
[INFO] [stderr]     27:     0x5dc7add13dd8 - std[3164a59e47d3bde]::panic::catch_unwind::<&dyn core[934024a1e6126fb4]::ops::function::Fn<(), Output = i32> + core[934024a1e6126fb4]::marker::Sync + core[934024a1e6126fb4]::panic::unwind_safe::RefUnwindSafe, i32>
[INFO] [stderr]                                  at /rustc/3154cc1a3e6424e44f438a95007d043ed5ceaaf6/library/std/src/panic.rs:359:14
[INFO] [stderr]     28:     0x5dc7add13dd8 - std[3164a59e47d3bde]::rt::lang_start_internal::{closure#0}
[INFO] [stderr]                                  at /rustc/3154cc1a3e6424e44f438a95007d043ed5ceaaf6/library/std/src/rt.rs:175:24
[INFO] [stderr]     29:     0x5dc7add13dd8 - std[3164a59e47d3bde]::panicking::catch_unwind::do_call::<std[3164a59e47d3bde]::rt::lang_start_internal::{closure#0}, isize>
[INFO] [stderr]                                  at /rustc/3154cc1a3e6424e44f438a95007d043ed5ceaaf6/library/std/src/panicking.rs:573:43
[INFO] [stderr]     30:     0x5dc7add13dd8 - std[3164a59e47d3bde]::panicking::catch_unwind::<isize, std[3164a59e47d3bde]::rt::lang_start_internal::{closure#0}>
[INFO] [stderr]                                  at /rustc/3154cc1a3e6424e44f438a95007d043ed5ceaaf6/library/std/src/panicking.rs:541:19
[INFO] [stderr]     31:     0x5dc7add13dd8 - std[3164a59e47d3bde]::panic::catch_unwind::<std[3164a59e47d3bde]::rt::lang_start_internal::{closure#0}, isize>
[INFO] [stderr]                                  at /rustc/3154cc1a3e6424e44f438a95007d043ed5ceaaf6/library/std/src/panic.rs:359:14
[INFO] [stderr]     32:     0x5dc7add13dd8 - std[3164a59e47d3bde]::rt::lang_start_internal
[INFO] [stderr]                                  at /rustc/3154cc1a3e6424e44f438a95007d043ed5ceaaf6/library/std/src/rt.rs:171:5
[INFO] [stderr]     33:     0x5dc7adc7cab1 - std[3164a59e47d3bde]::rt::lang_start::<()>
[INFO] [stderr]     34:     0x5dc7adc7d865 - main
[INFO] [stderr]     35:     0x70447358f601 - <unknown>
[INFO] [stderr]     36:     0x70447358f718 - __libc_start_main
[INFO] [stderr]     37:     0x5dc7adc7ba25 - _start
[INFO] [stderr]     38:                0x0 - <unknown>
[INFO] running `Command { std: "docker" "inspect" "be7de98b47888bcb953a2f31b6cc3b2fdf652004b3c7fc060104fad2dfc62b4d", kill_on_drop: false }`
[INFO] running `Command { std: "docker" "rm" "-f" "be7de98b47888bcb953a2f31b6cc3b2fdf652004b3c7fc060104fad2dfc62b4d", kill_on_drop: false }`
[INFO] [stdout] be7de98b47888bcb953a2f31b6cc3b2fdf652004b3c7fc060104fad2dfc62b4d
