[INFO] cloning repository https://github.com/MostroP2P/bestiario
[INFO] running `Command { std: "git" "-c" "credential.helper=" "-c" "credential.helper=/workspace/cargo-home/bin/git-credential-null" "clone" "--bare" "https://github.com/MostroP2P/bestiario" "/workspace/cache/git-repos/https%3A%2F%2Fgithub.com%2FMostroP2P%2Fbestiario", kill_on_drop: false }`
[INFO] [stderr] Cloning into bare repository '/workspace/cache/git-repos/https%3A%2F%2Fgithub.com%2FMostroP2P%2Fbestiario'...
[INFO] running `Command { std: "git" "rev-parse" "HEAD", kill_on_drop: false }`
[INFO] [stdout] e94d4204371dc1dd2db7a0a91ffcd2f72af02be6
[INFO] checking MostroP2P/bestiario against 3154cc1a3e6424e44f438a95007d043ed5ceaaf6 for pr-133502-30
[INFO] running `Command { std: "git" "clone" "/workspace/cache/git-repos/https%3A%2F%2Fgithub.com%2FMostroP2P%2Fbestiario" "/workspace/builds/worker-6-tc2/source", kill_on_drop: false }`
[INFO] [stderr] Cloning into '/workspace/builds/worker-6-tc2/source'...
[INFO] [stderr] done.
[INFO] started tweaking git repo https://github.com/MostroP2P/bestiario
[INFO] finished tweaking git repo https://github.com/MostroP2P/bestiario
[INFO] tweaked toml for git repo https://github.com/MostroP2P/bestiario written to /workspace/builds/worker-6-tc2/source/Cargo.toml
[INFO] validating manifest of git repo https://github.com/MostroP2P/bestiario on toolchain 3154cc1a3e6424e44f438a95007d043ed5ceaaf6
[INFO] running `Command { std: CARGO_HOME="/workspace/cargo-home" RUSTUP_HOME="/workspace/rustup-home" "/workspace/cargo-home/bin/cargo" "+3154cc1a3e6424e44f438a95007d043ed5ceaaf6" "metadata" "--manifest-path" "Cargo.toml" "--no-deps", kill_on_drop: false }`
[INFO] crate git repo https://github.com/MostroP2P/bestiario already has a lockfile, it will not be regenerated
[INFO] running `Command { std: CARGO_HOME="/workspace/cargo-home" RUSTUP_HOME="/workspace/rustup-home" "/workspace/cargo-home/bin/cargo" "+3154cc1a3e6424e44f438a95007d043ed5ceaaf6" "fetch" "--manifest-path" "Cargo.toml", kill_on_drop: false }`
[INFO] [stderr]     Blocking waiting for file lock on package cache
[INFO] running `Command { std: "docker" "create" "-v" "/var/lib/crater-agent-workspace/builds/worker-6-tc2/source:/opt/rustwide/workdir:ro,Z" "-v" "/var/lib/crater-agent-workspace/builds/worker-6-tc2/target:/opt/rustwide/target:rw,Z" "-v" "/var/lib/crater-agent-workspace/cargo-home:/opt/rustwide/cargo-home:ro,Z" "-v" "/var/lib/crater-agent-workspace/rustup-home:/opt/rustwide/rustup-home:ro,Z" "-m" "1610612736" "--network" "none" "ghcr.io/rust-lang/crates-build-env/linux@sha256:77db811e55d90add9212f6832c23229e3de5f1c1f9905e8cb07319ea15df73ac" "sleep" "infinity", kill_on_drop: false }`
[INFO] [stdout] 15fe2e1296dbf564a3014bc185fb533c4bdcae146e33203d9fa6624d1602a1e7
[INFO] running `Command { std: "docker" "start" "15fe2e1296dbf564a3014bc185fb533c4bdcae146e33203d9fa6624d1602a1e7", kill_on_drop: false }`
[INFO] running `Command { std: "docker" "inspect" "15fe2e1296dbf564a3014bc185fb533c4bdcae146e33203d9fa6624d1602a1e7", kill_on_drop: false }`
[INFO] running `Command { std: "docker" "exec" "-e" "SOURCE_DIR=/opt/rustwide/workdir" "-e" "CARGO_HOME=/opt/rustwide/cargo-home" "-e" "RUSTUP_HOME=/opt/rustwide/rustup-home" "-e" "CARGO_TARGET_DIR=/opt/rustwide/target" "-w" "/opt/rustwide/workdir" "--user" "0:0" "15fe2e1296dbf564a3014bc185fb533c4bdcae146e33203d9fa6624d1602a1e7" "/opt/rustwide/cargo-home/bin/cargo" "+3154cc1a3e6424e44f438a95007d043ed5ceaaf6" "metadata" "--no-deps" "--format-version=1", kill_on_drop: false }`
[INFO] running `Command { std: "docker" "inspect" "15fe2e1296dbf564a3014bc185fb533c4bdcae146e33203d9fa6624d1602a1e7", kill_on_drop: false }`
[INFO] running `Command { std: "docker" "exec" "-e" "SOURCE_DIR=/opt/rustwide/workdir" "-e" "CARGO_HOME=/opt/rustwide/cargo-home" "-e" "RUSTUP_HOME=/opt/rustwide/rustup-home" "-e" "CARGO_TARGET_DIR=/opt/rustwide/target" "-e" "CARGO_INCREMENTAL=0" "-e" "RUST_BACKTRACE=full" "-e" "RUSTFLAGS=--cap-lints=forbid" "-e" "RUSTDOCFLAGS=--cap-lints=forbid" "-w" "/opt/rustwide/workdir" "--user" "0:0" "15fe2e1296dbf564a3014bc185fb533c4bdcae146e33203d9fa6624d1602a1e7" "/opt/rustwide/cargo-home/bin/cargo" "+3154cc1a3e6424e44f438a95007d043ed5ceaaf6" "check" "--frozen" "--all" "--all-targets" "--message-format=json", kill_on_drop: false }`
[INFO] [stderr]     Checking zeroize v1.9.0
[INFO] [stderr]    Compiling syn v3.0.4
[INFO] [stderr]     Checking generic-array v0.14.7
[INFO] [stderr]     Checking log v0.4.34
[INFO] [stderr]    Compiling synstructure v0.13.2
[INFO] [stderr]    Compiling tracing-attributes v0.1.31
[INFO] [stderr]    Compiling ring v0.17.14
[INFO] [stderr]    Compiling num-traits v0.2.19
[INFO] [stderr]     Checking serde_json v1.0.151
[INFO] [stderr]    Compiling secp256k1-sys v0.10.1
[INFO] [stderr]     Checking chacha20 v0.10.1
[INFO] [stderr]    Compiling bitcoin-internals v0.6.0
[INFO] [stderr]    Compiling heapless v0.8.0
[INFO] [stderr]     Checking hash32 v0.3.1
[INFO] [stderr]    Compiling crunchy v0.2.4
[INFO] [stderr]     Checking bitflags v2.13.1
[INFO] [stderr]    Compiling tiny-keccak v2.0.2
[INFO] [stderr]    Compiling wasm-bindgen-shared v0.2.127
[INFO] [stderr]     Checking rustls-pki-types v1.15.1
[INFO] [stderr]     Checking rand v0.10.2
[INFO] [stderr]     Checking ppv-lite86 v0.2.21
[INFO] [stderr]     Checking hex-conservative v1.2.0
[INFO] [stderr]     Checking hybrid-array v0.4.14
[INFO] [stderr]    Compiling bitcoin-io v0.1.101
[INFO] [stderr]    Compiling thiserror v2.0.20
[INFO] [stderr]     Checking bitcoin-consensus-encoding v1.2.0
[INFO] [stderr]    Compiling hashbrown v0.16.1
[INFO] [stderr]     Checking webpki-roots v1.0.9
[INFO] [stderr]     Checking rand_chacha v0.9.0
[INFO] [stderr]     Checking crypto-common v0.1.7
[INFO] [stderr]     Checking block-buffer v0.10.4
[INFO] [stderr]    Compiling zerofrom-derive v0.1.7
[INFO] [stderr]    Compiling yoke-derive v0.8.2
[INFO] [stderr]     Checking block-padding v0.3.3
[INFO] [stderr]    Compiling libsqlite3-sys v0.37.0
[INFO] [stderr]    Compiling getrandom v0.2.17
[INFO] [stderr]     Checking digest v0.10.7
[INFO] [stderr]     Checking bech32 v0.12.0
[INFO] [stderr]     Checking inout v0.1.4
[INFO] [stderr]     Checking universal-time v0.3.1
[INFO] [stderr]     Checking faster-hex v0.10.0
[INFO] [stderr]     Checking cipher v0.4.4
[INFO] [stderr]     Checking opaquerr v0.2.0
[INFO] [stderr]    Compiling const-random-macro v0.1.16
[INFO] [stderr]    Compiling pest v2.9.0
[INFO] [stderr]     Checking rand v0.9.5
[INFO] [stderr]     Checking sha1 v0.10.7
[INFO] [stderr]     Checking sha2 v0.10.9
[INFO] [stderr]     Checking chacha20 v0.9.1
[INFO] [stderr]    Compiling hashlink v0.11.1
[INFO] [stderr]     Checking crypto-common v0.2.2
[INFO] [stderr]     Checking block-buffer v0.12.1
[INFO] [stderr]     Checking hex-conservative v0.2.2
[INFO] [stderr]     Checking tracing v0.1.44
[INFO] [stderr]    Compiling thiserror-impl v1.0.69
[INFO] [stderr]    Compiling base64 v0.22.1
[INFO] [stderr]     Checking utf-8 v0.7.6
[INFO] [stderr]     Checking bitcoin_hashes v0.14.101
[INFO] [stderr]    Compiling flume v0.12.0
[INFO] [stderr]     Checking const-random v0.1.18
[INFO] [stderr]    Compiling futures-executor v0.3.34
[INFO] [stderr]     Checking webpki-roots v0.26.11
[INFO] [stderr]    Compiling hex_lit v0.1.1
[INFO] [stderr]     Checking rustix v1.1.4
[INFO] [stderr]    Compiling wasm-bindgen-macro-support v0.2.127
[INFO] [stderr]     Checking zerofrom v0.1.8
[INFO] [stderr]     Checking chrono v0.4.45
[INFO] [stderr]     Checking digest v0.11.3
[INFO] [stderr]     Checking yoke v0.8.3
[INFO] [stderr]    Compiling wasm-bindgen v0.2.127
[INFO] [stderr]    Compiling atoi v2.0.0
[INFO] [stderr]     Checking dlv-list v0.5.2
[INFO] [stderr]     Checking uuid v1.25.0
[INFO] [stderr]    Compiling pest_meta v2.9.0
[INFO] [stderr]     Checking futures-intrusive v0.5.0
[INFO] [stderr]     Checking hashbrown v0.14.5
[INFO] [stderr]     Checking btreecap v0.1.0
[INFO] [stderr]    Compiling bitcoin v0.32.102
[INFO] [stderr]     Checking thiserror v1.0.69
[INFO] [stderr]     Checking hmac v0.13.0
[INFO] [stderr]     Checking erased-serde v0.4.10
[INFO] [stderr]     Checking base58ck v0.1.101
[INFO] [stderr]     Checking toml_datetime v1.1.1+spec-1.1.0
[INFO] [stderr]    Compiling rustls v0.23.43
[INFO] [stderr]     Checking negentropy v0.5.1
[INFO] [stderr]     Checking arraydeque v0.5.1
[INFO] [stderr]     Checking lru v0.18.2
[INFO] [stderr]     Checking bech32 v0.11.1
[INFO] [stderr]     Checking bitcoin-units v0.1.101
[INFO] [stderr]     Checking toml v1.1.4+spec-1.1.0
[INFO] [stderr]     Checking yaml-rust2 v0.11.1
[INFO] [stderr]     Checking clap_builder v4.6.6
[INFO] [stderr]     Checking ordered-multimap v0.7.3
[INFO] [stderr]     Checking serde-untagged v0.1.9
[INFO] [stderr]     Checking hkdf v0.13.0
[INFO] [stderr]     Checking secp256k1 v0.30.0
[INFO] [stderr]    Compiling pest_generator v2.9.0
[INFO] [stderr]     Checking secp256k1 v0.29.1
[INFO] [stderr]     Checking convert_case v0.6.0
[INFO] [stderr]     Checking rust-ini v0.21.3
[INFO] [stderr]     Checking sha2 v0.11.0
[INFO] [stderr]     Checking tracing-log v0.2.0
[INFO] [stderr]     Checking thread_local v1.1.10
[INFO] [stderr]     Checking pathdiff v0.2.3
[INFO] [stderr]     Checking tracing-subscriber v0.3.23
[INFO] [stderr]    Compiling pest_derive v2.9.0
[INFO] [stderr]     Checking crossterm v0.29.0
[INFO] [stderr]     Checking tempfile v3.27.0
[INFO] [stderr]     Checking comfy-table v8.0.0
[INFO] [stderr]     Checking rustls-webpki v0.103.15
[INFO] [stderr]    Compiling zerovec-derive v0.11.6
[INFO] [stderr]    Compiling displaydoc v0.2.7
[INFO] [stderr]    Compiling serde_derive v1.0.229
[INFO] [stderr]    Compiling tokio-macros v2.7.2
[INFO] [stderr]    Compiling futures-macro v0.3.34
[INFO] [stderr]    Compiling thiserror-impl v2.0.20
[INFO] [stderr]    Compiling clap_derive v4.6.4
[INFO] [stderr]    Compiling async-trait v0.1.92
[INFO] [stderr]     Checking tokio v1.53.1
[INFO] [stderr]     Checking futures-util v0.3.34
[INFO] [stderr]     Checking zerotrie v0.2.5
[INFO] [stderr]     Checking zerovec v0.11.8
[INFO] [stderr]    Compiling wasm-bindgen-macro v0.2.127
[INFO] [stderr]     Checking tinystr v0.8.4
[INFO] [stderr]     Checking potential_utf v0.1.6
[INFO] [stderr]    Compiling icu_collections v2.3.0
[INFO] [stderr]     Checking clap v4.6.6
[INFO] [stderr]     Checking icu_locale_core v2.3.0
[INFO] [stderr] warning: libsqlite3-sys@0.37.0: cc: fatal error: Killed signal terminated program cc1
[INFO] [stderr] warning: libsqlite3-sys@0.37.0: compilation terminated.
[INFO] [stderr] error: failed to run custom build command for `libsqlite3-sys v0.37.0`
[INFO] [stderr] note: To improve backtraces for build dependencies, set the CARGO_PROFILE_DEV_BUILD_OVERRIDE_DEBUG=true environment variable to enable debug information generation.
[INFO] [stderr] 
[INFO] [stderr] Caused by:
[INFO] [stderr]   process didn't exit successfully: `/opt/rustwide/target/debug/build/libsqlite3-sys/e686fa34fe906a06/out/build_script_build` (exit status: 1)
[INFO] [stderr]   --- stdout
[INFO] [stderr]   cargo:rerun-if-env-changed=LIBSQLITE3_SYS_USE_PKG_CONFIG
[INFO] [stderr]   cargo:include=/opt/rustwide/cargo-home/registry/src/index.crates.io-1949cf8c6b5b557f/libsqlite3-sys-0.37.0/sqlite3
[INFO] [stderr]   cargo:rerun-if-changed=sqlite3/sqlite3.c
[INFO] [stderr]   cargo:rerun-if-changed=sqlite3/wasm32-wasi-vfs.c
[INFO] [stderr]   cargo:rerun-if-env-changed=SQLITE_MAX_VARIABLE_NUMBER
[INFO] [stderr]   cargo:rerun-if-env-changed=SQLITE_MAX_EXPR_DEPTH
[INFO] [stderr]   cargo:rerun-if-env-changed=SQLITE_MAX_COLUMN
[INFO] [stderr]   cargo:rerun-if-env-changed=LIBSQLITE3_FLAGS
[INFO] [stderr]   cargo:rerun-if-env-changed=CC_FORCE_DISABLE
[INFO] [stderr]   CC_FORCE_DISABLE = None
[INFO] [stderr]   cargo:rerun-if-env-changed=CC_x86_64-unknown-linux-gnu
[INFO] [stderr]   CC_x86_64-unknown-linux-gnu = None
[INFO] [stderr]   cargo:rerun-if-env-changed=CC_x86_64_unknown_linux_gnu
[INFO] [stderr]   CC_x86_64_unknown_linux_gnu = None
[INFO] [stderr]   cargo:rerun-if-env-changed=HOST_CC
[INFO] [stderr]   HOST_CC = None
[INFO] [stderr]   cargo:rerun-if-env-changed=CC
[INFO] [stderr]   CC = None
[INFO] [stderr]   cargo:rerun-if-env-changed=CC_ENABLE_DEBUG_OUTPUT
[INFO] [stderr]   cargo:rerun-if-env-changed=CRATE_CC_NO_DEFAULTS
[INFO] [stderr]   CRATE_CC_NO_DEFAULTS = None
[INFO] [stderr]   cargo:rerun-if-env-changed=CRATE_CC_NO_DEFAULTS
[INFO] [stderr]   CRATE_CC_NO_DEFAULTS = None
[INFO] [stderr]   cargo:rerun-if-env-changed=CFLAGS
[INFO] [stderr]   CFLAGS = None
[INFO] [stderr]   cargo:rerun-if-env-changed=HOST_CFLAGS
[INFO] [stderr]   HOST_CFLAGS = None
[INFO] [stderr]   cargo:rerun-if-env-changed=CFLAGS_x86_64_unknown_linux_gnu
[INFO] [stderr]   CFLAGS_x86_64_unknown_linux_gnu = None
[INFO] [stderr]   cargo:rerun-if-env-changed=CFLAGS_x86_64-unknown-linux-gnu
[INFO] [stderr]   CFLAGS_x86_64-unknown-linux-gnu = None
[INFO] [stderr]   cargo:rerun-if-env-changed=CFLAGS
[INFO] [stderr]   CFLAGS = None
[INFO] [stderr]   cargo:rerun-if-env-changed=HOST_CFLAGS
[INFO] [stderr]   HOST_CFLAGS = None
[INFO] [stderr]   cargo:rerun-if-env-changed=CFLAGS_x86_64_unknown_linux_gnu
[INFO] [stderr]   CFLAGS_x86_64_unknown_linux_gnu = None
[INFO] [stderr]   cargo:rerun-if-env-changed=CFLAGS_x86_64-unknown-linux-gnu
[INFO] [stderr]   CFLAGS_x86_64-unknown-linux-gnu = None
[INFO] [stderr]   cargo:warning=cc: fatal error: Killed signal terminated program cc1
[INFO] [stderr]   cargo:warning=compilation terminated.
[INFO] [stderr] 
[INFO] [stderr]   --- stderr
[INFO] [stderr] 
[INFO] [stderr] 
[INFO] [stderr]   error occurred in cc-rs: command did not execute successfully (status code exit status: 1): LC_ALL="C" "cc" "-O0" "-ffunction-sections" "-fdata-sections" "-fPIC" "-g" "-gdwarf-4" "-fno-omit-frame-pointer" "-mno-omit-leaf-frame-pointer" "-m64" "-w" "-DSQLITE_CORE" "-DSQLITE_DEFAULT_FOREIGN_KEYS=1" "-DSQLITE_ENABLE_API_ARMOR" "-DSQLITE_ENABLE_COLUMN_METADATA" "-DSQLITE_ENABLE_DBSTAT_VTAB" "-DSQLITE_ENABLE_FTS3" "-DSQLITE_ENABLE_FTS3_PARENTHESIS" "-DSQLITE_ENABLE_FTS5" "-DSQLITE_ENABLE_JSON1" "-DSQLITE_ENABLE_LOAD_EXTENSION=1" "-DSQLITE_ENABLE_MEMORY_MANAGEMENT" "-DSQLITE_ENABLE_RTREE" "-DSQLITE_ENABLE_STAT4" "-DSQLITE_SOUNDEX" "-DSQLITE_THREADSAFE=1" "-DSQLITE_USE_URI" "-DHAVE_USLEEP=1" "-DHAVE_ISNAN" "-D_POSIX_THREAD_SAFE_FUNCTIONS" "-DHAVE_LOCALTIME_R" "-DSQLITE_ENABLE_UNLOCK_NOTIFY" "-o" "/opt/rustwide/target/debug/build/libsqlite3-sys/169d6b5ac336cd51/out/c877a2978823c39d-sqlite3.o" "-c" "sqlite3/sqlite3.c"
[INFO] [stderr] 
[INFO] [stderr] 
[INFO] [stderr] warning: build failed, waiting for other jobs to finish...
[INFO] [stderr] error: could not compile `bitcoin` (lib)
[INFO] [stderr] 
[INFO] [stderr] Caused by:
[INFO] [stderr]   process didn't exit successfully: `/opt/rustwide/rustup-home/toolchains/3154cc1a3e6424e44f438a95007d043ed5ceaaf6/bin/rustc --crate-name bitcoin --edition=2021 /opt/rustwide/cargo-home/registry/src/index.crates.io-1949cf8c6b5b557f/bitcoin-0.32.102/src/lib.rs --error-format=json --json=diagnostic-rendered-ansi,artifacts,future-incompat,unused-externs-silent --crate-type lib --emit=dep-info,metadata -C embed-bitcode=no -C debuginfo=2 --cfg 'feature="default"' --cfg 'feature="secp-recovery"' --cfg 'feature="std"' --check-cfg 'cfg(docsrs,test)' --check-cfg 'cfg(feature, values("actual-arbitrary", "actual-serde", "arbitrary", "base64", "bitcoinconsensus", "bitcoinconsensus-std", "default", "encoding", "ordered", "rand", "rand-std", "secp-lowmemory", "secp-recovery", "serde", "std"))' -C metadata=e973c45071ba8cc2 -C extra-filename=-ee313da60621137b --out-dir /opt/rustwide/target/debug/build/bitcoin/ee313da60621137b/out -L dependency=/opt/rustwide/target/debug/build/arrayvec/be7ca1398238350f/out -L dependency=/opt/rustwide/target/debug/build/bitcoin-io/02c69385d4ca97c9/out -L dependency=/opt/rustwide/target/debug/build/bitcoin_hashes/16f1c50c3fa8e46e/out -L dependency=/opt/rustwide/target/debug/build/hex-conservative/efca426828d7bea3/out -L dependency=/opt/rustwide/target/debug/build/secp256k1-sys/53bc9d849db13d8e/out --extern base58=/opt/rustwide/target/debug/build/base58ck/7b8e5e10316d7cfc/out/libbase58ck-7b8e5e10316d7cfc.rmeta --extern bech32=/opt/rustwide/target/debug/build/bech32/507ccb5d8b90328a/out/libbech32-507ccb5d8b90328a.rmeta --extern io=/opt/rustwide/target/debug/build/bitcoin-io/02c69385d4ca97c9/out/libbitcoin_io-02c69385d4ca97c9.rmeta --extern units=/opt/rustwide/target/debug/build/bitcoin-units/76e13d154ba8c407/out/libbitcoin_units-76e13d154ba8c407.rmeta --extern hashes=/opt/rustwide/target/debug/build/bitcoin_hashes/16f1c50c3fa8e46e/out/libbitcoin_hashes-16f1c50c3fa8e46e.rmeta --extern hex=/opt/rustwide/target/debug/build/hex-conservative/efca426828d7bea3/out/libhex_conservative-efca426828d7bea3.rmeta --extern hex_lit=/opt/rustwide/target/debug/build/hex_lit/05803f9d447b908a/out/libhex_lit-05803f9d447b908a.rmeta --extern secp256k1=/opt/rustwide/target/debug/build/secp256k1/f5293e10844f499e/out/libsecp256k1-f5293e10844f499e.rmeta --cap-lints allow --cap-lints=forbid --force-warn=unused_crate_dependencies -L native=/opt/rustwide/target/debug/build/secp256k1-sys/678a522cdf2555ce/out --cfg rust_v_1_56 --cfg rust_v_1_57 --cfg rust_v_1_58 --cfg rust_v_1_59 --cfg rust_v_1_60 --cfg rust_v_1_61 --cfg rust_v_1_62 --cfg rust_v_1_63 --cfg rust_v_1_64 --cfg rust_v_1_65 --cfg rust_v_1_66 --cfg rust_v_1_67 --cfg rust_v_1_68 --cfg rust_v_1_69 --cfg rust_v_1_70 --cfg rust_v_1_71 --cfg rust_v_1_72 --cfg rust_v_1_73 --cfg rust_v_1_74 --cfg rust_v_1_75 --cfg rust_v_1_76 --cfg rust_v_1_77 --cfg rust_v_1_78 --cfg rust_v_1_79 --cfg rust_v_1_80 --cfg rust_v_1_81 --cfg rust_v_1_82 --cfg rust_v_1_83 --cfg rust_v_1_84 --cfg rust_v_1_85 --cfg rust_v_1_86 --cfg rust_v_1_87 --cfg rust_v_1_88 --cfg rust_v_1_89 --cfg rust_v_1_90 --cfg rust_v_1_91 --cfg rust_v_1_92 --cfg rust_v_1_93 --cfg rust_v_1_94 --cfg rust_v_1_95 --cfg rust_v_1_96 --cfg rust_v_1_97 --cfg rust_v_1_98 --cfg rust_v_1_99 --cfg rust_v_1_100 --cfg rust_v_1_101` (signal: 9, SIGKILL: kill)
[INFO] [stderr] warning: libsqlite3-sys@0.37.0: cc: fatal error: Killed signal terminated program cc1
[INFO] [stderr] warning: libsqlite3-sys@0.37.0: compilation terminated.
[INFO] [stderr] error: failed to run custom build command for `libsqlite3-sys v0.37.0`
[INFO] [stderr] note: To improve backtraces for build dependencies, set the CARGO_PROFILE_DEV_BUILD_OVERRIDE_DEBUG=true environment variable to enable debug information generation.
[INFO] [stderr] 
[INFO] [stderr] Caused by:
[INFO] [stderr]   process didn't exit successfully: `/opt/rustwide/target/debug/build/libsqlite3-sys/5fc125a478a7488c/out/build_script_build` (exit status: 1)
[INFO] [stderr]   --- stdout
[INFO] [stderr]   cargo:rerun-if-env-changed=LIBSQLITE3_SYS_USE_PKG_CONFIG
[INFO] [stderr]   cargo:include=/opt/rustwide/cargo-home/registry/src/index.crates.io-1949cf8c6b5b557f/libsqlite3-sys-0.37.0/sqlite3
[INFO] [stderr]   cargo:rerun-if-changed=sqlite3/sqlite3.c
[INFO] [stderr]   cargo:rerun-if-changed=sqlite3/wasm32-wasi-vfs.c
[INFO] [stderr]   cargo:rerun-if-env-changed=SQLITE_MAX_VARIABLE_NUMBER
[INFO] [stderr]   cargo:rerun-if-env-changed=SQLITE_MAX_EXPR_DEPTH
[INFO] [stderr]   cargo:rerun-if-env-changed=SQLITE_MAX_COLUMN
[INFO] [stderr]   cargo:rerun-if-env-changed=LIBSQLITE3_FLAGS
[INFO] [stderr]   cargo:rerun-if-env-changed=CC_FORCE_DISABLE
[INFO] [stderr]   CC_FORCE_DISABLE = None
[INFO] [stderr]   cargo:rerun-if-env-changed=CC_x86_64-unknown-linux-gnu
[INFO] [stderr]   CC_x86_64-unknown-linux-gnu = None
[INFO] [stderr]   cargo:rerun-if-env-changed=CC_x86_64_unknown_linux_gnu
[INFO] [stderr]   CC_x86_64_unknown_linux_gnu = None
[INFO] [stderr]   cargo:rerun-if-env-changed=HOST_CC
[INFO] [stderr]   HOST_CC = None
[INFO] [stderr]   cargo:rerun-if-env-changed=CC
[INFO] [stderr]   CC = None
[INFO] [stderr]   cargo:rerun-if-env-changed=CC_ENABLE_DEBUG_OUTPUT
[INFO] [stderr]   cargo:rerun-if-env-changed=CRATE_CC_NO_DEFAULTS
[INFO] [stderr]   CRATE_CC_NO_DEFAULTS = None
[INFO] [stderr]   cargo:rerun-if-env-changed=CFLAGS
[INFO] [stderr]   CFLAGS = None
[INFO] [stderr]   cargo:rerun-if-env-changed=HOST_CFLAGS
[INFO] [stderr]   HOST_CFLAGS = None
[INFO] [stderr]   cargo:rerun-if-env-changed=CFLAGS_x86_64_unknown_linux_gnu
[INFO] [stderr]   CFLAGS_x86_64_unknown_linux_gnu = None
[INFO] [stderr]   cargo:rerun-if-env-changed=CFLAGS_x86_64-unknown-linux-gnu
[INFO] [stderr]   CFLAGS_x86_64-unknown-linux-gnu = None
[INFO] [stderr]   cargo:warning=cc: fatal error: Killed signal terminated program cc1
[INFO] [stderr]   cargo:warning=compilation terminated.
[INFO] [stderr] 
[INFO] [stderr]   --- stderr
[INFO] [stderr] 
[INFO] [stderr] 
[INFO] [stderr]   error occurred in cc-rs: command did not execute successfully (status code exit status: 1): LC_ALL="C" "cc" "-O0" "-ffunction-sections" "-fdata-sections" "-fPIC" "-m64" "-w" "-DSQLITE_CORE" "-DSQLITE_DEFAULT_FOREIGN_KEYS=1" "-DSQLITE_ENABLE_API_ARMOR" "-DSQLITE_ENABLE_COLUMN_METADATA" "-DSQLITE_ENABLE_DBSTAT_VTAB" "-DSQLITE_ENABLE_FTS3" "-DSQLITE_ENABLE_FTS3_PARENTHESIS" "-DSQLITE_ENABLE_FTS5" "-DSQLITE_ENABLE_JSON1" "-DSQLITE_ENABLE_LOAD_EXTENSION=1" "-DSQLITE_ENABLE_MEMORY_MANAGEMENT" "-DSQLITE_ENABLE_RTREE" "-DSQLITE_ENABLE_STAT4" "-DSQLITE_SOUNDEX" "-DSQLITE_THREADSAFE=1" "-DSQLITE_USE_URI" "-DHAVE_USLEEP=1" "-DHAVE_ISNAN" "-D_POSIX_THREAD_SAFE_FUNCTIONS" "-DHAVE_LOCALTIME_R" "-o" "/opt/rustwide/target/debug/build/libsqlite3-sys/4effc0b5b161b9e4/out/c877a2978823c39d-sqlite3.o" "-c" "sqlite3/sqlite3.c"
[INFO] [stderr] 
[INFO] [stderr] 
[INFO] running `Command { std: "docker" "inspect" "15fe2e1296dbf564a3014bc185fb533c4bdcae146e33203d9fa6624d1602a1e7", kill_on_drop: false }`
[INFO] running `Command { std: "docker" "rm" "-f" "15fe2e1296dbf564a3014bc185fb533c4bdcae146e33203d9fa6624d1602a1e7", kill_on_drop: false }`
[INFO] [stdout] 15fe2e1296dbf564a3014bc185fb533c4bdcae146e33203d9fa6624d1602a1e7
