[INFO] fetching crate minirps 0.2.1...
[INFO] checking minirps-0.2.1 against 3154cc1a3e6424e44f438a95007d043ed5ceaaf6 for pr-133502-30
[INFO] extracting crate minirps 0.2.1 into /workspace/builds/worker-4-tc2/source
[INFO] started tweaking crates.io crate minirps 0.2.1
[INFO] finished tweaking crates.io crate minirps 0.2.1
[INFO] tweaked toml for crates.io crate minirps 0.2.1 written to /workspace/builds/worker-4-tc2/source/Cargo.toml
[INFO] validating manifest of crates.io crate minirps 0.2.1 on toolchain 3154cc1a3e6424e44f438a95007d043ed5ceaaf6
[INFO] running `Command { std: CARGO_HOME="/workspace/cargo-home" RUSTUP_HOME="/workspace/rustup-home" "/workspace/cargo-home/bin/cargo" "+3154cc1a3e6424e44f438a95007d043ed5ceaaf6" "metadata" "--manifest-path" "Cargo.toml" "--no-deps", kill_on_drop: false }`
[INFO] crate crates.io crate minirps 0.2.1 already has a lockfile, it will not be regenerated
[INFO] running `Command { std: CARGO_HOME="/workspace/cargo-home" RUSTUP_HOME="/workspace/rustup-home" "/workspace/cargo-home/bin/cargo" "+3154cc1a3e6424e44f438a95007d043ed5ceaaf6" "fetch" "--manifest-path" "Cargo.toml", kill_on_drop: false }`
[INFO] [stderr] warning: `package.homepage` is redundant with `package.repository`
[INFO] [stderr]   --> Cargo.toml:71:12
[INFO] [stderr]    |
[INFO] [stderr] 71 | homepage = "https://github.com/marcodpt/minirps"
[INFO] [stderr]    |            ^^^^^^^^^^^^^^^^^^^^^^^^^^^^^^^^^^^^^
[INFO] [stderr] ...
[INFO] [stderr] 76 | repository = "https://github.com/marcodpt/minirps"
[INFO] [stderr]    |              -------------------------------------
[INFO] [stderr]    |
[INFO] [stderr]    = note: `cargo::redundant_homepage` is set to `warn` by default
[INFO] [stderr] help: consider removing `package.homepage`
[INFO] [stderr] warning: `minirps` (manifest) generated 1 warning
[INFO] running `Command { std: "docker" "create" "-v" "/var/lib/crater-agent-workspace/builds/worker-4-tc2/source:/opt/rustwide/workdir:ro,Z" "-v" "/var/lib/crater-agent-workspace/builds/worker-4-tc2/target:/opt/rustwide/target:rw,Z" "-v" "/var/lib/crater-agent-workspace/cargo-home:/opt/rustwide/cargo-home:ro,Z" "-v" "/var/lib/crater-agent-workspace/rustup-home:/opt/rustwide/rustup-home:ro,Z" "-m" "1610612736" "--network" "none" "ghcr.io/rust-lang/crates-build-env/linux@sha256:77db811e55d90add9212f6832c23229e3de5f1c1f9905e8cb07319ea15df73ac" "sleep" "infinity", kill_on_drop: false }`
[INFO] [stdout] eeea7bfb8d920ed207c0e23dc1cee328cbf6406d1c164fb45784f4d8ad1751c6
[INFO] running `Command { std: "docker" "start" "eeea7bfb8d920ed207c0e23dc1cee328cbf6406d1c164fb45784f4d8ad1751c6", kill_on_drop: false }`
[INFO] running `Command { std: "docker" "inspect" "eeea7bfb8d920ed207c0e23dc1cee328cbf6406d1c164fb45784f4d8ad1751c6", kill_on_drop: false }`
[INFO] running `Command { std: "docker" "exec" "-e" "SOURCE_DIR=/opt/rustwide/workdir" "-e" "CARGO_HOME=/opt/rustwide/cargo-home" "-e" "RUSTUP_HOME=/opt/rustwide/rustup-home" "-e" "CARGO_TARGET_DIR=/opt/rustwide/target" "-w" "/opt/rustwide/workdir" "--user" "0:0" "eeea7bfb8d920ed207c0e23dc1cee328cbf6406d1c164fb45784f4d8ad1751c6" "/opt/rustwide/cargo-home/bin/cargo" "+3154cc1a3e6424e44f438a95007d043ed5ceaaf6" "metadata" "--no-deps" "--format-version=1", kill_on_drop: false }`
[INFO] running `Command { std: "docker" "inspect" "eeea7bfb8d920ed207c0e23dc1cee328cbf6406d1c164fb45784f4d8ad1751c6", kill_on_drop: false }`
[INFO] running `Command { std: "docker" "exec" "-e" "SOURCE_DIR=/opt/rustwide/workdir" "-e" "CARGO_HOME=/opt/rustwide/cargo-home" "-e" "RUSTUP_HOME=/opt/rustwide/rustup-home" "-e" "CARGO_TARGET_DIR=/opt/rustwide/target" "-e" "CARGO_INCREMENTAL=0" "-e" "RUST_BACKTRACE=full" "-e" "RUSTFLAGS=--cap-lints=forbid" "-e" "RUSTDOCFLAGS=--cap-lints=forbid" "-w" "/opt/rustwide/workdir" "--user" "0:0" "eeea7bfb8d920ed207c0e23dc1cee328cbf6406d1c164fb45784f4d8ad1751c6" "/opt/rustwide/cargo-home/bin/cargo" "+3154cc1a3e6424e44f438a95007d043ed5ceaaf6" "check" "--frozen" "--all" "--all-targets" "--message-format=json", kill_on_drop: false }`
[INFO] [stderr] warning: `package.homepage` is redundant with `package.repository`
[INFO] [stderr]   --> Cargo.toml:71:12
[INFO] [stderr]    |
[INFO] [stderr] 71 | homepage = "https://github.com/marcodpt/minirps"
[INFO] [stderr]    |            ^^^^^^^^^^^^^^^^^^^^^^^^^^^^^^^^^^^^^
[INFO] [stderr] ...
[INFO] [stderr] 76 | repository = "https://github.com/marcodpt/minirps"
[INFO] [stderr]    |              -------------------------------------
[INFO] [stderr]    |
[INFO] [stderr]    = note: `cargo::redundant_homepage` is set to `warn` by default
[INFO] [stderr] help: consider removing `package.homepage`
[INFO] [stderr] warning: `minirps` (manifest) generated 1 warning
[INFO] [stderr]    Compiling proc-macro2 v1.0.89
[INFO] [stderr]    Compiling unicode-ident v1.0.13
[INFO] [stderr]    Compiling autocfg v1.4.0
[INFO] [stderr]    Compiling libc v0.2.161
[INFO] [stderr]     Checking pin-project-lite v0.2.15
[INFO] [stderr]     Checking bytes v1.8.0
[INFO] [stderr]     Checking once_cell v1.20.2
[INFO] [stderr]    Compiling parking_lot_core v0.9.10
[INFO] [stderr]     Checking futures-core v0.3.31
[INFO] [stderr]     Checking smallvec v1.13.2
[INFO] [stderr]     Checking futures-sink v0.3.31
[INFO] [stderr]     Checking log v0.4.22
[INFO] [stderr]    Compiling cc v1.1.31
[INFO] [stderr]    Compiling pkg-config v0.3.31
[INFO] [stderr]     Checking memchr v2.7.4
[INFO] [stderr]    Compiling serde v1.0.213
[INFO] [stderr]     Checking equivalent v1.0.1
[INFO] [stderr]     Checking hashbrown v0.15.0
[INFO] [stderr]    Compiling openssl v0.10.68
[INFO] [stderr]    Compiling httparse v1.9.5
[INFO] [stderr]     Checking bitflags v2.6.0
[INFO] [stderr]     Checking futures-channel v0.3.31
[INFO] [stderr]    Compiling native-tls v0.2.12
[INFO] [stderr]     Checking tracing-core v0.1.32
[INFO] [stderr]     Checking tinyvec v1.8.0
[INFO] [stderr]    Compiling rustversion v1.0.18
[INFO] [stderr]     Checking anstyle-parse v0.2.6
[INFO] [stderr]     Checking sync_wrapper v1.0.1
[INFO] [stderr]     Checking tracing v0.1.40
[INFO] [stderr]     Checking anstyle-query v1.1.2
[INFO] [stderr]    Compiling unicase v2.8.0
[INFO] [stderr]    Compiling lock_api v0.4.12
[INFO] [stderr]    Compiling slab v0.4.9
[INFO] [stderr]     Checking http v1.1.0
[INFO] [stderr]    Compiling num-traits v0.2.19
[INFO] [stderr]    Compiling openssl-src v300.4.0+3.4.0
[INFO] [stderr]     Checking colorchoice v1.0.3
[INFO] [stderr]    Compiling serde_json v1.0.132
[INFO] [stderr]     Checking is_terminal_polyfill v1.70.1
[INFO] [stderr]     Checking unicode-bidi v0.3.17
[INFO] [stderr]    Compiling tokio-openssl v0.6.5
[INFO] [stderr]     Checking anstyle v1.0.9
[INFO] [stderr]    Compiling mime_guess v2.0.5
[INFO] [stderr]     Checking clap_lex v0.7.2
[INFO] [stderr]     Checking rustls-pki-types v1.10.0
[INFO] [stderr]     Checking futures-util v0.3.31
[INFO] [stderr]     Checking anstream v0.6.17
[INFO] [stderr]     Checking sync_wrapper v0.1.2
[INFO] [stderr]     Checking winnow v0.6.20
[INFO] [stderr]     Checking encoding_rs v0.8.35
[INFO] [stderr]    Compiling quote v1.0.37
[INFO] [stderr]     Checking clap_builder v4.5.20
[INFO] [stderr]     Checking rustls-pemfile v2.2.0
[INFO] [stderr]    Compiling openssl-sys v0.9.104
[INFO] [stderr]     Checking signal-hook-registry v1.4.2
[INFO] [stderr]     Checking socket2 v0.5.7
[INFO] [stderr]    Compiling syn v2.0.85
[INFO] [stderr]     Checking mio v1.0.2
[INFO] [stderr]     Checking parking_lot v0.12.3
[INFO] [stderr]     Checking indexmap v2.6.0
[INFO] [stderr]     Checking arc-swap v1.7.1
[INFO] [stderr]     Checking memo-map v0.3.3
[INFO] [stderr]     Checking iana-time-zone v0.1.61
[INFO] [stderr]     Checking ipnet v2.10.1
[INFO] [stderr]     Checking self_cell v1.0.4
[INFO] [stderr]     Checking matchit v0.7.3
[INFO] [stderr]     Checking unicode-normalization v0.1.24
[INFO] [stderr]     Checking http-body v1.0.1
[INFO] [stderr]     Checking tower-http v0.6.1
[INFO] [stderr]     Checking glob-match v0.2.1
[INFO] [stderr]     Checking chrono v0.4.38
[INFO] [stderr]     Checking idna v0.5.0
[INFO] [stderr]     Checking url v2.5.2
[INFO] [stderr]     Checking serde_spanned v0.6.8
[INFO] [stderr]     Checking serde_urlencoded v0.7.1
[INFO] [stderr]     Checking toml_datetime v0.6.8
[INFO] [stderr]     Checking serde_path_to_error v0.1.16
[INFO] [stderr]     Checking minijinja v2.4.0
[INFO] [stderr]     Checking toml_edit v0.22.22
[INFO] [stderr]     Checking http-body-util v0.1.2
[INFO] [stdout] error[E0283]: type annotations needed
[INFO] [stdout]    --> /opt/rustwide/cargo-home/registry/src/index.crates.io-1949cf8c6b5b557f/minijinja-2.4.0/src/environment.rs:701:34
[INFO] [stdout]     |
[INFO] [stdout] 701 |             .insert(name.into(), filters::BoxedFilter::new(f));
[INFO] [stdout]     |                                  ^^^^^^^^^^^^^^^^^^^^^^^^^ - type must be known at this point
[INFO] [stdout]     |                                  |
[INFO] [stdout]     |                                  cannot infer type of the type parameter `Args` declared on the associated function `new`
[INFO] [stdout]     |
[INFO] [stdout]     = note: cannot satisfy `F: filters::Filter<Rv, _>`
[INFO] [stdout]     = help: `Func` implements trait `filters::Filter<Rv, Args>`:
[INFO] [stdout]               filters::Filter<Rv, ()>
[INFO] [stdout]               filters::Filter<Rv, (A, B)>
[INFO] [stdout]               filters::Filter<Rv, (A, B, C)>
[INFO] [stdout]               filters::Filter<Rv, (A, B, C, D)>
[INFO] [stdout]               filters::Filter<Rv, (A, B, C, D, E)>
[INFO] [stdout]               filters::Filter<Rv, (A,)>
[INFO] [stdout] note: required by a bound in `BoxedFilter::new`
[INFO] [stdout]    --> /opt/rustwide/cargo-home/registry/src/index.crates.io-1949cf8c6b5b557f/minijinja-2.4.0/src/filters.rs:238:12
[INFO] [stdout]     |
[INFO] [stdout] 234 | impl BoxedFilter {
[INFO] [stdout] 235 |     /// Creates a new boxed filter.
[INFO] [stdout] 236 |     pub fn new<F, Rv, Args>(f: F) -> BoxedFilter
[INFO] [stdout] 237 |     where
[INFO] [stdout] 238 |         F: Filter<Rv, Args> + for<'a> Filter<Rv, <Args as FunctionArgs<'a>>::Output>,
[INFO] [stdout]     |            ^^^^^^^^^^^^^^^^ required by this bound in `BoxedFilter::new`
[INFO] [stdout] help: consider specifying the generic arguments
[INFO] [stdout]     |
[INFO] [stdout] 701 |             .insert(name.into(), filters::BoxedFilter::new::<F, Rv, Args>(f));
[INFO] [stdout]     |                                                           +++++++++++++++
[INFO] [stdout] 
[INFO] [stdout] 
[INFO] [stdout] error[E0283]: type annotations needed
[INFO] [stdout]    --> /opt/rustwide/cargo-home/registry/src/index.crates.io-1949cf8c6b5b557f/minijinja-2.4.0/src/environment.rs:722:40
[INFO] [stdout]     |
[INFO] [stdout] 722 |         self.tests.insert(name.into(), tests::BoxedTest::new(f));
[INFO] [stdout]     |                                        ^^^^^^^^^^^^^^^^^^^^^ - type must be known at this point
[INFO] [stdout]     |                                        |
[INFO] [stdout]     |                                        cannot infer type of the type parameter `Args` declared on the associated function `new`
[INFO] [stdout]     |
[INFO] [stdout]     = note: cannot satisfy `F: tests::Test<Rv, _>`
[INFO] [stdout]     = help: `Func` implements trait `tests::Test<Rv, Args>`:
[INFO] [stdout]               tests::Test<Rv, ()>
[INFO] [stdout]               tests::Test<Rv, (A, B)>
[INFO] [stdout]               tests::Test<Rv, (A, B, C)>
[INFO] [stdout]               tests::Test<Rv, (A, B, C, D)>
[INFO] [stdout]               tests::Test<Rv, (A, B, C, D, E)>
[INFO] [stdout]               tests::Test<Rv, (A,)>
[INFO] [stdout] note: required by a bound in `BoxedTest::new`
[INFO] [stdout]    --> /opt/rustwide/cargo-home/registry/src/index.crates.io-1949cf8c6b5b557f/minijinja-2.4.0/src/tests.rs:184:12
[INFO] [stdout]     |
[INFO] [stdout] 180 | impl BoxedTest {
[INFO] [stdout] 181 |     /// Creates a new boxed filter.
[INFO] [stdout] 182 |     pub fn new<F, Rv, Args>(f: F) -> BoxedTest
[INFO] [stdout] 183 |     where
[INFO] [stdout] 184 |         F: Test<Rv, Args> + for<'a> Test<Rv, <Args as FunctionArgs<'a>>::Output>,
[INFO] [stdout]     |            ^^^^^^^^^^^^^^ required by this bound in `BoxedTest::new`
[INFO] [stdout] help: consider specifying the generic arguments
[INFO] [stdout]     |
[INFO] [stdout] 722 |         self.tests.insert(name.into(), tests::BoxedTest::new::<F, Rv, Args>(f));
[INFO] [stdout]     |                                                             +++++++++++++++
[INFO] [stdout] 
[INFO] [stdout] 
[INFO] [stdout] error[E0283]: type annotations needed
[INFO] [stdout]    --> /opt/rustwide/cargo-home/registry/src/index.crates.io-1949cf8c6b5b557f/minijinja-2.4.0/src/environment.rs:745:38
[INFO] [stdout]     |
[INFO] [stdout] 745 |         self.add_global(name.into(), Value::from_function(f))
[INFO] [stdout]     |                                      ^^^^^^^^^^^^^^^^^^^^ - type must be known at this point
[INFO] [stdout]     |                                      |
[INFO] [stdout]     |                                      cannot infer type of the type parameter `Args` declared on the associated function `from_function`
[INFO] [stdout]     |
[INFO] [stdout]     = note: cannot satisfy `F: Function<Rv, _>`
[INFO] [stdout]     = help: `Func` implements trait `Function<Rv, Args>`:
[INFO] [stdout]               Function<Rv, ()>
[INFO] [stdout]               Function<Rv, (A, B)>
[INFO] [stdout]               Function<Rv, (A, B, C)>
[INFO] [stdout]               Function<Rv, (A, B, C, D)>
[INFO] [stdout]               Function<Rv, (A, B, C, D, E)>
[INFO] [stdout]               Function<Rv, (A,)>
[INFO] [stdout] note: required by a bound in `value::Value::from_function`
[INFO] [stdout]    --> /opt/rustwide/cargo-home/registry/src/index.crates.io-1949cf8c6b5b557f/minijinja-2.4.0/src/value/mod.rs:958:12
[INFO] [stdout]     |
[INFO] [stdout] 677 | impl Value {
[INFO] [stdout] ...
[INFO] [stdout] 955 |     pub fn from_function<F, Rv, Args>(f: F) -> Value
[INFO] [stdout] ...
[INFO] [stdout] 958 |         F: functions::Function<Rv, Args>
[INFO] [stdout]     |            ^^^^^^^^^^^^^^^^^^^^^^^^^^^^^ required by this bound in `Value::from_function`
[INFO] [stdout] help: consider specifying the generic arguments
[INFO] [stdout]     |
[INFO] [stdout] 745 |         self.add_global(name.into(), Value::from_function::<F, Rv, Args>(f))
[INFO] [stdout]     |                                                          +++++++++++++++
[INFO] [stdout] 
[INFO] [stdout] 
[INFO] [stderr]    Compiling tokio-macros v2.4.0
[INFO] [stderr]    Compiling openssl-macros v0.1.1
[INFO] [stderr]    Compiling pin-project-internal v1.1.7
[INFO] [stderr]    Compiling async-trait v0.1.83
[INFO] [stderr]    Compiling clap_derive v4.5.18
[INFO] [stderr]    Compiling serde_derive v1.0.213
[INFO] [stderr]     Checking tokio v1.41.0
[INFO] [stdout] error[E0283]: type annotations needed
[INFO] [stdout]    --> /opt/rustwide/cargo-home/registry/src/index.crates.io-1949cf8c6b5b557f/minijinja-2.4.0/src/value/mod.rs:963:9
[INFO] [stdout]     |
[INFO] [stdout] 963 |         functions::BoxedFunction::new(f).to_value()
[INFO] [stdout]     |         ^^^^^^^^^^^^^^^^^^^^^^^^^^^^^ - type must be known at this point
[INFO] [stdout]     |         |
[INFO] [stdout]     |         cannot infer type of the type parameter `Args` declared on the associated function `new`
[INFO] [stdout]     |
[INFO] [stdout]     = note: cannot satisfy `F: Function<Rv, _>`
[INFO] [stdout]     = help: `Func` implements trait `Function<Rv, Args>`:
[INFO] [stdout]               Function<Rv, ()>
[INFO] [stdout]               Function<Rv, (A, B)>
[INFO] [stdout]               Function<Rv, (A, B, C)>
[INFO] [stdout]               Function<Rv, (A, B, C, D)>
[INFO] [stdout]               Function<Rv, (A, B, C, D, E)>
[INFO] [stdout]               Function<Rv, (A,)>
[INFO] [stdout] note: required by a bound in `BoxedFunction::new`
[INFO] [stdout]    --> /opt/rustwide/cargo-home/registry/src/index.crates.io-1949cf8c6b5b557f/minijinja-2.4.0/src/functions.rs:213:12
[INFO] [stdout]     |
[INFO] [stdout] 209 | impl BoxedFunction {
[INFO] [stdout] 210 |     /// Creates a new boxed filter.
[INFO] [stdout] 211 |     pub fn new<F, Rv, Args>(f: F) -> BoxedFunction
[INFO] [stdout] 212 |     where
[INFO] [stdout] 213 |         F: Function<Rv, Args> + for<'a> Function<Rv, <Args as FunctionArgs<'a>>::Output>,
[INFO] [stdout]     |            ^^^^^^^^^^^^^^^^^^ required by this bound in `BoxedFunction::new`
[INFO] [stdout] help: consider specifying the generic arguments
[INFO] [stdout]     |
[INFO] [stdout] 963 |         functions::BoxedFunction::new::<F, Rv, Args>(f).to_value()
[INFO] [stdout]     |                                      +++++++++++++++
[INFO] [stdout] 
[INFO] [stdout] 
[INFO] [stderr]     Checking axum-core v0.4.5
[INFO] [stderr]     Checking pin-project v1.1.7
[INFO] [stderr]     Checking tower v0.4.13
[INFO] [stderr]     Checking toml v0.8.19
[INFO] [stdout] For more information about this error, try `rustc --explain E0283`.
[INFO] [stdout] 
[INFO] [stderr] error: could not compile `minijinja` (lib) due to 4 previous errors
[INFO] [stderr] warning: build failed, waiting for other jobs to finish...
[INFO] running `Command { std: "docker" "inspect" "eeea7bfb8d920ed207c0e23dc1cee328cbf6406d1c164fb45784f4d8ad1751c6", kill_on_drop: false }`
[INFO] running `Command { std: "docker" "rm" "-f" "eeea7bfb8d920ed207c0e23dc1cee328cbf6406d1c164fb45784f4d8ad1751c6", kill_on_drop: false }`
[INFO] [stdout] eeea7bfb8d920ed207c0e23dc1cee328cbf6406d1c164fb45784f4d8ad1751c6
