[INFO] fetching crate cargo-color-gen 0.2.1...
[INFO] checking cargo-color-gen-0.2.1 against 3154cc1a3e6424e44f438a95007d043ed5ceaaf6 for pr-133502-30
[INFO] extracting crate cargo-color-gen 0.2.1 into /workspace/builds/worker-1-tc2/source
[INFO] started tweaking crates.io crate cargo-color-gen 0.2.1
[INFO] removed 0 missing examples
[INFO] removed 0 missing tests
[INFO] finished tweaking crates.io crate cargo-color-gen 0.2.1
[INFO] tweaked toml for crates.io crate cargo-color-gen 0.2.1 written to /workspace/builds/worker-1-tc2/source/Cargo.toml
[INFO] validating manifest of crates.io crate cargo-color-gen 0.2.1 on toolchain 3154cc1a3e6424e44f438a95007d043ed5ceaaf6
[INFO] running `Command { std: CARGO_HOME="/workspace/cargo-home" RUSTUP_HOME="/workspace/rustup-home" "/workspace/cargo-home/bin/cargo" "+3154cc1a3e6424e44f438a95007d043ed5ceaaf6" "metadata" "--manifest-path" "Cargo.toml" "--no-deps", kill_on_drop: false }`
[INFO] crate crates.io crate cargo-color-gen 0.2.1 already has a lockfile, it will not be regenerated
[INFO] running `Command { std: CARGO_HOME="/workspace/cargo-home" RUSTUP_HOME="/workspace/rustup-home" "/workspace/cargo-home/bin/cargo" "+3154cc1a3e6424e44f438a95007d043ed5ceaaf6" "fetch" "--manifest-path" "Cargo.toml", kill_on_drop: false }`
[INFO] running `Command { std: "docker" "create" "-v" "/var/lib/crater-agent-workspace/builds/worker-1-tc2/source:/opt/rustwide/workdir:ro,Z" "-v" "/var/lib/crater-agent-workspace/builds/worker-1-tc2/target:/opt/rustwide/target:rw,Z" "-v" "/var/lib/crater-agent-workspace/cargo-home:/opt/rustwide/cargo-home:ro,Z" "-v" "/var/lib/crater-agent-workspace/rustup-home:/opt/rustwide/rustup-home:ro,Z" "-m" "1610612736" "--network" "none" "ghcr.io/rust-lang/crates-build-env/linux@sha256:77db811e55d90add9212f6832c23229e3de5f1c1f9905e8cb07319ea15df73ac" "sleep" "infinity", kill_on_drop: false }`
[INFO] [stdout] 240e32dae89c67acd542ffbfe7f78132d7d90dfc3edd54d429434ae0a2b9eb60
[INFO] running `Command { std: "docker" "start" "240e32dae89c67acd542ffbfe7f78132d7d90dfc3edd54d429434ae0a2b9eb60", kill_on_drop: false }`
[INFO] running `Command { std: "docker" "inspect" "240e32dae89c67acd542ffbfe7f78132d7d90dfc3edd54d429434ae0a2b9eb60", kill_on_drop: false }`
[INFO] running `Command { std: "docker" "exec" "-e" "SOURCE_DIR=/opt/rustwide/workdir" "-e" "CARGO_HOME=/opt/rustwide/cargo-home" "-e" "RUSTUP_HOME=/opt/rustwide/rustup-home" "-e" "CARGO_TARGET_DIR=/opt/rustwide/target" "-w" "/opt/rustwide/workdir" "--user" "0:0" "240e32dae89c67acd542ffbfe7f78132d7d90dfc3edd54d429434ae0a2b9eb60" "/opt/rustwide/cargo-home/bin/cargo" "+3154cc1a3e6424e44f438a95007d043ed5ceaaf6" "metadata" "--no-deps" "--format-version=1", kill_on_drop: false }`
[INFO] running `Command { std: "docker" "inspect" "240e32dae89c67acd542ffbfe7f78132d7d90dfc3edd54d429434ae0a2b9eb60", kill_on_drop: false }`
[INFO] running `Command { std: "docker" "exec" "-e" "SOURCE_DIR=/opt/rustwide/workdir" "-e" "CARGO_HOME=/opt/rustwide/cargo-home" "-e" "RUSTUP_HOME=/opt/rustwide/rustup-home" "-e" "CARGO_TARGET_DIR=/opt/rustwide/target" "-e" "CARGO_INCREMENTAL=0" "-e" "RUST_BACKTRACE=full" "-e" "RUSTFLAGS=--cap-lints=forbid" "-e" "RUSTDOCFLAGS=--cap-lints=forbid" "-w" "/opt/rustwide/workdir" "--user" "0:0" "240e32dae89c67acd542ffbfe7f78132d7d90dfc3edd54d429434ae0a2b9eb60" "/opt/rustwide/cargo-home/bin/cargo" "+3154cc1a3e6424e44f438a95007d043ed5ceaaf6" "check" "--frozen" "--all" "--all-targets" "--message-format=json", kill_on_drop: false }`
[INFO] [stderr]    Compiling proc-macro2 v1.0.94
[INFO] [stderr]    Compiling unicode-ident v1.0.18
[INFO] [stderr]     Checking cfg-if v1.0.0
[INFO] [stderr]    Compiling libc v0.2.171
[INFO] [stderr]    Compiling serde v1.0.219
[INFO] [stderr]    Compiling crunchy v0.2.3
[INFO] [stderr]     Checking once_cell v1.21.3
[INFO] [stderr]    Compiling autocfg v1.4.0
[INFO] [stderr]    Compiling tiny-keccak v2.0.2
[INFO] [stderr]    Compiling zerocopy v0.8.24
[INFO] [stderr]     Checking pin-project-lite v0.2.16
[INFO] [stderr]    Compiling hashbrown v0.15.2
[INFO] [stderr]    Compiling winnow v0.7.4
[INFO] [stderr]    Compiling toml_datetime v0.6.8
[INFO] [stderr]    Compiling ahash v0.8.11
[INFO] [stderr]    Compiling crossbeam-utils v0.8.21
[INFO] [stderr]     Checking zerocopy v0.7.35
[INFO] [stderr]    Compiling typeid v1.0.3
[INFO] [stderr]     Checking allocator-api2 v0.2.21
[INFO] [stderr]     Checking smallvec v1.15.0
[INFO] [stderr]    Compiling cfg_aliases v0.2.1
[INFO] [stderr]     Checking bevy_ptr v0.15.3
[INFO] [stderr]     Checking tracing-core v0.1.33
[INFO] [stderr]     Checking thread_local v1.1.8
[INFO] [stderr]     Checking futures-io v0.3.31
[INFO] [stderr]     Checking disqualified v1.0.0
[INFO] [stderr]     Checking futures-core v0.3.31
[INFO] [stderr]     Checking fastrand v2.3.0
[INFO] [stderr]    Compiling nix v0.29.0
[INFO] [stderr]     Checking bitflags v2.9.0
[INFO] [stderr]     Checking fixedbitset v0.4.2
[INFO] [stderr]     Checking fixedbitset v0.5.7
[INFO] [stderr]    Compiling slab v0.4.9
[INFO] [stderr]     Checking futures-lite v2.6.0
[INFO] [stderr]     Checking nonmax v0.5.5
[INFO] [stderr]    Compiling libm v0.2.11
[INFO] [stderr]     Checking memchr v2.7.4
[INFO] [stderr]     Checking concurrent-queue v2.5.0
[INFO] [stderr]    Compiling num-traits v0.2.19
[INFO] [stderr]    Compiling quote v1.0.40
[INFO] [stderr]     Checking tracing v0.1.41
[INFO] [stderr]     Checking regex-syntax v0.8.5
[INFO] [stderr]     Checking uuid v1.12.1
[INFO] [stderr]     Checking either v1.15.0
[INFO] [stderr]    Compiling syn v2.0.100
[INFO] [stderr]     Checking regex-syntax v0.6.29
[INFO] [stderr]     Checking utf8parse v0.2.2
[INFO] [stderr]     Checking itertools v0.13.0
[INFO] [stderr]    Compiling indexmap v2.9.0
[INFO] [stderr]     Checking anstyle-parse v0.2.6
[INFO] [stderr]     Checking anstyle v1.0.10
[INFO] [stderr]     Checking colorchoice v1.0.3
[INFO] [stderr]     Checking aho-corasick v1.1.3
[INFO] [stderr]     Checking log v0.4.27
[INFO] [stderr]    Compiling getrandom v0.2.15
[INFO] [stderr]     Checking anstyle-query v1.1.2
[INFO] [stderr]     Checking overload v0.1.1
[INFO] [stderr]     Checking is_terminal_polyfill v1.70.1
[INFO] [stderr]     Checking nu-ansi-term v0.46.0
[INFO] [stderr]    Compiling const-random-macro v0.1.16
[INFO] [stderr]     Checking const-random v0.1.18
[INFO] [stderr]     Checking anstream v0.6.18
[INFO] [stderr]     Checking sharded-slab v0.1.7
[INFO] [stderr]     Checking tracing-log v0.2.0
[INFO] [stderr]     Checking crossbeam-channel v0.5.14
[INFO] [stderr]    Compiling serde_json v1.0.140
[INFO] [stderr]     Checking strsim v0.11.1
[INFO] [stderr]    Compiling prettyplease v0.2.32
[INFO] [stderr]     Checking async-executor v1.13.1
[INFO] [stderr]     Checking clap_lex v0.7.4
[INFO] [stderr]     Checking const_panic v0.2.12
[INFO] [stderr]    Compiling anyhow v1.0.97
[INFO] [stderr]     Checking petgraph v0.6.5
[INFO] [stderr]     Checking bevy_tasks v0.15.3
[INFO] [stderr]     Checking clap_builder v4.5.35
[INFO] [stderr]     Checking ryu v1.0.20
[INFO] [stderr]     Checking itoa v1.0.15
[INFO] [stderr]     Checking const-fnv1a-hash v1.1.0
[INFO] [stderr]     Checking rand_core v0.6.4
[INFO] [stderr]     Checking ppv-lite86 v0.2.21
[INFO] [stderr]     Checking regex-automata v0.4.9
[INFO] [stderr]     Checking regex-automata v0.1.10
[INFO] [stderr]     Checking rand_chacha v0.3.1
[INFO] [stderr]    Compiling toml_edit v0.22.24
[INFO] [stderr]     Checking rand v0.8.5
[INFO] [stderr]     Checking ctrlc v3.4.6
[INFO] [stderr]     Checking matchers v0.1.0
[INFO] [stderr]     Checking rand_distr v0.4.3
[INFO] [stderr]     Checking regex v1.11.1
[INFO] [stderr]     Checking tracing-subscriber v0.3.19
[INFO] [stderr]    Compiling encase_derive_impl v0.10.0
[INFO] [stderr]    Compiling bevy_macro_utils v0.15.3
[INFO] [stderr]    Compiling serde_derive v1.0.219
[INFO] [stderr]    Compiling bytemuck_derive v1.9.3
[INFO] [stderr]    Compiling bevy_utils_proc_macros v0.15.3
[INFO] [stderr]    Compiling derive_more-impl v1.0.0
[INFO] [stderr]    Compiling assert_type_match v0.1.1
[INFO] [stderr]    Compiling bevy_reflect_derive v0.15.3
[INFO] [stderr]    Compiling bevy_ecs_macros v0.15.3
[INFO] [stderr]    Compiling bevy_derive v0.15.3
[INFO] [stderr]    Compiling thiserror-impl v1.0.69
[INFO] [stderr]    Compiling clap_derive v4.5.32
[INFO] [stderr]    Compiling encase_derive v0.10.0
[INFO] [stderr]     Checking bytemuck v1.22.0
[INFO] [stderr]     Checking thiserror v1.0.69
[INFO] [stderr]     Checking encase v0.10.0
[INFO] [stderr]     Checking clap v4.5.35
[INFO] [stderr]     Checking derive_more v1.0.0
[INFO] [stderr]     Checking hashbrown v0.14.5
[INFO] [stderr]     Checking glam v0.29.3
[INFO] [stderr]     Checking erased-serde v0.4.6
[INFO] [stderr]     Checking smol_str v0.2.2
[INFO] [stderr]     Checking bevy_utils v0.15.3
[INFO] [stderr]     Checking cargo-color-gen v0.2.1 (/opt/rustwide/workdir)
[INFO] [stdout] warning: hiding a lifetime that's elided elsewhere is confusing
[INFO] [stdout]   --> src/tailwind.rs:17:28
[INFO] [stdout]    |
[INFO] [stdout] 17 |     pub fn to_token_colors(&self) -> Vec<TokenColor> {
[INFO] [stdout]    |                            ^^^^^         ^^^^^^^^^^ the same lifetime is hidden here
[INFO] [stdout]    |                            |
[INFO] [stdout]    |                            the lifetime is elided here
[INFO] [stdout]    |
[INFO] [stdout]    = help: the same lifetime is referred to in inconsistent ways, making the signature confusing
[INFO] [stdout]    = note: `#[warn(mismatched_lifetime_syntaxes)]` on by default
[INFO] [stdout] help: use `'_` for type paths
[INFO] [stdout]    |
[INFO] [stdout] 17 |     pub fn to_token_colors(&self) -> Vec<TokenColor<'_>> {
[INFO] [stdout]    |                                                    ++++
[INFO] [stdout] 
[INFO] [stdout] 
[INFO] [stderr]     Checking bevy_reflect v0.15.3
[INFO] [stderr]     Checking bevy_ecs v0.15.3
[INFO] [stderr]     Checking bevy_math v0.15.3
[INFO] [stderr]     Checking bevy_color v0.15.4
[INFO] [stdout] error[E0283]: type annotations needed
[INFO] [stdout]    --> /opt/rustwide/cargo-home/registry/src/index.crates.io-1949cf8c6b5b557f/bevy_ecs-0.15.3/src/system/exclusive_function_system.rs:280:17
[INFO] [stdout]     |
[INFO] [stdout] 220 | / macro_rules! impl_exclusive_system_function {
[INFO] [stdout] 221 | |     ($($param: ident),*) => {
[INFO] [stdout] 222 | |         #[allow(non_snake_case)]
[INFO] [stdout] 223 | |         impl<Out, Func, $($param: ExclusiveSystemParam),*> ExclusiveSystemParamFunction<fn($($param,)*) -> Out> for Func
[INFO] [stdout] ...   |
[INFO] [stdout] 280 | |                 call_inner(self, input, world, $($param),*)
[INFO] [stdout]     | |                 ^^^^^^^^^^^^^^^^^^^^^^^^^^^^^^^^^^^^^^^^^^^ cannot infer type
[INFO] [stdout] ...   |
[INFO] [stdout] 283 | |     };
[INFO] [stdout] 284 | | }
[INFO] [stdout]     | |_- this error originates in the macro `impl_exclusive_system_function` which comes from the expansion of the macro `all_tuples`
[INFO] [stdout] ...
[INFO] [stdout] 287 |   all_tuples!(impl_exclusive_system_function, 0, 16, F);
[INFO] [stdout]     |   ----------------------------------------------------- in this macro invocation
[INFO] [stdout]     |
[INFO] [stdout]     = note: the type must implement `input::SystemInput`
[INFO] [stdout]     = help: the following types implement trait `input::SystemInput`:
[INFO] [stdout]               ()
[INFO] [stdout]               StaticSystemInput<'a, I>
[INFO] [stdout]               input::In<T>
[INFO] [stdout]               input::InMut<'_, T>
[INFO] [stdout]               input::InRef<'_, T>
[INFO] [stdout]               observer::Trigger<'_, E, B>
[INFO] [stdout]     = note: cannot satisfy `for<'a> <In as input::SystemInput>::Param<'a> == _`
[INFO] [stdout]     = note: cannot satisfy `for<'a, 'b> &mut Func: FnOnce(<In as input::SystemInput>::Param<'a>, &'b mut world::World)`
[INFO] [stdout]     = note: cannot satisfy `<In as input::SystemInput>::Inner<'_> == <In as input::SystemInput>::Inner<'_>`
[INFO] [stdout] note: required by a bound in `<Func as exclusive_function_system::ExclusiveSystemParamFunction<(HasExclusiveSystemInput, fn(In) -> Out)>>::run::call_inner`
[INFO] [stdout]    --> /opt/rustwide/cargo-home/registry/src/index.crates.io-1949cf8c6b5b557f/bevy_ecs-0.15.3/src/system/exclusive_function_system.rs:271:35
[INFO] [stdout]     |
[INFO] [stdout] 271 |                 fn call_inner<In: SystemInput, Out, $($param,)*>(
[INFO] [stdout]     |                                   ^^^^^^^^^^^ required by this bound in `call_inner`
[INFO] [stdout] ...
[INFO] [stdout] 287 | all_tuples!(impl_exclusive_system_function, 0, 16, F);
[INFO] [stdout]     | ----------------------------------------------------- in this macro invocation
[INFO] [stdout] note: required by a bound in `<Func as exclusive_function_system::ExclusiveSystemParamFunction<(HasExclusiveSystemInput, fn(In) -> Out)>>::run::call_inner`
[INFO] [stdout]    --> /opt/rustwide/cargo-home/registry/src/index.crates.io-1949cf8c6b5b557f/bevy_ecs-0.15.3/src/system/exclusive_function_system.rs:272:82
[INFO] [stdout]     |
[INFO] [stdout] 271 |                 fn call_inner<In: SystemInput, Out, $($param,)*>(
[INFO] [stdout] 272 |                     mut f: impl FnMut(In::Param<'_>, &mut World, $($param,)*) -> Out,
[INFO] [stdout]     |                                                                                  ^^^ required by this bound in `call_inner`
[INFO] [stdout] ...
[INFO] [stdout] 287 | all_tuples!(impl_exclusive_system_function, 0, 16, F);
[INFO] [stdout]     | ----------------------------------------------------- in this macro invocation
[INFO] [stdout] 
[INFO] [stdout] 
[INFO] [stdout] error[E0283]: type annotations needed
[INFO] [stdout]    --> /opt/rustwide/cargo-home/registry/src/index.crates.io-1949cf8c6b5b557f/bevy_ecs-0.15.3/src/system/exclusive_function_system.rs:280:17
[INFO] [stdout]     |
[INFO] [stdout] 220 | / macro_rules! impl_exclusive_system_function {
[INFO] [stdout] 221 | |     ($($param: ident),*) => {
[INFO] [stdout] 222 | |         #[allow(non_snake_case)]
[INFO] [stdout] 223 | |         impl<Out, Func, $($param: ExclusiveSystemParam),*> ExclusiveSystemParamFunction<fn($($param,)*) -> Out> for Func
[INFO] [stdout] ...   |
[INFO] [stdout] 280 | |                 call_inner(self, input, world, $($param),*)
[INFO] [stdout]     | |                 ^^^^^^^^^^^^^^^^^^^^^^^^^^^^^^^^^^^^^^^^^^^ cannot infer type
[INFO] [stdout] ...   |
[INFO] [stdout] 283 | |     };
[INFO] [stdout] 284 | | }
[INFO] [stdout]     | |_- this error originates in the macro `impl_exclusive_system_function` which comes from the expansion of the macro `all_tuples`
[INFO] [stdout] ...
[INFO] [stdout] 287 |   all_tuples!(impl_exclusive_system_function, 0, 16, F);
[INFO] [stdout]     |   ----------------------------------------------------- in this macro invocation
[INFO] [stdout]     |
[INFO] [stdout]     = note: the type must implement `input::SystemInput`
[INFO] [stdout]     = help: the following types implement trait `input::SystemInput`:
[INFO] [stdout]               ()
[INFO] [stdout]               StaticSystemInput<'a, I>
[INFO] [stdout]               input::In<T>
[INFO] [stdout]               input::InMut<'_, T>
[INFO] [stdout]               input::InRef<'_, T>
[INFO] [stdout]               observer::Trigger<'_, E, B>
[INFO] [stdout]     = note: cannot satisfy `for<'a> <In as input::SystemInput>::Param<'a> == _`
[INFO] [stdout]     = note: cannot satisfy `&mut Func: FnOnce(<In as SystemInput>::Param<'a>, &mut World, _)`
[INFO] [stdout]     = note: cannot satisfy `<In as input::SystemInput>::Inner<'_> == <In as input::SystemInput>::Inner<'_>`
[INFO] [stdout] note: required by a bound in `<Func as exclusive_function_system::ExclusiveSystemParamFunction<(HasExclusiveSystemInput, fn(In, F0) -> Out)>>::run::call_inner`
[INFO] [stdout]    --> /opt/rustwide/cargo-home/registry/src/index.crates.io-1949cf8c6b5b557f/bevy_ecs-0.15.3/src/system/exclusive_function_system.rs:271:35
[INFO] [stdout]     |
[INFO] [stdout] 271 |                 fn call_inner<In: SystemInput, Out, $($param,)*>(
[INFO] [stdout]     |                                   ^^^^^^^^^^^ required by this bound in `call_inner`
[INFO] [stdout] ...
[INFO] [stdout] 287 | all_tuples!(impl_exclusive_system_function, 0, 16, F);
[INFO] [stdout]     | ----------------------------------------------------- in this macro invocation
[INFO] [stdout] note: required by a bound in `<Func as exclusive_function_system::ExclusiveSystemParamFunction<(HasExclusiveSystemInput, fn(In, F0) -> Out)>>::run::call_inner`
[INFO] [stdout]    --> /opt/rustwide/cargo-home/registry/src/index.crates.io-1949cf8c6b5b557f/bevy_ecs-0.15.3/src/system/exclusive_function_system.rs:272:82
[INFO] [stdout]     |
[INFO] [stdout] 271 |                 fn call_inner<In: SystemInput, Out, $($param,)*>(
[INFO] [stdout] 272 |                     mut f: impl FnMut(In::Param<'_>, &mut World, $($param,)*) -> Out,
[INFO] [stdout]     |                                                                                  ^^^ required by this bound in `call_inner`
[INFO] [stdout] ...
[INFO] [stdout] 287 | all_tuples!(impl_exclusive_system_function, 0, 16, F);
[INFO] [stdout]     | ----------------------------------------------------- in this macro invocation
[INFO] [stdout]     = note: the full name for the type has been written to '/opt/rustwide/target/debug/build/bevy_ecs/f73a3e33d347ab64/out/bevy_ecs-f73a3e33d347ab64.long-type-15794486843646203202.txt'
[INFO] [stdout]     = note: consider using `--verbose` to print the full type name to the console
[INFO] [stdout] 
[INFO] [stdout] 
[INFO] [stdout] error[E0283]: type annotations needed
[INFO] [stdout]    --> /opt/rustwide/cargo-home/registry/src/index.crates.io-1949cf8c6b5b557f/bevy_ecs-0.15.3/src/system/exclusive_function_system.rs:280:17
[INFO] [stdout]     |
[INFO] [stdout] 220 | / macro_rules! impl_exclusive_system_function {
[INFO] [stdout] 221 | |     ($($param: ident),*) => {
[INFO] [stdout] 222 | |         #[allow(non_snake_case)]
[INFO] [stdout] 223 | |         impl<Out, Func, $($param: ExclusiveSystemParam),*> ExclusiveSystemParamFunction<fn($($param,)*) -> Out> for Func
[INFO] [stdout] ...   |
[INFO] [stdout] 280 | |                 call_inner(self, input, world, $($param),*)
[INFO] [stdout]     | |                 ^^^^^^^^^^^^^^^^^^^^^^^^^^^^^^^^^^^^^^^^^^^ cannot infer type
[INFO] [stdout] ...   |
[INFO] [stdout] 283 | |     };
[INFO] [stdout] 284 | | }
[INFO] [stdout]     | |_- this error originates in the macro `impl_exclusive_system_function` which comes from the expansion of the macro `all_tuples`
[INFO] [stdout] ...
[INFO] [stdout] 287 |   all_tuples!(impl_exclusive_system_function, 0, 16, F);
[INFO] [stdout]     |   ----------------------------------------------------- in this macro invocation
[INFO] [stdout]     |
[INFO] [stdout]     = note: the type must implement `input::SystemInput`
[INFO] [stdout]     = help: the following types implement trait `input::SystemInput`:
[INFO] [stdout]               ()
[INFO] [stdout]               StaticSystemInput<'a, I>
[INFO] [stdout]               input::In<T>
[INFO] [stdout]               input::InMut<'_, T>
[INFO] [stdout]               input::InRef<'_, T>
[INFO] [stdout]               observer::Trigger<'_, E, B>
[INFO] [stdout]     = note: cannot satisfy `for<'a> <In as input::SystemInput>::Param<'a> == _`
[INFO] [stdout]     = note: cannot satisfy `&mut Func: FnOnce(<In as SystemInput>::Param<'a>, &mut World, _, _)`
[INFO] [stdout]     = note: cannot satisfy `<In as input::SystemInput>::Inner<'_> == <In as input::SystemInput>::Inner<'_>`
[INFO] [stdout] note: required by a bound in `<Func as exclusive_function_system::ExclusiveSystemParamFunction<(HasExclusiveSystemInput, fn(In, F0, F1) -> Out)>>::run::call_inner`
[INFO] [stdout]    --> /opt/rustwide/cargo-home/registry/src/index.crates.io-1949cf8c6b5b557f/bevy_ecs-0.15.3/src/system/exclusive_function_system.rs:271:35
[INFO] [stdout]     |
[INFO] [stdout] 271 |                 fn call_inner<In: SystemInput, Out, $($param,)*>(
[INFO] [stdout]     |                                   ^^^^^^^^^^^ required by this bound in `call_inner`
[INFO] [stdout] ...
[INFO] [stdout] 287 | all_tuples!(impl_exclusive_system_function, 0, 16, F);
[INFO] [stdout]     | ----------------------------------------------------- in this macro invocation
[INFO] [stdout] note: required by a bound in `<Func as exclusive_function_system::ExclusiveSystemParamFunction<(HasExclusiveSystemInput, fn(In, F0, F1) -> Out)>>::run::call_inner`
[INFO] [stdout]    --> /opt/rustwide/cargo-home/registry/src/index.crates.io-1949cf8c6b5b557f/bevy_ecs-0.15.3/src/system/exclusive_function_system.rs:272:82
[INFO] [stdout]     |
[INFO] [stdout] 271 |                 fn call_inner<In: SystemInput, Out, $($param,)*>(
[INFO] [stdout] 272 |                     mut f: impl FnMut(In::Param<'_>, &mut World, $($param,)*) -> Out,
[INFO] [stdout]     |                                                                                  ^^^ required by this bound in `call_inner`
[INFO] [stdout] ...
[INFO] [stdout] 287 | all_tuples!(impl_exclusive_system_function, 0, 16, F);
[INFO] [stdout]     | ----------------------------------------------------- in this macro invocation
[INFO] [stdout]     = note: the full name for the type has been written to '/opt/rustwide/target/debug/build/bevy_ecs/f73a3e33d347ab64/out/bevy_ecs-f73a3e33d347ab64.long-type-11939280774992951050.txt'
[INFO] [stdout]     = note: consider using `--verbose` to print the full type name to the console
[INFO] [stdout] 
[INFO] [stdout] 
[INFO] [stdout] error[E0283]: type annotations needed
[INFO] [stdout]    --> /opt/rustwide/cargo-home/registry/src/index.crates.io-1949cf8c6b5b557f/bevy_ecs-0.15.3/src/system/exclusive_function_system.rs:280:17
[INFO] [stdout]     |
[INFO] [stdout] 220 | / macro_rules! impl_exclusive_system_function {
[INFO] [stdout] 221 | |     ($($param: ident),*) => {
[INFO] [stdout] 222 | |         #[allow(non_snake_case)]
[INFO] [stdout] 223 | |         impl<Out, Func, $($param: ExclusiveSystemParam),*> ExclusiveSystemParamFunction<fn($($param,)*) -> Out> for Func
[INFO] [stdout] ...   |
[INFO] [stdout] 280 | |                 call_inner(self, input, world, $($param),*)
[INFO] [stdout]     | |                 ^^^^^^^^^^^^^^^^^^^^^^^^^^^^^^^^^^^^^^^^^^^ cannot infer type
[INFO] [stdout] ...   |
[INFO] [stdout] 283 | |     };
[INFO] [stdout] 284 | | }
[INFO] [stdout]     | |_- this error originates in the macro `impl_exclusive_system_function` which comes from the expansion of the macro `all_tuples`
[INFO] [stdout] ...
[INFO] [stdout] 287 |   all_tuples!(impl_exclusive_system_function, 0, 16, F);
[INFO] [stdout]     |   ----------------------------------------------------- in this macro invocation
[INFO] [stdout]     |
[INFO] [stdout]     = note: the type must implement `input::SystemInput`
[INFO] [stdout]     = help: the following types implement trait `input::SystemInput`:
[INFO] [stdout]               ()
[INFO] [stdout]               StaticSystemInput<'a, I>
[INFO] [stdout]               input::In<T>
[INFO] [stdout]               input::InMut<'_, T>
[INFO] [stdout]               input::InRef<'_, T>
[INFO] [stdout]               observer::Trigger<'_, E, B>
[INFO] [stdout]     = note: cannot satisfy `for<'a> <In as input::SystemInput>::Param<'a> == _`
[INFO] [stdout]     = note: cannot satisfy `&mut Func: FnOnce(<In as SystemInput>::Param<'a>, &mut World, _, _, _)`
[INFO] [stdout]     = note: cannot satisfy `<In as input::SystemInput>::Inner<'_> == <In as input::SystemInput>::Inner<'_>`
[INFO] [stdout] note: required by a bound in `<Func as exclusive_function_system::ExclusiveSystemParamFunction<(HasExclusiveSystemInput, fn(In, F0, F1, F2) -> Out)>>::run::call_inner`
[INFO] [stdout]    --> /opt/rustwide/cargo-home/registry/src/index.crates.io-1949cf8c6b5b557f/bevy_ecs-0.15.3/src/system/exclusive_function_system.rs:271:35
[INFO] [stdout]     |
[INFO] [stdout] 271 |                 fn call_inner<In: SystemInput, Out, $($param,)*>(
[INFO] [stdout]     |                                   ^^^^^^^^^^^ required by this bound in `call_inner`
[INFO] [stdout] ...
[INFO] [stdout] 287 | all_tuples!(impl_exclusive_system_function, 0, 16, F);
[INFO] [stdout]     | ----------------------------------------------------- in this macro invocation
[INFO] [stdout] note: required by a bound in `<Func as exclusive_function_system::ExclusiveSystemParamFunction<(HasExclusiveSystemInput, fn(In, F0, F1, F2) -> Out)>>::run::call_inner`
[INFO] [stdout]    --> /opt/rustwide/cargo-home/registry/src/index.crates.io-1949cf8c6b5b557f/bevy_ecs-0.15.3/src/system/exclusive_function_system.rs:272:82
[INFO] [stdout]     |
[INFO] [stdout] 271 |                 fn call_inner<In: SystemInput, Out, $($param,)*>(
[INFO] [stdout] 272 |                     mut f: impl FnMut(In::Param<'_>, &mut World, $($param,)*) -> Out,
[INFO] [stdout]     |                                                                                  ^^^ required by this bound in `call_inner`
[INFO] [stdout] ...
[INFO] [stdout] 287 | all_tuples!(impl_exclusive_system_function, 0, 16, F);
[INFO] [stdout]     | ----------------------------------------------------- in this macro invocation
[INFO] [stdout]     = note: the full name for the type has been written to '/opt/rustwide/target/debug/build/bevy_ecs/f73a3e33d347ab64/out/bevy_ecs-f73a3e33d347ab64.long-type-1507104188535472012.txt'
[INFO] [stdout]     = note: consider using `--verbose` to print the full type name to the console
[INFO] [stdout] 
[INFO] [stdout] 
[INFO] [stdout] error[E0283]: type annotations needed
[INFO] [stdout]    --> /opt/rustwide/cargo-home/registry/src/index.crates.io-1949cf8c6b5b557f/bevy_ecs-0.15.3/src/system/exclusive_function_system.rs:280:17
[INFO] [stdout]     |
[INFO] [stdout] 220 | / macro_rules! impl_exclusive_system_function {
[INFO] [stdout] 221 | |     ($($param: ident),*) => {
[INFO] [stdout] 222 | |         #[allow(non_snake_case)]
[INFO] [stdout] 223 | |         impl<Out, Func, $($param: ExclusiveSystemParam),*> ExclusiveSystemParamFunction<fn($($param,)*) -> Out> for Func
[INFO] [stdout] ...   |
[INFO] [stdout] 280 | |                 call_inner(self, input, world, $($param),*)
[INFO] [stdout]     | |                 ^^^^^^^^^^^^^^^^^^^^^^^^^^^^^^^^^^^^^^^^^^^ cannot infer type
[INFO] [stdout] ...   |
[INFO] [stdout] 283 | |     };
[INFO] [stdout] 284 | | }
[INFO] [stdout]     | |_- this error originates in the macro `impl_exclusive_system_function` which comes from the expansion of the macro `all_tuples`
[INFO] [stdout] ...
[INFO] [stdout] 287 |   all_tuples!(impl_exclusive_system_function, 0, 16, F);
[INFO] [stdout]     |   ----------------------------------------------------- in this macro invocation
[INFO] [stdout]     |
[INFO] [stdout]     = note: the type must implement `input::SystemInput`
[INFO] [stdout]     = help: the following types implement trait `input::SystemInput`:
[INFO] [stdout]               ()
[INFO] [stdout]               StaticSystemInput<'a, I>
[INFO] [stdout]               input::In<T>
[INFO] [stdout]               input::InMut<'_, T>
[INFO] [stdout]               input::InRef<'_, T>
[INFO] [stdout]               observer::Trigger<'_, E, B>
[INFO] [stdout]     = note: cannot satisfy `for<'a> <In as input::SystemInput>::Param<'a> == _`
[INFO] [stdout]     = note: cannot satisfy `&mut Func: FnOnce(<In as SystemInput>::Param<'a>, _, _, _, _, _)`
[INFO] [stdout]     = note: cannot satisfy `<In as input::SystemInput>::Inner<'_> == <In as input::SystemInput>::Inner<'_>`
[INFO] [stdout] note: required by a bound in `<Func as exclusive_function_system::ExclusiveSystemParamFunction<(HasExclusiveSystemInput, fn(In, F0, F1, F2, F3) -> Out)>>::run::call_inner`
[INFO] [stdout]    --> /opt/rustwide/cargo-home/registry/src/index.crates.io-1949cf8c6b5b557f/bevy_ecs-0.15.3/src/system/exclusive_function_system.rs:271:35
[INFO] [stdout]     |
[INFO] [stdout] 271 |                 fn call_inner<In: SystemInput, Out, $($param,)*>(
[INFO] [stdout]     |                                   ^^^^^^^^^^^ required by this bound in `call_inner`
[INFO] [stdout] ...
[INFO] [stdout] 287 | all_tuples!(impl_exclusive_system_function, 0, 16, F);
[INFO] [stdout]     | ----------------------------------------------------- in this macro invocation
[INFO] [stdout] note: required by a bound in `<Func as exclusive_function_system::ExclusiveSystemParamFunction<(HasExclusiveSystemInput, fn(In, F0, F1, F2, F3) -> Out)>>::run::call_inner`
[INFO] [stdout]    --> /opt/rustwide/cargo-home/registry/src/index.crates.io-1949cf8c6b5b557f/bevy_ecs-0.15.3/src/system/exclusive_function_system.rs:272:82
[INFO] [stdout]     |
[INFO] [stdout] 271 |                 fn call_inner<In: SystemInput, Out, $($param,)*>(
[INFO] [stdout] 272 |                     mut f: impl FnMut(In::Param<'_>, &mut World, $($param,)*) -> Out,
[INFO] [stdout]     |                                                                                  ^^^ required by this bound in `call_inner`
[INFO] [stdout] ...
[INFO] [stdout] 287 | all_tuples!(impl_exclusive_system_function, 0, 16, F);
[INFO] [stdout]     | ----------------------------------------------------- in this macro invocation
[INFO] [stdout]     = note: the full name for the type has been written to '/opt/rustwide/target/debug/build/bevy_ecs/f73a3e33d347ab64/out/bevy_ecs-f73a3e33d347ab64.long-type-18408771183895849313.txt'
[INFO] [stdout]     = note: consider using `--verbose` to print the full type name to the console
[INFO] [stdout] 
[INFO] [stdout] 
[INFO] [stdout] error[E0283]: type annotations needed
[INFO] [stdout]    --> /opt/rustwide/cargo-home/registry/src/index.crates.io-1949cf8c6b5b557f/bevy_ecs-0.15.3/src/system/exclusive_function_system.rs:280:17
[INFO] [stdout]     |
[INFO] [stdout] 220 | / macro_rules! impl_exclusive_system_function {
[INFO] [stdout] 221 | |     ($($param: ident),*) => {
[INFO] [stdout] 222 | |         #[allow(non_snake_case)]
[INFO] [stdout] 223 | |         impl<Out, Func, $($param: ExclusiveSystemParam),*> ExclusiveSystemParamFunction<fn($($param,)*) -> Out> for Func
[INFO] [stdout] ...   |
[INFO] [stdout] 280 | |                 call_inner(self, input, world, $($param),*)
[INFO] [stdout]     | |                 ^^^^^^^^^^^^^^^^^^^^^^^^^^^^^^^^^^^^^^^^^^^ cannot infer type
[INFO] [stdout] ...   |
[INFO] [stdout] 283 | |     };
[INFO] [stdout] 284 | | }
[INFO] [stdout]     | |_- this error originates in the macro `impl_exclusive_system_function` which comes from the expansion of the macro `all_tuples`
[INFO] [stdout] ...
[INFO] [stdout] 287 |   all_tuples!(impl_exclusive_system_function, 0, 16, F);
[INFO] [stdout]     |   ----------------------------------------------------- in this macro invocation
[INFO] [stdout]     |
[INFO] [stdout]     = note: the type must implement `input::SystemInput`
[INFO] [stdout]     = help: the following types implement trait `input::SystemInput`:
[INFO] [stdout]               ()
[INFO] [stdout]               StaticSystemInput<'a, I>
[INFO] [stdout]               input::In<T>
[INFO] [stdout]               input::InMut<'_, T>
[INFO] [stdout]               input::InRef<'_, T>
[INFO] [stdout]               observer::Trigger<'_, E, B>
[INFO] [stdout]     = note: cannot satisfy `for<'a> <In as input::SystemInput>::Param<'a> == _`
[INFO] [stdout]     = note: cannot satisfy `&mut Func: FnOnce(<In as SystemInput>::Param<'a>, _, _, _, _, _, _)`
[INFO] [stdout]     = note: cannot satisfy `<In as input::SystemInput>::Inner<'_> == <In as input::SystemInput>::Inner<'_>`
[INFO] [stdout] note: required by a bound in `<Func as exclusive_function_system::ExclusiveSystemParamFunction<(HasExclusiveSystemInput, fn(In, F0, F1, F2, F3, F4) -> Out)>>::run::call_inner`
[INFO] [stdout]    --> /opt/rustwide/cargo-home/registry/src/index.crates.io-1949cf8c6b5b557f/bevy_ecs-0.15.3/src/system/exclusive_function_system.rs:271:35
[INFO] [stdout]     |
[INFO] [stdout] 271 |                 fn call_inner<In: SystemInput, Out, $($param,)*>(
[INFO] [stdout]     |                                   ^^^^^^^^^^^ required by this bound in `call_inner`
[INFO] [stdout] ...
[INFO] [stdout] 287 | all_tuples!(impl_exclusive_system_function, 0, 16, F);
[INFO] [stdout]     | ----------------------------------------------------- in this macro invocation
[INFO] [stdout] note: required by a bound in `<Func as exclusive_function_system::ExclusiveSystemParamFunction<(HasExclusiveSystemInput, fn(In, F0, F1, F2, F3, F4) -> Out)>>::run::call_inner`
[INFO] [stdout]    --> /opt/rustwide/cargo-home/registry/src/index.crates.io-1949cf8c6b5b557f/bevy_ecs-0.15.3/src/system/exclusive_function_system.rs:272:82
[INFO] [stdout]     |
[INFO] [stdout] 271 |                 fn call_inner<In: SystemInput, Out, $($param,)*>(
[INFO] [stdout] 272 |                     mut f: impl FnMut(In::Param<'_>, &mut World, $($param,)*) -> Out,
[INFO] [stdout]     |                                                                                  ^^^ required by this bound in `call_inner`
[INFO] [stdout] ...
[INFO] [stdout] 287 | all_tuples!(impl_exclusive_system_function, 0, 16, F);
[INFO] [stdout]     | ----------------------------------------------------- in this macro invocation
[INFO] [stdout]     = note: the full name for the type has been written to '/opt/rustwide/target/debug/build/bevy_ecs/f73a3e33d347ab64/out/bevy_ecs-f73a3e33d347ab64.long-type-3388412294236488665.txt'
[INFO] [stdout]     = note: consider using `--verbose` to print the full type name to the console
[INFO] [stdout] 
[INFO] [stdout] 
[INFO] [stdout] error[E0283]: type annotations needed
[INFO] [stdout]    --> /opt/rustwide/cargo-home/registry/src/index.crates.io-1949cf8c6b5b557f/bevy_ecs-0.15.3/src/system/exclusive_function_system.rs:280:17
[INFO] [stdout]     |
[INFO] [stdout] 220 | / macro_rules! impl_exclusive_system_function {
[INFO] [stdout] 221 | |     ($($param: ident),*) => {
[INFO] [stdout] 222 | |         #[allow(non_snake_case)]
[INFO] [stdout] 223 | |         impl<Out, Func, $($param: ExclusiveSystemParam),*> ExclusiveSystemParamFunction<fn($($param,)*) -> Out> for Func
[INFO] [stdout] ...   |
[INFO] [stdout] 280 | |                 call_inner(self, input, world, $($param),*)
[INFO] [stdout]     | |                 ^^^^^^^^^^^^^^^^^^^^^^^^^^^^^^^^^^^^^^^^^^^ cannot infer type
[INFO] [stdout] ...   |
[INFO] [stdout] 283 | |     };
[INFO] [stdout] 284 | | }
[INFO] [stdout]     | |_- this error originates in the macro `impl_exclusive_system_function` which comes from the expansion of the macro `all_tuples`
[INFO] [stdout] ...
[INFO] [stdout] 287 |   all_tuples!(impl_exclusive_system_function, 0, 16, F);
[INFO] [stdout]     |   ----------------------------------------------------- in this macro invocation
[INFO] [stdout]     |
[INFO] [stdout]     = note: the type must implement `input::SystemInput`
[INFO] [stdout]     = help: the following types implement trait `input::SystemInput`:
[INFO] [stdout]               ()
[INFO] [stdout]               StaticSystemInput<'a, I>
[INFO] [stdout]               input::In<T>
[INFO] [stdout]               input::InMut<'_, T>
[INFO] [stdout]               input::InRef<'_, T>
[INFO] [stdout]               observer::Trigger<'_, E, B>
[INFO] [stdout]     = note: cannot satisfy `for<'a> <In as input::SystemInput>::Param<'a> == _`
[INFO] [stdout]     = note: cannot satisfy `&mut Func: FnOnce(<In as SystemInput>::Param<'a>, _, _, _, _, _, _, _)`
[INFO] [stdout]     = note: cannot satisfy `<In as input::SystemInput>::Inner<'_> == <In as input::SystemInput>::Inner<'_>`
[INFO] [stdout] note: required by a bound in `<Func as exclusive_function_system::ExclusiveSystemParamFunction<(HasExclusiveSystemInput, fn(In, F0, F1, F2, F3, F4, F5) -> Out)>>::run::call_inner`
[INFO] [stdout]    --> /opt/rustwide/cargo-home/registry/src/index.crates.io-1949cf8c6b5b557f/bevy_ecs-0.15.3/src/system/exclusive_function_system.rs:271:35
[INFO] [stdout]     |
[INFO] [stdout] 271 |                 fn call_inner<In: SystemInput, Out, $($param,)*>(
[INFO] [stdout]     |                                   ^^^^^^^^^^^ required by this bound in `call_inner`
[INFO] [stdout] ...
[INFO] [stdout] 287 | all_tuples!(impl_exclusive_system_function, 0, 16, F);
[INFO] [stdout]     | ----------------------------------------------------- in this macro invocation
[INFO] [stdout] note: required by a bound in `<Func as exclusive_function_system::ExclusiveSystemParamFunction<(HasExclusiveSystemInput, fn(In, F0, F1, F2, F3, F4, F5) -> Out)>>::run::call_inner`
[INFO] [stdout]    --> /opt/rustwide/cargo-home/registry/src/index.crates.io-1949cf8c6b5b557f/bevy_ecs-0.15.3/src/system/exclusive_function_system.rs:272:82
[INFO] [stdout]     |
[INFO] [stdout] 271 |                 fn call_inner<In: SystemInput, Out, $($param,)*>(
[INFO] [stdout] 272 |                     mut f: impl FnMut(In::Param<'_>, &mut World, $($param,)*) -> Out,
[INFO] [stdout]     |                                                                                  ^^^ required by this bound in `call_inner`
[INFO] [stdout] ...
[INFO] [stdout] 287 | all_tuples!(impl_exclusive_system_function, 0, 16, F);
[INFO] [stdout]     | ----------------------------------------------------- in this macro invocation
[INFO] [stdout]     = note: the full name for the type has been written to '/opt/rustwide/target/debug/build/bevy_ecs/f73a3e33d347ab64/out/bevy_ecs-f73a3e33d347ab64.long-type-17980725943409490497.txt'
[INFO] [stdout]     = note: consider using `--verbose` to print the full type name to the console
[INFO] [stdout] 
[INFO] [stdout] 
[INFO] [stdout] error[E0283]: type annotations needed
[INFO] [stdout]    --> /opt/rustwide/cargo-home/registry/src/index.crates.io-1949cf8c6b5b557f/bevy_ecs-0.15.3/src/system/exclusive_function_system.rs:280:17
[INFO] [stdout]     |
[INFO] [stdout] 220 | / macro_rules! impl_exclusive_system_function {
[INFO] [stdout] 221 | |     ($($param: ident),*) => {
[INFO] [stdout] 222 | |         #[allow(non_snake_case)]
[INFO] [stdout] 223 | |         impl<Out, Func, $($param: ExclusiveSystemParam),*> ExclusiveSystemParamFunction<fn($($param,)*) -> Out> for Func
[INFO] [stdout] ...   |
[INFO] [stdout] 280 | |                 call_inner(self, input, world, $($param),*)
[INFO] [stdout]     | |                 ^^^^^^^^^^^^^^^^^^^^^^^^^^^^^^^^^^^^^^^^^^^ cannot infer type
[INFO] [stdout] ...   |
[INFO] [stdout] 283 | |     };
[INFO] [stdout] 284 | | }
[INFO] [stdout]     | |_- this error originates in the macro `impl_exclusive_system_function` which comes from the expansion of the macro `all_tuples`
[INFO] [stdout] ...
[INFO] [stdout] 287 |   all_tuples!(impl_exclusive_system_function, 0, 16, F);
[INFO] [stdout]     |   ----------------------------------------------------- in this macro invocation
[INFO] [stdout]     |
[INFO] [stdout]     = note: the type must implement `input::SystemInput`
[INFO] [stdout]     = help: the following types implement trait `input::SystemInput`:
[INFO] [stdout]               ()
[INFO] [stdout]               StaticSystemInput<'a, I>
[INFO] [stdout]               input::In<T>
[INFO] [stdout]               input::InMut<'_, T>
[INFO] [stdout]               input::InRef<'_, T>
[INFO] [stdout]               observer::Trigger<'_, E, B>
[INFO] [stdout]     = note: cannot satisfy `for<'a> <In as input::SystemInput>::Param<'a> == _`
[INFO] [stdout]     = note: cannot satisfy `&mut Func: FnOnce(_, _, _, _, _, _, _, _, _)`
[INFO] [stdout]     = note: cannot satisfy `<In as input::SystemInput>::Inner<'_> == <In as input::SystemInput>::Inner<'_>`
[INFO] [stdout] note: required by a bound in `<Func as exclusive_function_system::ExclusiveSystemParamFunction<(HasExclusiveSystemInput, fn(In, F0, F1, F2, F3, F4, F5, F6) -> Out)>>::run::call_inner`
[INFO] [stdout]    --> /opt/rustwide/cargo-home/registry/src/index.crates.io-1949cf8c6b5b557f/bevy_ecs-0.15.3/src/system/exclusive_function_system.rs:271:35
[INFO] [stdout]     |
[INFO] [stdout] 271 |                 fn call_inner<In: SystemInput, Out, $($param,)*>(
[INFO] [stdout]     |                                   ^^^^^^^^^^^ required by this bound in `call_inner`
[INFO] [stdout] ...
[INFO] [stdout] 287 | all_tuples!(impl_exclusive_system_function, 0, 16, F);
[INFO] [stdout]     | ----------------------------------------------------- in this macro invocation
[INFO] [stdout] note: required by a bound in `<Func as exclusive_function_system::ExclusiveSystemParamFunction<(HasExclusiveSystemInput, fn(In, F0, F1, F2, F3, F4, F5, F6) -> Out)>>::run::call_inner`
[INFO] [stdout]    --> /opt/rustwide/cargo-home/registry/src/index.crates.io-1949cf8c6b5b557f/bevy_ecs-0.15.3/src/system/exclusive_function_system.rs:272:82
[INFO] [stdout]     |
[INFO] [stdout] 271 |                 fn call_inner<In: SystemInput, Out, $($param,)*>(
[INFO] [stdout] 272 |                     mut f: impl FnMut(In::Param<'_>, &mut World, $($param,)*) -> Out,
[INFO] [stdout]     |                                                                                  ^^^ required by this bound in `call_inner`
[INFO] [stdout] ...
[INFO] [stdout] 287 | all_tuples!(impl_exclusive_system_function, 0, 16, F);
[INFO] [stdout]     | ----------------------------------------------------- in this macro invocation
[INFO] [stdout]     = note: the full name for the type has been written to '/opt/rustwide/target/debug/build/bevy_ecs/f73a3e33d347ab64/out/bevy_ecs-f73a3e33d347ab64.long-type-12440440302991165386.txt'
[INFO] [stdout]     = note: consider using `--verbose` to print the full type name to the console
[INFO] [stdout] 
[INFO] [stdout] 
[INFO] [stdout] error[E0283]: type annotations needed
[INFO] [stdout]    --> /opt/rustwide/cargo-home/registry/src/index.crates.io-1949cf8c6b5b557f/bevy_ecs-0.15.3/src/system/exclusive_function_system.rs:280:17
[INFO] [stdout]     |
[INFO] [stdout] 220 | / macro_rules! impl_exclusive_system_function {
[INFO] [stdout] 221 | |     ($($param: ident),*) => {
[INFO] [stdout] 222 | |         #[allow(non_snake_case)]
[INFO] [stdout] 223 | |         impl<Out, Func, $($param: ExclusiveSystemParam),*> ExclusiveSystemParamFunction<fn($($param,)*) -> Out> for Func
[INFO] [stdout] ...   |
[INFO] [stdout] 280 | |                 call_inner(self, input, world, $($param),*)
[INFO] [stdout]     | |                 ^^^^^^^^^^^^^^^^^^^^^^^^^^^^^^^^^^^^^^^^^^^ cannot infer type
[INFO] [stdout] ...   |
[INFO] [stdout] 283 | |     };
[INFO] [stdout] 284 | | }
[INFO] [stdout]     | |_- this error originates in the macro `impl_exclusive_system_function` which comes from the expansion of the macro `all_tuples`
[INFO] [stdout] ...
[INFO] [stdout] 287 |   all_tuples!(impl_exclusive_system_function, 0, 16, F);
[INFO] [stdout]     |   ----------------------------------------------------- in this macro invocation
[INFO] [stdout]     |
[INFO] [stdout]     = note: the type must implement `input::SystemInput`
[INFO] [stdout]     = help: the following types implement trait `input::SystemInput`:
[INFO] [stdout]               ()
[INFO] [stdout]               StaticSystemInput<'a, I>
[INFO] [stdout]               input::In<T>
[INFO] [stdout]               input::InMut<'_, T>
[INFO] [stdout]               input::InRef<'_, T>
[INFO] [stdout]               observer::Trigger<'_, E, B>
[INFO] [stdout]     = note: cannot satisfy `for<'a> <In as input::SystemInput>::Param<'a> == _`
[INFO] [stdout]     = note: cannot satisfy `&mut Func: FnOnce(_, _, _, _, _, _, _, _, _, _)`
[INFO] [stdout]     = note: cannot satisfy `<In as input::SystemInput>::Inner<'_> == <In as input::SystemInput>::Inner<'_>`
[INFO] [stdout] note: required by a bound in `<Func as exclusive_function_system::ExclusiveSystemParamFunction<(HasExclusiveSystemInput, fn(In, F0, F1, F2, F3, F4, F5, F6, F7) -> Out)>>::run::call_inner`
[INFO] [stdout]    --> /opt/rustwide/cargo-home/registry/src/index.crates.io-1949cf8c6b5b557f/bevy_ecs-0.15.3/src/system/exclusive_function_system.rs:271:35
[INFO] [stdout]     |
[INFO] [stdout] 271 |                 fn call_inner<In: SystemInput, Out, $($param,)*>(
[INFO] [stdout]     |                                   ^^^^^^^^^^^ required by this bound in `call_inner`
[INFO] [stdout] ...
[INFO] [stdout] 287 | all_tuples!(impl_exclusive_system_function, 0, 16, F);
[INFO] [stdout]     | ----------------------------------------------------- in this macro invocation
[INFO] [stdout] note: required by a bound in `<Func as exclusive_function_system::ExclusiveSystemParamFunction<(HasExclusiveSystemInput, fn(In, F0, F1, F2, F3, F4, F5, F6, F7) -> Out)>>::run::call_inner`
[INFO] [stdout]    --> /opt/rustwide/cargo-home/registry/src/index.crates.io-1949cf8c6b5b557f/bevy_ecs-0.15.3/src/system/exclusive_function_system.rs:272:82
[INFO] [stdout]     |
[INFO] [stdout] 271 |                 fn call_inner<In: SystemInput, Out, $($param,)*>(
[INFO] [stdout] 272 |                     mut f: impl FnMut(In::Param<'_>, &mut World, $($param,)*) -> Out,
[INFO] [stdout]     |                                                                                  ^^^ required by this bound in `call_inner`
[INFO] [stdout] ...
[INFO] [stdout] 287 | all_tuples!(impl_exclusive_system_function, 0, 16, F);
[INFO] [stdout]     | ----------------------------------------------------- in this macro invocation
[INFO] [stdout]     = note: the full name for the type has been written to '/opt/rustwide/target/debug/build/bevy_ecs/f73a3e33d347ab64/out/bevy_ecs-f73a3e33d347ab64.long-type-8330746807175353599.txt'
[INFO] [stdout]     = note: consider using `--verbose` to print the full type name to the console
[INFO] [stdout] 
[INFO] [stdout] 
[INFO] [stdout] error[E0283]: type annotations needed
[INFO] [stdout]    --> /opt/rustwide/cargo-home/registry/src/index.crates.io-1949cf8c6b5b557f/bevy_ecs-0.15.3/src/system/exclusive_function_system.rs:280:17
[INFO] [stdout]     |
[INFO] [stdout] 220 | / macro_rules! impl_exclusive_system_function {
[INFO] [stdout] 221 | |     ($($param: ident),*) => {
[INFO] [stdout] 222 | |         #[allow(non_snake_case)]
[INFO] [stdout] 223 | |         impl<Out, Func, $($param: ExclusiveSystemParam),*> ExclusiveSystemParamFunction<fn($($param,)*) -> Out> for Func
[INFO] [stdout] ...   |
[INFO] [stdout] 280 | |                 call_inner(self, input, world, $($param),*)
[INFO] [stdout]     | |                 ^^^^^^^^^^^^^^^^^^^^^^^^^^^^^^^^^^^^^^^^^^^ cannot infer type
[INFO] [stdout] ...   |
[INFO] [stdout] 283 | |     };
[INFO] [stdout] 284 | | }
[INFO] [stdout]     | |_- this error originates in the macro `impl_exclusive_system_function` which comes from the expansion of the macro `all_tuples`
[INFO] [stdout] ...
[INFO] [stdout] 287 |   all_tuples!(impl_exclusive_system_function, 0, 16, F);
[INFO] [stdout]     |   ----------------------------------------------------- in this macro invocation
[INFO] [stdout]     |
[INFO] [stdout]     = note: the type must implement `input::SystemInput`
[INFO] [stdout]     = help: the following types implement trait `input::SystemInput`:
[INFO] [stdout]               ()
[INFO] [stdout]               StaticSystemInput<'a, I>
[INFO] [stdout]               input::In<T>
[INFO] [stdout]               input::InMut<'_, T>
[INFO] [stdout]               input::InRef<'_, T>
[INFO] [stdout]               observer::Trigger<'_, E, B>
[INFO] [stdout]     = note: cannot satisfy `for<'a> <In as input::SystemInput>::Param<'a> == _`
[INFO] [stdout]     = note: cannot satisfy `&mut Func: FnOnce(_, _, _, _, _, _, _, _, _, _, _)`
[INFO] [stdout]     = note: cannot satisfy `<In as input::SystemInput>::Inner<'_> == <In as input::SystemInput>::Inner<'_>`
[INFO] [stdout] note: required by a bound in `<Func as exclusive_function_system::ExclusiveSystemParamFunction<(HasExclusiveSystemInput, fn(In, F0, F1, F2, F3, F4, F5, F6, F7, F8) -> Out)>>::run::call_inner`
[INFO] [stdout]    --> /opt/rustwide/cargo-home/registry/src/index.crates.io-1949cf8c6b5b557f/bevy_ecs-0.15.3/src/system/exclusive_function_system.rs:271:35
[INFO] [stdout]     |
[INFO] [stdout] 271 |                 fn call_inner<In: SystemInput, Out, $($param,)*>(
[INFO] [stdout]     |                                   ^^^^^^^^^^^ required by this bound in `call_inner`
[INFO] [stdout] ...
[INFO] [stdout] 287 | all_tuples!(impl_exclusive_system_function, 0, 16, F);
[INFO] [stdout]     | ----------------------------------------------------- in this macro invocation
[INFO] [stdout] note: required by a bound in `<Func as exclusive_function_system::ExclusiveSystemParamFunction<(HasExclusiveSystemInput, fn(In, F0, F1, F2, F3, F4, F5, F6, F7, F8) -> Out)>>::run::call_inner`
[INFO] [stdout]    --> /opt/rustwide/cargo-home/registry/src/index.crates.io-1949cf8c6b5b557f/bevy_ecs-0.15.3/src/system/exclusive_function_system.rs:272:82
[INFO] [stdout]     |
[INFO] [stdout] 271 |                 fn call_inner<In: SystemInput, Out, $($param,)*>(
[INFO] [stdout] 272 |                     mut f: impl FnMut(In::Param<'_>, &mut World, $($param,)*) -> Out,
[INFO] [stdout]     |                                                                                  ^^^ required by this bound in `call_inner`
[INFO] [stdout] ...
[INFO] [stdout] 287 | all_tuples!(impl_exclusive_system_function, 0, 16, F);
[INFO] [stdout]     | ----------------------------------------------------- in this macro invocation
[INFO] [stdout]     = note: the full name for the type has been written to '/opt/rustwide/target/debug/build/bevy_ecs/f73a3e33d347ab64/out/bevy_ecs-f73a3e33d347ab64.long-type-8554278065739988230.txt'
[INFO] [stdout]     = note: consider using `--verbose` to print the full type name to the console
[INFO] [stdout] 
[INFO] [stdout] 
[INFO] [stdout] error[E0283]: type annotations needed
[INFO] [stdout]    --> /opt/rustwide/cargo-home/registry/src/index.crates.io-1949cf8c6b5b557f/bevy_ecs-0.15.3/src/system/exclusive_function_system.rs:280:17
[INFO] [stdout]     |
[INFO] [stdout] 220 | / macro_rules! impl_exclusive_system_function {
[INFO] [stdout] 221 | |     ($($param: ident),*) => {
[INFO] [stdout] 222 | |         #[allow(non_snake_case)]
[INFO] [stdout] 223 | |         impl<Out, Func, $($param: ExclusiveSystemParam),*> ExclusiveSystemParamFunction<fn($($param,)*) -> Out> for Func
[INFO] [stdout] ...   |
[INFO] [stdout] 280 | |                 call_inner(self, input, world, $($param),*)
[INFO] [stdout]     | |                 ^^^^^^^^^^^^^^^^^^^^^^^^^^^^^^^^^^^^^^^^^^^ cannot infer type
[INFO] [stdout] ...   |
[INFO] [stdout] 283 | |     };
[INFO] [stdout] 284 | | }
[INFO] [stdout]     | |_- this error originates in the macro `impl_exclusive_system_function` which comes from the expansion of the macro `all_tuples`
[INFO] [stdout] ...
[INFO] [stdout] 287 |   all_tuples!(impl_exclusive_system_function, 0, 16, F);
[INFO] [stdout]     |   ----------------------------------------------------- in this macro invocation
[INFO] [stdout]     |
[INFO] [stdout]     = note: the type must implement `input::SystemInput`
[INFO] [stdout]     = help: the following types implement trait `input::SystemInput`:
[INFO] [stdout]               ()
[INFO] [stdout]               StaticSystemInput<'a, I>
[INFO] [stdout]               input::In<T>
[INFO] [stdout]               input::InMut<'_, T>
[INFO] [stdout]               input::InRef<'_, T>
[INFO] [stdout]               observer::Trigger<'_, E, B>
[INFO] [stdout]     = note: cannot satisfy `for<'a> <In as input::SystemInput>::Param<'a> == _`
[INFO] [stdout]     = note: cannot satisfy `&mut Func: FnOnce(_, _, _, _, _, _, _, _, _, _, _, _)`
[INFO] [stdout]     = note: cannot satisfy `<In as input::SystemInput>::Inner<'_> == <In as input::SystemInput>::Inner<'_>`
[INFO] [stdout] note: required by a bound in `<Func as exclusive_function_system::ExclusiveSystemParamFunction<(HasExclusiveSystemInput, fn(In, F0, F1, F2, F3, F4, F5, F6, F7, F8, F9) -> Out)>>::run::call_inner`
[INFO] [stdout]    --> /opt/rustwide/cargo-home/registry/src/index.crates.io-1949cf8c6b5b557f/bevy_ecs-0.15.3/src/system/exclusive_function_system.rs:271:35
[INFO] [stdout]     |
[INFO] [stdout] 271 |                 fn call_inner<In: SystemInput, Out, $($param,)*>(
[INFO] [stdout]     |                                   ^^^^^^^^^^^ required by this bound in `call_inner`
[INFO] [stdout] ...
[INFO] [stdout] 287 | all_tuples!(impl_exclusive_system_function, 0, 16, F);
[INFO] [stdout]     | ----------------------------------------------------- in this macro invocation
[INFO] [stdout] note: required by a bound in `<Func as exclusive_function_system::ExclusiveSystemParamFunction<(HasExclusiveSystemInput, fn(In, F0, F1, F2, F3, F4, F5, F6, F7, F8, F9) -> Out)>>::run::call_inner`
[INFO] [stdout]    --> /opt/rustwide/cargo-home/registry/src/index.crates.io-1949cf8c6b5b557f/bevy_ecs-0.15.3/src/system/exclusive_function_system.rs:272:82
[INFO] [stdout]     |
[INFO] [stdout] 271 |                 fn call_inner<In: SystemInput, Out, $($param,)*>(
[INFO] [stdout] 272 |                     mut f: impl FnMut(In::Param<'_>, &mut World, $($param,)*) -> Out,
[INFO] [stdout]     |                                                                                  ^^^ required by this bound in `call_inner`
[INFO] [stdout] ...
[INFO] [stdout] 287 | all_tuples!(impl_exclusive_system_function, 0, 16, F);
[INFO] [stdout]     | ----------------------------------------------------- in this macro invocation
[INFO] [stdout]     = note: the full name for the type has been written to '/opt/rustwide/target/debug/build/bevy_ecs/f73a3e33d347ab64/out/bevy_ecs-f73a3e33d347ab64.long-type-13513495603416152818.txt'
[INFO] [stdout]     = note: consider using `--verbose` to print the full type name to the console
[INFO] [stdout] 
[INFO] [stdout] 
[INFO] [stdout] error[E0283]: type annotations needed
[INFO] [stdout]    --> /opt/rustwide/cargo-home/registry/src/index.crates.io-1949cf8c6b5b557f/bevy_ecs-0.15.3/src/system/exclusive_function_system.rs:280:17
[INFO] [stdout]     |
[INFO] [stdout] 220 | / macro_rules! impl_exclusive_system_function {
[INFO] [stdout] 221 | |     ($($param: ident),*) => {
[INFO] [stdout] 222 | |         #[allow(non_snake_case)]
[INFO] [stdout] 223 | |         impl<Out, Func, $($param: ExclusiveSystemParam),*> ExclusiveSystemParamFunction<fn($($param,)*) -> Out> for Func
[INFO] [stdout] ...   |
[INFO] [stdout] 280 | |                 call_inner(self, input, world, $($param),*)
[INFO] [stdout]     | |                 ^^^^^^^^^^^^^^^^^^^^^^^^^^^^^^^^^^^^^^^^^^^ cannot infer type
[INFO] [stdout] ...   |
[INFO] [stdout] 283 | |     };
[INFO] [stdout] 284 | | }
[INFO] [stdout]     | |_- this error originates in the macro `impl_exclusive_system_function` which comes from the expansion of the macro `all_tuples`
[INFO] [stdout] ...
[INFO] [stdout] 287 |   all_tuples!(impl_exclusive_system_function, 0, 16, F);
[INFO] [stdout]     |   ----------------------------------------------------- in this macro invocation
[INFO] [stdout]     |
[INFO] [stdout]     = note: the type must implement `input::SystemInput`
[INFO] [stdout]     = help: the following types implement trait `input::SystemInput`:
[INFO] [stdout]               ()
[INFO] [stdout]               StaticSystemInput<'a, I>
[INFO] [stdout]               input::In<T>
[INFO] [stdout]               input::InMut<'_, T>
[INFO] [stdout]               input::InRef<'_, T>
[INFO] [stdout]               observer::Trigger<'_, E, B>
[INFO] [stdout]     = note: cannot satisfy `for<'a> <In as input::SystemInput>::Param<'a> == _`
[INFO] [stdout]     = note: cannot satisfy `&mut Func: FnOnce(_, _, _, _, _, _, _, _, _, _, _, _, _)`
[INFO] [stdout]     = note: cannot satisfy `<In as input::SystemInput>::Inner<'_> == <In as input::SystemInput>::Inner<'_>`
[INFO] [stdout] note: required by a bound in `<Func as exclusive_function_system::ExclusiveSystemParamFunction<(HasExclusiveSystemInput, fn(In, F0, F1, F2, F3, F4, F5, F6, F7, F8, F9, F10) -> Out)>>::run::call_inner`
[INFO] [stdout]    --> /opt/rustwide/cargo-home/registry/src/index.crates.io-1949cf8c6b5b557f/bevy_ecs-0.15.3/src/system/exclusive_function_system.rs:271:35
[INFO] [stdout]     |
[INFO] [stdout] 271 |                 fn call_inner<In: SystemInput, Out, $($param,)*>(
[INFO] [stdout]     |                                   ^^^^^^^^^^^ required by this bound in `call_inner`
[INFO] [stdout] ...
[INFO] [stdout] 287 | all_tuples!(impl_exclusive_system_function, 0, 16, F);
[INFO] [stdout]     | ----------------------------------------------------- in this macro invocation
[INFO] [stdout] note: required by a bound in `<Func as exclusive_function_system::ExclusiveSystemParamFunction<(HasExclusiveSystemInput, fn(In, F0, F1, F2, F3, F4, F5, F6, F7, F8, F9, F10) -> Out)>>::run::call_inner`
[INFO] [stdout]    --> /opt/rustwide/cargo-home/registry/src/index.crates.io-1949cf8c6b5b557f/bevy_ecs-0.15.3/src/system/exclusive_function_system.rs:272:82
[INFO] [stdout]     |
[INFO] [stdout] 271 |                 fn call_inner<In: SystemInput, Out, $($param,)*>(
[INFO] [stdout] 272 |                     mut f: impl FnMut(In::Param<'_>, &mut World, $($param,)*) -> Out,
[INFO] [stdout]     |                                                                                  ^^^ required by this bound in `call_inner`
[INFO] [stdout] ...
[INFO] [stdout] 287 | all_tuples!(impl_exclusive_system_function, 0, 16, F);
[INFO] [stdout]     | ----------------------------------------------------- in this macro invocation
[INFO] [stdout]     = note: the full name for the type has been written to '/opt/rustwide/target/debug/build/bevy_ecs/f73a3e33d347ab64/out/bevy_ecs-f73a3e33d347ab64.long-type-15867537658753162168.txt'
[INFO] [stdout]     = note: consider using `--verbose` to print the full type name to the console
[INFO] [stdout] 
[INFO] [stdout] 
[INFO] [stdout] error[E0283]: type annotations needed
[INFO] [stdout]    --> /opt/rustwide/cargo-home/registry/src/index.crates.io-1949cf8c6b5b557f/bevy_ecs-0.15.3/src/system/exclusive_function_system.rs:280:17
[INFO] [stdout]     |
[INFO] [stdout] 220 | / macro_rules! impl_exclusive_system_function {
[INFO] [stdout] 221 | |     ($($param: ident),*) => {
[INFO] [stdout] 222 | |         #[allow(non_snake_case)]
[INFO] [stdout] 223 | |         impl<Out, Func, $($param: ExclusiveSystemParam),*> ExclusiveSystemParamFunction<fn($($param,)*) -> Out> for Func
[INFO] [stdout] ...   |
[INFO] [stdout] 280 | |                 call_inner(self, input, world, $($param),*)
[INFO] [stdout]     | |                 ^^^^^^^^^^^^^^^^^^^^^^^^^^^^^^^^^^^^^^^^^^^ cannot infer type
[INFO] [stdout] ...   |
[INFO] [stdout] 283 | |     };
[INFO] [stdout] 284 | | }
[INFO] [stdout]     | |_- this error originates in the macro `impl_exclusive_system_function` which comes from the expansion of the macro `all_tuples`
[INFO] [stdout] ...
[INFO] [stdout] 287 |   all_tuples!(impl_exclusive_system_function, 0, 16, F);
[INFO] [stdout]     |   ----------------------------------------------------- in this macro invocation
[INFO] [stdout]     |
[INFO] [stdout]     = note: the type must implement `input::SystemInput`
[INFO] [stdout]     = help: the following types implement trait `input::SystemInput`:
[INFO] [stdout]               ()
[INFO] [stdout]               StaticSystemInput<'a, I>
[INFO] [stdout]               input::In<T>
[INFO] [stdout]               input::InMut<'_, T>
[INFO] [stdout]               input::InRef<'_, T>
[INFO] [stdout]               observer::Trigger<'_, E, B>
[INFO] [stdout]     = note: cannot satisfy `for<'a> <In as input::SystemInput>::Param<'a> == _`
[INFO] [stdout]     = note: cannot satisfy `&mut Func: FnOnce(_, _, _, _, _, _, _, _, _, _, _, _, _, _)`
[INFO] [stdout]     = note: cannot satisfy `<In as input::SystemInput>::Inner<'_> == <In as input::SystemInput>::Inner<'_>`
[INFO] [stdout] note: required by a bound in `<Func as exclusive_function_system::ExclusiveSystemParamFunction<(HasExclusiveSystemInput, fn(In, F0, F1, F2, F3, F4, F5, F6, F7, F8, F9, F10, F11) -> Out)>>::run::call_inner`
[INFO] [stdout]    --> /opt/rustwide/cargo-home/registry/src/index.crates.io-1949cf8c6b5b557f/bevy_ecs-0.15.3/src/system/exclusive_function_system.rs:271:35
[INFO] [stdout]     |
[INFO] [stdout] 271 |                 fn call_inner<In: SystemInput, Out, $($param,)*>(
[INFO] [stdout]     |                                   ^^^^^^^^^^^ required by this bound in `call_inner`
[INFO] [stdout] ...
[INFO] [stdout] 287 | all_tuples!(impl_exclusive_system_function, 0, 16, F);
[INFO] [stdout]     | ----------------------------------------------------- in this macro invocation
[INFO] [stdout] note: required by a bound in `<Func as exclusive_function_system::ExclusiveSystemParamFunction<(HasExclusiveSystemInput, fn(In, F0, F1, F2, F3, F4, F5, F6, F7, F8, F9, F10, F11) -> Out)>>::run::call_inner`
[INFO] [stdout]    --> /opt/rustwide/cargo-home/registry/src/index.crates.io-1949cf8c6b5b557f/bevy_ecs-0.15.3/src/system/exclusive_function_system.rs:272:82
[INFO] [stdout]     |
[INFO] [stdout] 271 |                 fn call_inner<In: SystemInput, Out, $($param,)*>(
[INFO] [stdout] 272 |                     mut f: impl FnMut(In::Param<'_>, &mut World, $($param,)*) -> Out,
[INFO] [stdout]     |                                                                                  ^^^ required by this bound in `call_inner`
[INFO] [stdout] ...
[INFO] [stdout] 287 | all_tuples!(impl_exclusive_system_function, 0, 16, F);
[INFO] [stdout]     | ----------------------------------------------------- in this macro invocation
[INFO] [stdout]     = note: the full name for the type has been written to '/opt/rustwide/target/debug/build/bevy_ecs/f73a3e33d347ab64/out/bevy_ecs-f73a3e33d347ab64.long-type-17531802327307613100.txt'
[INFO] [stdout]     = note: consider using `--verbose` to print the full type name to the console
[INFO] [stdout] 
[INFO] [stdout] 
[INFO] [stdout] error[E0283]: type annotations needed
[INFO] [stdout]    --> /opt/rustwide/cargo-home/registry/src/index.crates.io-1949cf8c6b5b557f/bevy_ecs-0.15.3/src/system/exclusive_function_system.rs:280:17
[INFO] [stdout]     |
[INFO] [stdout] 220 | / macro_rules! impl_exclusive_system_function {
[INFO] [stdout] 221 | |     ($($param: ident),*) => {
[INFO] [stdout] 222 | |         #[allow(non_snake_case)]
[INFO] [stdout] 223 | |         impl<Out, Func, $($param: ExclusiveSystemParam),*> ExclusiveSystemParamFunction<fn($($param,)*) -> Out> for Func
[INFO] [stdout] ...   |
[INFO] [stdout] 280 | |                 call_inner(self, input, world, $($param),*)
[INFO] [stdout]     | |                 ^^^^^^^^^^^^^^^^^^^^^^^^^^^^^^^^^^^^^^^^^^^ cannot infer type
[INFO] [stdout] ...   |
[INFO] [stdout] 283 | |     };
[INFO] [stdout] 284 | | }
[INFO] [stdout]     | |_- this error originates in the macro `impl_exclusive_system_function` which comes from the expansion of the macro `all_tuples`
[INFO] [stdout] ...
[INFO] [stdout] 287 |   all_tuples!(impl_exclusive_system_function, 0, 16, F);
[INFO] [stdout]     |   ----------------------------------------------------- in this macro invocation
[INFO] [stdout]     |
[INFO] [stdout]     = note: the type must implement `input::SystemInput`
[INFO] [stdout]     = help: the following types implement trait `input::SystemInput`:
[INFO] [stdout]               ()
[INFO] [stdout]               StaticSystemInput<'a, I>
[INFO] [stdout]               input::In<T>
[INFO] [stdout]               input::InMut<'_, T>
[INFO] [stdout]               input::InRef<'_, T>
[INFO] [stdout]               observer::Trigger<'_, E, B>
[INFO] [stdout]     = note: cannot satisfy `for<'a> <In as input::SystemInput>::Param<'a> == _`
[INFO] [stdout]     = note: cannot satisfy `&mut Func: FnOnce(_, _, _, _, _, _, _, _, _, _, _, _, _, _, _)`
[INFO] [stdout]     = note: cannot satisfy `<In as input::SystemInput>::Inner<'_> == <In as input::SystemInput>::Inner<'_>`
[INFO] [stdout] note: required by a bound in `<Func as exclusive_function_system::ExclusiveSystemParamFunction<(HasExclusiveSystemInput, fn(In, F0, F1, F2, F3, F4, F5, F6, F7, F8, F9, F10, F11, F12) -> Out)>>::run::call_inner`
[INFO] [stdout]    --> /opt/rustwide/cargo-home/registry/src/index.crates.io-1949cf8c6b5b557f/bevy_ecs-0.15.3/src/system/exclusive_function_system.rs:271:35
[INFO] [stdout]     |
[INFO] [stdout] 271 |                 fn call_inner<In: SystemInput, Out, $($param,)*>(
[INFO] [stdout]     |                                   ^^^^^^^^^^^ required by this bound in `call_inner`
[INFO] [stdout] ...
[INFO] [stdout] 287 | all_tuples!(impl_exclusive_system_function, 0, 16, F);
[INFO] [stdout]     | ----------------------------------------------------- in this macro invocation
[INFO] [stdout] note: required by a bound in `<Func as exclusive_function_system::ExclusiveSystemParamFunction<(HasExclusiveSystemInput, fn(In, F0, F1, F2, F3, F4, F5, F6, F7, F8, F9, F10, F11, F12) -> Out)>>::run::call_inner`
[INFO] [stdout]    --> /opt/rustwide/cargo-home/registry/src/index.crates.io-1949cf8c6b5b557f/bevy_ecs-0.15.3/src/system/exclusive_function_system.rs:272:82
[INFO] [stdout]     |
[INFO] [stdout] 271 |                 fn call_inner<In: SystemInput, Out, $($param,)*>(
[INFO] [stdout] 272 |                     mut f: impl FnMut(In::Param<'_>, &mut World, $($param,)*) -> Out,
[INFO] [stdout]     |                                                                                  ^^^ required by this bound in `call_inner`
[INFO] [stdout] ...
[INFO] [stdout] 287 | all_tuples!(impl_exclusive_system_function, 0, 16, F);
[INFO] [stdout]     | ----------------------------------------------------- in this macro invocation
[INFO] [stdout]     = note: the full name for the type has been written to '/opt/rustwide/target/debug/build/bevy_ecs/f73a3e33d347ab64/out/bevy_ecs-f73a3e33d347ab64.long-type-4873629865136592852.txt'
[INFO] [stdout]     = note: consider using `--verbose` to print the full type name to the console
[INFO] [stdout] 
[INFO] [stdout] 
[INFO] [stdout] error[E0283]: type annotations needed
[INFO] [stdout]    --> /opt/rustwide/cargo-home/registry/src/index.crates.io-1949cf8c6b5b557f/bevy_ecs-0.15.3/src/system/exclusive_function_system.rs:280:17
[INFO] [stdout]     |
[INFO] [stdout] 220 | / macro_rules! impl_exclusive_system_function {
[INFO] [stdout] 221 | |     ($($param: ident),*) => {
[INFO] [stdout] 222 | |         #[allow(non_snake_case)]
[INFO] [stdout] 223 | |         impl<Out, Func, $($param: ExclusiveSystemParam),*> ExclusiveSystemParamFunction<fn($($param,)*) -> Out> for Func
[INFO] [stdout] ...   |
[INFO] [stdout] 280 | |                 call_inner(self, input, world, $($param),*)
[INFO] [stdout]     | |                 ^^^^^^^^^^^^^^^^^^^^^^^^^^^^^^^^^^^^^^^^^^^ cannot infer type
[INFO] [stdout] ...   |
[INFO] [stdout] 283 | |     };
[INFO] [stdout] 284 | | }
[INFO] [stdout]     | |_- this error originates in the macro `impl_exclusive_system_function` which comes from the expansion of the macro `all_tuples`
[INFO] [stdout] ...
[INFO] [stdout] 287 |   all_tuples!(impl_exclusive_system_function, 0, 16, F);
[INFO] [stdout]     |   ----------------------------------------------------- in this macro invocation
[INFO] [stdout]     |
[INFO] [stdout]     = note: the type must implement `input::SystemInput`
[INFO] [stdout]     = help: the following types implement trait `input::SystemInput`:
[INFO] [stdout]               ()
[INFO] [stdout]               StaticSystemInput<'a, I>
[INFO] [stdout]               input::In<T>
[INFO] [stdout]               input::InMut<'_, T>
[INFO] [stdout]               input::InRef<'_, T>
[INFO] [stdout]               observer::Trigger<'_, E, B>
[INFO] [stdout]     = note: cannot satisfy `for<'a> <In as input::SystemInput>::Param<'a> == _`
[INFO] [stdout]     = note: cannot satisfy `&mut Func: FnOnce(_, _, _, _, _, _, _, _, _, _, _, _, _, _, _, _)`
[INFO] [stdout]     = note: cannot satisfy `<In as input::SystemInput>::Inner<'_> == <In as input::SystemInput>::Inner<'_>`
[INFO] [stdout] note: required by a bound in `<Func as exclusive_function_system::ExclusiveSystemParamFunction<(HasExclusiveSystemInput, fn(In, F0, F1, F2, F3, F4, F5, F6, F7, F8, F9, F10, F11, F12, F13) -> Out)>>::run::call_inner`
[INFO] [stdout]    --> /opt/rustwide/cargo-home/registry/src/index.crates.io-1949cf8c6b5b557f/bevy_ecs-0.15.3/src/system/exclusive_function_system.rs:271:35
[INFO] [stdout]     |
[INFO] [stdout] 271 |                 fn call_inner<In: SystemInput, Out, $($param,)*>(
[INFO] [stdout]     |                                   ^^^^^^^^^^^ required by this bound in `call_inner`
[INFO] [stdout] ...
[INFO] [stdout] 287 | all_tuples!(impl_exclusive_system_function, 0, 16, F);
[INFO] [stdout]     | ----------------------------------------------------- in this macro invocation
[INFO] [stdout] note: required by a bound in `<Func as exclusive_function_system::ExclusiveSystemParamFunction<(HasExclusiveSystemInput, fn(In, F0, F1, F2, F3, F4, F5, F6, F7, F8, F9, F10, F11, F12, F13) -> Out)>>::run::call_inner`
[INFO] [stdout]    --> /opt/rustwide/cargo-home/registry/src/index.crates.io-1949cf8c6b5b557f/bevy_ecs-0.15.3/src/system/exclusive_function_system.rs:272:82
[INFO] [stdout]     |
[INFO] [stdout] 271 |                 fn call_inner<In: SystemInput, Out, $($param,)*>(
[INFO] [stdout] 272 |                     mut f: impl FnMut(In::Param<'_>, &mut World, $($param,)*) -> Out,
[INFO] [stdout]     |                                                                                  ^^^ required by this bound in `call_inner`
[INFO] [stdout] ...
[INFO] [stdout] 287 | all_tuples!(impl_exclusive_system_function, 0, 16, F);
[INFO] [stdout]     | ----------------------------------------------------- in this macro invocation
[INFO] [stdout]     = note: the full name for the type has been written to '/opt/rustwide/target/debug/build/bevy_ecs/f73a3e33d347ab64/out/bevy_ecs-f73a3e33d347ab64.long-type-17610606375970181876.txt'
[INFO] [stdout]     = note: consider using `--verbose` to print the full type name to the console
[INFO] [stdout] 
[INFO] [stdout] 
[INFO] [stdout] error[E0283]: type annotations needed
[INFO] [stdout]    --> /opt/rustwide/cargo-home/registry/src/index.crates.io-1949cf8c6b5b557f/bevy_ecs-0.15.3/src/system/exclusive_function_system.rs:280:17
[INFO] [stdout]     |
[INFO] [stdout] 220 | / macro_rules! impl_exclusive_system_function {
[INFO] [stdout] 221 | |     ($($param: ident),*) => {
[INFO] [stdout] 222 | |         #[allow(non_snake_case)]
[INFO] [stdout] 223 | |         impl<Out, Func, $($param: ExclusiveSystemParam),*> ExclusiveSystemParamFunction<fn($($param,)*) -> Out> for Func
[INFO] [stdout] ...   |
[INFO] [stdout] 280 | |                 call_inner(self, input, world, $($param),*)
[INFO] [stdout]     | |                 ^^^^^^^^^^^^^^^^^^^^^^^^^^^^^^^^^^^^^^^^^^^ cannot infer type
[INFO] [stdout] ...   |
[INFO] [stdout] 283 | |     };
[INFO] [stdout] 284 | | }
[INFO] [stdout]     | |_- this error originates in the macro `impl_exclusive_system_function` which comes from the expansion of the macro `all_tuples`
[INFO] [stdout] ...
[INFO] [stdout] 287 |   all_tuples!(impl_exclusive_system_function, 0, 16, F);
[INFO] [stdout]     |   ----------------------------------------------------- in this macro invocation
[INFO] [stdout]     |
[INFO] [stdout]     = note: the type must implement `input::SystemInput`
[INFO] [stdout]     = help: the following types implement trait `input::SystemInput`:
[INFO] [stdout]               ()
[INFO] [stdout]               StaticSystemInput<'a, I>
[INFO] [stdout]               input::In<T>
[INFO] [stdout]               input::InMut<'_, T>
[INFO] [stdout]               input::InRef<'_, T>
[INFO] [stdout]               observer::Trigger<'_, E, B>
[INFO] [stdout]     = note: cannot satisfy `for<'a> <In as input::SystemInput>::Param<'a> == _`
[INFO] [stdout]     = note: cannot satisfy `&mut Func: FnOnce(_, _, _, _, _, _, _, _, _, _, _, _, _, _, _, _, _)`
[INFO] [stdout]     = note: cannot satisfy `<In as input::SystemInput>::Inner<'_> == <In as input::SystemInput>::Inner<'_>`
[INFO] [stdout] note: required by a bound in `<Func as exclusive_function_system::ExclusiveSystemParamFunction<(HasExclusiveSystemInput, fn(In, F0, F1, F2, F3, F4, F5, F6, F7, F8, F9, F10, F11, F12, F13, F14) -> Out)>>::run::call_inner`
[INFO] [stdout]    --> /opt/rustwide/cargo-home/registry/src/index.crates.io-1949cf8c6b5b557f/bevy_ecs-0.15.3/src/system/exclusive_function_system.rs:271:35
[INFO] [stdout]     |
[INFO] [stdout] 271 |                 fn call_inner<In: SystemInput, Out, $($param,)*>(
[INFO] [stdout]     |                                   ^^^^^^^^^^^ required by this bound in `call_inner`
[INFO] [stdout] ...
[INFO] [stdout] 287 | all_tuples!(impl_exclusive_system_function, 0, 16, F);
[INFO] [stdout]     | ----------------------------------------------------- in this macro invocation
[INFO] [stdout] note: required by a bound in `<Func as exclusive_function_system::ExclusiveSystemParamFunction<(HasExclusiveSystemInput, fn(In, F0, F1, F2, F3, F4, F5, F6, F7, F8, F9, F10, F11, F12, F13, F14) -> Out)>>::run::call_inner`
[INFO] [stdout]    --> /opt/rustwide/cargo-home/registry/src/index.crates.io-1949cf8c6b5b557f/bevy_ecs-0.15.3/src/system/exclusive_function_system.rs:272:82
[INFO] [stdout]     |
[INFO] [stdout] 271 |                 fn call_inner<In: SystemInput, Out, $($param,)*>(
[INFO] [stdout] 272 |                     mut f: impl FnMut(In::Param<'_>, &mut World, $($param,)*) -> Out,
[INFO] [stdout]     |                                                                                  ^^^ required by this bound in `call_inner`
[INFO] [stdout] ...
[INFO] [stdout] 287 | all_tuples!(impl_exclusive_system_function, 0, 16, F);
[INFO] [stdout]     | ----------------------------------------------------- in this macro invocation
[INFO] [stdout]     = note: the full name for the type has been written to '/opt/rustwide/target/debug/build/bevy_ecs/f73a3e33d347ab64/out/bevy_ecs-f73a3e33d347ab64.long-type-8971646039523828100.txt'
[INFO] [stdout]     = note: consider using `--verbose` to print the full type name to the console
[INFO] [stdout] 
[INFO] [stdout] 
[INFO] [stdout] error[E0283]: type annotations needed
[INFO] [stdout]    --> /opt/rustwide/cargo-home/registry/src/index.crates.io-1949cf8c6b5b557f/bevy_ecs-0.15.3/src/system/exclusive_function_system.rs:280:17
[INFO] [stdout]     |
[INFO] [stdout] 220 | / macro_rules! impl_exclusive_system_function {
[INFO] [stdout] 221 | |     ($($param: ident),*) => {
[INFO] [stdout] 222 | |         #[allow(non_snake_case)]
[INFO] [stdout] 223 | |         impl<Out, Func, $($param: ExclusiveSystemParam),*> ExclusiveSystemParamFunction<fn($($param,)*) -> Out> for Func
[INFO] [stdout] ...   |
[INFO] [stdout] 280 | |                 call_inner(self, input, world, $($param),*)
[INFO] [stdout]     | |                 ^^^^^^^^^^^^^^^^^^^^^^^^^^^^^^^^^^^^^^^^^^^ cannot infer type
[INFO] [stdout] ...   |
[INFO] [stdout] 283 | |     };
[INFO] [stdout] 284 | | }
[INFO] [stdout]     | |_- this error originates in the macro `impl_exclusive_system_function` which comes from the expansion of the macro `all_tuples`
[INFO] [stdout] ...
[INFO] [stdout] 287 |   all_tuples!(impl_exclusive_system_function, 0, 16, F);
[INFO] [stdout]     |   ----------------------------------------------------- in this macro invocation
[INFO] [stdout]     |
[INFO] [stdout]     = note: the type must implement `input::SystemInput`
[INFO] [stdout]     = help: the following types implement trait `input::SystemInput`:
[INFO] [stdout]               ()
[INFO] [stdout]               StaticSystemInput<'a, I>
[INFO] [stdout]               input::In<T>
[INFO] [stdout]               input::InMut<'_, T>
[INFO] [stdout]               input::InRef<'_, T>
[INFO] [stdout]               observer::Trigger<'_, E, B>
[INFO] [stdout]     = note: cannot satisfy `for<'a> <In as input::SystemInput>::Param<'a> == _`
[INFO] [stdout]     = note: cannot satisfy `&mut Func: FnOnce(_, _, _, _, _, _, _, _, _, _, _, _, _, _, _, _, _, _)`
[INFO] [stdout]     = note: cannot satisfy `<In as input::SystemInput>::Inner<'_> == <In as input::SystemInput>::Inner<'_>`
[INFO] [stdout] note: required by a bound in `<Func as exclusive_function_system::ExclusiveSystemParamFunction<(HasExclusiveSystemInput, fn(In, F0, F1, F2, F3, F4, F5, F6, F7, F8, F9, F10, F11, F12, F13, F14, F15) -> Out)>>::run::call_inner`
[INFO] [stdout]    --> /opt/rustwide/cargo-home/registry/src/index.crates.io-1949cf8c6b5b557f/bevy_ecs-0.15.3/src/system/exclusive_function_system.rs:271:35
[INFO] [stdout]     |
[INFO] [stdout] 271 |                 fn call_inner<In: SystemInput, Out, $($param,)*>(
[INFO] [stdout]     |                                   ^^^^^^^^^^^ required by this bound in `call_inner`
[INFO] [stdout] ...
[INFO] [stdout] 287 | all_tuples!(impl_exclusive_system_function, 0, 16, F);
[INFO] [stdout]     | ----------------------------------------------------- in this macro invocation
[INFO] [stdout] note: required by a bound in `<Func as exclusive_function_system::ExclusiveSystemParamFunction<(HasExclusiveSystemInput, fn(In, F0, F1, F2, F3, F4, F5, F6, F7, F8, F9, F10, F11, F12, F13, F14, F15) -> Out)>>::run::call_inner`
[INFO] [stdout]    --> /opt/rustwide/cargo-home/registry/src/index.crates.io-1949cf8c6b5b557f/bevy_ecs-0.15.3/src/system/exclusive_function_system.rs:272:82
[INFO] [stdout]     |
[INFO] [stdout] 271 |                 fn call_inner<In: SystemInput, Out, $($param,)*>(
[INFO] [stdout] 272 |                     mut f: impl FnMut(In::Param<'_>, &mut World, $($param,)*) -> Out,
[INFO] [stdout]     |                                                                                  ^^^ required by this bound in `call_inner`
[INFO] [stdout] ...
[INFO] [stdout] 287 | all_tuples!(impl_exclusive_system_function, 0, 16, F);
[INFO] [stdout]     | ----------------------------------------------------- in this macro invocation
[INFO] [stdout]     = note: the full name for the type has been written to '/opt/rustwide/target/debug/build/bevy_ecs/f73a3e33d347ab64/out/bevy_ecs-f73a3e33d347ab64.long-type-6983084596217900736.txt'
[INFO] [stdout]     = note: consider using `--verbose` to print the full type name to the console
[INFO] [stdout] 
[INFO] [stdout] 
[INFO] [stdout] error[E0283]: type annotations needed
[INFO] [stdout]     --> /opt/rustwide/cargo-home/registry/src/index.crates.io-1949cf8c6b5b557f/bevy_ecs-0.15.3/src/system/function_system.rs:1033:17
[INFO] [stdout]      |
[INFO] [stdout]  978 | / macro_rules! impl_system_function {
[INFO] [stdout]  979 | |     ($($param: ident),*) => {
[INFO] [stdout]  980 | |         #[allow(non_snake_case)]
[INFO] [stdout]  981 | |         impl<Out, Func, $($param: SystemParam),*> SystemParamFunction<fn($($param,)*) -> Out> for Func
[INFO] [stdout] ...    |
[INFO] [stdout] 1033 | |                 call_inner(self, input, $($param),*)
[INFO] [stdout]      | |                 ^^^^^^^^^^^^^^^^^^^^^^^^^^^^^^^^^^^^ cannot infer type
[INFO] [stdout] ...    |
[INFO] [stdout] 1036 | |     };
[INFO] [stdout] 1037 | | }
[INFO] [stdout]      | |_- this error originates in the macro `impl_system_function` which comes from the expansion of the macro `all_tuples`
[INFO] [stdout] ...
[INFO] [stdout] 1041 |   all_tuples!(impl_system_function, 0, 16, F);
[INFO] [stdout]      |   ------------------------------------------- in this macro invocation
[INFO] [stdout]      |
[INFO] [stdout]      = note: the type must implement `input::SystemInput`
[INFO] [stdout]      = help: the following types implement trait `input::SystemInput`:
[INFO] [stdout]                ()
[INFO] [stdout]                StaticSystemInput<'a, I>
[INFO] [stdout]                input::In<T>
[INFO] [stdout]                input::InMut<'_, T>
[INFO] [stdout]                input::InRef<'_, T>
[INFO] [stdout]                observer::Trigger<'_, E, B>
[INFO] [stdout]      = note: cannot satisfy `for<'a> <In as input::SystemInput>::Param<'a> == _`
[INFO] [stdout]      = note: cannot satisfy `for<'a> &mut Func: FnOnce(<In as input::SystemInput>::Param<'a>)`
[INFO] [stdout]      = note: cannot satisfy `<In as input::SystemInput>::Inner<'_> == <In as input::SystemInput>::Inner<'_>`
[INFO] [stdout] note: required by a bound in `<Func as function_system::SystemParamFunction<(HasSystemInput, fn(In) -> Out)>>::run::call_inner`
[INFO] [stdout]     --> /opt/rustwide/cargo-home/registry/src/index.crates.io-1949cf8c6b5b557f/bevy_ecs-0.15.3/src/system/function_system.rs:1025:35
[INFO] [stdout]      |
[INFO] [stdout] 1025 |                 fn call_inner<In: SystemInput, Out, $($param,)*>(
[INFO] [stdout]      |                                   ^^^^^^^^^^^ required by this bound in `call_inner`
[INFO] [stdout] ...
[INFO] [stdout] 1041 | all_tuples!(impl_system_function, 0, 16, F);
[INFO] [stdout]      | ------------------------------------------- in this macro invocation
[INFO] [stdout] note: required by a bound in `<Func as function_system::SystemParamFunction<(HasSystemInput, fn(In) -> Out)>>::run::call_inner`
[INFO] [stdout]     --> /opt/rustwide/cargo-home/registry/src/index.crates.io-1949cf8c6b5b557f/bevy_ecs-0.15.3/src/system/function_system.rs:1026:68
[INFO] [stdout]      |
[INFO] [stdout] 1025 |                 fn call_inner<In: SystemInput, Out, $($param,)*>(
[INFO] [stdout] 1026 |                     mut f: impl FnMut(In::Param<'_>, $($param,)*)->Out,
[INFO] [stdout]      |                                                                    ^^^ required by this bound in `call_inner`
[INFO] [stdout] ...
[INFO] [stdout] 1041 | all_tuples!(impl_system_function, 0, 16, F);
[INFO] [stdout]      | ------------------------------------------- in this macro invocation
[INFO] [stdout] 
[INFO] [stdout] 
[INFO] [stdout] error[E0283]: type annotations needed
[INFO] [stdout]     --> /opt/rustwide/cargo-home/registry/src/index.crates.io-1949cf8c6b5b557f/bevy_ecs-0.15.3/src/system/function_system.rs:1033:17
[INFO] [stdout]      |
[INFO] [stdout]  978 | / macro_rules! impl_system_function {
[INFO] [stdout]  979 | |     ($($param: ident),*) => {
[INFO] [stdout]  980 | |         #[allow(non_snake_case)]
[INFO] [stdout]  981 | |         impl<Out, Func, $($param: SystemParam),*> SystemParamFunction<fn($($param,)*) -> Out> for Func
[INFO] [stdout] ...    |
[INFO] [stdout] 1033 | |                 call_inner(self, input, $($param),*)
[INFO] [stdout]      | |                 ^^^^^^^^^^^^^^^^^^^^^^^^^^^^^^^^^^^^ cannot infer type
[INFO] [stdout] ...    |
[INFO] [stdout] 1036 | |     };
[INFO] [stdout] 1037 | | }
[INFO] [stdout]      | |_- this error originates in the macro `impl_system_function` which comes from the expansion of the macro `all_tuples`
[INFO] [stdout] ...
[INFO] [stdout] 1041 |   all_tuples!(impl_system_function, 0, 16, F);
[INFO] [stdout]      |   ------------------------------------------- in this macro invocation
[INFO] [stdout]      |
[INFO] [stdout]      = note: the type must implement `input::SystemInput`
[INFO] [stdout]      = help: the following types implement trait `input::SystemInput`:
[INFO] [stdout]                ()
[INFO] [stdout]                StaticSystemInput<'a, I>
[INFO] [stdout]                input::In<T>
[INFO] [stdout]                input::InMut<'_, T>
[INFO] [stdout]                input::InRef<'_, T>
[INFO] [stdout]                observer::Trigger<'_, E, B>
[INFO] [stdout]      = note: cannot satisfy `for<'a> <In as input::SystemInput>::Param<'a> == _`
[INFO] [stdout]      = note: cannot satisfy `&mut Func: FnOnce(<In as SystemInput>::Param<'a>, _)`
[INFO] [stdout]      = note: cannot satisfy `<In as input::SystemInput>::Inner<'_> == <In as input::SystemInput>::Inner<'_>`
[INFO] [stdout] note: required by a bound in `<Func as function_system::SystemParamFunction<(HasSystemInput, fn(In, F0) -> Out)>>::run::call_inner`
[INFO] [stdout]     --> /opt/rustwide/cargo-home/registry/src/index.crates.io-1949cf8c6b5b557f/bevy_ecs-0.15.3/src/system/function_system.rs:1025:35
[INFO] [stdout]      |
[INFO] [stdout] 1025 |                 fn call_inner<In: SystemInput, Out, $($param,)*>(
[INFO] [stdout]      |                                   ^^^^^^^^^^^ required by this bound in `call_inner`
[INFO] [stdout] ...
[INFO] [stdout] 1041 | all_tuples!(impl_system_function, 0, 16, F);
[INFO] [stdout]      | ------------------------------------------- in this macro invocation
[INFO] [stdout] note: required by a bound in `<Func as function_system::SystemParamFunction<(HasSystemInput, fn(In, F0) -> Out)>>::run::call_inner`
[INFO] [stdout]     --> /opt/rustwide/cargo-home/registry/src/index.crates.io-1949cf8c6b5b557f/bevy_ecs-0.15.3/src/system/function_system.rs:1026:68
[INFO] [stdout]      |
[INFO] [stdout] 1025 |                 fn call_inner<In: SystemInput, Out, $($param,)*>(
[INFO] [stdout] 1026 |                     mut f: impl FnMut(In::Param<'_>, $($param,)*)->Out,
[INFO] [stdout]      |                                                                    ^^^ required by this bound in `call_inner`
[INFO] [stdout] ...
[INFO] [stdout] 1041 | all_tuples!(impl_system_function, 0, 16, F);
[INFO] [stdout]      | ------------------------------------------- in this macro invocation
[INFO] [stdout]      = note: the full name for the type has been written to '/opt/rustwide/target/debug/build/bevy_ecs/f73a3e33d347ab64/out/bevy_ecs-f73a3e33d347ab64.long-type-11120920791201252877.txt'
[INFO] [stdout]      = note: consider using `--verbose` to print the full type name to the console
[INFO] [stdout] 
[INFO] [stdout] 
[INFO] [stdout] error[E0283]: type annotations needed
[INFO] [stdout]     --> /opt/rustwide/cargo-home/registry/src/index.crates.io-1949cf8c6b5b557f/bevy_ecs-0.15.3/src/system/function_system.rs:1033:17
[INFO] [stdout]      |
[INFO] [stdout]  978 | / macro_rules! impl_system_function {
[INFO] [stdout]  979 | |     ($($param: ident),*) => {
[INFO] [stdout]  980 | |         #[allow(non_snake_case)]
[INFO] [stdout]  981 | |         impl<Out, Func, $($param: SystemParam),*> SystemParamFunction<fn($($param,)*) -> Out> for Func
[INFO] [stdout] ...    |
[INFO] [stdout] 1033 | |                 call_inner(self, input, $($param),*)
[INFO] [stdout]      | |                 ^^^^^^^^^^^^^^^^^^^^^^^^^^^^^^^^^^^^ cannot infer type
[INFO] [stdout] ...    |
[INFO] [stdout] 1036 | |     };
[INFO] [stdout] 1037 | | }
[INFO] [stdout]      | |_- this error originates in the macro `impl_system_function` which comes from the expansion of the macro `all_tuples`
[INFO] [stdout] ...
[INFO] [stdout] 1041 |   all_tuples!(impl_system_function, 0, 16, F);
[INFO] [stdout]      |   ------------------------------------------- in this macro invocation
[INFO] [stdout]      |
[INFO] [stdout]      = note: the type must implement `input::SystemInput`
[INFO] [stdout]      = help: the following types implement trait `input::SystemInput`:
[INFO] [stdout]                ()
[INFO] [stdout]                StaticSystemInput<'a, I>
[INFO] [stdout]                input::In<T>
[INFO] [stdout]                input::InMut<'_, T>
[INFO] [stdout]                input::InRef<'_, T>
[INFO] [stdout]                observer::Trigger<'_, E, B>
[INFO] [stdout]      = note: cannot satisfy `for<'a> <In as input::SystemInput>::Param<'a> == _`
[INFO] [stdout]      = note: cannot satisfy `&mut Func: FnOnce(<In as SystemInput>::Param<'a>, _, _)`
[INFO] [stdout]      = note: cannot satisfy `<In as input::SystemInput>::Inner<'_> == <In as input::SystemInput>::Inner<'_>`
[INFO] [stdout] note: required by a bound in `<Func as function_system::SystemParamFunction<(HasSystemInput, fn(In, F0, F1) -> Out)>>::run::call_inner`
[INFO] [stdout]     --> /opt/rustwide/cargo-home/registry/src/index.crates.io-1949cf8c6b5b557f/bevy_ecs-0.15.3/src/system/function_system.rs:1025:35
[INFO] [stdout]      |
[INFO] [stdout] 1025 |                 fn call_inner<In: SystemInput, Out, $($param,)*>(
[INFO] [stdout]      |                                   ^^^^^^^^^^^ required by this bound in `call_inner`
[INFO] [stdout] ...
[INFO] [stdout] 1041 | all_tuples!(impl_system_function, 0, 16, F);
[INFO] [stdout]      | ------------------------------------------- in this macro invocation
[INFO] [stdout] note: required by a bound in `<Func as function_system::SystemParamFunction<(HasSystemInput, fn(In, F0, F1) -> Out)>>::run::call_inner`
[INFO] [stdout]     --> /opt/rustwide/cargo-home/registry/src/index.crates.io-1949cf8c6b5b557f/bevy_ecs-0.15.3/src/system/function_system.rs:1026:68
[INFO] [stdout]      |
[INFO] [stdout] 1025 |                 fn call_inner<In: SystemInput, Out, $($param,)*>(
[INFO] [stdout] 1026 |                     mut f: impl FnMut(In::Param<'_>, $($param,)*)->Out,
[INFO] [stdout]      |                                                                    ^^^ required by this bound in `call_inner`
[INFO] [stdout] ...
[INFO] [stdout] 1041 | all_tuples!(impl_system_function, 0, 16, F);
[INFO] [stdout]      | ------------------------------------------- in this macro invocation
[INFO] [stdout]      = note: the full name for the type has been written to '/opt/rustwide/target/debug/build/bevy_ecs/f73a3e33d347ab64/out/bevy_ecs-f73a3e33d347ab64.long-type-11647401426719408298.txt'
[INFO] [stdout]      = note: consider using `--verbose` to print the full type name to the console
[INFO] [stdout] 
[INFO] [stdout] 
[INFO] [stdout] error[E0283]: type annotations needed
[INFO] [stdout]     --> /opt/rustwide/cargo-home/registry/src/index.crates.io-1949cf8c6b5b557f/bevy_ecs-0.15.3/src/system/function_system.rs:1033:17
[INFO] [stdout]      |
[INFO] [stdout]  978 | / macro_rules! impl_system_function {
[INFO] [stdout]  979 | |     ($($param: ident),*) => {
[INFO] [stdout]  980 | |         #[allow(non_snake_case)]
[INFO] [stdout]  981 | |         impl<Out, Func, $($param: SystemParam),*> SystemParamFunction<fn($($param,)*) -> Out> for Func
[INFO] [stdout] ...    |
[INFO] [stdout] 1033 | |                 call_inner(self, input, $($param),*)
[INFO] [stdout]      | |                 ^^^^^^^^^^^^^^^^^^^^^^^^^^^^^^^^^^^^ cannot infer type
[INFO] [stdout] ...    |
[INFO] [stdout] 1036 | |     };
[INFO] [stdout] 1037 | | }
[INFO] [stdout]      | |_- this error originates in the macro `impl_system_function` which comes from the expansion of the macro `all_tuples`
[INFO] [stdout] ...
[INFO] [stdout] 1041 |   all_tuples!(impl_system_function, 0, 16, F);
[INFO] [stdout]      |   ------------------------------------------- in this macro invocation
[INFO] [stdout]      |
[INFO] [stdout]      = note: the type must implement `input::SystemInput`
[INFO] [stdout]      = help: the following types implement trait `input::SystemInput`:
[INFO] [stdout]                ()
[INFO] [stdout]                StaticSystemInput<'a, I>
[INFO] [stdout]                input::In<T>
[INFO] [stdout]                input::InMut<'_, T>
[INFO] [stdout]                input::InRef<'_, T>
[INFO] [stdout]                observer::Trigger<'_, E, B>
[INFO] [stdout]      = note: cannot satisfy `for<'a> <In as input::SystemInput>::Param<'a> == _`
[INFO] [stdout]      = note: cannot satisfy `&mut Func: FnOnce(<In as SystemInput>::Param<'a>, _, _, _)`
[INFO] [stdout]      = note: cannot satisfy `<In as input::SystemInput>::Inner<'_> == <In as input::SystemInput>::Inner<'_>`
[INFO] [stdout] note: required by a bound in `<Func as function_system::SystemParamFunction<(HasSystemInput, fn(In, F0, F1, F2) -> Out)>>::run::call_inner`
[INFO] [stdout]     --> /opt/rustwide/cargo-home/registry/src/index.crates.io-1949cf8c6b5b557f/bevy_ecs-0.15.3/src/system/function_system.rs:1025:35
[INFO] [stdout]      |
[INFO] [stdout] 1025 |                 fn call_inner<In: SystemInput, Out, $($param,)*>(
[INFO] [stdout]      |                                   ^^^^^^^^^^^ required by this bound in `call_inner`
[INFO] [stdout] ...
[INFO] [stdout] 1041 | all_tuples!(impl_system_function, 0, 16, F);
[INFO] [stdout]      | ------------------------------------------- in this macro invocation
[INFO] [stdout] note: required by a bound in `<Func as function_system::SystemParamFunction<(HasSystemInput, fn(In, F0, F1, F2) -> Out)>>::run::call_inner`
[INFO] [stdout]     --> /opt/rustwide/cargo-home/registry/src/index.crates.io-1949cf8c6b5b557f/bevy_ecs-0.15.3/src/system/function_system.rs:1026:68
[INFO] [stdout]      |
[INFO] [stdout] 1025 |                 fn call_inner<In: SystemInput, Out, $($param,)*>(
[INFO] [stdout] 1026 |                     mut f: impl FnMut(In::Param<'_>, $($param,)*)->Out,
[INFO] [stdout]      |                                                                    ^^^ required by this bound in `call_inner`
[INFO] [stdout] ...
[INFO] [stdout] 1041 | all_tuples!(impl_system_function, 0, 16, F);
[INFO] [stdout]      | ------------------------------------------- in this macro invocation
[INFO] [stdout]      = note: the full name for the type has been written to '/opt/rustwide/target/debug/build/bevy_ecs/f73a3e33d347ab64/out/bevy_ecs-f73a3e33d347ab64.long-type-8635674461955868047.txt'
[INFO] [stdout]      = note: consider using `--verbose` to print the full type name to the console
[INFO] [stdout] 
[INFO] [stdout] 
[INFO] [stdout] error[E0283]: type annotations needed
[INFO] [stdout]     --> /opt/rustwide/cargo-home/registry/src/index.crates.io-1949cf8c6b5b557f/bevy_ecs-0.15.3/src/system/function_system.rs:1033:17
[INFO] [stdout]      |
[INFO] [stdout]  978 | / macro_rules! impl_system_function {
[INFO] [stdout]  979 | |     ($($param: ident),*) => {
[INFO] [stdout]  980 | |         #[allow(non_snake_case)]
[INFO] [stdout]  981 | |         impl<Out, Func, $($param: SystemParam),*> SystemParamFunction<fn($($param,)*) -> Out> for Func
[INFO] [stdout] ...    |
[INFO] [stdout] 1033 | |                 call_inner(self, input, $($param),*)
[INFO] [stdout]      | |                 ^^^^^^^^^^^^^^^^^^^^^^^^^^^^^^^^^^^^ cannot infer type
[INFO] [stdout] ...    |
[INFO] [stdout] 1036 | |     };
[INFO] [stdout] 1037 | | }
[INFO] [stdout]      | |_- this error originates in the macro `impl_system_function` which comes from the expansion of the macro `all_tuples`
[INFO] [stdout] ...
[INFO] [stdout] 1041 |   all_tuples!(impl_system_function, 0, 16, F);
[INFO] [stdout]      |   ------------------------------------------- in this macro invocation
[INFO] [stdout]      |
[INFO] [stdout]      = note: the type must implement `input::SystemInput`
[INFO] [stdout]      = help: the following types implement trait `input::SystemInput`:
[INFO] [stdout]                ()
[INFO] [stdout]                StaticSystemInput<'a, I>
[INFO] [stdout]                input::In<T>
[INFO] [stdout]                input::InMut<'_, T>
[INFO] [stdout]                input::InRef<'_, T>
[INFO] [stdout]                observer::Trigger<'_, E, B>
[INFO] [stdout]      = note: cannot satisfy `for<'a> <In as input::SystemInput>::Param<'a> == _`
[INFO] [stdout]      = note: cannot satisfy `&mut Func: FnOnce(<In as SystemInput>::Param<'a>, _, _, _, _)`
[INFO] [stdout]      = note: cannot satisfy `<In as input::SystemInput>::Inner<'_> == <In as input::SystemInput>::Inner<'_>`
[INFO] [stdout] note: required by a bound in `<Func as function_system::SystemParamFunction<(HasSystemInput, fn(In, F0, F1, F2, F3) -> Out)>>::run::call_inner`
[INFO] [stdout]     --> /opt/rustwide/cargo-home/registry/src/index.crates.io-1949cf8c6b5b557f/bevy_ecs-0.15.3/src/system/function_system.rs:1025:35
[INFO] [stdout]      |
[INFO] [stdout] 1025 |                 fn call_inner<In: SystemInput, Out, $($param,)*>(
[INFO] [stdout]      |                                   ^^^^^^^^^^^ required by this bound in `call_inner`
[INFO] [stdout] ...
[INFO] [stdout] 1041 | all_tuples!(impl_system_function, 0, 16, F);
[INFO] [stdout]      | ------------------------------------------- in this macro invocation
[INFO] [stdout] note: required by a bound in `<Func as function_system::SystemParamFunction<(HasSystemInput, fn(In, F0, F1, F2, F3) -> Out)>>::run::call_inner`
[INFO] [stdout]     --> /opt/rustwide/cargo-home/registry/src/index.crates.io-1949cf8c6b5b557f/bevy_ecs-0.15.3/src/system/function_system.rs:1026:68
[INFO] [stdout]      |
[INFO] [stdout] 1025 |                 fn call_inner<In: SystemInput, Out, $($param,)*>(
[INFO] [stdout] 1026 |                     mut f: impl FnMut(In::Param<'_>, $($param,)*)->Out,
[INFO] [stdout]      |                                                                    ^^^ required by this bound in `call_inner`
[INFO] [stdout] ...
[INFO] [stdout] 1041 | all_tuples!(impl_system_function, 0, 16, F);
[INFO] [stdout]      | ------------------------------------------- in this macro invocation
[INFO] [stdout]      = note: the full name for the type has been written to '/opt/rustwide/target/debug/build/bevy_ecs/f73a3e33d347ab64/out/bevy_ecs-f73a3e33d347ab64.long-type-5350628239423053471.txt'
[INFO] [stdout]      = note: consider using `--verbose` to print the full type name to the console
[INFO] [stdout] 
[INFO] [stdout] 
[INFO] [stdout] error[E0283]: type annotations needed
[INFO] [stdout]     --> /opt/rustwide/cargo-home/registry/src/index.crates.io-1949cf8c6b5b557f/bevy_ecs-0.15.3/src/system/function_system.rs:1033:17
[INFO] [stdout]      |
[INFO] [stdout]  978 | / macro_rules! impl_system_function {
[INFO] [stdout]  979 | |     ($($param: ident),*) => {
[INFO] [stdout]  980 | |         #[allow(non_snake_case)]
[INFO] [stdout]  981 | |         impl<Out, Func, $($param: SystemParam),*> SystemParamFunction<fn($($param,)*) -> Out> for Func
[INFO] [stdout] ...    |
[INFO] [stdout] 1033 | |                 call_inner(self, input, $($param),*)
[INFO] [stdout]      | |                 ^^^^^^^^^^^^^^^^^^^^^^^^^^^^^^^^^^^^ cannot infer type
[INFO] [stdout] ...    |
[INFO] [stdout] 1036 | |     };
[INFO] [stdout] 1037 | | }
[INFO] [stdout]      | |_- this error originates in the macro `impl_system_function` which comes from the expansion of the macro `all_tuples`
[INFO] [stdout] ...
[INFO] [stdout] 1041 |   all_tuples!(impl_system_function, 0, 16, F);
[INFO] [stdout]      |   ------------------------------------------- in this macro invocation
[INFO] [stdout]      |
[INFO] [stdout]      = note: the type must implement `input::SystemInput`
[INFO] [stdout]      = help: the following types implement trait `input::SystemInput`:
[INFO] [stdout]                ()
[INFO] [stdout]                StaticSystemInput<'a, I>
[INFO] [stdout]                input::In<T>
[INFO] [stdout]                input::InMut<'_, T>
[INFO] [stdout]                input::InRef<'_, T>
[INFO] [stdout]                observer::Trigger<'_, E, B>
[INFO] [stdout]      = note: cannot satisfy `for<'a> <In as input::SystemInput>::Param<'a> == _`
[INFO] [stdout]      = note: cannot satisfy `&mut Func: FnOnce(<In as SystemInput>::Param<'a>, _, _, _, _, _)`
[INFO] [stdout]      = note: cannot satisfy `<In as input::SystemInput>::Inner<'_> == <In as input::SystemInput>::Inner<'_>`
[INFO] [stdout] note: required by a bound in `<Func as function_system::SystemParamFunction<(HasSystemInput, fn(In, F0, F1, F2, F3, F4) -> Out)>>::run::call_inner`
[INFO] [stdout]     --> /opt/rustwide/cargo-home/registry/src/index.crates.io-1949cf8c6b5b557f/bevy_ecs-0.15.3/src/system/function_system.rs:1025:35
[INFO] [stdout]      |
[INFO] [stdout] 1025 |                 fn call_inner<In: SystemInput, Out, $($param,)*>(
[INFO] [stdout]      |                                   ^^^^^^^^^^^ required by this bound in `call_inner`
[INFO] [stdout] ...
[INFO] [stdout] 1041 | all_tuples!(impl_system_function, 0, 16, F);
[INFO] [stdout]      | ------------------------------------------- in this macro invocation
[INFO] [stdout] note: required by a bound in `<Func as function_system::SystemParamFunction<(HasSystemInput, fn(In, F0, F1, F2, F3, F4) -> Out)>>::run::call_inner`
[INFO] [stdout]     --> /opt/rustwide/cargo-home/registry/src/index.crates.io-1949cf8c6b5b557f/bevy_ecs-0.15.3/src/system/function_system.rs:1026:68
[INFO] [stdout]      |
[INFO] [stdout] 1025 |                 fn call_inner<In: SystemInput, Out, $($param,)*>(
[INFO] [stdout] 1026 |                     mut f: impl FnMut(In::Param<'_>, $($param,)*)->Out,
[INFO] [stdout]      |                                                                    ^^^ required by this bound in `call_inner`
[INFO] [stdout] ...
[INFO] [stdout] 1041 | all_tuples!(impl_system_function, 0, 16, F);
[INFO] [stdout]      | ------------------------------------------- in this macro invocation
[INFO] [stdout]      = note: the full name for the type has been written to '/opt/rustwide/target/debug/build/bevy_ecs/f73a3e33d347ab64/out/bevy_ecs-f73a3e33d347ab64.long-type-12056663456691033791.txt'
[INFO] [stdout]      = note: consider using `--verbose` to print the full type name to the console
[INFO] [stdout] 
[INFO] [stdout] 
[INFO] [stdout] error[E0283]: type annotations needed
[INFO] [stdout]     --> /opt/rustwide/cargo-home/registry/src/index.crates.io-1949cf8c6b5b557f/bevy_ecs-0.15.3/src/system/function_system.rs:1033:17
[INFO] [stdout]      |
[INFO] [stdout]  978 | / macro_rules! impl_system_function {
[INFO] [stdout]  979 | |     ($($param: ident),*) => {
[INFO] [stdout]  980 | |         #[allow(non_snake_case)]
[INFO] [stdout]  981 | |         impl<Out, Func, $($param: SystemParam),*> SystemParamFunction<fn($($param,)*) -> Out> for Func
[INFO] [stdout] ...    |
[INFO] [stdout] 1033 | |                 call_inner(self, input, $($param),*)
[INFO] [stdout]      | |                 ^^^^^^^^^^^^^^^^^^^^^^^^^^^^^^^^^^^^ cannot infer type
[INFO] [stdout] ...    |
[INFO] [stdout] 1036 | |     };
[INFO] [stdout] 1037 | | }
[INFO] [stdout]      | |_- this error originates in the macro `impl_system_function` which comes from the expansion of the macro `all_tuples`
[INFO] [stdout] ...
[INFO] [stdout] 1041 |   all_tuples!(impl_system_function, 0, 16, F);
[INFO] [stdout]      |   ------------------------------------------- in this macro invocation
[INFO] [stdout]      |
[INFO] [stdout]      = note: the type must implement `input::SystemInput`
[INFO] [stdout]      = help: the following types implement trait `input::SystemInput`:
[INFO] [stdout]                ()
[INFO] [stdout]                StaticSystemInput<'a, I>
[INFO] [stdout]                input::In<T>
[INFO] [stdout]                input::InMut<'_, T>
[INFO] [stdout]                input::InRef<'_, T>
[INFO] [stdout]                observer::Trigger<'_, E, B>
[INFO] [stdout]      = note: cannot satisfy `for<'a> <In as input::SystemInput>::Param<'a> == _`
[INFO] [stdout]      = note: cannot satisfy `&mut Func: FnOnce(<In as SystemInput>::Param<'a>, _, _, _, _, _, _)`
[INFO] [stdout]      = note: cannot satisfy `<In as input::SystemInput>::Inner<'_> == <In as input::SystemInput>::Inner<'_>`
[INFO] [stdout] note: required by a bound in `<Func as function_system::SystemParamFunction<(HasSystemInput, fn(In, F0, F1, F2, F3, F4, F5) -> Out)>>::run::call_inner`
[INFO] [stdout]     --> /opt/rustwide/cargo-home/registry/src/index.crates.io-1949cf8c6b5b557f/bevy_ecs-0.15.3/src/system/function_system.rs:1025:35
[INFO] [stdout]      |
[INFO] [stdout] 1025 |                 fn call_inner<In: SystemInput, Out, $($param,)*>(
[INFO] [stdout]      |                                   ^^^^^^^^^^^ required by this bound in `call_inner`
[INFO] [stdout] ...
[INFO] [stdout] 1041 | all_tuples!(impl_system_function, 0, 16, F);
[INFO] [stdout]      | ------------------------------------------- in this macro invocation
[INFO] [stdout] note: required by a bound in `<Func as function_system::SystemParamFunction<(HasSystemInput, fn(In, F0, F1, F2, F3, F4, F5) -> Out)>>::run::call_inner`
[INFO] [stdout]     --> /opt/rustwide/cargo-home/registry/src/index.crates.io-1949cf8c6b5b557f/bevy_ecs-0.15.3/src/system/function_system.rs:1026:68
[INFO] [stdout]      |
[INFO] [stdout] 1025 |                 fn call_inner<In: SystemInput, Out, $($param,)*>(
[INFO] [stdout] 1026 |                     mut f: impl FnMut(In::Param<'_>, $($param,)*)->Out,
[INFO] [stdout]      |                                                                    ^^^ required by this bound in `call_inner`
[INFO] [stdout] ...
[INFO] [stdout] 1041 | all_tuples!(impl_system_function, 0, 16, F);
[INFO] [stdout]      | ------------------------------------------- in this macro invocation
[INFO] [stdout]      = note: the full name for the type has been written to '/opt/rustwide/target/debug/build/bevy_ecs/f73a3e33d347ab64/out/bevy_ecs-f73a3e33d347ab64.long-type-362877672025186392.txt'
[INFO] [stdout]      = note: consider using `--verbose` to print the full type name to the console
[INFO] [stdout] 
[INFO] [stdout] 
[INFO] [stdout] error[E0283]: type annotations needed
[INFO] [stdout]     --> /opt/rustwide/cargo-home/registry/src/index.crates.io-1949cf8c6b5b557f/bevy_ecs-0.15.3/src/system/function_system.rs:1033:17
[INFO] [stdout]      |
[INFO] [stdout]  978 | / macro_rules! impl_system_function {
[INFO] [stdout]  979 | |     ($($param: ident),*) => {
[INFO] [stdout]  980 | |         #[allow(non_snake_case)]
[INFO] [stdout]  981 | |         impl<Out, Func, $($param: SystemParam),*> SystemParamFunction<fn($($param,)*) -> Out> for Func
[INFO] [stdout] ...    |
[INFO] [stdout] 1033 | |                 call_inner(self, input, $($param),*)
[INFO] [stdout]      | |                 ^^^^^^^^^^^^^^^^^^^^^^^^^^^^^^^^^^^^ cannot infer type
[INFO] [stdout] ...    |
[INFO] [stdout] 1036 | |     };
[INFO] [stdout] 1037 | | }
[INFO] [stdout]      | |_- this error originates in the macro `impl_system_function` which comes from the expansion of the macro `all_tuples`
[INFO] [stdout] ...
[INFO] [stdout] 1041 |   all_tuples!(impl_system_function, 0, 16, F);
[INFO] [stdout]      |   ------------------------------------------- in this macro invocation
[INFO] [stdout]      |
[INFO] [stdout]      = note: the type must implement `input::SystemInput`
[INFO] [stdout]      = help: the following types implement trait `input::SystemInput`:
[INFO] [stdout]                ()
[INFO] [stdout]                StaticSystemInput<'a, I>
[INFO] [stdout]                input::In<T>
[INFO] [stdout]                input::InMut<'_, T>
[INFO] [stdout]                input::InRef<'_, T>
[INFO] [stdout]                observer::Trigger<'_, E, B>
[INFO] [stdout]      = note: cannot satisfy `for<'a> <In as input::SystemInput>::Param<'a> == _`
[INFO] [stdout]      = note: cannot satisfy `&mut Func: FnOnce(<In as SystemInput>::Param<'a>, _, _, _, _, _, _, _)`
[INFO] [stdout]      = note: cannot satisfy `<In as input::SystemInput>::Inner<'_> == <In as input::SystemInput>::Inner<'_>`
[INFO] [stdout] note: required by a bound in `<Func as function_system::SystemParamFunction<(HasSystemInput, fn(In, F0, F1, F2, F3, F4, F5, F6) -> Out)>>::run::call_inner`
[INFO] [stdout]     --> /opt/rustwide/cargo-home/registry/src/index.crates.io-1949cf8c6b5b557f/bevy_ecs-0.15.3/src/system/function_system.rs:1025:35
[INFO] [stdout]      |
[INFO] [stdout] 1025 |                 fn call_inner<In: SystemInput, Out, $($param,)*>(
[INFO] [stdout]      |                                   ^^^^^^^^^^^ required by this bound in `call_inner`
[INFO] [stdout] ...
[INFO] [stdout] 1041 | all_tuples!(impl_system_function, 0, 16, F);
[INFO] [stdout]      | ------------------------------------------- in this macro invocation
[INFO] [stdout] note: required by a bound in `<Func as function_system::SystemParamFunction<(HasSystemInput, fn(In, F0, F1, F2, F3, F4, F5, F6) -> Out)>>::run::call_inner`
[INFO] [stdout]     --> /opt/rustwide/cargo-home/registry/src/index.crates.io-1949cf8c6b5b557f/bevy_ecs-0.15.3/src/system/function_system.rs:1026:68
[INFO] [stdout]      |
[INFO] [stdout] 1025 |                 fn call_inner<In: SystemInput, Out, $($param,)*>(
[INFO] [stdout] 1026 |                     mut f: impl FnMut(In::Param<'_>, $($param,)*)->Out,
[INFO] [stdout]      |                                                                    ^^^ required by this bound in `call_inner`
[INFO] [stdout] ...
[INFO] [stdout] 1041 | all_tuples!(impl_system_function, 0, 16, F);
[INFO] [stdout]      | ------------------------------------------- in this macro invocation
[INFO] [stdout]      = note: the full name for the type has been written to '/opt/rustwide/target/debug/build/bevy_ecs/f73a3e33d347ab64/out/bevy_ecs-f73a3e33d347ab64.long-type-3495237480095389715.txt'
[INFO] [stdout]      = note: consider using `--verbose` to print the full type name to the console
[INFO] [stdout] 
[INFO] [stdout] 
[INFO] [stdout] error[E0283]: type annotations needed
[INFO] [stdout]     --> /opt/rustwide/cargo-home/registry/src/index.crates.io-1949cf8c6b5b557f/bevy_ecs-0.15.3/src/system/function_system.rs:1033:17
[INFO] [stdout]      |
[INFO] [stdout]  978 | / macro_rules! impl_system_function {
[INFO] [stdout]  979 | |     ($($param: ident),*) => {
[INFO] [stdout]  980 | |         #[allow(non_snake_case)]
[INFO] [stdout]  981 | |         impl<Out, Func, $($param: SystemParam),*> SystemParamFunction<fn($($param,)*) -> Out> for Func
[INFO] [stdout] ...    |
[INFO] [stdout] 1033 | |                 call_inner(self, input, $($param),*)
[INFO] [stdout]      | |                 ^^^^^^^^^^^^^^^^^^^^^^^^^^^^^^^^^^^^ cannot infer type
[INFO] [stdout] ...    |
[INFO] [stdout] 1036 | |     };
[INFO] [stdout] 1037 | | }
[INFO] [stdout]      | |_- this error originates in the macro `impl_system_function` which comes from the expansion of the macro `all_tuples`
[INFO] [stdout] ...
[INFO] [stdout] 1041 |   all_tuples!(impl_system_function, 0, 16, F);
[INFO] [stdout]      |   ------------------------------------------- in this macro invocation
[INFO] [stdout]      |
[INFO] [stdout]      = note: the type must implement `input::SystemInput`
[INFO] [stdout]      = help: the following types implement trait `input::SystemInput`:
[INFO] [stdout]                ()
[INFO] [stdout]                StaticSystemInput<'a, I>
[INFO] [stdout]                input::In<T>
[INFO] [stdout]                input::InMut<'_, T>
[INFO] [stdout]                input::InRef<'_, T>
[INFO] [stdout]                observer::Trigger<'_, E, B>
[INFO] [stdout]      = note: cannot satisfy `for<'a> <In as input::SystemInput>::Param<'a> == _`
[INFO] [stdout]      = note: cannot satisfy `&mut Func: FnOnce(_, _, _, _, _, _, _, _, _)`
[INFO] [stdout]      = note: cannot satisfy `<In as input::SystemInput>::Inner<'_> == <In as input::SystemInput>::Inner<'_>`
[INFO] [stdout] note: required by a bound in `<Func as function_system::SystemParamFunction<(HasSystemInput, fn(In, F0, F1, F2, F3, F4, F5, F6, F7) -> Out)>>::run::call_inner`
[INFO] [stdout]     --> /opt/rustwide/cargo-home/registry/src/index.crates.io-1949cf8c6b5b557f/bevy_ecs-0.15.3/src/system/function_system.rs:1025:35
[INFO] [stdout]      |
[INFO] [stdout] 1025 |                 fn call_inner<In: SystemInput, Out, $($param,)*>(
[INFO] [stdout]      |                                   ^^^^^^^^^^^ required by this bound in `call_inner`
[INFO] [stdout] ...
[INFO] [stdout] 1041 | all_tuples!(impl_system_function, 0, 16, F);
[INFO] [stdout]      | ------------------------------------------- in this macro invocation
[INFO] [stdout] note: required by a bound in `<Func as function_system::SystemParamFunction<(HasSystemInput, fn(In, F0, F1, F2, F3, F4, F5, F6, F7) -> Out)>>::run::call_inner`
[INFO] [stdout]     --> /opt/rustwide/cargo-home/registry/src/index.crates.io-1949cf8c6b5b557f/bevy_ecs-0.15.3/src/system/function_system.rs:1026:68
[INFO] [stdout]      |
[INFO] [stdout] 1025 |                 fn call_inner<In: SystemInput, Out, $($param,)*>(
[INFO] [stdout] 1026 |                     mut f: impl FnMut(In::Param<'_>, $($param,)*)->Out,
[INFO] [stdout]      |                                                                    ^^^ required by this bound in `call_inner`
[INFO] [stdout] ...
[INFO] [stdout] 1041 | all_tuples!(impl_system_function, 0, 16, F);
[INFO] [stdout]      | ------------------------------------------- in this macro invocation
[INFO] [stdout]      = note: the full name for the type has been written to '/opt/rustwide/target/debug/build/bevy_ecs/f73a3e33d347ab64/out/bevy_ecs-f73a3e33d347ab64.long-type-1711355916155020227.txt'
[INFO] [stdout]      = note: consider using `--verbose` to print the full type name to the console
[INFO] [stdout] 
[INFO] [stdout] 
[INFO] [stdout] error[E0283]: type annotations needed
[INFO] [stdout]     --> /opt/rustwide/cargo-home/registry/src/index.crates.io-1949cf8c6b5b557f/bevy_ecs-0.15.3/src/system/function_system.rs:1033:17
[INFO] [stdout]      |
[INFO] [stdout]  978 | / macro_rules! impl_system_function {
[INFO] [stdout]  979 | |     ($($param: ident),*) => {
[INFO] [stdout]  980 | |         #[allow(non_snake_case)]
[INFO] [stdout]  981 | |         impl<Out, Func, $($param: SystemParam),*> SystemParamFunction<fn($($param,)*) -> Out> for Func
[INFO] [stdout] ...    |
[INFO] [stdout] 1033 | |                 call_inner(self, input, $($param),*)
[INFO] [stdout]      | |                 ^^^^^^^^^^^^^^^^^^^^^^^^^^^^^^^^^^^^ cannot infer type
[INFO] [stdout] ...    |
[INFO] [stdout] 1036 | |     };
[INFO] [stdout] 1037 | | }
[INFO] [stdout]      | |_- this error originates in the macro `impl_system_function` which comes from the expansion of the macro `all_tuples`
[INFO] [stdout] ...
[INFO] [stdout] 1041 |   all_tuples!(impl_system_function, 0, 16, F);
[INFO] [stdout]      |   ------------------------------------------- in this macro invocation
[INFO] [stdout]      |
[INFO] [stdout]      = note: the type must implement `input::SystemInput`
[INFO] [stdout]      = help: the following types implement trait `input::SystemInput`:
[INFO] [stdout]                ()
[INFO] [stdout]                StaticSystemInput<'a, I>
[INFO] [stdout]                input::In<T>
[INFO] [stdout]                input::InMut<'_, T>
[INFO] [stdout]                input::InRef<'_, T>
[INFO] [stdout]                observer::Trigger<'_, E, B>
[INFO] [stdout]      = note: cannot satisfy `for<'a> <In as input::SystemInput>::Param<'a> == _`
[INFO] [stdout]      = note: cannot satisfy `&mut Func: FnOnce(_, _, _, _, _, _, _, _, _, _)`
[INFO] [stdout]      = note: cannot satisfy `<In as input::SystemInput>::Inner<'_> == <In as input::SystemInput>::Inner<'_>`
[INFO] [stdout] note: required by a bound in `<Func as function_system::SystemParamFunction<(HasSystemInput, fn(In, F0, F1, F2, F3, F4, F5, F6, F7, F8) -> Out)>>::run::call_inner`
[INFO] [stdout]     --> /opt/rustwide/cargo-home/registry/src/index.crates.io-1949cf8c6b5b557f/bevy_ecs-0.15.3/src/system/function_system.rs:1025:35
[INFO] [stdout]      |
[INFO] [stdout] 1025 |                 fn call_inner<In: SystemInput, Out, $($param,)*>(
[INFO] [stdout]      |                                   ^^^^^^^^^^^ required by this bound in `call_inner`
[INFO] [stdout] ...
[INFO] [stdout] 1041 | all_tuples!(impl_system_function, 0, 16, F);
[INFO] [stdout]      | ------------------------------------------- in this macro invocation
[INFO] [stdout] note: required by a bound in `<Func as function_system::SystemParamFunction<(HasSystemInput, fn(In, F0, F1, F2, F3, F4, F5, F6, F7, F8) -> Out)>>::run::call_inner`
[INFO] [stdout]     --> /opt/rustwide/cargo-home/registry/src/index.crates.io-1949cf8c6b5b557f/bevy_ecs-0.15.3/src/system/function_system.rs:1026:68
[INFO] [stdout]      |
[INFO] [stdout] 1025 |                 fn call_inner<In: SystemInput, Out, $($param,)*>(
[INFO] [stdout] 1026 |                     mut f: impl FnMut(In::Param<'_>, $($param,)*)->Out,
[INFO] [stdout]      |                                                                    ^^^ required by this bound in `call_inner`
[INFO] [stdout] ...
[INFO] [stdout] 1041 | all_tuples!(impl_system_function, 0, 16, F);
[INFO] [stdout]      | ------------------------------------------- in this macro invocation
[INFO] [stdout]      = note: the full name for the type has been written to '/opt/rustwide/target/debug/build/bevy_ecs/f73a3e33d347ab64/out/bevy_ecs-f73a3e33d347ab64.long-type-1416912362945647899.txt'
[INFO] [stdout]      = note: consider using `--verbose` to print the full type name to the console
[INFO] [stdout] 
[INFO] [stdout] 
[INFO] [stdout] error[E0283]: type annotations needed
[INFO] [stdout]     --> /opt/rustwide/cargo-home/registry/src/index.crates.io-1949cf8c6b5b557f/bevy_ecs-0.15.3/src/system/function_system.rs:1033:17
[INFO] [stdout]      |
[INFO] [stdout]  978 | / macro_rules! impl_system_function {
[INFO] [stdout]  979 | |     ($($param: ident),*) => {
[INFO] [stdout]  980 | |         #[allow(non_snake_case)]
[INFO] [stdout]  981 | |         impl<Out, Func, $($param: SystemParam),*> SystemParamFunction<fn($($param,)*) -> Out> for Func
[INFO] [stdout] ...    |
[INFO] [stdout] 1033 | |                 call_inner(self, input, $($param),*)
[INFO] [stdout]      | |                 ^^^^^^^^^^^^^^^^^^^^^^^^^^^^^^^^^^^^ cannot infer type
[INFO] [stdout] ...    |
[INFO] [stdout] 1036 | |     };
[INFO] [stdout] 1037 | | }
[INFO] [stdout]      | |_- this error originates in the macro `impl_system_function` which comes from the expansion of the macro `all_tuples`
[INFO] [stdout] ...
[INFO] [stdout] 1041 |   all_tuples!(impl_system_function, 0, 16, F);
[INFO] [stdout]      |   ------------------------------------------- in this macro invocation
[INFO] [stdout]      |
[INFO] [stdout]      = note: the type must implement `input::SystemInput`
[INFO] [stdout]      = help: the following types implement trait `input::SystemInput`:
[INFO] [stdout]                ()
[INFO] [stdout]                StaticSystemInput<'a, I>
[INFO] [stdout]                input::In<T>
[INFO] [stdout]                input::InMut<'_, T>
[INFO] [stdout]                input::InRef<'_, T>
[INFO] [stdout]                observer::Trigger<'_, E, B>
[INFO] [stdout]      = note: cannot satisfy `for<'a> <In as input::SystemInput>::Param<'a> == _`
[INFO] [stdout]      = note: cannot satisfy `&mut Func: FnOnce(_, _, _, _, _, _, _, _, _, _, _)`
[INFO] [stdout]      = note: cannot satisfy `<In as input::SystemInput>::Inner<'_> == <In as input::SystemInput>::Inner<'_>`
[INFO] [stdout] note: required by a bound in `<Func as function_system::SystemParamFunction<(HasSystemInput, fn(In, F0, F1, F2, F3, F4, F5, F6, F7, F8, F9) -> Out)>>::run::call_inner`
[INFO] [stdout]     --> /opt/rustwide/cargo-home/registry/src/index.crates.io-1949cf8c6b5b557f/bevy_ecs-0.15.3/src/system/function_system.rs:1025:35
[INFO] [stdout]      |
[INFO] [stdout] 1025 |                 fn call_inner<In: SystemInput, Out, $($param,)*>(
[INFO] [stdout]      |                                   ^^^^^^^^^^^ required by this bound in `call_inner`
[INFO] [stdout] ...
[INFO] [stdout] 1041 | all_tuples!(impl_system_function, 0, 16, F);
[INFO] [stdout]      | ------------------------------------------- in this macro invocation
[INFO] [stdout] note: required by a bound in `<Func as function_system::SystemParamFunction<(HasSystemInput, fn(In, F0, F1, F2, F3, F4, F5, F6, F7, F8, F9) -> Out)>>::run::call_inner`
[INFO] [stdout]     --> /opt/rustwide/cargo-home/registry/src/index.crates.io-1949cf8c6b5b557f/bevy_ecs-0.15.3/src/system/function_system.rs:1026:68
[INFO] [stdout]      |
[INFO] [stdout] 1025 |                 fn call_inner<In: SystemInput, Out, $($param,)*>(
[INFO] [stdout] 1026 |                     mut f: impl FnMut(In::Param<'_>, $($param,)*)->Out,
[INFO] [stdout]      |                                                                    ^^^ required by this bound in `call_inner`
[INFO] [stdout] ...
[INFO] [stdout] 1041 | all_tuples!(impl_system_function, 0, 16, F);
[INFO] [stdout]      | ------------------------------------------- in this macro invocation
[INFO] [stdout]      = note: the full name for the type has been written to '/opt/rustwide/target/debug/build/bevy_ecs/f73a3e33d347ab64/out/bevy_ecs-f73a3e33d347ab64.long-type-9301081412349667443.txt'
[INFO] [stdout]      = note: consider using `--verbose` to print the full type name to the console
[INFO] [stdout] 
[INFO] [stdout] 
[INFO] [stdout] error[E0283]: type annotations needed
[INFO] [stdout]     --> /opt/rustwide/cargo-home/registry/src/index.crates.io-1949cf8c6b5b557f/bevy_ecs-0.15.3/src/system/function_system.rs:1033:17
[INFO] [stdout]      |
[INFO] [stdout]  978 | / macro_rules! impl_system_function {
[INFO] [stdout]  979 | |     ($($param: ident),*) => {
[INFO] [stdout]  980 | |         #[allow(non_snake_case)]
[INFO] [stdout]  981 | |         impl<Out, Func, $($param: SystemParam),*> SystemParamFunction<fn($($param,)*) -> Out> for Func
[INFO] [stdout] ...    |
[INFO] [stdout] 1033 | |                 call_inner(self, input, $($param),*)
[INFO] [stdout]      | |                 ^^^^^^^^^^^^^^^^^^^^^^^^^^^^^^^^^^^^ cannot infer type
[INFO] [stdout] ...    |
[INFO] [stdout] 1036 | |     };
[INFO] [stdout] 1037 | | }
[INFO] [stdout]      | |_- this error originates in the macro `impl_system_function` which comes from the expansion of the macro `all_tuples`
[INFO] [stdout] ...
[INFO] [stdout] 1041 |   all_tuples!(impl_system_function, 0, 16, F);
[INFO] [stdout]      |   ------------------------------------------- in this macro invocation
[INFO] [stdout]      |
[INFO] [stdout]      = note: the type must implement `input::SystemInput`
[INFO] [stdout]      = help: the following types implement trait `input::SystemInput`:
[INFO] [stdout]                ()
[INFO] [stdout]                StaticSystemInput<'a, I>
[INFO] [stdout]                input::In<T>
[INFO] [stdout]                input::InMut<'_, T>
[INFO] [stdout]                input::InRef<'_, T>
[INFO] [stdout]                observer::Trigger<'_, E, B>
[INFO] [stdout]      = note: cannot satisfy `for<'a> <In as input::SystemInput>::Param<'a> == _`
[INFO] [stdout]      = note: cannot satisfy `&mut Func: FnOnce(_, _, _, _, _, _, _, _, _, _, _, _)`
[INFO] [stdout]      = note: cannot satisfy `<In as input::SystemInput>::Inner<'_> == <In as input::SystemInput>::Inner<'_>`
[INFO] [stdout] note: required by a bound in `<Func as function_system::SystemParamFunction<(HasSystemInput, fn(In, F0, F1, F2, F3, F4, F5, F6, F7, F8, F9, F10) -> Out)>>::run::call_inner`
[INFO] [stdout]     --> /opt/rustwide/cargo-home/registry/src/index.crates.io-1949cf8c6b5b557f/bevy_ecs-0.15.3/src/system/function_system.rs:1025:35
[INFO] [stdout]      |
[INFO] [stdout] 1025 |                 fn call_inner<In: SystemInput, Out, $($param,)*>(
[INFO] [stdout]      |                                   ^^^^^^^^^^^ required by this bound in `call_inner`
[INFO] [stdout] ...
[INFO] [stdout] 1041 | all_tuples!(impl_system_function, 0, 16, F);
[INFO] [stdout]      | ------------------------------------------- in this macro invocation
[INFO] [stdout] note: required by a bound in `<Func as function_system::SystemParamFunction<(HasSystemInput, fn(In, F0, F1, F2, F3, F4, F5, F6, F7, F8, F9, F10) -> Out)>>::run::call_inner`
[INFO] [stdout]     --> /opt/rustwide/cargo-home/registry/src/index.crates.io-1949cf8c6b5b557f/bevy_ecs-0.15.3/src/system/function_system.rs:1026:68
[INFO] [stdout]      |
[INFO] [stdout] 1025 |                 fn call_inner<In: SystemInput, Out, $($param,)*>(
[INFO] [stdout] 1026 |                     mut f: impl FnMut(In::Param<'_>, $($param,)*)->Out,
[INFO] [stdout]      |                                                                    ^^^ required by this bound in `call_inner`
[INFO] [stdout] ...
[INFO] [stdout] 1041 | all_tuples!(impl_system_function, 0, 16, F);
[INFO] [stdout]      | ------------------------------------------- in this macro invocation
[INFO] [stdout]      = note: the full name for the type has been written to '/opt/rustwide/target/debug/build/bevy_ecs/f73a3e33d347ab64/out/bevy_ecs-f73a3e33d347ab64.long-type-7332078782991925661.txt'
[INFO] [stdout]      = note: consider using `--verbose` to print the full type name to the console
[INFO] [stdout] 
[INFO] [stdout] 
[INFO] [stdout] error[E0283]: type annotations needed
[INFO] [stdout]     --> /opt/rustwide/cargo-home/registry/src/index.crates.io-1949cf8c6b5b557f/bevy_ecs-0.15.3/src/system/function_system.rs:1033:17
[INFO] [stdout]      |
[INFO] [stdout]  978 | / macro_rules! impl_system_function {
[INFO] [stdout]  979 | |     ($($param: ident),*) => {
[INFO] [stdout]  980 | |         #[allow(non_snake_case)]
[INFO] [stdout]  981 | |         impl<Out, Func, $($param: SystemParam),*> SystemParamFunction<fn($($param,)*) -> Out> for Func
[INFO] [stdout] ...    |
[INFO] [stdout] 1033 | |                 call_inner(self, input, $($param),*)
[INFO] [stdout]      | |                 ^^^^^^^^^^^^^^^^^^^^^^^^^^^^^^^^^^^^ cannot infer type
[INFO] [stdout] ...    |
[INFO] [stdout] 1036 | |     };
[INFO] [stdout] 1037 | | }
[INFO] [stdout]      | |_- this error originates in the macro `impl_system_function` which comes from the expansion of the macro `all_tuples`
[INFO] [stdout] ...
[INFO] [stdout] 1041 |   all_tuples!(impl_system_function, 0, 16, F);
[INFO] [stdout]      |   ------------------------------------------- in this macro invocation
[INFO] [stdout]      |
[INFO] [stdout]      = note: the type must implement `input::SystemInput`
[INFO] [stdout]      = help: the following types implement trait `input::SystemInput`:
[INFO] [stdout]                ()
[INFO] [stdout]                StaticSystemInput<'a, I>
[INFO] [stdout]                input::In<T>
[INFO] [stdout]                input::InMut<'_, T>
[INFO] [stdout]                input::InRef<'_, T>
[INFO] [stdout]                observer::Trigger<'_, E, B>
[INFO] [stdout]      = note: cannot satisfy `for<'a> <In as input::SystemInput>::Param<'a> == _`
[INFO] [stdout]      = note: cannot satisfy `&mut Func: FnOnce(_, _, _, _, _, _, _, _, _, _, _, _, _)`
[INFO] [stdout]      = note: cannot satisfy `<In as input::SystemInput>::Inner<'_> == <In as input::SystemInput>::Inner<'_>`
[INFO] [stdout] note: required by a bound in `<Func as function_system::SystemParamFunction<(HasSystemInput, fn(In, F0, F1, F2, F3, F4, F5, F6, F7, F8, F9, F10, F11) -> Out)>>::run::call_inner`
[INFO] [stdout]     --> /opt/rustwide/cargo-home/registry/src/index.crates.io-1949cf8c6b5b557f/bevy_ecs-0.15.3/src/system/function_system.rs:1025:35
[INFO] [stdout]      |
[INFO] [stdout] 1025 |                 fn call_inner<In: SystemInput, Out, $($param,)*>(
[INFO] [stdout]      |                                   ^^^^^^^^^^^ required by this bound in `call_inner`
[INFO] [stdout] ...
[INFO] [stdout] 1041 | all_tuples!(impl_system_function, 0, 16, F);
[INFO] [stdout]      | ------------------------------------------- in this macro invocation
[INFO] [stdout] note: required by a bound in `<Func as function_system::SystemParamFunction<(HasSystemInput, fn(In, F0, F1, F2, F3, F4, F5, F6, F7, F8, F9, F10, F11) -> Out)>>::run::call_inner`
[INFO] [stdout]     --> /opt/rustwide/cargo-home/registry/src/index.crates.io-1949cf8c6b5b557f/bevy_ecs-0.15.3/src/system/function_system.rs:1026:68
[INFO] [stdout]      |
[INFO] [stdout] 1025 |                 fn call_inner<In: SystemInput, Out, $($param,)*>(
[INFO] [stdout] 1026 |                     mut f: impl FnMut(In::Param<'_>, $($param,)*)->Out,
[INFO] [stdout]      |                                                                    ^^^ required by this bound in `call_inner`
[INFO] [stdout] ...
[INFO] [stdout] 1041 | all_tuples!(impl_system_function, 0, 16, F);
[INFO] [stdout]      | ------------------------------------------- in this macro invocation
[INFO] [stdout]      = note: the full name for the type has been written to '/opt/rustwide/target/debug/build/bevy_ecs/f73a3e33d347ab64/out/bevy_ecs-f73a3e33d347ab64.long-type-7179698683472488670.txt'
[INFO] [stdout]      = note: consider using `--verbose` to print the full type name to the console
[INFO] [stdout] 
[INFO] [stdout] 
[INFO] [stdout] error[E0283]: type annotations needed
[INFO] [stdout]     --> /opt/rustwide/cargo-home/registry/src/index.crates.io-1949cf8c6b5b557f/bevy_ecs-0.15.3/src/system/function_system.rs:1033:17
[INFO] [stdout]      |
[INFO] [stdout]  978 | / macro_rules! impl_system_function {
[INFO] [stdout]  979 | |     ($($param: ident),*) => {
[INFO] [stdout]  980 | |         #[allow(non_snake_case)]
[INFO] [stdout]  981 | |         impl<Out, Func, $($param: SystemParam),*> SystemParamFunction<fn($($param,)*) -> Out> for Func
[INFO] [stdout] ...    |
[INFO] [stdout] 1033 | |                 call_inner(self, input, $($param),*)
[INFO] [stdout]      | |                 ^^^^^^^^^^^^^^^^^^^^^^^^^^^^^^^^^^^^ cannot infer type
[INFO] [stdout] ...    |
[INFO] [stdout] 1036 | |     };
[INFO] [stdout] 1037 | | }
[INFO] [stdout]      | |_- this error originates in the macro `impl_system_function` which comes from the expansion of the macro `all_tuples`
[INFO] [stdout] ...
[INFO] [stdout] 1041 |   all_tuples!(impl_system_function, 0, 16, F);
[INFO] [stdout]      |   ------------------------------------------- in this macro invocation
[INFO] [stdout]      |
[INFO] [stdout]      = note: the type must implement `input::SystemInput`
[INFO] [stdout]      = help: the following types implement trait `input::SystemInput`:
[INFO] [stdout]                ()
[INFO] [stdout]                StaticSystemInput<'a, I>
[INFO] [stdout]                input::In<T>
[INFO] [stdout]                input::InMut<'_, T>
[INFO] [stdout]                input::InRef<'_, T>
[INFO] [stdout]                observer::Trigger<'_, E, B>
[INFO] [stdout]      = note: cannot satisfy `for<'a> <In as input::SystemInput>::Param<'a> == _`
[INFO] [stdout]      = note: cannot satisfy `&mut Func: FnOnce(_, _, _, _, _, _, _, _, _, _, _, _, _, _)`
[INFO] [stdout]      = note: cannot satisfy `<In as input::SystemInput>::Inner<'_> == <In as input::SystemInput>::Inner<'_>`
[INFO] [stdout] note: required by a bound in `<Func as function_system::SystemParamFunction<(HasSystemInput, fn(In, F0, F1, F2, F3, F4, F5, F6, F7, F8, F9, F10, F11, F12) -> Out)>>::run::call_inner`
[INFO] [stdout]     --> /opt/rustwide/cargo-home/registry/src/index.crates.io-1949cf8c6b5b557f/bevy_ecs-0.15.3/src/system/function_system.rs:1025:35
[INFO] [stdout]      |
[INFO] [stdout] 1025 |                 fn call_inner<In: SystemInput, Out, $($param,)*>(
[INFO] [stdout]      |                                   ^^^^^^^^^^^ required by this bound in `call_inner`
[INFO] [stdout] ...
[INFO] [stdout] 1041 | all_tuples!(impl_system_function, 0, 16, F);
[INFO] [stdout]      | ------------------------------------------- in this macro invocation
[INFO] [stdout] note: required by a bound in `<Func as function_system::SystemParamFunction<(HasSystemInput, fn(In, F0, F1, F2, F3, F4, F5, F6, F7, F8, F9, F10, F11, F12) -> Out)>>::run::call_inner`
[INFO] [stdout]     --> /opt/rustwide/cargo-home/registry/src/index.crates.io-1949cf8c6b5b557f/bevy_ecs-0.15.3/src/system/function_system.rs:1026:68
[INFO] [stdout]      |
[INFO] [stdout] 1025 |                 fn call_inner<In: SystemInput, Out, $($param,)*>(
[INFO] [stdout] 1026 |                     mut f: impl FnMut(In::Param<'_>, $($param,)*)->Out,
[INFO] [stdout]      |                                                                    ^^^ required by this bound in `call_inner`
[INFO] [stdout] ...
[INFO] [stdout] 1041 | all_tuples!(impl_system_function, 0, 16, F);
[INFO] [stdout]      | ------------------------------------------- in this macro invocation
[INFO] [stdout]      = note: the full name for the type has been written to '/opt/rustwide/target/debug/build/bevy_ecs/f73a3e33d347ab64/out/bevy_ecs-f73a3e33d347ab64.long-type-6077373222371394420.txt'
[INFO] [stdout]      = note: consider using `--verbose` to print the full type name to the console
[INFO] [stdout] 
[INFO] [stdout] 
[INFO] [stdout] error[E0283]: type annotations needed
[INFO] [stdout]     --> /opt/rustwide/cargo-home/registry/src/index.crates.io-1949cf8c6b5b557f/bevy_ecs-0.15.3/src/system/function_system.rs:1033:17
[INFO] [stdout]      |
[INFO] [stdout]  978 | / macro_rules! impl_system_function {
[INFO] [stdout]  979 | |     ($($param: ident),*) => {
[INFO] [stdout]  980 | |         #[allow(non_snake_case)]
[INFO] [stdout]  981 | |         impl<Out, Func, $($param: SystemParam),*> SystemParamFunction<fn($($param,)*) -> Out> for Func
[INFO] [stdout] ...    |
[INFO] [stdout] 1033 | |                 call_inner(self, input, $($param),*)
[INFO] [stdout]      | |                 ^^^^^^^^^^^^^^^^^^^^^^^^^^^^^^^^^^^^ cannot infer type
[INFO] [stdout] ...    |
[INFO] [stdout] 1036 | |     };
[INFO] [stdout] 1037 | | }
[INFO] [stdout]      | |_- this error originates in the macro `impl_system_function` which comes from the expansion of the macro `all_tuples`
[INFO] [stdout] ...
[INFO] [stdout] 1041 |   all_tuples!(impl_system_function, 0, 16, F);
[INFO] [stdout]      |   ------------------------------------------- in this macro invocation
[INFO] [stdout]      |
[INFO] [stdout]      = note: the type must implement `input::SystemInput`
[INFO] [stdout]      = help: the following types implement trait `input::SystemInput`:
[INFO] [stdout]                ()
[INFO] [stdout]                StaticSystemInput<'a, I>
[INFO] [stdout]                input::In<T>
[INFO] [stdout]                input::InMut<'_, T>
[INFO] [stdout]                input::InRef<'_, T>
[INFO] [stdout]                observer::Trigger<'_, E, B>
[INFO] [stdout]      = note: cannot satisfy `for<'a> <In as input::SystemInput>::Param<'a> == _`
[INFO] [stdout]      = note: cannot satisfy `&mut Func: FnOnce(_, _, _, _, _, _, _, _, _, _, _, _, _, _, _)`
[INFO] [stdout]      = note: cannot satisfy `<In as input::SystemInput>::Inner<'_> == <In as input::SystemInput>::Inner<'_>`
[INFO] [stdout] note: required by a bound in `<Func as function_system::SystemParamFunction<(HasSystemInput, fn(In, F0, F1, F2, F3, F4, F5, F6, F7, F8, F9, F10, F11, F12, F13) -> Out)>>::run::call_inner`
[INFO] [stdout]     --> /opt/rustwide/cargo-home/registry/src/index.crates.io-1949cf8c6b5b557f/bevy_ecs-0.15.3/src/system/function_system.rs:1025:35
[INFO] [stdout]      |
[INFO] [stdout] 1025 |                 fn call_inner<In: SystemInput, Out, $($param,)*>(
[INFO] [stdout]      |                                   ^^^^^^^^^^^ required by this bound in `call_inner`
[INFO] [stdout] ...
[INFO] [stdout] 1041 | all_tuples!(impl_system_function, 0, 16, F);
[INFO] [stdout]      | ------------------------------------------- in this macro invocation
[INFO] [stdout] note: required by a bound in `<Func as function_system::SystemParamFunction<(HasSystemInput, fn(In, F0, F1, F2, F3, F4, F5, F6, F7, F8, F9, F10, F11, F12, F13) -> Out)>>::run::call_inner`
[INFO] [stdout]     --> /opt/rustwide/cargo-home/registry/src/index.crates.io-1949cf8c6b5b557f/bevy_ecs-0.15.3/src/system/function_system.rs:1026:68
[INFO] [stdout]      |
[INFO] [stdout] 1025 |                 fn call_inner<In: SystemInput, Out, $($param,)*>(
[INFO] [stdout] 1026 |                     mut f: impl FnMut(In::Param<'_>, $($param,)*)->Out,
[INFO] [stdout]      |                                                                    ^^^ required by this bound in `call_inner`
[INFO] [stdout] ...
[INFO] [stdout] 1041 | all_tuples!(impl_system_function, 0, 16, F);
[INFO] [stdout]      | ------------------------------------------- in this macro invocation
[INFO] [stdout]      = note: the full name for the type has been written to '/opt/rustwide/target/debug/build/bevy_ecs/f73a3e33d347ab64/out/bevy_ecs-f73a3e33d347ab64.long-type-4553771145007367651.txt'
[INFO] [stdout]      = note: consider using `--verbose` to print the full type name to the console
[INFO] [stdout] 
[INFO] [stdout] 
[INFO] [stdout] error[E0283]: type annotations needed
[INFO] [stdout]     --> /opt/rustwide/cargo-home/registry/src/index.crates.io-1949cf8c6b5b557f/bevy_ecs-0.15.3/src/system/function_system.rs:1033:17
[INFO] [stdout]      |
[INFO] [stdout]  978 | / macro_rules! impl_system_function {
[INFO] [stdout]  979 | |     ($($param: ident),*) => {
[INFO] [stdout]  980 | |         #[allow(non_snake_case)]
[INFO] [stdout]  981 | |         impl<Out, Func, $($param: SystemParam),*> SystemParamFunction<fn($($param,)*) -> Out> for Func
[INFO] [stdout] ...    |
[INFO] [stdout] 1033 | |                 call_inner(self, input, $($param),*)
[INFO] [stdout]      | |                 ^^^^^^^^^^^^^^^^^^^^^^^^^^^^^^^^^^^^ cannot infer type
[INFO] [stdout] ...    |
[INFO] [stdout] 1036 | |     };
[INFO] [stdout] 1037 | | }
[INFO] [stdout]      | |_- this error originates in the macro `impl_system_function` which comes from the expansion of the macro `all_tuples`
[INFO] [stdout] ...
[INFO] [stdout] 1041 |   all_tuples!(impl_system_function, 0, 16, F);
[INFO] [stdout]      |   ------------------------------------------- in this macro invocation
[INFO] [stdout]      |
[INFO] [stdout]      = note: the type must implement `input::SystemInput`
[INFO] [stdout]      = help: the following types implement trait `input::SystemInput`:
[INFO] [stdout]                ()
[INFO] [stdout]                StaticSystemInput<'a, I>
[INFO] [stdout]                input::In<T>
[INFO] [stdout]                input::InMut<'_, T>
[INFO] [stdout]                input::InRef<'_, T>
[INFO] [stdout]                observer::Trigger<'_, E, B>
[INFO] [stdout]      = note: cannot satisfy `for<'a> <In as input::SystemInput>::Param<'a> == _`
[INFO] [stdout]      = note: cannot satisfy `&mut Func: FnOnce(_, _, _, _, _, _, _, _, _, _, _, _, _, _, _, _)`
[INFO] [stdout]      = note: cannot satisfy `<In as input::SystemInput>::Inner<'_> == <In as input::SystemInput>::Inner<'_>`
[INFO] [stdout] note: required by a bound in `<Func as function_system::SystemParamFunction<(HasSystemInput, fn(In, F0, F1, F2, F3, F4, F5, F6, F7, F8, F9, F10, F11, F12, F13, F14) -> Out)>>::run::call_inner`
[INFO] [stdout]     --> /opt/rustwide/cargo-home/registry/src/index.crates.io-1949cf8c6b5b557f/bevy_ecs-0.15.3/src/system/function_system.rs:1025:35
[INFO] [stdout]      |
[INFO] [stdout] 1025 |                 fn call_inner<In: SystemInput, Out, $($param,)*>(
[INFO] [stdout]      |                                   ^^^^^^^^^^^ required by this bound in `call_inner`
[INFO] [stdout] ...
[INFO] [stdout] 1041 | all_tuples!(impl_system_function, 0, 16, F);
[INFO] [stdout]      | ------------------------------------------- in this macro invocation
[INFO] [stdout] note: required by a bound in `<Func as function_system::SystemParamFunction<(HasSystemInput, fn(In, F0, F1, F2, F3, F4, F5, F6, F7, F8, F9, F10, F11, F12, F13, F14) -> Out)>>::run::call_inner`
[INFO] [stdout]     --> /opt/rustwide/cargo-home/registry/src/index.crates.io-1949cf8c6b5b557f/bevy_ecs-0.15.3/src/system/function_system.rs:1026:68
[INFO] [stdout]      |
[INFO] [stdout] 1025 |                 fn call_inner<In: SystemInput, Out, $($param,)*>(
[INFO] [stdout] 1026 |                     mut f: impl FnMut(In::Param<'_>, $($param,)*)->Out,
[INFO] [stdout]      |                                                                    ^^^ required by this bound in `call_inner`
[INFO] [stdout] ...
[INFO] [stdout] 1041 | all_tuples!(impl_system_function, 0, 16, F);
[INFO] [stdout]      | ------------------------------------------- in this macro invocation
[INFO] [stdout]      = note: the full name for the type has been written to '/opt/rustwide/target/debug/build/bevy_ecs/f73a3e33d347ab64/out/bevy_ecs-f73a3e33d347ab64.long-type-9088268811838308777.txt'
[INFO] [stdout]      = note: consider using `--verbose` to print the full type name to the console
[INFO] [stdout] 
[INFO] [stdout] 
[INFO] [stdout] error[E0283]: type annotations needed
[INFO] [stdout]     --> /opt/rustwide/cargo-home/registry/src/index.crates.io-1949cf8c6b5b557f/bevy_ecs-0.15.3/src/system/function_system.rs:1033:17
[INFO] [stdout]      |
[INFO] [stdout]  978 | / macro_rules! impl_system_function {
[INFO] [stdout]  979 | |     ($($param: ident),*) => {
[INFO] [stdout]  980 | |         #[allow(non_snake_case)]
[INFO] [stdout]  981 | |         impl<Out, Func, $($param: SystemParam),*> SystemParamFunction<fn($($param,)*) -> Out> for Func
[INFO] [stdout] ...    |
[INFO] [stdout] 1033 | |                 call_inner(self, input, $($param),*)
[INFO] [stdout]      | |                 ^^^^^^^^^^^^^^^^^^^^^^^^^^^^^^^^^^^^ cannot infer type
[INFO] [stdout] ...    |
[INFO] [stdout] 1036 | |     };
[INFO] [stdout] 1037 | | }
[INFO] [stdout]      | |_- this error originates in the macro `impl_system_function` which comes from the expansion of the macro `all_tuples`
[INFO] [stdout] ...
[INFO] [stdout] 1041 |   all_tuples!(impl_system_function, 0, 16, F);
[INFO] [stdout]      |   ------------------------------------------- in this macro invocation
[INFO] [stdout]      |
[INFO] [stdout]      = note: the type must implement `input::SystemInput`
[INFO] [stdout]      = help: the following types implement trait `input::SystemInput`:
[INFO] [stdout]                ()
[INFO] [stdout]                StaticSystemInput<'a, I>
[INFO] [stdout]                input::In<T>
[INFO] [stdout]                input::InMut<'_, T>
[INFO] [stdout]                input::InRef<'_, T>
[INFO] [stdout]                observer::Trigger<'_, E, B>
[INFO] [stdout]      = note: cannot satisfy `for<'a> <In as input::SystemInput>::Param<'a> == _`
[INFO] [stdout]      = note: cannot satisfy `&mut Func: FnOnce(_, _, _, _, _, _, _, _, _, _, _, _, _, _, _, _, _)`
[INFO] [stdout]      = note: cannot satisfy `<In as input::SystemInput>::Inner<'_> == <In as input::SystemInput>::Inner<'_>`
[INFO] [stdout] note: required by a bound in `<Func as function_system::SystemParamFunction<(HasSystemInput, fn(In, F0, F1, F2, F3, F4, F5, F6, F7, F8, F9, F10, F11, F12, F13, F14, F15) -> Out)>>::run::call_inner`
[INFO] [stdout]     --> /opt/rustwide/cargo-home/registry/src/index.crates.io-1949cf8c6b5b557f/bevy_ecs-0.15.3/src/system/function_system.rs:1025:35
[INFO] [stdout]      |
[INFO] [stdout] 1025 |                 fn call_inner<In: SystemInput, Out, $($param,)*>(
[INFO] [stdout]      |                                   ^^^^^^^^^^^ required by this bound in `call_inner`
[INFO] [stdout] ...
[INFO] [stdout] 1041 | all_tuples!(impl_system_function, 0, 16, F);
[INFO] [stdout]      | ------------------------------------------- in this macro invocation
[INFO] [stdout] note: required by a bound in `<Func as function_system::SystemParamFunction<(HasSystemInput, fn(In, F0, F1, F2, F3, F4, F5, F6, F7, F8, F9, F10, F11, F12, F13, F14, F15) -> Out)>>::run::call_inner`
[INFO] [stdout]     --> /opt/rustwide/cargo-home/registry/src/index.crates.io-1949cf8c6b5b557f/bevy_ecs-0.15.3/src/system/function_system.rs:1026:68
[INFO] [stdout]      |
[INFO] [stdout] 1025 |                 fn call_inner<In: SystemInput, Out, $($param,)*>(
[INFO] [stdout] 1026 |                     mut f: impl FnMut(In::Param<'_>, $($param,)*)->Out,
[INFO] [stdout]      |                                                                    ^^^ required by this bound in `call_inner`
[INFO] [stdout] ...
[INFO] [stdout] 1041 | all_tuples!(impl_system_function, 0, 16, F);
[INFO] [stdout]      | ------------------------------------------- in this macro invocation
[INFO] [stdout]      = note: the full name for the type has been written to '/opt/rustwide/target/debug/build/bevy_ecs/f73a3e33d347ab64/out/bevy_ecs-f73a3e33d347ab64.long-type-5940738195007252629.txt'
[INFO] [stdout]      = note: consider using `--verbose` to print the full type name to the console
[INFO] [stdout] 
[INFO] [stdout] 
[INFO] [stdout] For more information about this error, try `rustc --explain E0283`.
[INFO] [stdout] 
[INFO] [stderr] error: could not compile `bevy_ecs` (lib) due to 34 previous errors
[INFO] running `Command { std: "docker" "inspect" "240e32dae89c67acd542ffbfe7f78132d7d90dfc3edd54d429434ae0a2b9eb60", kill_on_drop: false }`
[INFO] running `Command { std: "docker" "rm" "-f" "240e32dae89c67acd542ffbfe7f78132d7d90dfc3edd54d429434ae0a2b9eb60", kill_on_drop: false }`
[INFO] [stdout] 240e32dae89c67acd542ffbfe7f78132d7d90dfc3edd54d429434ae0a2b9eb60
