[INFO] fetching crate azalea-entity 0.16.0+mc26.1...
[INFO] checking azalea-entity-0.16.0+mc26.1 against 3154cc1a3e6424e44f438a95007d043ed5ceaaf6 for pr-133502-30
[INFO] extracting crate azalea-entity 0.16.0+mc26.1 into /workspace/builds/worker-2-tc2/source
[INFO] started tweaking crates.io crate azalea-entity 0.16.0+mc26.1
[INFO] finished tweaking crates.io crate azalea-entity 0.16.0+mc26.1
[INFO] tweaked toml for crates.io crate azalea-entity 0.16.0+mc26.1 written to /workspace/builds/worker-2-tc2/source/Cargo.toml
[INFO] validating manifest of crates.io crate azalea-entity 0.16.0+mc26.1 on toolchain 3154cc1a3e6424e44f438a95007d043ed5ceaaf6
[INFO] running `Command { std: CARGO_HOME="/workspace/cargo-home" RUSTUP_HOME="/workspace/rustup-home" "/workspace/cargo-home/bin/cargo" "+3154cc1a3e6424e44f438a95007d043ed5ceaaf6" "metadata" "--manifest-path" "Cargo.toml" "--no-deps", kill_on_drop: false }`
[INFO] crate crates.io crate azalea-entity 0.16.0+mc26.1 already has a lockfile, it will not be regenerated
[INFO] running `Command { std: CARGO_HOME="/workspace/cargo-home" RUSTUP_HOME="/workspace/rustup-home" "/workspace/cargo-home/bin/cargo" "+3154cc1a3e6424e44f438a95007d043ed5ceaaf6" "fetch" "--manifest-path" "Cargo.toml", kill_on_drop: false }`
[INFO] running `Command { std: "docker" "create" "-v" "/var/lib/crater-agent-workspace/builds/worker-2-tc2/source:/opt/rustwide/workdir:ro,Z" "-v" "/var/lib/crater-agent-workspace/builds/worker-2-tc2/target:/opt/rustwide/target:rw,Z" "-v" "/var/lib/crater-agent-workspace/cargo-home:/opt/rustwide/cargo-home:ro,Z" "-v" "/var/lib/crater-agent-workspace/rustup-home:/opt/rustwide/rustup-home:ro,Z" "-m" "1610612736" "--network" "none" "ghcr.io/rust-lang/crates-build-env/linux@sha256:77db811e55d90add9212f6832c23229e3de5f1c1f9905e8cb07319ea15df73ac" "sleep" "infinity", kill_on_drop: false }`
[INFO] [stdout] d465e330eadb39e6395a5b7437e1d38416c34befbff37c3e561e14fe30e9602b
[INFO] running `Command { std: "docker" "start" "d465e330eadb39e6395a5b7437e1d38416c34befbff37c3e561e14fe30e9602b", kill_on_drop: false }`
[INFO] running `Command { std: "docker" "inspect" "d465e330eadb39e6395a5b7437e1d38416c34befbff37c3e561e14fe30e9602b", kill_on_drop: false }`
[INFO] running `Command { std: "docker" "exec" "-e" "SOURCE_DIR=/opt/rustwide/workdir" "-e" "CARGO_HOME=/opt/rustwide/cargo-home" "-e" "RUSTUP_HOME=/opt/rustwide/rustup-home" "-e" "CARGO_TARGET_DIR=/opt/rustwide/target" "-w" "/opt/rustwide/workdir" "--user" "0:0" "d465e330eadb39e6395a5b7437e1d38416c34befbff37c3e561e14fe30e9602b" "/opt/rustwide/cargo-home/bin/cargo" "+3154cc1a3e6424e44f438a95007d043ed5ceaaf6" "metadata" "--no-deps" "--format-version=1", kill_on_drop: false }`
[INFO] running `Command { std: "docker" "inspect" "d465e330eadb39e6395a5b7437e1d38416c34befbff37c3e561e14fe30e9602b", kill_on_drop: false }`
[INFO] running `Command { std: "docker" "exec" "-e" "SOURCE_DIR=/opt/rustwide/workdir" "-e" "CARGO_HOME=/opt/rustwide/cargo-home" "-e" "RUSTUP_HOME=/opt/rustwide/rustup-home" "-e" "CARGO_TARGET_DIR=/opt/rustwide/target" "-e" "CARGO_INCREMENTAL=0" "-e" "RUST_BACKTRACE=full" "-e" "RUSTFLAGS=--cap-lints=forbid" "-e" "RUSTDOCFLAGS=--cap-lints=forbid" "-w" "/opt/rustwide/workdir" "--user" "0:0" "d465e330eadb39e6395a5b7437e1d38416c34befbff37c3e561e14fe30e9602b" "/opt/rustwide/cargo-home/bin/cargo" "+3154cc1a3e6424e44f438a95007d043ed5ceaaf6" "check" "--frozen" "--all" "--all-targets" "--message-format=json", kill_on_drop: false }`
[INFO] [stderr]    Compiling typenum v1.19.0
[INFO] [stderr]    Compiling serde v1.0.228
[INFO] [stderr]    Compiling libc v0.2.183
[INFO] [stderr]    Compiling syn v2.0.117
[INFO] [stderr]     Checking rand_core v0.10.0
[INFO] [stderr]     Checking simd-adler32 v0.3.9
[INFO] [stderr]     Checking num-integer v0.1.46
[INFO] [stderr]     Checking memchr v2.8.0
[INFO] [stderr]     Checking base64ct v1.8.3
[INFO] [stderr]    Compiling zerocopy v0.8.47
[INFO] [stderr]     Checking miniz_oxide v0.8.9
[INFO] [stderr]     Checking simdutf8 v0.1.5
[INFO] [stderr]     Checking pem-rfc7468 v1.0.0
[INFO] [stderr]     Checking serde_json v1.0.149
[INFO] [stderr]     Checking hashbrown v0.16.1
[INFO] [stderr]     Checking simd_cesu8 v1.1.1
[INFO] [stderr]     Checking der v0.8.0
[INFO] [stderr]     Checking flate2 v1.1.9
[INFO] [stderr]     Checking num-bigint v0.4.6
[INFO] [stderr]     Checking indexmap v2.13.0
[INFO] [stderr]     Checking cmov v0.5.2
[INFO] [stderr]     Checking getrandom v0.2.17
[INFO] [stderr]    Compiling libm v0.2.16
[INFO] [stderr]     Checking ctutils v0.4.0
[INFO] [stderr]     Checking rand_core v0.6.4
[INFO] [stderr]    Compiling getrandom v0.4.2
[INFO] [stderr]     Checking cpubits v0.1.0
[INFO] [stderr]     Checking spki v0.8.0-rc.4
[INFO] [stderr]     Checking crypto-bigint v0.7.3
[INFO] [stderr]     Checking generic-array v0.14.7
[INFO] [stderr]     Checking hybrid-array v0.4.8
[INFO] [stderr]    Compiling rustc_version v0.4.1
[INFO] [stderr]     Checking num-rational v0.4.2
[INFO] [stderr]     Checking num-iter v0.1.45
[INFO] [stderr]     Checking num-complex v0.4.6
[INFO] [stderr]     Checking crypto-common v0.1.7
[INFO] [stderr]     Checking block-buffer v0.10.4
[INFO] [stderr]     Checking digest v0.10.7
[INFO] [stderr]     Checking inout v0.1.4
[INFO] [stderr]     Checking cipher v0.4.4
[INFO] [stderr]     Checking md-5 v0.10.6
[INFO] [stderr]     Checking block-buffer v0.12.0
[INFO] [stderr]     Checking crypto-common v0.2.1
[INFO] [stderr]     Checking uuid v1.23.0
[INFO] [stderr]     Checking num v0.4.3
[INFO] [stderr]    Compiling crc32c v0.6.8
[INFO] [stderr]     Checking pkcs8 v0.11.0-rc.11
[INFO] [stderr]     Checking pkcs1 v0.8.0-rc.4
[INFO] [stderr]     Checking chacha20 v0.10.0
[INFO] [stderr]     Checking aes v0.8.4
[INFO] [stderr]     Checking cfb8 v0.8.1
[INFO] [stderr]     Checking tokio v1.50.0
[INFO] [stderr]     Checking rand v0.10.0
[INFO] [stderr]     Checking smallvec v1.15.1
[INFO] [stderr]     Checking digest v0.11.2
[INFO] [stderr]     Checking parking_lot_core v0.9.12
[INFO] [stderr]     Checking signature v3.0.0-rc.10
[INFO] [stderr]     Checking sha2 v0.11.0
[INFO] [stderr]     Checking sha1 v0.11.0
[INFO] [stderr]     Checking parking_lot v0.12.5
[INFO] [stderr]    Compiling serde_derive v1.0.228
[INFO] [stderr]    Compiling thiserror-impl v2.0.18
[INFO] [stderr]    Compiling tracing-attributes v0.1.31
[INFO] [stderr]    Compiling simdnbt-derive v0.10.0
[INFO] [stderr]    Compiling azalea-buf-macros v0.16.0+mc26.1
[INFO] [stderr]    Compiling thiserror-impl v1.0.69
[INFO] [stderr]    Compiling azalea-registry-macros v0.16.0+mc26.1
[INFO] [stderr]    Compiling derive_more-impl v2.1.1
[INFO] [stderr]     Checking crypto-primes v0.7.0
[INFO] [stderr]    Compiling azalea-inventory-macros v0.16.0+mc26.1
[INFO] [stderr]     Checking ppv-lite86 v0.2.21
[INFO] [stderr]     Checking thiserror v1.0.69
[INFO] [stderr]    Compiling azalea-block-macros v0.16.0+mc26.1
[INFO] [stderr]    Compiling enum-as-inner v0.7.0
[INFO] [stderr]     Checking thiserror v2.0.18
[INFO] [stderr]     Checking tracing v0.1.44
[INFO] [stderr]     Checking derive_more v2.1.1
[INFO] [stderr]     Checking rand_chacha v0.3.1
[INFO] [stderr]     Checking rand v0.8.5
[INFO] [stderr]     Checking rsa v0.10.0-rc.17
[INFO] [stderr]     Checking simdnbt v0.10.0
[INFO] [stderr]     Checking chrono v0.4.44
[INFO] [stderr]     Checking compact_str v0.9.0
[INFO] [stderr]     Checking azalea-language v0.16.0+mc26.1
[INFO] [stderr]     Checking azalea-buf v0.16.0+mc26.1
[INFO] [stderr]     Checking azalea-registry v0.16.0+mc26.1
[INFO] [stderr]     Checking azalea-chat v0.16.0+mc26.1
[INFO] [stderr]     Checking simple_asn1 v0.5.4
[INFO] [stderr]     Checking rsa_public_encrypt_pkcs1 v0.4.0
[INFO] [stderr]     Checking azalea-crypto v0.16.0+mc26.1
[INFO] [stderr]     Checking azalea-auth v0.16.0+mc26.1
[INFO] [stderr]     Checking azalea-core v0.16.0+mc26.1
[INFO] [stderr]     Checking azalea-block v0.16.0+mc26.1
[INFO] [stderr]     Checking azalea-inventory v0.16.0+mc26.1
[INFO] [stderr]     Checking azalea-entity v0.16.0+mc26.1 (/opt/rustwide/workdir)
[INFO] [stderr] 
[INFO] [stderr] thread 'rustc' (819) panicked at /rustc-dev/3154cc1a3e6424e44f438a95007d043ed5ceaaf6/compiler/rustc_infer/src/infer/mod.rs:1705:64:
[INFO] [stderr] internal error: entered unreachable code
[INFO] [stderr] stack backtrace:
[INFO] [stderr]    0:     0x7101019fda86 - <<std[3164a59e47d3bde]::sys::backtrace::BacktraceLock>::print::DisplayBacktrace as core[934024a1e6126fb4]::fmt::Display>::fmt
[INFO] [stderr]    1:     0x71010200b58f - core[934024a1e6126fb4]::fmt::write
[INFO] [stderr]    2:     0x710101a1407c - <std[3164a59e47d3bde]::sys::stdio::unix::Stderr as core[934024a1e6126fb4]::io::write::Write>::write_fmt
[INFO] [stderr]    3:     0x7101019ced4a - std[3164a59e47d3bde]::panicking::default_hook::{closure#0}
[INFO] [stderr]    4:     0x7101019f12c3 - std[3164a59e47d3bde]::panicking::default_hook
[INFO] [stderr]    5:     0x71010076d915 - std[3164a59e47d3bde]::panicking::update_hook::<alloc[b96ed41a801e996d]::boxed::Box<rustc_driver_impl[4d41c45c6d37fa8c]::install_ice_hook::{closure#1}>>::{closure#0}
[INFO] [stderr]    6:     0x7101019f1762 - std[3164a59e47d3bde]::panicking::panic_with_hook
[INFO] [stderr]    7:     0x7101019cee34 - std[3164a59e47d3bde]::panicking::panic_handler::{closure#0}
[INFO] [stderr]    8:     0x7101019c63a9 - std[3164a59e47d3bde]::sys::backtrace::__rust_end_short_backtrace::<std[3164a59e47d3bde]::panicking::panic_handler::{closure#0}, !>
[INFO] [stderr]    9:     0x7101019d09dd - __rustc[2e7b49d4226056d3]::rust_begin_unwind
[INFO] [stderr]   10:     0x7100fe445a5c - core[934024a1e6126fb4]::panicking::panic_fmt
[INFO] [stderr]   11:     0x7100fea19492 - core[934024a1e6126fb4]::panicking::panic
[INFO] [stderr]   12:     0x71010237852e - <rustc_next_trait_solver[b3acf562f09fbe6a]::solve::eval_ctxt::EvalCtxt<rustc_trait_selection[579280d4a5e4d181]::solve::delegate::SolverDelegate, rustc_middle[9749cded0b0e17c3]::ty::context::TyCtxt>>::evaluate_const
[INFO] [stderr]   13:     0x710102347bb9 - <rustc_next_trait_solver[b3acf562f09fbe6a]::solve::eval_ctxt::EvalCtxt<rustc_trait_selection[579280d4a5e4d181]::solve::delegate::SolverDelegate, rustc_middle[9749cded0b0e17c3]::ty::context::TyCtxt>>::evaluate_const_and_instantiate_projection_term
[INFO] [stderr]   14:     0x710102ec2651 - <rustc_next_trait_solver[b3acf562f09fbe6a]::solve::eval_ctxt::EvalCtxt<rustc_trait_selection[579280d4a5e4d181]::solve::delegate::SolverDelegate, rustc_middle[9749cded0b0e17c3]::ty::context::TyCtxt>>::evaluate_goal_no_fast_paths
[INFO] [stderr]   15:     0x710102eb5dd7 - <rustc_next_trait_solver[b3acf562f09fbe6a]::solve::eval_ctxt::EvalCtxt<rustc_trait_selection[579280d4a5e4d181]::solve::delegate::SolverDelegate, rustc_middle[9749cded0b0e17c3]::ty::context::TyCtxt>>::evaluate_goal
[INFO] [stderr]   16:     0x710102eacb0f - <rustc_next_trait_solver[b3acf562f09fbe6a]::solve::eval_ctxt::EvalCtxt<rustc_trait_selection[579280d4a5e4d181]::solve::delegate::SolverDelegate, rustc_middle[9749cded0b0e17c3]::ty::context::TyCtxt>>::normalize::<rustc_middle[9749cded0b0e17c3]::ty::Ty>::{closure#0}
[INFO] [stderr]   17:     0x710102eac5db - <rustc_next_trait_solver[b3acf562f09fbe6a]::normalize::NormalizationFolder<rustc_infer[378f9c2af57772fb]::infer::InferCtxt, rustc_middle[9749cded0b0e17c3]::ty::context::TyCtxt, <rustc_next_trait_solver[b3acf562f09fbe6a]::solve::eval_ctxt::EvalCtxt<rustc_trait_selection[579280d4a5e4d181]::solve::delegate::SolverDelegate, rustc_middle[9749cded0b0e17c3]::ty::context::TyCtxt>>::normalize<rustc_middle[9749cded0b0e17c3]::ty::predicate::Predicate>::{closure#0}> as rustc_type_ir[aff52ad0bd0f686]::fold::FallibleTypeFolder<rustc_middle[9749cded0b0e17c3]::ty::context::TyCtxt>>::try_fold_const::{closure#0}
[INFO] [stderr]   18:     0x710102eab932 - <rustc_next_trait_solver[b3acf562f09fbe6a]::normalize::NormalizationFolder<rustc_infer[378f9c2af57772fb]::infer::InferCtxt, rustc_middle[9749cded0b0e17c3]::ty::context::TyCtxt, <rustc_next_trait_solver[b3acf562f09fbe6a]::solve::eval_ctxt::EvalCtxt<rustc_trait_selection[579280d4a5e4d181]::solve::delegate::SolverDelegate, rustc_middle[9749cded0b0e17c3]::ty::context::TyCtxt>>::normalize<rustc_middle[9749cded0b0e17c3]::ty::predicate::Predicate>::{closure#0}> as rustc_type_ir[aff52ad0bd0f686]::fold::FallibleTypeFolder<rustc_middle[9749cded0b0e17c3]::ty::context::TyCtxt>>::try_fold_ty::{closure#0}
[INFO] [stderr]   19:     0x710102eaa00f - <&rustc_middle[9749cded0b0e17c3]::ty::list::RawList<(), rustc_middle[9749cded0b0e17c3]::ty::generic_args::GenericArg> as rustc_type_ir[aff52ad0bd0f686]::fold::TypeFoldable<rustc_middle[9749cded0b0e17c3]::ty::context::TyCtxt>>::try_fold_with::<rustc_next_trait_solver[b3acf562f09fbe6a]::normalize::NormalizationFolder<rustc_infer[378f9c2af57772fb]::infer::InferCtxt, rustc_middle[9749cded0b0e17c3]::ty::context::TyCtxt, <rustc_next_trait_solver[b3acf562f09fbe6a]::solve::eval_ctxt::EvalCtxt<rustc_trait_selection[579280d4a5e4d181]::solve::delegate::SolverDelegate, rustc_middle[9749cded0b0e17c3]::ty::context::TyCtxt>>::normalize<rustc_middle[9749cded0b0e17c3]::ty::predicate::Predicate>::{closure#0}>>
[INFO] [stderr]   20:     0x710103718a49 - <rustc_next_trait_solver[b3acf562f09fbe6a]::solve::eval_ctxt::EvalCtxt<rustc_trait_selection[579280d4a5e4d181]::solve::delegate::SolverDelegate, rustc_middle[9749cded0b0e17c3]::ty::context::TyCtxt>>::add_goals::<alloc[b96ed41a801e996d]::vec::Vec<rustc_type_ir[aff52ad0bd0f686]::solve::Goal<rustc_middle[9749cded0b0e17c3]::ty::context::TyCtxt, rustc_middle[9749cded0b0e17c3]::ty::predicate::Predicate>>>
[INFO] [stderr]   21:     0x710102ed4dcb - <rustc_next_trait_solver[b3acf562f09fbe6a]::solve::eval_ctxt::EvalCtxt<rustc_trait_selection[579280d4a5e4d181]::solve::delegate::SolverDelegate, rustc_middle[9749cded0b0e17c3]::ty::context::TyCtxt>>::evaluate_goal_no_fast_paths
[INFO] [stderr]   22:     0x71010200ddf8 - <rustc_trait_selection[579280d4a5e4d181]::traits::engine::FulfillmentEngine<rustc_trait_selection[579280d4a5e4d181]::traits::FulfillmentError> as rustc_infer[378f9c2af57772fb]::traits::engine::TraitEngine<rustc_trait_selection[579280d4a5e4d181]::traits::FulfillmentError>>::try_evaluate_obligations
[INFO] [stderr]   23:     0x7101029c68d2 - <rustc_hir_typeck[52f5caf1595d1c05]::fn_ctxt::FnCtxt>::check_expr_path
[INFO] [stderr]   24:     0x7101022a83d6 - <rustc_hir_typeck[52f5caf1595d1c05]::fn_ctxt::FnCtxt>::check_expr_with_expectation_and_args
[INFO] [stderr]   25:     0x71010221a987 - <rustc_hir_typeck[52f5caf1595d1c05]::fn_ctxt::FnCtxt>::check_expr_call
[INFO] [stderr]   26:     0x7101022a84c6 - <rustc_hir_typeck[52f5caf1595d1c05]::fn_ctxt::FnCtxt>::check_expr_with_expectation_and_args
[INFO] [stderr]   27:     0x71010221ce58 - <rustc_hir_typeck[52f5caf1595d1c05]::fn_ctxt::FnCtxt>::check_expr_call
[INFO] [stderr]   28:     0x7101022a84c6 - <rustc_hir_typeck[52f5caf1595d1c05]::fn_ctxt::FnCtxt>::check_expr_with_expectation_and_args
[INFO] [stderr]   29:     0x71010228e941 - <rustc_hir_typeck[52f5caf1595d1c05]::fn_ctxt::FnCtxt>::check_expr_match
[INFO] [stderr]   30:     0x7101022aa155 - <rustc_hir_typeck[52f5caf1595d1c05]::fn_ctxt::FnCtxt>::check_expr_with_expectation_and_args
[INFO] [stderr]   31:     0x710102293a60 - <rustc_hir_typeck[52f5caf1595d1c05]::fn_ctxt::FnCtxt>::check_decl
[INFO] [stderr]   32:     0x71010229bb7e - <rustc_hir_typeck[52f5caf1595d1c05]::fn_ctxt::FnCtxt>::check_expr_block
[INFO] [stderr]   33:     0x7101022a8dc9 - <rustc_hir_typeck[52f5caf1595d1c05]::fn_ctxt::FnCtxt>::check_expr_with_expectation_and_args
[INFO] [stderr]   34:     0x710102273716 - rustc_hir_typeck[52f5caf1595d1c05]::check::check_fn
[INFO] [stderr]   35:     0x710103445da8 - rustc_hir_typeck[52f5caf1595d1c05]::typeck_with_inspect::{closure#0}
[INFO] [stderr]   36:     0x7101034441f0 - rustc_query_impl[d183d205595bb26e]::query_vtables::typeck_root::invoke_provider_fn::__rust_begin_short_backtrace
[INFO] [stderr]   37:     0x7101025a1fd3 - rustc_query_impl[d183d205595bb26e]::execution::try_execute_query::<rustc_data_structures[beb512ccbba93d65]::vec_cache::VecCache<rustc_span[86848bd09168975a]::def_id::LocalDefId, rustc_middle[9749cded0b0e17c3]::query::erase::ErasedData<[u8; 8usize]>, rustc_middle[9749cded0b0e17c3]::dep_graph::graph::DepNodeIndex>, false>
[INFO] [stderr]   38:     0x7101025a1c27 - rustc_query_impl[d183d205595bb26e]::query_vtables::typeck_root::execute_query_non_incr::__rust_end_short_backtrace
[INFO] [stderr]   39:     0x710102716634 - <rustc_middle[9749cded0b0e17c3]::ty::context::TyCtxt>::par_hir_body_owners::<rustc_hir_analysis[13793032b16b77dc]::check_crate::{closure#1}>::{closure#0}
[INFO] [stderr]   40:     0x710102715ce5 - rustc_hir_analysis[13793032b16b77dc]::check_crate
[INFO] [stderr]   41:     0x71010259e8b9 - rustc_interface[7316318c9ebc3ad]::passes::analysis
[INFO] [stderr]   42:     0x71010321b847 - rustc_query_impl[d183d205595bb26e]::execution::try_execute_query::<rustc_middle[9749cded0b0e17c3]::query::caches::SingleCache<rustc_middle[9749cded0b0e17c3]::query::erase::ErasedData<[u8; 0usize]>>, false>
[INFO] [stderr]   43:     0x71010321b62b - rustc_query_impl[d183d205595bb26e]::query_vtables::analysis::execute_query_non_incr::__rust_end_short_backtrace
[INFO] [stderr]   44:     0x7101032e1490 - rustc_interface[7316318c9ebc3ad]::interface::run_compiler::<(), rustc_driver_impl[4d41c45c6d37fa8c]::compiler_entrypoint::{closure#0}>::{closure#2}
[INFO] [stderr]   45:     0x710103311782 - std[3164a59e47d3bde]::sys::backtrace::__rust_begin_short_backtrace::<rustc_interface[7316318c9ebc3ad]::util::run_in_thread_with_globals<rustc_interface[7316318c9ebc3ad]::util::run_in_thread_pool_with_globals<rustc_interface[7316318c9ebc3ad]::interface::run_compiler<(), rustc_driver_impl[4d41c45c6d37fa8c]::compiler_entrypoint::{closure#0}>::{closure#2}, ()>::{closure#0}, ()>::{closure#0}::{closure#0}, ()>
[INFO] [stderr]   46:     0x71010331152d - <std[3164a59e47d3bde]::thread::lifecycle::spawn_unchecked<rustc_interface[7316318c9ebc3ad]::util::run_in_thread_with_globals<rustc_interface[7316318c9ebc3ad]::util::run_in_thread_pool_with_globals<rustc_interface[7316318c9ebc3ad]::interface::run_compiler<(), rustc_driver_impl[4d41c45c6d37fa8c]::compiler_entrypoint::{closure#0}>::{closure#2}, ()>::{closure#0}, ()>::{closure#0}::{closure#0}, ()>::{closure#1} as core[934024a1e6126fb4]::ops::function::FnOnce<()>>::call_once::{shim:vtable#0}
[INFO] [stderr]   47:     0x71010330fa5b - <std[3164a59e47d3bde]::sys::thread::unix::Thread>::new::thread_start
[INFO] [stderr]   48:     0x7100fc451dfa - <unknown>
[INFO] [stderr]   49:     0x7100fc4e53d4 - clone
[INFO] [stderr]   50:                0x0 - <unknown>
[INFO] [stderr] 
[INFO] [stderr] error: the compiler unexpectedly panicked. This is a bug
[INFO] [stderr] 
[INFO] [stderr] note: we would appreciate a bug report: https://github.com/rust-lang/rust/issues/new?labels=C-bug%2C+I-ICE%2C+T-compiler&template=ice.md
[INFO] [stderr] 
[INFO] [stderr] note: please make sure that you have updated to the latest nightly
[INFO] [stderr] 
[INFO] [stderr] warning: the ICE couldn't be written to `/opt/rustwide/workdir/rustc-ice-2026-10-11T08_11_41-814.txt`: Read-only file system (os error 30)
[INFO] [stderr] 
[INFO] [stderr] note: rustc 1.101.0-nightly (3154cc1a3 2026-10-09) running on x86_64-unknown-linux-gnu
[INFO] [stderr] 
[INFO] [stderr] note: compiler flags: --crate-type lib -C embed-bitcode=no -C debuginfo=2
[INFO] [stderr] 
[INFO] [stderr] note: some of the compiler flags provided by cargo are hidden
[INFO] [stderr] 
[INFO] [stderr] query stack during panic:
[INFO] [stderr] #0 [typeck_root] type-checking `effects::<impl at src/effects.rs:35:1: 35:30>::azalea_read`
[INFO] [stderr] #1 [analysis] running analysis passes on crate `azalea_entity`
[INFO] [stderr] end of query stack
[INFO] [stderr] 
[INFO] [stderr] thread 'rustc' (819) panicked at /rustc-dev/3154cc1a3e6424e44f438a95007d043ed5ceaaf6/compiler/rustc_infer/src/infer/mod.rs:1705:64:
[INFO] [stderr] internal error: entered unreachable code
[INFO] [stderr] stack backtrace:
[INFO] [stderr]    0:     0x7101019fda86 - <<std[3164a59e47d3bde]::sys::backtrace::BacktraceLock>::print::DisplayBacktrace as core[934024a1e6126fb4]::fmt::Display>::fmt
[INFO] [stderr]    1:     0x71010200b58f - core[934024a1e6126fb4]::fmt::write
[INFO] [stderr]    2:     0x710101a1407c - <std[3164a59e47d3bde]::sys::stdio::unix::Stderr as core[934024a1e6126fb4]::io::write::Write>::write_fmt
[INFO] [stderr]    3:     0x7101019ced4a - std[3164a59e47d3bde]::panicking::default_hook::{closure#0}
[INFO] [stderr]    4:     0x7101019f12c3 - std[3164a59e47d3bde]::panicking::default_hook
[INFO] [stderr]    5:     0x71010076d915 - std[3164a59e47d3bde]::panicking::update_hook::<alloc[b96ed41a801e996d]::boxed::Box<rustc_driver_impl[4d41c45c6d37fa8c]::install_ice_hook::{closure#1}>>::{closure#0}
[INFO] [stderr]    6:     0x7101019f1762 - std[3164a59e47d3bde]::panicking::panic_with_hook
[INFO] [stderr]    7:     0x7101019cee34 - std[3164a59e47d3bde]::panicking::panic_handler::{closure#0}
[INFO] [stderr]    8:     0x7101019c63a9 - std[3164a59e47d3bde]::sys::backtrace::__rust_end_short_backtrace::<std[3164a59e47d3bde]::panicking::panic_handler::{closure#0}, !>
[INFO] [stderr]    9:     0x7101019d09dd - __rustc[2e7b49d4226056d3]::rust_begin_unwind
[INFO] [stderr]   10:     0x7100fe445a5c - core[934024a1e6126fb4]::panicking::panic_fmt
[INFO] [stderr]   11:     0x7100fea19492 - core[934024a1e6126fb4]::panicking::panic
[INFO] [stderr]   12:     0x71010237852e - <rustc_next_trait_solver[b3acf562f09fbe6a]::solve::eval_ctxt::EvalCtxt<rustc_trait_selection[579280d4a5e4d181]::solve::delegate::SolverDelegate, rustc_middle[9749cded0b0e17c3]::ty::context::TyCtxt>>::evaluate_const
[INFO] [stderr]   13:     0x710102347bb9 - <rustc_next_trait_solver[b3acf562f09fbe6a]::solve::eval_ctxt::EvalCtxt<rustc_trait_selection[579280d4a5e4d181]::solve::delegate::SolverDelegate, rustc_middle[9749cded0b0e17c3]::ty::context::TyCtxt>>::evaluate_const_and_instantiate_projection_term
[INFO] [stderr]   14:     0x710102ec2651 - <rustc_next_trait_solver[b3acf562f09fbe6a]::solve::eval_ctxt::EvalCtxt<rustc_trait_selection[579280d4a5e4d181]::solve::delegate::SolverDelegate, rustc_middle[9749cded0b0e17c3]::ty::context::TyCtxt>>::evaluate_goal_no_fast_paths
[INFO] [stderr]   15:     0x710102eb5dd7 - <rustc_next_trait_solver[b3acf562f09fbe6a]::solve::eval_ctxt::EvalCtxt<rustc_trait_selection[579280d4a5e4d181]::solve::delegate::SolverDelegate, rustc_middle[9749cded0b0e17c3]::ty::context::TyCtxt>>::evaluate_goal
[INFO] [stderr]   16:     0x710102eacb0f - <rustc_next_trait_solver[b3acf562f09fbe6a]::solve::eval_ctxt::EvalCtxt<rustc_trait_selection[579280d4a5e4d181]::solve::delegate::SolverDelegate, rustc_middle[9749cded0b0e17c3]::ty::context::TyCtxt>>::normalize::<rustc_middle[9749cded0b0e17c3]::ty::Ty>::{closure#0}
[INFO] [stderr]   17:     0x710102eac5db - <rustc_next_trait_solver[b3acf562f09fbe6a]::normalize::NormalizationFolder<rustc_infer[378f9c2af57772fb]::infer::InferCtxt, rustc_middle[9749cded0b0e17c3]::ty::context::TyCtxt, <rustc_next_trait_solver[b3acf562f09fbe6a]::solve::eval_ctxt::EvalCtxt<rustc_trait_selection[579280d4a5e4d181]::solve::delegate::SolverDelegate, rustc_middle[9749cded0b0e17c3]::ty::context::TyCtxt>>::normalize<rustc_middle[9749cded0b0e17c3]::ty::predicate::Predicate>::{closure#0}> as rustc_type_ir[aff52ad0bd0f686]::fold::FallibleTypeFolder<rustc_middle[9749cded0b0e17c3]::ty::context::TyCtxt>>::try_fold_const::{closure#0}
[INFO] [stderr]   18:     0x710102eab932 - <rustc_next_trait_solver[b3acf562f09fbe6a]::normalize::NormalizationFolder<rustc_infer[378f9c2af57772fb]::infer::InferCtxt, rustc_middle[9749cded0b0e17c3]::ty::context::TyCtxt, <rustc_next_trait_solver[b3acf562f09fbe6a]::solve::eval_ctxt::EvalCtxt<rustc_trait_selection[579280d4a5e4d181]::solve::delegate::SolverDelegate, rustc_middle[9749cded0b0e17c3]::ty::context::TyCtxt>>::normalize<rustc_middle[9749cded0b0e17c3]::ty::predicate::Predicate>::{closure#0}> as rustc_type_ir[aff52ad0bd0f686]::fold::FallibleTypeFolder<rustc_middle[9749cded0b0e17c3]::ty::context::TyCtxt>>::try_fold_ty::{closure#0}
[INFO] [stderr]   19:     0x710102eaa00f - <&rustc_middle[9749cded0b0e17c3]::ty::list::RawList<(), rustc_middle[9749cded0b0e17c3]::ty::generic_args::GenericArg> as rustc_type_ir[aff52ad0bd0f686]::fold::TypeFoldable<rustc_middle[9749cded0b0e17c3]::ty::context::TyCtxt>>::try_fold_with::<rustc_next_trait_solver[b3acf562f09fbe6a]::normalize::NormalizationFolder<rustc_infer[378f9c2af57772fb]::infer::InferCtxt, rustc_middle[9749cded0b0e17c3]::ty::context::TyCtxt, <rustc_next_trait_solver[b3acf562f09fbe6a]::solve::eval_ctxt::EvalCtxt<rustc_trait_selection[579280d4a5e4d181]::solve::delegate::SolverDelegate, rustc_middle[9749cded0b0e17c3]::ty::context::TyCtxt>>::normalize<rustc_middle[9749cded0b0e17c3]::ty::predicate::Predicate>::{closure#0}>>
[INFO] [stderr]   20:     0x710103718a49 - <rustc_next_trait_solver[b3acf562f09fbe6a]::solve::eval_ctxt::EvalCtxt<rustc_trait_selection[579280d4a5e4d181]::solve::delegate::SolverDelegate, rustc_middle[9749cded0b0e17c3]::ty::context::TyCtxt>>::add_goals::<alloc[b96ed41a801e996d]::vec::Vec<rustc_type_ir[aff52ad0bd0f686]::solve::Goal<rustc_middle[9749cded0b0e17c3]::ty::context::TyCtxt, rustc_middle[9749cded0b0e17c3]::ty::predicate::Predicate>>>
[INFO] [stderr]   21:     0x710102ed4dcb - <rustc_next_trait_solver[b3acf562f09fbe6a]::solve::eval_ctxt::EvalCtxt<rustc_trait_selection[579280d4a5e4d181]::solve::delegate::SolverDelegate, rustc_middle[9749cded0b0e17c3]::ty::context::TyCtxt>>::evaluate_goal_no_fast_paths
[INFO] [stderr]   22:     0x71010200ddf8 - <rustc_trait_selection[579280d4a5e4d181]::traits::engine::FulfillmentEngine<rustc_trait_selection[579280d4a5e4d181]::traits::FulfillmentError> as rustc_infer[378f9c2af57772fb]::traits::engine::TraitEngine<rustc_trait_selection[579280d4a5e4d181]::traits::FulfillmentError>>::try_evaluate_obligations
[INFO] [stderr]   23:     0x7101029c68d2 - <rustc_hir_typeck[52f5caf1595d1c05]::fn_ctxt::FnCtxt>::check_expr_path
[INFO] [stderr]   24:     0x7101022a83d6 - <rustc_hir_typeck[52f5caf1595d1c05]::fn_ctxt::FnCtxt>::check_expr_with_expectation_and_args
[INFO] [stderr]   25:     0x71010221a987 - <rustc_hir_typeck[52f5caf1595d1c05]::fn_ctxt::FnCtxt>::check_expr_call
[INFO] [stderr]   26:     0x7101022a84c6 - <rustc_hir_typeck[52f5caf1595d1c05]::fn_ctxt::FnCtxt>::check_expr_with_expectation_and_args
[INFO] [stderr]   27:     0x710102293a60 - <rustc_hir_typeck[52f5caf1595d1c05]::fn_ctxt::FnCtxt>::check_decl
[INFO] [stderr]   28:     0x71010229bb7e - <rustc_hir_typeck[52f5caf1595d1c05]::fn_ctxt::FnCtxt>::check_expr_block
[INFO] [stderr]   29:     0x7101022a8dc9 - <rustc_hir_typeck[52f5caf1595d1c05]::fn_ctxt::FnCtxt>::check_expr_with_expectation_and_args
[INFO] [stderr]   30:     0x710102273716 - rustc_hir_typeck[52f5caf1595d1c05]::check::check_fn
[INFO] [stderr]   31:     0x710103445da8 - rustc_hir_typeck[52f5caf1595d1c05]::typeck_with_inspect::{closure#0}
[INFO] [stderr]   32:     0x7101034441f0 - rustc_query_impl[d183d205595bb26e]::query_vtables::typeck_root::invoke_provider_fn::__rust_begin_short_backtrace
[INFO] [stderr]   33:     0x7101025a1fd3 - rustc_query_impl[d183d205595bb26e]::execution::try_execute_query::<rustc_data_structures[beb512ccbba93d65]::vec_cache::VecCache<rustc_span[86848bd09168975a]::def_id::LocalDefId, rustc_middle[9749cded0b0e17c3]::query::erase::ErasedData<[u8; 8usize]>, rustc_middle[9749cded0b0e17c3]::dep_graph::graph::DepNodeIndex>, false>
[INFO] [stderr]   34:     0x7101025a1c27 - rustc_query_impl[d183d205595bb26e]::query_vtables::typeck_root::execute_query_non_incr::__rust_end_short_backtrace
[INFO] [stderr]   35:     0x710102716634 - <rustc_middle[9749cded0b0e17c3]::ty::context::TyCtxt>::par_hir_body_owners::<rustc_hir_analysis[13793032b16b77dc]::check_crate::{closure#1}>::{closure#0}
[INFO] [stderr]   36:     0x710102715ce5 - rustc_hir_analysis[13793032b16b77dc]::check_crate
[INFO] [stderr]   37:     0x71010259e8b9 - rustc_interface[7316318c9ebc3ad]::passes::analysis
[INFO] [stderr]   38:     0x71010321b847 - rustc_query_impl[d183d205595bb26e]::execution::try_execute_query::<rustc_middle[9749cded0b0e17c3]::query::caches::SingleCache<rustc_middle[9749cded0b0e17c3]::query::erase::ErasedData<[u8; 0usize]>>, false>
[INFO] [stderr]   39:     0x71010321b62b - rustc_query_impl[d183d205595bb26e]::query_vtables::analysis::execute_query_non_incr::__rust_end_short_backtrace
[INFO] [stderr]   40:     0x7101032e1490 - rustc_interface[7316318c9ebc3ad]::interface::run_compiler::<(), rustc_driver_impl[4d41c45c6d37fa8c]::compiler_entrypoint::{closure#0}>::{closure#2}
[INFO] [stderr]   41:     0x710103311782 - std[3164a59e47d3bde]::sys::backtrace::__rust_begin_short_backtrace::<rustc_interface[7316318c9ebc3ad]::util::run_in_thread_with_globals<rustc_interface[7316318c9ebc3ad]::util::run_in_thread_pool_with_globals<rustc_interface[7316318c9ebc3ad]::interface::run_compiler<(), rustc_driver_impl[4d41c45c6d37fa8c]::compiler_entrypoint::{closure#0}>::{closure#2}, ()>::{closure#0}, ()>::{closure#0}::{closure#0}, ()>
[INFO] [stderr]   42:     0x71010331152d - <std[3164a59e47d3bde]::thread::lifecycle::spawn_unchecked<rustc_interface[7316318c9ebc3ad]::util::run_in_thread_with_globals<rustc_interface[7316318c9ebc3ad]::util::run_in_thread_pool_with_globals<rustc_interface[7316318c9ebc3ad]::interface::run_compiler<(), rustc_driver_impl[4d41c45c6d37fa8c]::compiler_entrypoint::{closure#0}>::{closure#2}, ()>::{closure#0}, ()>::{closure#0}::{closure#0}, ()>::{closure#1} as core[934024a1e6126fb4]::ops::function::FnOnce<()>>::call_once::{shim:vtable#0}
[INFO] [stderr]   43:     0x71010330fa5b - <std[3164a59e47d3bde]::sys::thread::unix::Thread>::new::thread_start
[INFO] [stderr]   44:     0x7100fc451dfa - <unknown>
[INFO] [stderr]   45:     0x7100fc4e53d4 - clone
[INFO] [stderr]   46:                0x0 - <unknown>
[INFO] [stderr] 
[INFO] [stderr] error: the compiler unexpectedly panicked. This is a bug
[INFO] [stderr] 
[INFO] [stderr] note: we would appreciate a bug report: https://github.com/rust-lang/rust/issues/new?labels=C-bug%2C+I-ICE%2C+T-compiler&template=ice.md
[INFO] [stderr] 
[INFO] [stderr] note: please make sure that you have updated to the latest nightly
[INFO] [stderr] 
[INFO] [stderr] warning: the ICE couldn't be written to `/opt/rustwide/workdir/rustc-ice-2026-10-11T08_11_41-814.txt`: Read-only file system (os error 30)
[INFO] [stderr] 
[INFO] [stderr] note: rustc 1.101.0-nightly (3154cc1a3 2026-10-09) running on x86_64-unknown-linux-gnu
[INFO] [stderr] 
[INFO] [stderr] note: compiler flags: --crate-type lib -C embed-bitcode=no -C debuginfo=2
[INFO] [stderr] 
[INFO] [stderr] note: some of the compiler flags provided by cargo are hidden
[INFO] [stderr] 
[INFO] [stderr] query stack during panic:
[INFO] [stderr] #0 [typeck_root] type-checking `effects::<impl at src/effects.rs:35:1: 35:30>::azalea_write`
[INFO] [stderr] #1 [analysis] running analysis passes on crate `azalea_entity`
[INFO] [stderr] end of query stack
[INFO] [stderr] error: could not compile `azalea-entity` (lib)
[INFO] [stderr] 
[INFO] [stderr] Caused by:
[INFO] [stderr]   process didn't exit successfully: `/opt/rustwide/rustup-home/toolchains/3154cc1a3e6424e44f438a95007d043ed5ceaaf6/bin/rustc --crate-name azalea_entity --edition=2024 src/lib.rs --error-format=json --json=diagnostic-rendered-ansi,artifacts,future-incompat,unused-externs-silent --crate-type lib --emit=dep-info,metadata -C embed-bitcode=no -C debuginfo=2 --warn=unexpected_cfgs '--warn=clippy::str_to_string' --check-cfg 'cfg(docsrs_dep)' --check-cfg 'cfg(docsrs,test)' --check-cfg 'cfg(feature, values("bevy_ecs"))' -C metadata=25f2b17da446f38b -C extra-filename=-4753e6d4100370e4 --out-dir /opt/rustwide/target/debug/build/azalea-entity/4753e6d4100370e4/out -L dependency=/opt/rustwide/target/debug/build/adler2/ee8704cd74c29624/out -L dependency=/opt/rustwide/target/debug/build/aes/18d9365fcf89ff39/out -L dependency=/opt/rustwide/target/debug/build/azalea-auth/f808a8222c5d9bab/out -L dependency=/opt/rustwide/target/debug/build/azalea-block-macros/d63b6c6809ee0d2b/out -L dependency=/opt/rustwide/target/debug/build/azalea-buf-macros/8921a027bdc48e80/out -L dependency=/opt/rustwide/target/debug/build/azalea-buf/7e68be1ad666b6ce/out -L dependency=/opt/rustwide/target/debug/build/azalea-chat/281422848b24dc6d/out -L dependency=/opt/rustwide/target/debug/build/azalea-core/6a03abbfdad4c6f9/out -L dependency=/opt/rustwide/target/debug/build/azalea-crypto/81d808c60f15b5fc/out -L dependency=/opt/rustwide/target/debug/build/azalea-inventory-macros/114d0f8e06878616/out -L dependency=/opt/rustwide/target/debug/build/azalea-language/c2c57f1ab1b0ae8d/out -L dependency=/opt/rustwide/target/debug/build/azalea-registry-macros/2d861e1364d1351d/out -L dependency=/opt/rustwide/target/debug/build/azalea-registry/19dd65d2f8067e33/out -L dependency=/opt/rustwide/target/debug/build/base64/d8aec028dea2d277/out -L dependency=/opt/rustwide/target/debug/build/base64ct/7056cca72f6a3e89/out -L dependency=/opt/rustwide/target/debug/build/block-buffer/2f8fbf33157cbbcd/out -L dependency=/opt/rustwide/target/debug/build/block-buffer/71f34db66c7f9a3b/out -L dependency=/opt/rustwide/target/debug/build/byteorder/d92705dd1d5353b1/out -L dependency=/opt/rustwide/target/debug/build/castaway/636317c4e15ede4f/out -L dependency=/opt/rustwide/target/debug/build/cfb8/0cf44cb401537cc0/out -L dependency=/opt/rustwide/target/debug/build/cfg-if/190c9021fd162845/out -L dependency=/opt/rustwide/target/debug/build/chacha20/be3564f12b2cbbc1/out -L dependency=/opt/rustwide/target/debug/build/chrono/81ec97d64cde76d0/out -L dependency=/opt/rustwide/target/debug/build/cipher/3f8d92c32e516da9/out -L dependency=/opt/rustwide/target/debug/build/cmov/a8144ed9d5e79cdd/out -L dependency=/opt/rustwide/target/debug/build/compact_str/48b41ed842df34dc/out -L dependency=/opt/rustwide/target/debug/build/const-oid/5abb6e22430efd63/out -L dependency=/opt/rustwide/target/debug/build/cpubits/e3d8904820d9f40c/out -L dependency=/opt/rustwide/target/debug/build/cpufeatures/1ae956ba346ebd12/out -L dependency=/opt/rustwide/target/debug/build/cpufeatures/d73b58fdf77d9fc5/out -L dependency=/opt/rustwide/target/debug/build/crc32c/b627d52576d79bca/out -L dependency=/opt/rustwide/target/debug/build/crc32fast/31ecd786fe404797/out -L dependency=/opt/rustwide/target/debug/build/crypto-bigint/798b68565343340b/out -L dependency=/opt/rustwide/target/debug/build/crypto-common/ee9f6e3907eafbe1/out -L dependency=/opt/rustwide/target/debug/build/crypto-common/f301aef2817d0244/out -L dependency=/opt/rustwide/target/debug/build/crypto-primes/5f0d6db871ccbfb2/out -L dependency=/opt/rustwide/target/debug/build/ctutils/2cca8e9d5b0923e0/out -L dependency=/opt/rustwide/target/debug/build/der/ed52b52d2140c26e/out -L dependency=/opt/rustwide/target/debug/build/derive_more-impl/52f68cc51149412c/out -L dependency=/opt/rustwide/target/debug/build/derive_more/76f9c2d73fbdaa18/out -L dependency=/opt/rustwide/target/debug/build/digest/6d4309fdf87f895f/out -L dependency=/opt/rustwide/target/debug/build/digest/eaf31c89f88f14b3/out -L dependency=/opt/rustwide/target/debug/build/equivalent/d23b026399a51038/out -L dependency=/opt/rustwide/target/debug/build/flate2/8f7dd38580e70830/out -L dependency=/opt/rustwide/target/debug/build/generic-array/791a9fa289c79401/out -L dependency=/opt/rustwide/target/debug/build/getrandom/6d6c6ca3ceffede1/out -L dependency=/opt/rustwide/target/debug/build/getrandom/d5da239c26f5982e/out -L dependency=/opt/rustwide/target/debug/build/hashbrown/d6527847c19413e5/out -L dependency=/opt/rustwide/target/debug/build/hybrid-array/c0c6f5ceb3f2624a/out -L dependency=/opt/rustwide/target/debug/build/indexmap/bad0424019eef9ed/out -L dependency=/opt/rustwide/target/debug/build/inout/f923a7fe993d92ce/out -L dependency=/opt/rustwide/target/debug/build/itoa/488dcf4f13423b18/out -L dependency=/opt/rustwide/target/debug/build/libc/6f65a897ddedb32c/out -L dependency=/opt/rustwide/target/debug/build/libm/dd8f630108d3c054/out -L dependency=/opt/rustwide/target/debug/build/lock_api/b47e4fe57039b3cf/out -L dependency=/opt/rustwide/target/debug/build/md-5/58f69cb2b9dd2352/out -L dependency=/opt/rustwide/target/debug/build/memchr/8545c9ad976f3721/out -L dependency=/opt/rustwide/target/debug/build/miniz_oxide/600b354f6718edc4/out -L dependency=/opt/rustwide/target/debug/build/nohash-hasher/089660ce1f261644/out -L dependency=/opt/rustwide/target/debug/build/num-bigint/2284bf7c1bef52b4/out -L dependency=/opt/rustwide/target/debug/build/num-complex/8ea1330a4d480acf/out -L dependency=/opt/rustwide/target/debug/build/num-integer/0fb0e996bf37432f/out -L dependency=/opt/rustwide/target/debug/build/num-iter/cf2bff55350736bb/out -L dependency=/opt/rustwide/target/debug/build/num-rational/e367dbbae90b6212/out -L dependency=/opt/rustwide/target/debug/build/num-traits/3f20bdcfe3eb0a45/out -L dependency=/opt/rustwide/target/debug/build/num/90dbb46ffa0ab75d/out -L dependency=/opt/rustwide/target/debug/build/once_cell/6f8123b0c2eed634/out -L dependency=/opt/rustwide/target/debug/build/parking_lot_core/ac0114d4223bda3c/out -L dependency=/opt/rustwide/target/debug/build/pem-rfc7468/af792a57120bd75d/out -L dependency=/opt/rustwide/target/debug/build/pin-project-lite/7176d3be2b7ee2e1/out -L dependency=/opt/rustwide/target/debug/build/pkcs1/8812bc6929cf7b7d/out -L dependency=/opt/rustwide/target/debug/build/pkcs8/aa5fa4c9674f88a4/out -L dependency=/opt/rustwide/target/debug/build/ppv-lite86/31a986647d317117/out -L dependency=/opt/rustwide/target/debug/build/rand/b9f556537de681b4/out -L dependency=/opt/rustwide/target/debug/build/rand/c311c789e6c819de/out -L dependency=/opt/rustwide/target/debug/build/rand_chacha/86fd07f88e6ffa90/out -L dependency=/opt/rustwide/target/debug/build/rand_core/9fd6e493eac783ff/out -L dependency=/opt/rustwide/target/debug/build/rand_core/b468540a72eb6377/out -L dependency=/opt/rustwide/target/debug/build/rsa/5372cece09b4d1d2/out -L dependency=/opt/rustwide/target/debug/build/rsa_public_encrypt_pkcs1/a8a7cd22b5777e50/out -L dependency=/opt/rustwide/target/debug/build/rustversion/5a027c01becb027b/out -L dependency=/opt/rustwide/target/debug/build/ryu/3da2ab8eb39d89f2/out -L dependency=/opt/rustwide/target/debug/build/scopeguard/e7d227cb308b3799/out -L dependency=/opt/rustwide/target/debug/build/serde/5e227d593c6e0c80/out -L dependency=/opt/rustwide/target/debug/build/serde_core/3c925aec2ec92997/out -L dependency=/opt/rustwide/target/debug/build/serde_derive/53d8af639c96e9bd/out -L dependency=/opt/rustwide/target/debug/build/serde_json/a73b4a04d694d233/out -L dependency=/opt/rustwide/target/debug/build/sha1/40b3b746574c318f/out -L dependency=/opt/rustwide/target/debug/build/sha2/e97eea5f6a3fcdf9/out -L dependency=/opt/rustwide/target/debug/build/signature/c093214329d61fe6/out -L dependency=/opt/rustwide/target/debug/build/simd-adler32/e42a8b76242fe4a8/out -L dependency=/opt/rustwide/target/debug/build/simd_cesu8/0dae393a3691b6ce/out -L dependency=/opt/rustwide/target/debug/build/simdnbt-derive/8b683ebdfa055f2d/out -L dependency=/opt/rustwide/target/debug/build/simdnbt/bf423a8babd3f08c/out -L dependency=/opt/rustwide/target/debug/build/simdutf8/b2921cbcd05b08ab/out -L dependency=/opt/rustwide/target/debug/build/simple_asn1/9dd47d67849ea8fe/out -L dependency=/opt/rustwide/target/debug/build/smallvec/0ed15a39e79b0386/out -L dependency=/opt/rustwide/target/debug/build/spki/3304878c772bcdaf/out -L dependency=/opt/rustwide/target/debug/build/static_assertions/f2154b0bf273423d/out -L dependency=/opt/rustwide/target/debug/build/thiserror-impl/4ca344c1bf9bfa62/out -L dependency=/opt/rustwide/target/debug/build/thiserror-impl/e793ab508fc76aa0/out -L dependency=/opt/rustwide/target/debug/build/thiserror/223d0f32f781e39d/out -L dependency=/opt/rustwide/target/debug/build/thiserror/cbd526b1087eeeab/out -L dependency=/opt/rustwide/target/debug/build/tokio/4a6a704287abe652/out -L dependency=/opt/rustwide/target/debug/build/tracing-attributes/85e385b94ecd5cb1/out -L dependency=/opt/rustwide/target/debug/build/tracing-core/3324456f4d23a949/out -L dependency=/opt/rustwide/target/debug/build/tracing/c7e43db52c059b90/out -L dependency=/opt/rustwide/target/debug/build/typenum/6234e24b6333d7d9/out -L dependency=/opt/rustwide/target/debug/build/uuid/fbeef3899955c4ac/out -L dependency=/opt/rustwide/target/debug/build/zerocopy/8989e85ecb840124/out -L dependency=/opt/rustwide/target/debug/build/zeroize/a40156bb3ac2a890/out -L dependency=/opt/rustwide/target/debug/build/zmij/7606d3367d7489bc/out --extern azalea_block=/opt/rustwide/target/debug/build/azalea-block/ff515a3ab4876108/out/libazalea_block-ff515a3ab4876108.rmeta --extern azalea_buf=/opt/rustwide/target/debug/build/azalea-buf/7e68be1ad666b6ce/out/libazalea_buf-7e68be1ad666b6ce.rmeta --extern azalea_chat=/opt/rustwide/target/debug/build/azalea-chat/281422848b24dc6d/out/libazalea_chat-281422848b24dc6d.rmeta --extern azalea_core=/opt/rustwide/target/debug/build/azalea-core/6a03abbfdad4c6f9/out/libazalea_core-6a03abbfdad4c6f9.rmeta --extern azalea_inventory=/opt/rustwide/target/debug/build/azalea-inventory/4caee326d98b017f/out/libazalea_inventory-4caee326d98b017f.rmeta --extern azalea_registry=/opt/rustwide/target/debug/build/azalea-registry/19dd65d2f8067e33/out/libazalea_registry-19dd65d2f8067e33.rmeta --extern derive_more=/opt/rustwide/target/debug/build/derive_more/76f9c2d73fbdaa18/out/libderive_more-76f9c2d73fbdaa18.rmeta --extern enum_as_inner=/opt/rustwide/target/debug/build/enum-as-inner/0199fa123e029f0d/out/libenum_as_inner-0199fa123e029f0d.so --extern nohash_hasher=/opt/rustwide/target/debug/build/nohash-hasher/089660ce1f261644/out/libnohash_hasher-089660ce1f261644.rmeta --extern parking_lot=/opt/rustwide/target/debug/build/parking_lot/c74dc382b633431d/out/libparking_lot-c74dc382b633431d.rmeta --extern thiserror=/opt/rustwide/target/debug/build/thiserror/223d0f32f781e39d/out/libthiserror-223d0f32f781e39d.rmeta --extern tracing=/opt/rustwide/target/debug/build/tracing/c7e43db52c059b90/out/libtracing-c7e43db52c059b90.rmeta --extern uuid=/opt/rustwide/target/debug/build/uuid/fbeef3899955c4ac/out/libuuid-fbeef3899955c4ac.rmeta --cap-lints=forbid --force-warn=unused_crate_dependencies` (exit status: 101)
[INFO] [stderr] warning: build failed, waiting for other jobs to finish...
[INFO] [stderr] 
[INFO] [stderr] thread 'rustc' (817) panicked at /rustc-dev/3154cc1a3e6424e44f438a95007d043ed5ceaaf6/compiler/rustc_infer/src/infer/mod.rs:1705:64:
[INFO] [stderr] internal error: entered unreachable code
[INFO] [stderr] stack backtrace:
[INFO] [stderr]    0:     0x79b3f77fda86 - <<std[3164a59e47d3bde]::sys::backtrace::BacktraceLock>::print::DisplayBacktrace as core[934024a1e6126fb4]::fmt::Display>::fmt
[INFO] [stderr]    1:     0x79b3f7e0b58f - core[934024a1e6126fb4]::fmt::write
[INFO] [stderr]    2:     0x79b3f781407c - <std[3164a59e47d3bde]::sys::stdio::unix::Stderr as core[934024a1e6126fb4]::io::write::Write>::write_fmt
[INFO] [stderr]    3:     0x79b3f77ced4a - std[3164a59e47d3bde]::panicking::default_hook::{closure#0}
[INFO] [stderr]    4:     0x79b3f77f12c3 - std[3164a59e47d3bde]::panicking::default_hook
[INFO] [stderr]    5:     0x79b3f656d915 - std[3164a59e47d3bde]::panicking::update_hook::<alloc[b96ed41a801e996d]::boxed::Box<rustc_driver_impl[4d41c45c6d37fa8c]::install_ice_hook::{closure#1}>>::{closure#0}
[INFO] [stderr]    6:     0x79b3f77f1762 - std[3164a59e47d3bde]::panicking::panic_with_hook
[INFO] [stderr]    7:     0x79b3f77cee34 - std[3164a59e47d3bde]::panicking::panic_handler::{closure#0}
[INFO] [stderr]    8:     0x79b3f77c63a9 - std[3164a59e47d3bde]::sys::backtrace::__rust_end_short_backtrace::<std[3164a59e47d3bde]::panicking::panic_handler::{closure#0}, !>
[INFO] [stderr]    9:     0x79b3f77d09dd - __rustc[2e7b49d4226056d3]::rust_begin_unwind
[INFO] [stderr]   10:     0x79b3f4245a5c - core[934024a1e6126fb4]::panicking::panic_fmt
[INFO] [stderr]   11:     0x79b3f4819492 - core[934024a1e6126fb4]::panicking::panic
[INFO] [stderr]   12:     0x79b3f817852e - <rustc_next_trait_solver[b3acf562f09fbe6a]::solve::eval_ctxt::EvalCtxt<rustc_trait_selection[579280d4a5e4d181]::solve::delegate::SolverDelegate, rustc_middle[9749cded0b0e17c3]::ty::context::TyCtxt>>::evaluate_const
[INFO] [stderr]   13:     0x79b3f8147bb9 - <rustc_next_trait_solver[b3acf562f09fbe6a]::solve::eval_ctxt::EvalCtxt<rustc_trait_selection[579280d4a5e4d181]::solve::delegate::SolverDelegate, rustc_middle[9749cded0b0e17c3]::ty::context::TyCtxt>>::evaluate_const_and_instantiate_projection_term
[INFO] [stderr]   14:     0x79b3f8cc2651 - <rustc_next_trait_solver[b3acf562f09fbe6a]::solve::eval_ctxt::EvalCtxt<rustc_trait_selection[579280d4a5e4d181]::solve::delegate::SolverDelegate, rustc_middle[9749cded0b0e17c3]::ty::context::TyCtxt>>::evaluate_goal_no_fast_paths
[INFO] [stderr]   15:     0x79b3f8cb5dd7 - <rustc_next_trait_solver[b3acf562f09fbe6a]::solve::eval_ctxt::EvalCtxt<rustc_trait_selection[579280d4a5e4d181]::solve::delegate::SolverDelegate, rustc_middle[9749cded0b0e17c3]::ty::context::TyCtxt>>::evaluate_goal
[INFO] [stderr]   16:     0x79b3f8cacb0f - <rustc_next_trait_solver[b3acf562f09fbe6a]::solve::eval_ctxt::EvalCtxt<rustc_trait_selection[579280d4a5e4d181]::solve::delegate::SolverDelegate, rustc_middle[9749cded0b0e17c3]::ty::context::TyCtxt>>::normalize::<rustc_middle[9749cded0b0e17c3]::ty::Ty>::{closure#0}
[INFO] [stderr]   17:     0x79b3f8cac5db - <rustc_next_trait_solver[b3acf562f09fbe6a]::normalize::NormalizationFolder<rustc_infer[378f9c2af57772fb]::infer::InferCtxt, rustc_middle[9749cded0b0e17c3]::ty::context::TyCtxt, <rustc_next_trait_solver[b3acf562f09fbe6a]::solve::eval_ctxt::EvalCtxt<rustc_trait_selection[579280d4a5e4d181]::solve::delegate::SolverDelegate, rustc_middle[9749cded0b0e17c3]::ty::context::TyCtxt>>::normalize<rustc_middle[9749cded0b0e17c3]::ty::predicate::Predicate>::{closure#0}> as rustc_type_ir[aff52ad0bd0f686]::fold::FallibleTypeFolder<rustc_middle[9749cded0b0e17c3]::ty::context::TyCtxt>>::try_fold_const::{closure#0}
[INFO] [stderr]   18:     0x79b3f8cab932 - <rustc_next_trait_solver[b3acf562f09fbe6a]::normalize::NormalizationFolder<rustc_infer[378f9c2af57772fb]::infer::InferCtxt, rustc_middle[9749cded0b0e17c3]::ty::context::TyCtxt, <rustc_next_trait_solver[b3acf562f09fbe6a]::solve::eval_ctxt::EvalCtxt<rustc_trait_selection[579280d4a5e4d181]::solve::delegate::SolverDelegate, rustc_middle[9749cded0b0e17c3]::ty::context::TyCtxt>>::normalize<rustc_middle[9749cded0b0e17c3]::ty::predicate::Predicate>::{closure#0}> as rustc_type_ir[aff52ad0bd0f686]::fold::FallibleTypeFolder<rustc_middle[9749cded0b0e17c3]::ty::context::TyCtxt>>::try_fold_ty::{closure#0}
[INFO] [stderr]   19:     0x79b3f8caa00f - <&rustc_middle[9749cded0b0e17c3]::ty::list::RawList<(), rustc_middle[9749cded0b0e17c3]::ty::generic_args::GenericArg> as rustc_type_ir[aff52ad0bd0f686]::fold::TypeFoldable<rustc_middle[9749cded0b0e17c3]::ty::context::TyCtxt>>::try_fold_with::<rustc_next_trait_solver[b3acf562f09fbe6a]::normalize::NormalizationFolder<rustc_infer[378f9c2af57772fb]::infer::InferCtxt, rustc_middle[9749cded0b0e17c3]::ty::context::TyCtxt, <rustc_next_trait_solver[b3acf562f09fbe6a]::solve::eval_ctxt::EvalCtxt<rustc_trait_selection[579280d4a5e4d181]::solve::delegate::SolverDelegate, rustc_middle[9749cded0b0e17c3]::ty::context::TyCtxt>>::normalize<rustc_middle[9749cded0b0e17c3]::ty::predicate::Predicate>::{closure#0}>>
[INFO] [stderr]   20:     0x79b3f9518a49 - <rustc_next_trait_solver[b3acf562f09fbe6a]::solve::eval_ctxt::EvalCtxt<rustc_trait_selection[579280d4a5e4d181]::solve::delegate::SolverDelegate, rustc_middle[9749cded0b0e17c3]::ty::context::TyCtxt>>::add_goals::<alloc[b96ed41a801e996d]::vec::Vec<rustc_type_ir[aff52ad0bd0f686]::solve::Goal<rustc_middle[9749cded0b0e17c3]::ty::context::TyCtxt, rustc_middle[9749cded0b0e17c3]::ty::predicate::Predicate>>>
[INFO] [stderr]   21:     0x79b3f8cd4dcb - <rustc_next_trait_solver[b3acf562f09fbe6a]::solve::eval_ctxt::EvalCtxt<rustc_trait_selection[579280d4a5e4d181]::solve::delegate::SolverDelegate, rustc_middle[9749cded0b0e17c3]::ty::context::TyCtxt>>::evaluate_goal_no_fast_paths
[INFO] [stderr]   22:     0x79b3f7e0ddf8 - <rustc_trait_selection[579280d4a5e4d181]::traits::engine::FulfillmentEngine<rustc_trait_selection[579280d4a5e4d181]::traits::FulfillmentError> as rustc_infer[378f9c2af57772fb]::traits::engine::TraitEngine<rustc_trait_selection[579280d4a5e4d181]::traits::FulfillmentError>>::try_evaluate_obligations
[INFO] [stderr]   23:     0x79b3f87c68d2 - <rustc_hir_typeck[52f5caf1595d1c05]::fn_ctxt::FnCtxt>::check_expr_path
[INFO] [stderr]   24:     0x79b3f80a83d6 - <rustc_hir_typeck[52f5caf1595d1c05]::fn_ctxt::FnCtxt>::check_expr_with_expectation_and_args
[INFO] [stderr]   25:     0x79b3f801a987 - <rustc_hir_typeck[52f5caf1595d1c05]::fn_ctxt::FnCtxt>::check_expr_call
[INFO] [stderr]   26:     0x79b3f80a84c6 - <rustc_hir_typeck[52f5caf1595d1c05]::fn_ctxt::FnCtxt>::check_expr_with_expectation_and_args
[INFO] [stderr]   27:     0x79b3f801ce58 - <rustc_hir_typeck[52f5caf1595d1c05]::fn_ctxt::FnCtxt>::check_expr_call
[INFO] [stderr]   28:     0x79b3f80a84c6 - <rustc_hir_typeck[52f5caf1595d1c05]::fn_ctxt::FnCtxt>::check_expr_with_expectation_and_args
[INFO] [stderr]   29:     0x79b3f808e941 - <rustc_hir_typeck[52f5caf1595d1c05]::fn_ctxt::FnCtxt>::check_expr_match
[INFO] [stderr]   30:     0x79b3f80aa155 - <rustc_hir_typeck[52f5caf1595d1c05]::fn_ctxt::FnCtxt>::check_expr_with_expectation_and_args
[INFO] [stderr]   31:     0x79b3f8093a60 - <rustc_hir_typeck[52f5caf1595d1c05]::fn_ctxt::FnCtxt>::check_decl
[INFO] [stderr]   32:     0x79b3f809bb7e - <rustc_hir_typeck[52f5caf1595d1c05]::fn_ctxt::FnCtxt>::check_expr_block
[INFO] [stderr]   33:     0x79b3f80a8dc9 - <rustc_hir_typeck[52f5caf1595d1c05]::fn_ctxt::FnCtxt>::check_expr_with_expectation_and_args
[INFO] [stderr]   34:     0x79b3f8073716 - rustc_hir_typeck[52f5caf1595d1c05]::check::check_fn
[INFO] [stderr]   35:     0x79b3f9245da8 - rustc_hir_typeck[52f5caf1595d1c05]::typeck_with_inspect::{closure#0}
[INFO] [stderr]   36:     0x79b3f92441f0 - rustc_query_impl[d183d205595bb26e]::query_vtables::typeck_root::invoke_provider_fn::__rust_begin_short_backtrace
[INFO] [stderr]   37:     0x79b3f83a1fd3 - rustc_query_impl[d183d205595bb26e]::execution::try_execute_query::<rustc_data_structures[beb512ccbba93d65]::vec_cache::VecCache<rustc_span[86848bd09168975a]::def_id::LocalDefId, rustc_middle[9749cded0b0e17c3]::query::erase::ErasedData<[u8; 8usize]>, rustc_middle[9749cded0b0e17c3]::dep_graph::graph::DepNodeIndex>, false>
[INFO] [stderr]   38:     0x79b3f83a1c27 - rustc_query_impl[d183d205595bb26e]::query_vtables::typeck_root::execute_query_non_incr::__rust_end_short_backtrace
[INFO] [stderr]   39:     0x79b3f8516634 - <rustc_middle[9749cded0b0e17c3]::ty::context::TyCtxt>::par_hir_body_owners::<rustc_hir_analysis[13793032b16b77dc]::check_crate::{closure#1}>::{closure#0}
[INFO] [stderr]   40:     0x79b3f8515ce5 - rustc_hir_analysis[13793032b16b77dc]::check_crate
[INFO] [stderr]   41:     0x79b3f839e8b9 - rustc_interface[7316318c9ebc3ad]::passes::analysis
[INFO] [stderr]   42:     0x79b3f901b847 - rustc_query_impl[d183d205595bb26e]::execution::try_execute_query::<rustc_middle[9749cded0b0e17c3]::query::caches::SingleCache<rustc_middle[9749cded0b0e17c3]::query::erase::ErasedData<[u8; 0usize]>>, false>
[INFO] [stderr]   43:     0x79b3f901b62b - rustc_query_impl[d183d205595bb26e]::query_vtables::analysis::execute_query_non_incr::__rust_end_short_backtrace
[INFO] [stderr]   44:     0x79b3f90e1490 - rustc_interface[7316318c9ebc3ad]::interface::run_compiler::<(), rustc_driver_impl[4d41c45c6d37fa8c]::compiler_entrypoint::{closure#0}>::{closure#2}
[INFO] [stderr]   45:     0x79b3f9111782 - std[3164a59e47d3bde]::sys::backtrace::__rust_begin_short_backtrace::<rustc_interface[7316318c9ebc3ad]::util::run_in_thread_with_globals<rustc_interface[7316318c9ebc3ad]::util::run_in_thread_pool_with_globals<rustc_interface[7316318c9ebc3ad]::interface::run_compiler<(), rustc_driver_impl[4d41c45c6d37fa8c]::compiler_entrypoint::{closure#0}>::{closure#2}, ()>::{closure#0}, ()>::{closure#0}::{closure#0}, ()>
[INFO] [stderr]   46:     0x79b3f911152d - <std[3164a59e47d3bde]::thread::lifecycle::spawn_unchecked<rustc_interface[7316318c9ebc3ad]::util::run_in_thread_with_globals<rustc_interface[7316318c9ebc3ad]::util::run_in_thread_pool_with_globals<rustc_interface[7316318c9ebc3ad]::interface::run_compiler<(), rustc_driver_impl[4d41c45c6d37fa8c]::compiler_entrypoint::{closure#0}>::{closure#2}, ()>::{closure#0}, ()>::{closure#0}::{closure#0}, ()>::{closure#1} as core[934024a1e6126fb4]::ops::function::FnOnce<()>>::call_once::{shim:vtable#0}
[INFO] [stderr]   47:     0x79b3f910fa5b - <std[3164a59e47d3bde]::sys::thread::unix::Thread>::new::thread_start
[INFO] [stderr]   48:     0x79b3f2282dfa - <unknown>
[INFO] [stderr]   49:     0x79b3f23163d4 - clone
[INFO] [stderr]   50:                0x0 - <unknown>
[INFO] [stderr] 
[INFO] [stderr] error: the compiler unexpectedly panicked. This is a bug
[INFO] [stderr] 
[INFO] [stderr] note: we would appreciate a bug report: https://github.com/rust-lang/rust/issues/new?labels=C-bug%2C+I-ICE%2C+T-compiler&template=ice.md
[INFO] [stderr] 
[INFO] [stderr] note: please make sure that you have updated to the latest nightly
[INFO] [stderr] 
[INFO] [stderr] warning: the ICE couldn't be written to `/opt/rustwide/workdir/rustc-ice-2026-10-11T08_11_41-815.txt`: Read-only file system (os error 30)
[INFO] [stderr] 
[INFO] [stderr] note: rustc 1.101.0-nightly (3154cc1a3 2026-10-09) running on x86_64-unknown-linux-gnu
[INFO] [stderr] 
[INFO] [stderr] note: compiler flags: -C embed-bitcode=no -C debuginfo=2
[INFO] [stderr] 
[INFO] [stderr] note: some of the compiler flags provided by cargo are hidden
[INFO] [stderr] 
[INFO] [stderr] query stack during panic:
[INFO] [stderr] #0 [typeck_root] type-checking `effects::<impl at src/effects.rs:35:1: 35:30>::azalea_read`
[INFO] [stderr] #1 [analysis] running analysis passes on crate `azalea_entity`
[INFO] [stderr] end of query stack
[INFO] [stderr] 
[INFO] [stderr] thread 'rustc' (817) panicked at /rustc-dev/3154cc1a3e6424e44f438a95007d043ed5ceaaf6/compiler/rustc_infer/src/infer/mod.rs:1705:64:
[INFO] [stderr] internal error: entered unreachable code
[INFO] [stderr] stack backtrace:
[INFO] [stderr]    0:     0x79b3f77fda86 - <<std[3164a59e47d3bde]::sys::backtrace::BacktraceLock>::print::DisplayBacktrace as core[934024a1e6126fb4]::fmt::Display>::fmt
[INFO] [stderr]    1:     0x79b3f7e0b58f - core[934024a1e6126fb4]::fmt::write
[INFO] [stderr]    2:     0x79b3f781407c - <std[3164a59e47d3bde]::sys::stdio::unix::Stderr as core[934024a1e6126fb4]::io::write::Write>::write_fmt
[INFO] [stderr]    3:     0x79b3f77ced4a - std[3164a59e47d3bde]::panicking::default_hook::{closure#0}
[INFO] [stderr]    4:     0x79b3f77f12c3 - std[3164a59e47d3bde]::panicking::default_hook
[INFO] [stderr]    5:     0x79b3f656d915 - std[3164a59e47d3bde]::panicking::update_hook::<alloc[b96ed41a801e996d]::boxed::Box<rustc_driver_impl[4d41c45c6d37fa8c]::install_ice_hook::{closure#1}>>::{closure#0}
[INFO] [stderr]    6:     0x79b3f77f1762 - std[3164a59e47d3bde]::panicking::panic_with_hook
[INFO] [stderr]    7:     0x79b3f77cee34 - std[3164a59e47d3bde]::panicking::panic_handler::{closure#0}
[INFO] [stderr]    8:     0x79b3f77c63a9 - std[3164a59e47d3bde]::sys::backtrace::__rust_end_short_backtrace::<std[3164a59e47d3bde]::panicking::panic_handler::{closure#0}, !>
[INFO] [stderr]    9:     0x79b3f77d09dd - __rustc[2e7b49d4226056d3]::rust_begin_unwind
[INFO] [stderr]   10:     0x79b3f4245a5c - core[934024a1e6126fb4]::panicking::panic_fmt
[INFO] [stderr]   11:     0x79b3f4819492 - core[934024a1e6126fb4]::panicking::panic
[INFO] [stderr]   12:     0x79b3f817852e - <rustc_next_trait_solver[b3acf562f09fbe6a]::solve::eval_ctxt::EvalCtxt<rustc_trait_selection[579280d4a5e4d181]::solve::delegate::SolverDelegate, rustc_middle[9749cded0b0e17c3]::ty::context::TyCtxt>>::evaluate_const
[INFO] [stderr]   13:     0x79b3f8147bb9 - <rustc_next_trait_solver[b3acf562f09fbe6a]::solve::eval_ctxt::EvalCtxt<rustc_trait_selection[579280d4a5e4d181]::solve::delegate::SolverDelegate, rustc_middle[9749cded0b0e17c3]::ty::context::TyCtxt>>::evaluate_const_and_instantiate_projection_term
[INFO] [stderr]   14:     0x79b3f8cc2651 - <rustc_next_trait_solver[b3acf562f09fbe6a]::solve::eval_ctxt::EvalCtxt<rustc_trait_selection[579280d4a5e4d181]::solve::delegate::SolverDelegate, rustc_middle[9749cded0b0e17c3]::ty::context::TyCtxt>>::evaluate_goal_no_fast_paths
[INFO] [stderr]   15:     0x79b3f8cb5dd7 - <rustc_next_trait_solver[b3acf562f09fbe6a]::solve::eval_ctxt::EvalCtxt<rustc_trait_selection[579280d4a5e4d181]::solve::delegate::SolverDelegate, rustc_middle[9749cded0b0e17c3]::ty::context::TyCtxt>>::evaluate_goal
[INFO] [stderr]   16:     0x79b3f8cacb0f - <rustc_next_trait_solver[b3acf562f09fbe6a]::solve::eval_ctxt::EvalCtxt<rustc_trait_selection[579280d4a5e4d181]::solve::delegate::SolverDelegate, rustc_middle[9749cded0b0e17c3]::ty::context::TyCtxt>>::normalize::<rustc_middle[9749cded0b0e17c3]::ty::Ty>::{closure#0}
[INFO] [stderr]   17:     0x79b3f8cac5db - <rustc_next_trait_solver[b3acf562f09fbe6a]::normalize::NormalizationFolder<rustc_infer[378f9c2af57772fb]::infer::InferCtxt, rustc_middle[9749cded0b0e17c3]::ty::context::TyCtxt, <rustc_next_trait_solver[b3acf562f09fbe6a]::solve::eval_ctxt::EvalCtxt<rustc_trait_selection[579280d4a5e4d181]::solve::delegate::SolverDelegate, rustc_middle[9749cded0b0e17c3]::ty::context::TyCtxt>>::normalize<rustc_middle[9749cded0b0e17c3]::ty::predicate::Predicate>::{closure#0}> as rustc_type_ir[aff52ad0bd0f686]::fold::FallibleTypeFolder<rustc_middle[9749cded0b0e17c3]::ty::context::TyCtxt>>::try_fold_const::{closure#0}
[INFO] [stderr]   18:     0x79b3f8cab932 - <rustc_next_trait_solver[b3acf562f09fbe6a]::normalize::NormalizationFolder<rustc_infer[378f9c2af57772fb]::infer::InferCtxt, rustc_middle[9749cded0b0e17c3]::ty::context::TyCtxt, <rustc_next_trait_solver[b3acf562f09fbe6a]::solve::eval_ctxt::EvalCtxt<rustc_trait_selection[579280d4a5e4d181]::solve::delegate::SolverDelegate, rustc_middle[9749cded0b0e17c3]::ty::context::TyCtxt>>::normalize<rustc_middle[9749cded0b0e17c3]::ty::predicate::Predicate>::{closure#0}> as rustc_type_ir[aff52ad0bd0f686]::fold::FallibleTypeFolder<rustc_middle[9749cded0b0e17c3]::ty::context::TyCtxt>>::try_fold_ty::{closure#0}
[INFO] [stderr]   19:     0x79b3f8caa00f - <&rustc_middle[9749cded0b0e17c3]::ty::list::RawList<(), rustc_middle[9749cded0b0e17c3]::ty::generic_args::GenericArg> as rustc_type_ir[aff52ad0bd0f686]::fold::TypeFoldable<rustc_middle[9749cded0b0e17c3]::ty::context::TyCtxt>>::try_fold_with::<rustc_next_trait_solver[b3acf562f09fbe6a]::normalize::NormalizationFolder<rustc_infer[378f9c2af57772fb]::infer::InferCtxt, rustc_middle[9749cded0b0e17c3]::ty::context::TyCtxt, <rustc_next_trait_solver[b3acf562f09fbe6a]::solve::eval_ctxt::EvalCtxt<rustc_trait_selection[579280d4a5e4d181]::solve::delegate::SolverDelegate, rustc_middle[9749cded0b0e17c3]::ty::context::TyCtxt>>::normalize<rustc_middle[9749cded0b0e17c3]::ty::predicate::Predicate>::{closure#0}>>
[INFO] [stderr]   20:     0x79b3f9518a49 - <rustc_next_trait_solver[b3acf562f09fbe6a]::solve::eval_ctxt::EvalCtxt<rustc_trait_selection[579280d4a5e4d181]::solve::delegate::SolverDelegate, rustc_middle[9749cded0b0e17c3]::ty::context::TyCtxt>>::add_goals::<alloc[b96ed41a801e996d]::vec::Vec<rustc_type_ir[aff52ad0bd0f686]::solve::Goal<rustc_middle[9749cded0b0e17c3]::ty::context::TyCtxt, rustc_middle[9749cded0b0e17c3]::ty::predicate::Predicate>>>
[INFO] [stderr]   21:     0x79b3f8cd4dcb - <rustc_next_trait_solver[b3acf562f09fbe6a]::solve::eval_ctxt::EvalCtxt<rustc_trait_selection[579280d4a5e4d181]::solve::delegate::SolverDelegate, rustc_middle[9749cded0b0e17c3]::ty::context::TyCtxt>>::evaluate_goal_no_fast_paths
[INFO] [stderr]   22:     0x79b3f7e0ddf8 - <rustc_trait_selection[579280d4a5e4d181]::traits::engine::FulfillmentEngine<rustc_trait_selection[579280d4a5e4d181]::traits::FulfillmentError> as rustc_infer[378f9c2af57772fb]::traits::engine::TraitEngine<rustc_trait_selection[579280d4a5e4d181]::traits::FulfillmentError>>::try_evaluate_obligations
[INFO] [stderr]   23:     0x79b3f87c68d2 - <rustc_hir_typeck[52f5caf1595d1c05]::fn_ctxt::FnCtxt>::check_expr_path
[INFO] [stderr]   24:     0x79b3f80a83d6 - <rustc_hir_typeck[52f5caf1595d1c05]::fn_ctxt::FnCtxt>::check_expr_with_expectation_and_args
[INFO] [stderr]   25:     0x79b3f801a987 - <rustc_hir_typeck[52f5caf1595d1c05]::fn_ctxt::FnCtxt>::check_expr_call
[INFO] [stderr]   26:     0x79b3f80a84c6 - <rustc_hir_typeck[52f5caf1595d1c05]::fn_ctxt::FnCtxt>::check_expr_with_expectation_and_args
[INFO] [stderr]   27:     0x79b3f8093a60 - <rustc_hir_typeck[52f5caf1595d1c05]::fn_ctxt::FnCtxt>::check_decl
[INFO] [stderr]   28:     0x79b3f809bb7e - <rustc_hir_typeck[52f5caf1595d1c05]::fn_ctxt::FnCtxt>::check_expr_block
[INFO] [stderr]   29:     0x79b3f80a8dc9 - <rustc_hir_typeck[52f5caf1595d1c05]::fn_ctxt::FnCtxt>::check_expr_with_expectation_and_args
[INFO] [stderr]   30:     0x79b3f8073716 - rustc_hir_typeck[52f5caf1595d1c05]::check::check_fn
[INFO] [stderr]   31:     0x79b3f9245da8 - rustc_hir_typeck[52f5caf1595d1c05]::typeck_with_inspect::{closure#0}
[INFO] [stderr]   32:     0x79b3f92441f0 - rustc_query_impl[d183d205595bb26e]::query_vtables::typeck_root::invoke_provider_fn::__rust_begin_short_backtrace
[INFO] [stderr]   33:     0x79b3f83a1fd3 - rustc_query_impl[d183d205595bb26e]::execution::try_execute_query::<rustc_data_structures[beb512ccbba93d65]::vec_cache::VecCache<rustc_span[86848bd09168975a]::def_id::LocalDefId, rustc_middle[9749cded0b0e17c3]::query::erase::ErasedData<[u8; 8usize]>, rustc_middle[9749cded0b0e17c3]::dep_graph::graph::DepNodeIndex>, false>
[INFO] [stderr]   34:     0x79b3f83a1c27 - rustc_query_impl[d183d205595bb26e]::query_vtables::typeck_root::execute_query_non_incr::__rust_end_short_backtrace
[INFO] [stderr]   35:     0x79b3f8516634 - <rustc_middle[9749cded0b0e17c3]::ty::context::TyCtxt>::par_hir_body_owners::<rustc_hir_analysis[13793032b16b77dc]::check_crate::{closure#1}>::{closure#0}
[INFO] [stderr]   36:     0x79b3f8515ce5 - rustc_hir_analysis[13793032b16b77dc]::check_crate
[INFO] [stderr]   37:     0x79b3f839e8b9 - rustc_interface[7316318c9ebc3ad]::passes::analysis
[INFO] [stderr]   38:     0x79b3f901b847 - rustc_query_impl[d183d205595bb26e]::execution::try_execute_query::<rustc_middle[9749cded0b0e17c3]::query::caches::SingleCache<rustc_middle[9749cded0b0e17c3]::query::erase::ErasedData<[u8; 0usize]>>, false>
[INFO] [stderr]   39:     0x79b3f901b62b - rustc_query_impl[d183d205595bb26e]::query_vtables::analysis::execute_query_non_incr::__rust_end_short_backtrace
[INFO] [stderr]   40:     0x79b3f90e1490 - rustc_interface[7316318c9ebc3ad]::interface::run_compiler::<(), rustc_driver_impl[4d41c45c6d37fa8c]::compiler_entrypoint::{closure#0}>::{closure#2}
[INFO] [stderr]   41:     0x79b3f9111782 - std[3164a59e47d3bde]::sys::backtrace::__rust_begin_short_backtrace::<rustc_interface[7316318c9ebc3ad]::util::run_in_thread_with_globals<rustc_interface[7316318c9ebc3ad]::util::run_in_thread_pool_with_globals<rustc_interface[7316318c9ebc3ad]::interface::run_compiler<(), rustc_driver_impl[4d41c45c6d37fa8c]::compiler_entrypoint::{closure#0}>::{closure#2}, ()>::{closure#0}, ()>::{closure#0}::{closure#0}, ()>
[INFO] [stderr]   42:     0x79b3f911152d - <std[3164a59e47d3bde]::thread::lifecycle::spawn_unchecked<rustc_interface[7316318c9ebc3ad]::util::run_in_thread_with_globals<rustc_interface[7316318c9ebc3ad]::util::run_in_thread_pool_with_globals<rustc_interface[7316318c9ebc3ad]::interface::run_compiler<(), rustc_driver_impl[4d41c45c6d37fa8c]::compiler_entrypoint::{closure#0}>::{closure#2}, ()>::{closure#0}, ()>::{closure#0}::{closure#0}, ()>::{closure#1} as core[934024a1e6126fb4]::ops::function::FnOnce<()>>::call_once::{shim:vtable#0}
[INFO] [stderr]   43:     0x79b3f910fa5b - <std[3164a59e47d3bde]::sys::thread::unix::Thread>::new::thread_start
[INFO] [stderr]   44:     0x79b3f2282dfa - <unknown>
[INFO] [stderr]   45:     0x79b3f23163d4 - clone
[INFO] [stderr]   46:                0x0 - <unknown>
[INFO] [stderr] 
[INFO] [stderr] error: the compiler unexpectedly panicked. This is a bug
[INFO] [stderr] 
[INFO] [stderr] note: we would appreciate a bug report: https://github.com/rust-lang/rust/issues/new?labels=C-bug%2C+I-ICE%2C+T-compiler&template=ice.md
[INFO] [stderr] 
[INFO] [stderr] note: please make sure that you have updated to the latest nightly
[INFO] [stderr] 
[INFO] [stderr] warning: the ICE couldn't be written to `/opt/rustwide/workdir/rustc-ice-2026-10-11T08_11_41-815.txt`: Read-only file system (os error 30)
[INFO] [stderr] 
[INFO] [stderr] note: rustc 1.101.0-nightly (3154cc1a3 2026-10-09) running on x86_64-unknown-linux-gnu
[INFO] [stderr] 
[INFO] [stderr] note: compiler flags: -C embed-bitcode=no -C debuginfo=2
[INFO] [stderr] 
[INFO] [stderr] note: some of the compiler flags provided by cargo are hidden
[INFO] [stderr] 
[INFO] [stderr] query stack during panic:
[INFO] [stderr] #0 [typeck_root] type-checking `effects::<impl at src/effects.rs:35:1: 35:30>::azalea_write`
[INFO] [stderr] #1 [analysis] running analysis passes on crate `azalea_entity`
[INFO] [stderr] end of query stack
[INFO] [stderr] error: could not compile `azalea-entity` (lib test)
[INFO] [stderr] 
[INFO] [stderr] Caused by:
[INFO] [stderr]   process didn't exit successfully: `/opt/rustwide/rustup-home/toolchains/3154cc1a3e6424e44f438a95007d043ed5ceaaf6/bin/rustc --crate-name azalea_entity --edition=2024 src/lib.rs --error-format=json --json=diagnostic-rendered-ansi,artifacts,future-incompat,unused-externs-silent --emit=dep-info,metadata -C embed-bitcode=no -C debuginfo=2 --warn=unexpected_cfgs '--warn=clippy::str_to_string' --check-cfg 'cfg(docsrs_dep)' --test --check-cfg 'cfg(docsrs,test)' --check-cfg 'cfg(feature, values("bevy_ecs"))' -C metadata=e4ec925cd257c7a6 -C extra-filename=-3de24669fd75fb52 --out-dir /opt/rustwide/target/debug/build/azalea-entity/3de24669fd75fb52/out -L dependency=/opt/rustwide/target/debug/build/adler2/ee8704cd74c29624/out -L dependency=/opt/rustwide/target/debug/build/aes/18d9365fcf89ff39/out -L dependency=/opt/rustwide/target/debug/build/azalea-auth/f808a8222c5d9bab/out -L dependency=/opt/rustwide/target/debug/build/azalea-block-macros/d63b6c6809ee0d2b/out -L dependency=/opt/rustwide/target/debug/build/azalea-buf-macros/8921a027bdc48e80/out -L dependency=/opt/rustwide/target/debug/build/azalea-buf/7e68be1ad666b6ce/out -L dependency=/opt/rustwide/target/debug/build/azalea-chat/281422848b24dc6d/out -L dependency=/opt/rustwide/target/debug/build/azalea-core/6a03abbfdad4c6f9/out -L dependency=/opt/rustwide/target/debug/build/azalea-crypto/81d808c60f15b5fc/out -L dependency=/opt/rustwide/target/debug/build/azalea-inventory-macros/114d0f8e06878616/out -L dependency=/opt/rustwide/target/debug/build/azalea-language/c2c57f1ab1b0ae8d/out -L dependency=/opt/rustwide/target/debug/build/azalea-registry-macros/2d861e1364d1351d/out -L dependency=/opt/rustwide/target/debug/build/azalea-registry/19dd65d2f8067e33/out -L dependency=/opt/rustwide/target/debug/build/base64/d8aec028dea2d277/out -L dependency=/opt/rustwide/target/debug/build/base64ct/7056cca72f6a3e89/out -L dependency=/opt/rustwide/target/debug/build/block-buffer/2f8fbf33157cbbcd/out -L dependency=/opt/rustwide/target/debug/build/block-buffer/71f34db66c7f9a3b/out -L dependency=/opt/rustwide/target/debug/build/byteorder/d92705dd1d5353b1/out -L dependency=/opt/rustwide/target/debug/build/castaway/636317c4e15ede4f/out -L dependency=/opt/rustwide/target/debug/build/cfb8/0cf44cb401537cc0/out -L dependency=/opt/rustwide/target/debug/build/cfg-if/190c9021fd162845/out -L dependency=/opt/rustwide/target/debug/build/chacha20/be3564f12b2cbbc1/out -L dependency=/opt/rustwide/target/debug/build/chrono/81ec97d64cde76d0/out -L dependency=/opt/rustwide/target/debug/build/cipher/3f8d92c32e516da9/out -L dependency=/opt/rustwide/target/debug/build/cmov/a8144ed9d5e79cdd/out -L dependency=/opt/rustwide/target/debug/build/compact_str/48b41ed842df34dc/out -L dependency=/opt/rustwide/target/debug/build/const-oid/5abb6e22430efd63/out -L dependency=/opt/rustwide/target/debug/build/cpubits/e3d8904820d9f40c/out -L dependency=/opt/rustwide/target/debug/build/cpufeatures/1ae956ba346ebd12/out -L dependency=/opt/rustwide/target/debug/build/cpufeatures/d73b58fdf77d9fc5/out -L dependency=/opt/rustwide/target/debug/build/crc32c/b627d52576d79bca/out -L dependency=/opt/rustwide/target/debug/build/crc32fast/31ecd786fe404797/out -L dependency=/opt/rustwide/target/debug/build/crypto-bigint/798b68565343340b/out -L dependency=/opt/rustwide/target/debug/build/crypto-common/ee9f6e3907eafbe1/out -L dependency=/opt/rustwide/target/debug/build/crypto-common/f301aef2817d0244/out -L dependency=/opt/rustwide/target/debug/build/crypto-primes/5f0d6db871ccbfb2/out -L dependency=/opt/rustwide/target/debug/build/ctutils/2cca8e9d5b0923e0/out -L dependency=/opt/rustwide/target/debug/build/der/ed52b52d2140c26e/out -L dependency=/opt/rustwide/target/debug/build/derive_more-impl/52f68cc51149412c/out -L dependency=/opt/rustwide/target/debug/build/derive_more/76f9c2d73fbdaa18/out -L dependency=/opt/rustwide/target/debug/build/digest/6d4309fdf87f895f/out -L dependency=/opt/rustwide/target/debug/build/digest/eaf31c89f88f14b3/out -L dependency=/opt/rustwide/target/debug/build/equivalent/d23b026399a51038/out -L dependency=/opt/rustwide/target/debug/build/flate2/8f7dd38580e70830/out -L dependency=/opt/rustwide/target/debug/build/generic-array/791a9fa289c79401/out -L dependency=/opt/rustwide/target/debug/build/getrandom/6d6c6ca3ceffede1/out -L dependency=/opt/rustwide/target/debug/build/getrandom/d5da239c26f5982e/out -L dependency=/opt/rustwide/target/debug/build/hashbrown/d6527847c19413e5/out -L dependency=/opt/rustwide/target/debug/build/hybrid-array/c0c6f5ceb3f2624a/out -L dependency=/opt/rustwide/target/debug/build/indexmap/bad0424019eef9ed/out -L dependency=/opt/rustwide/target/debug/build/inout/f923a7fe993d92ce/out -L dependency=/opt/rustwide/target/debug/build/itoa/488dcf4f13423b18/out -L dependency=/opt/rustwide/target/debug/build/libc/6f65a897ddedb32c/out -L dependency=/opt/rustwide/target/debug/build/libm/dd8f630108d3c054/out -L dependency=/opt/rustwide/target/debug/build/lock_api/b47e4fe57039b3cf/out -L dependency=/opt/rustwide/target/debug/build/md-5/58f69cb2b9dd2352/out -L dependency=/opt/rustwide/target/debug/build/memchr/8545c9ad976f3721/out -L dependency=/opt/rustwide/target/debug/build/miniz_oxide/600b354f6718edc4/out -L dependency=/opt/rustwide/target/debug/build/nohash-hasher/089660ce1f261644/out -L dependency=/opt/rustwide/target/debug/build/num-bigint/2284bf7c1bef52b4/out -L dependency=/opt/rustwide/target/debug/build/num-complex/8ea1330a4d480acf/out -L dependency=/opt/rustwide/target/debug/build/num-integer/0fb0e996bf37432f/out -L dependency=/opt/rustwide/target/debug/build/num-iter/cf2bff55350736bb/out -L dependency=/opt/rustwide/target/debug/build/num-rational/e367dbbae90b6212/out -L dependency=/opt/rustwide/target/debug/build/num-traits/3f20bdcfe3eb0a45/out -L dependency=/opt/rustwide/target/debug/build/num/90dbb46ffa0ab75d/out -L dependency=/opt/rustwide/target/debug/build/once_cell/6f8123b0c2eed634/out -L dependency=/opt/rustwide/target/debug/build/parking_lot_core/ac0114d4223bda3c/out -L dependency=/opt/rustwide/target/debug/build/pem-rfc7468/af792a57120bd75d/out -L dependency=/opt/rustwide/target/debug/build/pin-project-lite/7176d3be2b7ee2e1/out -L dependency=/opt/rustwide/target/debug/build/pkcs1/8812bc6929cf7b7d/out -L dependency=/opt/rustwide/target/debug/build/pkcs8/aa5fa4c9674f88a4/out -L dependency=/opt/rustwide/target/debug/build/ppv-lite86/31a986647d317117/out -L dependency=/opt/rustwide/target/debug/build/rand/b9f556537de681b4/out -L dependency=/opt/rustwide/target/debug/build/rand/c311c789e6c819de/out -L dependency=/opt/rustwide/target/debug/build/rand_chacha/86fd07f88e6ffa90/out -L dependency=/opt/rustwide/target/debug/build/rand_core/9fd6e493eac783ff/out -L dependency=/opt/rustwide/target/debug/build/rand_core/b468540a72eb6377/out -L dependency=/opt/rustwide/target/debug/build/rsa/5372cece09b4d1d2/out -L dependency=/opt/rustwide/target/debug/build/rsa_public_encrypt_pkcs1/a8a7cd22b5777e50/out -L dependency=/opt/rustwide/target/debug/build/rustversion/5a027c01becb027b/out -L dependency=/opt/rustwide/target/debug/build/ryu/3da2ab8eb39d89f2/out -L dependency=/opt/rustwide/target/debug/build/scopeguard/e7d227cb308b3799/out -L dependency=/opt/rustwide/target/debug/build/serde/5e227d593c6e0c80/out -L dependency=/opt/rustwide/target/debug/build/serde_core/3c925aec2ec92997/out -L dependency=/opt/rustwide/target/debug/build/serde_derive/53d8af639c96e9bd/out -L dependency=/opt/rustwide/target/debug/build/serde_json/a73b4a04d694d233/out -L dependency=/opt/rustwide/target/debug/build/sha1/40b3b746574c318f/out -L dependency=/opt/rustwide/target/debug/build/sha2/e97eea5f6a3fcdf9/out -L dependency=/opt/rustwide/target/debug/build/signature/c093214329d61fe6/out -L dependency=/opt/rustwide/target/debug/build/simd-adler32/e42a8b76242fe4a8/out -L dependency=/opt/rustwide/target/debug/build/simd_cesu8/0dae393a3691b6ce/out -L dependency=/opt/rustwide/target/debug/build/simdnbt-derive/8b683ebdfa055f2d/out -L dependency=/opt/rustwide/target/debug/build/simdnbt/bf423a8babd3f08c/out -L dependency=/opt/rustwide/target/debug/build/simdutf8/b2921cbcd05b08ab/out -L dependency=/opt/rustwide/target/debug/build/simple_asn1/9dd47d67849ea8fe/out -L dependency=/opt/rustwide/target/debug/build/smallvec/0ed15a39e79b0386/out -L dependency=/opt/rustwide/target/debug/build/spki/3304878c772bcdaf/out -L dependency=/opt/rustwide/target/debug/build/static_assertions/f2154b0bf273423d/out -L dependency=/opt/rustwide/target/debug/build/thiserror-impl/4ca344c1bf9bfa62/out -L dependency=/opt/rustwide/target/debug/build/thiserror-impl/e793ab508fc76aa0/out -L dependency=/opt/rustwide/target/debug/build/thiserror/223d0f32f781e39d/out -L dependency=/opt/rustwide/target/debug/build/thiserror/cbd526b1087eeeab/out -L dependency=/opt/rustwide/target/debug/build/tokio/4a6a704287abe652/out -L dependency=/opt/rustwide/target/debug/build/tracing-attributes/85e385b94ecd5cb1/out -L dependency=/opt/rustwide/target/debug/build/tracing-core/3324456f4d23a949/out -L dependency=/opt/rustwide/target/debug/build/tracing/c7e43db52c059b90/out -L dependency=/opt/rustwide/target/debug/build/typenum/6234e24b6333d7d9/out -L dependency=/opt/rustwide/target/debug/build/uuid/fbeef3899955c4ac/out -L dependency=/opt/rustwide/target/debug/build/zerocopy/8989e85ecb840124/out -L dependency=/opt/rustwide/target/debug/build/zeroize/a40156bb3ac2a890/out -L dependency=/opt/rustwide/target/debug/build/zmij/7606d3367d7489bc/out --extern azalea_block=/opt/rustwide/target/debug/build/azalea-block/ff515a3ab4876108/out/libazalea_block-ff515a3ab4876108.rmeta --extern azalea_buf=/opt/rustwide/target/debug/build/azalea-buf/7e68be1ad666b6ce/out/libazalea_buf-7e68be1ad666b6ce.rmeta --extern azalea_chat=/opt/rustwide/target/debug/build/azalea-chat/281422848b24dc6d/out/libazalea_chat-281422848b24dc6d.rmeta --extern azalea_core=/opt/rustwide/target/debug/build/azalea-core/6a03abbfdad4c6f9/out/libazalea_core-6a03abbfdad4c6f9.rmeta --extern azalea_inventory=/opt/rustwide/target/debug/build/azalea-inventory/4caee326d98b017f/out/libazalea_inventory-4caee326d98b017f.rmeta --extern azalea_registry=/opt/rustwide/target/debug/build/azalea-registry/19dd65d2f8067e33/out/libazalea_registry-19dd65d2f8067e33.rmeta --extern derive_more=/opt/rustwide/target/debug/build/derive_more/76f9c2d73fbdaa18/out/libderive_more-76f9c2d73fbdaa18.rmeta --extern enum_as_inner=/opt/rustwide/target/debug/build/enum-as-inner/0199fa123e029f0d/out/libenum_as_inner-0199fa123e029f0d.so --extern nohash_hasher=/opt/rustwide/target/debug/build/nohash-hasher/089660ce1f261644/out/libnohash_hasher-089660ce1f261644.rmeta --extern parking_lot=/opt/rustwide/target/debug/build/parking_lot/c74dc382b633431d/out/libparking_lot-c74dc382b633431d.rmeta --extern thiserror=/opt/rustwide/target/debug/build/thiserror/223d0f32f781e39d/out/libthiserror-223d0f32f781e39d.rmeta --extern tracing=/opt/rustwide/target/debug/build/tracing/c7e43db52c059b90/out/libtracing-c7e43db52c059b90.rmeta --extern uuid=/opt/rustwide/target/debug/build/uuid/fbeef3899955c4ac/out/libuuid-fbeef3899955c4ac.rmeta --cap-lints=forbid --force-warn=unused_crate_dependencies` (exit status: 101)
[INFO] [stderr] warning: unused dependency `parking_lot`
[INFO] [stderr]   --> Cargo.toml:50:15
[INFO] [stderr]    |
[INFO] [stderr] 50 | [dependencies.parking_lot]
[INFO] [stderr]    |               ^^^^^^^^^^^^
[INFO] [stderr]    |
[INFO] [stderr]    = note: `cargo::unused_dependencies` is set to `warn` by default
[INFO] [stderr] help: consider removing the dependency on `parking_lot`
[INFO] [stderr] warning: `azalea-entity` (manifest) generated 1 warning
[INFO] running `Command { std: "docker" "inspect" "d465e330eadb39e6395a5b7437e1d38416c34befbff37c3e561e14fe30e9602b", kill_on_drop: false }`
[INFO] running `Command { std: "docker" "rm" "-f" "d465e330eadb39e6395a5b7437e1d38416c34befbff37c3e561e14fe30e9602b", kill_on_drop: false }`
[INFO] [stdout] d465e330eadb39e6395a5b7437e1d38416c34befbff37c3e561e14fe30e9602b
