[INFO] fetching crate axominijinja 2.4.0...
[INFO] checking axominijinja-2.4.0 against 3154cc1a3e6424e44f438a95007d043ed5ceaaf6 for pr-133502-30
[INFO] extracting crate axominijinja 2.4.0 into /workspace/builds/worker-5-tc2/source
[INFO] started tweaking crates.io crate axominijinja 2.4.0
[INFO] finished tweaking crates.io crate axominijinja 2.4.0
[INFO] tweaked toml for crates.io crate axominijinja 2.4.0 written to /workspace/builds/worker-5-tc2/source/Cargo.toml
[INFO] validating manifest of crates.io crate axominijinja 2.4.0 on toolchain 3154cc1a3e6424e44f438a95007d043ed5ceaaf6
[INFO] running `Command { std: CARGO_HOME="/workspace/cargo-home" RUSTUP_HOME="/workspace/rustup-home" "/workspace/cargo-home/bin/cargo" "+3154cc1a3e6424e44f438a95007d043ed5ceaaf6" "metadata" "--manifest-path" "Cargo.toml" "--no-deps", kill_on_drop: false }`
[INFO] running `Command { std: CARGO_HOME="/workspace/cargo-home" RUSTUP_HOME="/workspace/rustup-home" "/workspace/cargo-home/bin/cargo" "+3154cc1a3e6424e44f438a95007d043ed5ceaaf6" "generate-lockfile" "--manifest-path" "Cargo.toml", kill_on_drop: false }`
[INFO] [stderr]     Updating crates.io index
[INFO] [stderr]      Locking 65 packages to highest compatible versions
[INFO] [stderr]       Adding indexmap v1.9.3 (available: v2.14.2)
[INFO] [stderr]       Adding similar-asserts v1.7.0 (available: v2.0.0)
[INFO] [stderr]       Adding v_htmlescape v0.15.8 (available: v0.17.0)
[INFO] running `Command { std: CARGO_HOME="/workspace/cargo-home" RUSTUP_HOME="/workspace/rustup-home" "/workspace/cargo-home/bin/cargo" "+3154cc1a3e6424e44f438a95007d043ed5ceaaf6" "fetch" "--manifest-path" "Cargo.toml", kill_on_drop: false }`
[INFO] running `Command { std: "docker" "create" "-v" "/var/lib/crater-agent-workspace/builds/worker-5-tc2/source:/opt/rustwide/workdir:ro,Z" "-v" "/var/lib/crater-agent-workspace/builds/worker-5-tc2/target:/opt/rustwide/target:rw,Z" "-v" "/var/lib/crater-agent-workspace/cargo-home:/opt/rustwide/cargo-home:ro,Z" "-v" "/var/lib/crater-agent-workspace/rustup-home:/opt/rustwide/rustup-home:ro,Z" "-m" "1610612736" "--network" "none" "ghcr.io/rust-lang/crates-build-env/linux@sha256:77db811e55d90add9212f6832c23229e3de5f1c1f9905e8cb07319ea15df73ac" "sleep" "infinity", kill_on_drop: false }`
[INFO] [stdout] 11bcd5a9c1ef4c0a83c947639e9c23cea2accf27fb91afcd2b6847ff3871482d
[INFO] running `Command { std: "docker" "start" "11bcd5a9c1ef4c0a83c947639e9c23cea2accf27fb91afcd2b6847ff3871482d", kill_on_drop: false }`
[INFO] running `Command { std: "docker" "inspect" "11bcd5a9c1ef4c0a83c947639e9c23cea2accf27fb91afcd2b6847ff3871482d", kill_on_drop: false }`
[INFO] running `Command { std: "docker" "exec" "-e" "SOURCE_DIR=/opt/rustwide/workdir" "-e" "CARGO_HOME=/opt/rustwide/cargo-home" "-e" "RUSTUP_HOME=/opt/rustwide/rustup-home" "-e" "CARGO_TARGET_DIR=/opt/rustwide/target" "-w" "/opt/rustwide/workdir" "--user" "0:0" "11bcd5a9c1ef4c0a83c947639e9c23cea2accf27fb91afcd2b6847ff3871482d" "/opt/rustwide/cargo-home/bin/cargo" "+3154cc1a3e6424e44f438a95007d043ed5ceaaf6" "metadata" "--no-deps" "--format-version=1", kill_on_drop: false }`
[INFO] running `Command { std: "docker" "inspect" "11bcd5a9c1ef4c0a83c947639e9c23cea2accf27fb91afcd2b6847ff3871482d", kill_on_drop: false }`
[INFO] running `Command { std: "docker" "exec" "-e" "SOURCE_DIR=/opt/rustwide/workdir" "-e" "CARGO_HOME=/opt/rustwide/cargo-home" "-e" "RUSTUP_HOME=/opt/rustwide/rustup-home" "-e" "CARGO_TARGET_DIR=/opt/rustwide/target" "-e" "CARGO_INCREMENTAL=0" "-e" "RUST_BACKTRACE=full" "-e" "RUSTFLAGS=--cap-lints=forbid" "-e" "RUSTDOCFLAGS=--cap-lints=forbid" "-w" "/opt/rustwide/workdir" "--user" "0:0" "11bcd5a9c1ef4c0a83c947639e9c23cea2accf27fb91afcd2b6847ff3871482d" "/opt/rustwide/cargo-home/bin/cargo" "+3154cc1a3e6424e44f438a95007d043ed5ceaaf6" "check" "--frozen" "--all" "--all-targets" "--message-format=json", kill_on_drop: false }`
[INFO] [stderr]    Compiling proc-macro2 v1.0.107
[INFO] [stderr]    Compiling libc v0.2.190
[INFO] [stderr]    Compiling unicode-ident v1.0.26
[INFO] [stderr]    Compiling quote v1.0.47
[INFO] [stderr]    Compiling serde_core v1.0.229
[INFO] [stderr]     Checking memchr v2.8.3
[INFO] [stderr]    Compiling serde v1.0.229
[INFO] [stderr]    Compiling rustix v1.1.5
[INFO] [stderr]     Checking cfg-if v1.0.5
[INFO] [stderr]     Checking bitflags v2.13.2
[INFO] [stderr]     Checking linux-raw-sys v0.12.1
[INFO] [stderr]     Checking regex-syntax v0.8.11
[INFO] [stderr]    Compiling zmij v1.0.23
[INFO] [stderr]     Checking similar v2.7.0
[INFO] [stderr]    Compiling serde_json v1.0.152
[INFO] [stderr]     Checking log v0.4.34
[INFO] [stderr]     Checking fastrand v2.5.0
[INFO] [stderr]     Checking aho-corasick v1.1.5
[INFO] [stderr]     Checking bstr v1.13.1
[INFO] [stderr]    Compiling syn v3.0.7
[INFO] [stderr]     Checking regex-automata v0.4.18
[INFO] [stderr]     Checking getrandom v0.4.3
[INFO] [stderr]     Checking console v0.15.11
[INFO] [stderr]     Checking console v0.16.6
[INFO] [stderr]     Checking tempfile v3.27.0
[INFO] [stderr]     Checking similar-asserts v1.7.0
[INFO] [stderr]    Compiling serde_derive v1.0.229
[INFO] [stderr]     Checking globset v0.4.20
[INFO] [stderr]     Checking insta v1.49.0
[INFO] [stderr]     Checking axominijinja v2.4.0 (/opt/rustwide/workdir)
[INFO] [stdout] error[E0283]: type annotations needed
[INFO] [stdout]    --> src/environment.rs:701:34
[INFO] [stdout]     |
[INFO] [stdout] 701 |             .insert(name.into(), filters::BoxedFilter::new(f));
[INFO] [stdout]     |                                  ^^^^^^^^^^^^^^^^^^^^^^^^^ - type must be known at this point
[INFO] [stdout]     |                                  |
[INFO] [stdout]     |                                  cannot infer type of the type parameter `Args` declared on the associated function `new`
[INFO] [stdout]     |
[INFO] [stdout]     = note: cannot satisfy `F: filters::Filter<Rv, _>`
[INFO] [stdout]     = help: `Func` implements trait `filters::Filter<Rv, Args>`:
[INFO] [stdout]               filters::Filter<Rv, ()>
[INFO] [stdout]               filters::Filter<Rv, (A, B)>
[INFO] [stdout]               filters::Filter<Rv, (A, B, C)>
[INFO] [stdout]               filters::Filter<Rv, (A, B, C, D)>
[INFO] [stdout]               filters::Filter<Rv, (A, B, C, D, E)>
[INFO] [stdout]               filters::Filter<Rv, (A,)>
[INFO] [stdout] note: required by a bound in `BoxedFilter::new`
[INFO] [stdout]    --> src/filters.rs:238:12
[INFO] [stdout]     |
[INFO] [stdout] 234 | impl BoxedFilter {
[INFO] [stdout] 235 |     /// Creates a new boxed filter.
[INFO] [stdout] 236 |     pub fn new<F, Rv, Args>(f: F) -> BoxedFilter
[INFO] [stdout] 237 |     where
[INFO] [stdout] 238 |         F: Filter<Rv, Args> + for<'a> Filter<Rv, <Args as FunctionArgs<'a>>::Output>,
[INFO] [stdout]     |            ^^^^^^^^^^^^^^^^ required by this bound in `BoxedFilter::new`
[INFO] [stdout] help: consider specifying the generic arguments
[INFO] [stdout]     |
[INFO] [stdout] 701 |             .insert(name.into(), filters::BoxedFilter::new::<F, Rv, Args>(f));
[INFO] [stdout]     |                                                           +++++++++++++++
[INFO] [stdout] 
[INFO] [stdout] 
[INFO] [stdout] error[E0283]: type annotations needed
[INFO] [stdout]    --> src/environment.rs:722:40
[INFO] [stdout]     |
[INFO] [stdout] 722 |         self.tests.insert(name.into(), tests::BoxedTest::new(f));
[INFO] [stdout]     |                                        ^^^^^^^^^^^^^^^^^^^^^ - type must be known at this point
[INFO] [stdout]     |                                        |
[INFO] [stdout]     |                                        cannot infer type of the type parameter `Args` declared on the associated function `new`
[INFO] [stdout]     |
[INFO] [stdout]     = note: cannot satisfy `F: tests::Test<Rv, _>`
[INFO] [stdout]     = help: `Func` implements trait `tests::Test<Rv, Args>`:
[INFO] [stdout]               tests::Test<Rv, ()>
[INFO] [stdout]               tests::Test<Rv, (A, B)>
[INFO] [stdout]               tests::Test<Rv, (A, B, C)>
[INFO] [stdout]               tests::Test<Rv, (A, B, C, D)>
[INFO] [stdout]               tests::Test<Rv, (A, B, C, D, E)>
[INFO] [stdout]               tests::Test<Rv, (A,)>
[INFO] [stdout] note: required by a bound in `BoxedTest::new`
[INFO] [stdout]    --> src/tests.rs:184:12
[INFO] [stdout]     |
[INFO] [stdout] 180 | impl BoxedTest {
[INFO] [stdout] 181 |     /// Creates a new boxed filter.
[INFO] [stdout] 182 |     pub fn new<F, Rv, Args>(f: F) -> BoxedTest
[INFO] [stdout] 183 |     where
[INFO] [stdout] 184 |         F: Test<Rv, Args> + for<'a> Test<Rv, <Args as FunctionArgs<'a>>::Output>,
[INFO] [stdout]     |            ^^^^^^^^^^^^^^ required by this bound in `BoxedTest::new`
[INFO] [stdout] help: consider specifying the generic arguments
[INFO] [stdout]     |
[INFO] [stdout] 722 |         self.tests.insert(name.into(), tests::BoxedTest::new::<F, Rv, Args>(f));
[INFO] [stdout]     |                                                             +++++++++++++++
[INFO] [stdout] 
[INFO] [stdout] 
[INFO] [stdout] error[E0283]: type annotations needed
[INFO] [stdout]     --> src/environment.rs:745:38
[INFO] [stdout]      |
[INFO] [stdout]  745 |         self.add_global(name.into(), Value::from_function(f))
[INFO] [stdout]      |                                      ^^^^^^^^^^^^^^^^^^^^ - type must be known at this point
[INFO] [stdout]      |                                      |
[INFO] [stdout]      |                                      cannot infer type of the type parameter `Args` declared on the associated function `from_function`
[INFO] [stdout]      |
[INFO] [stdout]      = note: cannot satisfy `F: Function<Rv, _>`
[INFO] [stdout]      = help: `Func` implements trait `Function<Rv, Args>`:
[INFO] [stdout]                Function<Rv, ()>
[INFO] [stdout]                Function<Rv, (A, B)>
[INFO] [stdout]                Function<Rv, (A, B, C)>
[INFO] [stdout]                Function<Rv, (A, B, C, D)>
[INFO] [stdout]                Function<Rv, (A, B, C, D, E)>
[INFO] [stdout]                Function<Rv, (A,)>
[INFO] [stdout] note: required by a bound in `value::Value::from_function`
[INFO] [stdout]     --> src/value/mod.rs:1000:12
[INFO] [stdout]      |
[INFO] [stdout]  705 | impl Value {
[INFO] [stdout] ...
[INFO] [stdout]  997 |     pub fn from_function<F, Rv, Args>(f: F) -> Value
[INFO] [stdout] ...
[INFO] [stdout] 1000 |         F: functions::Function<Rv, Args>
[INFO] [stdout]      |            ^^^^^^^^^^^^^^^^^^^^^^^^^^^^^ required by this bound in `Value::from_function`
[INFO] [stdout] help: consider specifying the generic arguments
[INFO] [stdout]      |
[INFO] [stdout]  745 |         self.add_global(name.into(), Value::from_function::<F, Rv, Args>(f))
[INFO] [stdout]      |                                                          +++++++++++++++
[INFO] [stdout] 
[INFO] [stdout] 
[INFO] [stdout] error[E0283]: type annotations needed
[INFO] [stdout]     --> src/value/mod.rs:1005:9
[INFO] [stdout]      |
[INFO] [stdout] 1005 |         functions::BoxedFunction::new(f).to_value()
[INFO] [stdout]      |         ^^^^^^^^^^^^^^^^^^^^^^^^^^^^^ - type must be known at this point
[INFO] [stdout]      |         |
[INFO] [stdout]      |         cannot infer type of the type parameter `Args` declared on the associated function `new`
[INFO] [stdout]      |
[INFO] [stdout]      = note: cannot satisfy `F: Function<Rv, _>`
[INFO] [stdout]      = help: `Func` implements trait `Function<Rv, Args>`:
[INFO] [stdout]                Function<Rv, ()>
[INFO] [stdout]                Function<Rv, (A, B)>
[INFO] [stdout]                Function<Rv, (A, B, C)>
[INFO] [stdout]                Function<Rv, (A, B, C, D)>
[INFO] [stdout]                Function<Rv, (A, B, C, D, E)>
[INFO] [stdout]                Function<Rv, (A,)>
[INFO] [stdout] note: required by a bound in `BoxedFunction::new`
[INFO] [stdout]     --> src/functions.rs:213:12
[INFO] [stdout]      |
[INFO] [stdout]  209 | impl BoxedFunction {
[INFO] [stdout]  210 |     /// Creates a new boxed filter.
[INFO] [stdout]  211 |     pub fn new<F, Rv, Args>(f: F) -> BoxedFunction
[INFO] [stdout]  212 |     where
[INFO] [stdout]  213 |         F: Function<Rv, Args> + for<'a> Function<Rv, <Args as FunctionArgs<'a>>::Output>,
[INFO] [stdout]      |            ^^^^^^^^^^^^^^^^^^ required by this bound in `BoxedFunction::new`
[INFO] [stdout] help: consider specifying the generic arguments
[INFO] [stdout]      |
[INFO] [stdout] 1005 |         functions::BoxedFunction::new::<F, Rv, Args>(f).to_value()
[INFO] [stdout]      |                                      +++++++++++++++
[INFO] [stdout] 
[INFO] [stdout] 
[INFO] [stdout] error[E0283]: type annotations needed
[INFO] [stdout]    --> src/environment.rs:701:34
[INFO] [stdout]     |
[INFO] [stdout] 701 |             .insert(name.into(), filters::BoxedFilter::new(f));
[INFO] [stdout]     |                                  ^^^^^^^^^^^^^^^^^^^^^^^^^ - type must be known at this point
[INFO] [stdout]     |                                  |
[INFO] [stdout]     |                                  cannot infer type of the type parameter `Args` declared on the associated function `new`
[INFO] [stdout]     |
[INFO] [stdout]     = note: cannot satisfy `F: filters::Filter<Rv, _>`
[INFO] [stdout]     = help: `Func` implements trait `filters::Filter<Rv, Args>`:
[INFO] [stdout]               filters::Filter<Rv, ()>
[INFO] [stdout]               filters::Filter<Rv, (A, B)>
[INFO] [stdout]               filters::Filter<Rv, (A, B, C)>
[INFO] [stdout]               filters::Filter<Rv, (A, B, C, D)>
[INFO] [stdout]               filters::Filter<Rv, (A, B, C, D, E)>
[INFO] [stdout]               filters::Filter<Rv, (A,)>
[INFO] [stdout] note: required by a bound in `BoxedFilter::new`
[INFO] [stdout]    --> src/filters.rs:238:12
[INFO] [stdout]     |
[INFO] [stdout] 234 | impl BoxedFilter {
[INFO] [stdout] 235 |     /// Creates a new boxed filter.
[INFO] [stdout] 236 |     pub fn new<F, Rv, Args>(f: F) -> BoxedFilter
[INFO] [stdout] 237 |     where
[INFO] [stdout] 238 |         F: Filter<Rv, Args> + for<'a> Filter<Rv, <Args as FunctionArgs<'a>>::Output>,
[INFO] [stdout]     |            ^^^^^^^^^^^^^^^^ required by this bound in `BoxedFilter::new`
[INFO] [stdout] help: consider specifying the generic arguments
[INFO] [stdout]     |
[INFO] [stdout] 701 |             .insert(name.into(), filters::BoxedFilter::new::<F, Rv, Args>(f));
[INFO] [stdout]     |                                                           +++++++++++++++
[INFO] [stdout] 
[INFO] [stdout] 
[INFO] [stdout] error[E0283]: type annotations needed
[INFO] [stdout]    --> src/environment.rs:722:40
[INFO] [stdout]     |
[INFO] [stdout] 722 |         self.tests.insert(name.into(), tests::BoxedTest::new(f));
[INFO] [stdout]     |                                        ^^^^^^^^^^^^^^^^^^^^^ - type must be known at this point
[INFO] [stdout]     |                                        |
[INFO] [stdout]     |                                        cannot infer type of the type parameter `Args` declared on the associated function `new`
[INFO] [stdout]     |
[INFO] [stdout]     = note: cannot satisfy `F: tests::Test<Rv, _>`
[INFO] [stdout]     = help: `Func` implements trait `tests::Test<Rv, Args>`:
[INFO] [stdout]               tests::Test<Rv, ()>
[INFO] [stdout]               tests::Test<Rv, (A, B)>
[INFO] [stdout]               tests::Test<Rv, (A, B, C)>
[INFO] [stdout]               tests::Test<Rv, (A, B, C, D)>
[INFO] [stdout]               tests::Test<Rv, (A, B, C, D, E)>
[INFO] [stdout]               tests::Test<Rv, (A,)>
[INFO] [stdout] note: required by a bound in `BoxedTest::new`
[INFO] [stdout]    --> src/tests.rs:184:12
[INFO] [stdout]     |
[INFO] [stdout] 180 | impl BoxedTest {
[INFO] [stdout] 181 |     /// Creates a new boxed filter.
[INFO] [stdout] 182 |     pub fn new<F, Rv, Args>(f: F) -> BoxedTest
[INFO] [stdout] 183 |     where
[INFO] [stdout] 184 |         F: Test<Rv, Args> + for<'a> Test<Rv, <Args as FunctionArgs<'a>>::Output>,
[INFO] [stdout]     |            ^^^^^^^^^^^^^^ required by this bound in `BoxedTest::new`
[INFO] [stdout] help: consider specifying the generic arguments
[INFO] [stdout]     |
[INFO] [stdout] 722 |         self.tests.insert(name.into(), tests::BoxedTest::new::<F, Rv, Args>(f));
[INFO] [stdout]     |                                                             +++++++++++++++
[INFO] [stdout] 
[INFO] [stdout] 
[INFO] [stdout] error[E0283]: type annotations needed
[INFO] [stdout]     --> src/environment.rs:745:38
[INFO] [stdout]      |
[INFO] [stdout]  745 |         self.add_global(name.into(), Value::from_function(f))
[INFO] [stdout]      |                                      ^^^^^^^^^^^^^^^^^^^^ - type must be known at this point
[INFO] [stdout]      |                                      |
[INFO] [stdout]      |                                      cannot infer type of the type parameter `Args` declared on the associated function `from_function`
[INFO] [stdout]      |
[INFO] [stdout]      = note: cannot satisfy `F: Function<Rv, _>`
[INFO] [stdout]      = help: `Func` implements trait `Function<Rv, Args>`:
[INFO] [stdout]                Function<Rv, ()>
[INFO] [stdout]                Function<Rv, (A, B)>
[INFO] [stdout]                Function<Rv, (A, B, C)>
[INFO] [stdout]                Function<Rv, (A, B, C, D)>
[INFO] [stdout]                Function<Rv, (A, B, C, D, E)>
[INFO] [stdout]                Function<Rv, (A,)>
[INFO] [stdout] note: required by a bound in `value::Value::from_function`
[INFO] [stdout]     --> src/value/mod.rs:1000:12
[INFO] [stdout]      |
[INFO] [stdout]  705 | impl Value {
[INFO] [stdout] ...
[INFO] [stdout]  997 |     pub fn from_function<F, Rv, Args>(f: F) -> Value
[INFO] [stdout] ...
[INFO] [stdout] 1000 |         F: functions::Function<Rv, Args>
[INFO] [stdout]      |            ^^^^^^^^^^^^^^^^^^^^^^^^^^^^^ required by this bound in `Value::from_function`
[INFO] [stdout] help: consider specifying the generic arguments
[INFO] [stdout]      |
[INFO] [stdout]  745 |         self.add_global(name.into(), Value::from_function::<F, Rv, Args>(f))
[INFO] [stdout]      |                                                          +++++++++++++++
[INFO] [stdout] 
[INFO] [stdout] 
[INFO] [stdout] For more information about this error, try `rustc --explain E0283`.
[INFO] [stdout] 
[INFO] [stderr] error: could not compile `axominijinja` (lib) due to 4 previous errors
[INFO] [stderr] warning: build failed, waiting for other jobs to finish...
[INFO] [stdout] error[E0283]: type annotations needed
[INFO] [stdout]     --> src/value/mod.rs:1005:9
[INFO] [stdout]      |
[INFO] [stdout] 1005 |         functions::BoxedFunction::new(f).to_value()
[INFO] [stdout]      |         ^^^^^^^^^^^^^^^^^^^^^^^^^^^^^ - type must be known at this point
[INFO] [stdout]      |         |
[INFO] [stdout]      |         cannot infer type of the type parameter `Args` declared on the associated function `new`
[INFO] [stdout]      |
[INFO] [stdout]      = note: cannot satisfy `F: Function<Rv, _>`
[INFO] [stdout]      = help: `Func` implements trait `Function<Rv, Args>`:
[INFO] [stdout]                Function<Rv, ()>
[INFO] [stdout]                Function<Rv, (A, B)>
[INFO] [stdout]                Function<Rv, (A, B, C)>
[INFO] [stdout]                Function<Rv, (A, B, C, D)>
[INFO] [stdout]                Function<Rv, (A, B, C, D, E)>
[INFO] [stdout]                Function<Rv, (A,)>
[INFO] [stdout] note: required by a bound in `BoxedFunction::new`
[INFO] [stdout]     --> src/functions.rs:213:12
[INFO] [stdout]      |
[INFO] [stdout]  209 | impl BoxedFunction {
[INFO] [stdout]  210 |     /// Creates a new boxed filter.
[INFO] [stdout]  211 |     pub fn new<F, Rv, Args>(f: F) -> BoxedFunction
[INFO] [stdout]  212 |     where
[INFO] [stdout]  213 |         F: Function<Rv, Args> + for<'a> Function<Rv, <Args as FunctionArgs<'a>>::Output>,
[INFO] [stdout]      |            ^^^^^^^^^^^^^^^^^^ required by this bound in `BoxedFunction::new`
[INFO] [stdout] help: consider specifying the generic arguments
[INFO] [stdout]      |
[INFO] [stdout] 1005 |         functions::BoxedFunction::new::<F, Rv, Args>(f).to_value()
[INFO] [stdout]      |                                      +++++++++++++++
[INFO] [stdout] 
[INFO] [stdout] 
[INFO] [stdout] For more information about this error, try `rustc --explain E0283`.
[INFO] [stdout] 
[INFO] [stderr] error: could not compile `axominijinja` (lib test) due to 4 previous errors
[INFO] running `Command { std: "docker" "inspect" "11bcd5a9c1ef4c0a83c947639e9c23cea2accf27fb91afcd2b6847ff3871482d", kill_on_drop: false }`
[INFO] running `Command { std: "docker" "rm" "-f" "11bcd5a9c1ef4c0a83c947639e9c23cea2accf27fb91afcd2b6847ff3871482d", kill_on_drop: false }`
[INFO] [stdout] 11bcd5a9c1ef4c0a83c947639e9c23cea2accf27fb91afcd2b6847ff3871482d
