[INFO] cloning repository https://github.com/icorbrey/jjj
[INFO] running `Command { std: "git" "-c" "credential.helper=" "-c" "credential.helper=/workspace/cargo-home/bin/git-credential-null" "clone" "--bare" "https://github.com/icorbrey/jjj" "/workspace/cache/git-repos/https%3A%2F%2Fgithub.com%2Ficorbrey%2Fjjj", kill_on_drop: false }`
[INFO] [stderr] Cloning into bare repository '/workspace/cache/git-repos/https%3A%2F%2Fgithub.com%2Ficorbrey%2Fjjj'...
[INFO] running `Command { std: "git" "rev-parse" "HEAD", kill_on_drop: false }`
[INFO] [stdout] 71f38d83c9206d9a2a95e108babaf2c34311618f
[INFO] checking icorbrey/jjj against 3154cc1a3e6424e44f438a95007d043ed5ceaaf6 for pr-133502-30
[INFO] running `Command { std: "git" "clone" "/workspace/cache/git-repos/https%3A%2F%2Fgithub.com%2Ficorbrey%2Fjjj" "/workspace/builds/worker-0-tc2/source", kill_on_drop: false }`
[INFO] [stderr] Cloning into '/workspace/builds/worker-0-tc2/source'...
[INFO] [stderr] done.
[INFO] removed /workspace/builds/worker-0-tc2/source/.cargo/config.toml
[INFO] removed /workspace/builds/worker-0-tc2/source/rust-toolchain.toml
[INFO] started tweaking git repo https://github.com/icorbrey/jjj
[INFO] finished tweaking git repo https://github.com/icorbrey/jjj
[INFO] tweaked toml for git repo https://github.com/icorbrey/jjj written to /workspace/builds/worker-0-tc2/source/Cargo.toml
[INFO] validating manifest of git repo https://github.com/icorbrey/jjj on toolchain 3154cc1a3e6424e44f438a95007d043ed5ceaaf6
[INFO] running `Command { std: CARGO_HOME="/workspace/cargo-home" RUSTUP_HOME="/workspace/rustup-home" "/workspace/cargo-home/bin/cargo" "+3154cc1a3e6424e44f438a95007d043ed5ceaaf6" "metadata" "--manifest-path" "Cargo.toml" "--no-deps", kill_on_drop: false }`
[INFO] crate git repo https://github.com/icorbrey/jjj already has a lockfile, it will not be regenerated
[INFO] running `Command { std: CARGO_HOME="/workspace/cargo-home" RUSTUP_HOME="/workspace/rustup-home" "/workspace/cargo-home/bin/cargo" "+3154cc1a3e6424e44f438a95007d043ed5ceaaf6" "fetch" "--manifest-path" "Cargo.toml", kill_on_drop: false }`
[INFO] running `Command { std: "docker" "create" "-v" "/var/lib/crater-agent-workspace/builds/worker-0-tc2/source:/opt/rustwide/workdir:ro,Z" "-v" "/var/lib/crater-agent-workspace/builds/worker-0-tc2/target:/opt/rustwide/target:rw,Z" "-v" "/var/lib/crater-agent-workspace/cargo-home:/opt/rustwide/cargo-home:ro,Z" "-v" "/var/lib/crater-agent-workspace/rustup-home:/opt/rustwide/rustup-home:ro,Z" "-m" "1610612736" "--network" "none" "ghcr.io/rust-lang/crates-build-env/linux@sha256:77db811e55d90add9212f6832c23229e3de5f1c1f9905e8cb07319ea15df73ac" "sleep" "infinity", kill_on_drop: false }`
[INFO] [stdout] f58ba3d4cb208780b6da31605052a314cdf692ba0c90255397118c5abaeafe46
[INFO] running `Command { std: "docker" "start" "f58ba3d4cb208780b6da31605052a314cdf692ba0c90255397118c5abaeafe46", kill_on_drop: false }`
[INFO] running `Command { std: "docker" "inspect" "f58ba3d4cb208780b6da31605052a314cdf692ba0c90255397118c5abaeafe46", kill_on_drop: false }`
[INFO] running `Command { std: "docker" "exec" "-e" "SOURCE_DIR=/opt/rustwide/workdir" "-e" "CARGO_HOME=/opt/rustwide/cargo-home" "-e" "RUSTUP_HOME=/opt/rustwide/rustup-home" "-e" "CARGO_TARGET_DIR=/opt/rustwide/target" "-w" "/opt/rustwide/workdir" "--user" "0:0" "f58ba3d4cb208780b6da31605052a314cdf692ba0c90255397118c5abaeafe46" "/opt/rustwide/cargo-home/bin/cargo" "+3154cc1a3e6424e44f438a95007d043ed5ceaaf6" "metadata" "--no-deps" "--format-version=1", kill_on_drop: false }`
[INFO] running `Command { std: "docker" "inspect" "f58ba3d4cb208780b6da31605052a314cdf692ba0c90255397118c5abaeafe46", kill_on_drop: false }`
[INFO] running `Command { std: "docker" "exec" "-e" "SOURCE_DIR=/opt/rustwide/workdir" "-e" "CARGO_HOME=/opt/rustwide/cargo-home" "-e" "RUSTUP_HOME=/opt/rustwide/rustup-home" "-e" "CARGO_TARGET_DIR=/opt/rustwide/target" "-e" "CARGO_INCREMENTAL=0" "-e" "RUST_BACKTRACE=full" "-e" "RUSTFLAGS=--cap-lints=forbid" "-e" "RUSTDOCFLAGS=--cap-lints=forbid" "-w" "/opt/rustwide/workdir" "--user" "0:0" "f58ba3d4cb208780b6da31605052a314cdf692ba0c90255397118c5abaeafe46" "/opt/rustwide/cargo-home/bin/cargo" "+3154cc1a3e6424e44f438a95007d043ed5ceaaf6" "check" "--frozen" "--all" "--all-targets" "--message-format=json", kill_on_drop: false }`
[INFO] [stderr]    Compiling proc-macro2 v1.0.94
[INFO] [stderr]    Compiling unicode-ident v1.0.18
[INFO] [stderr]    Compiling libc v0.2.171
[INFO] [stderr]     Checking cfg-if v1.0.0
[INFO] [stderr]    Compiling autocfg v1.4.0
[INFO] [stderr]     Checking once_cell v1.21.3
[INFO] [stderr]    Compiling serde v1.0.219
[INFO] [stderr]     Checking allocator-api2 v0.2.21
[INFO] [stderr]     Checking pin-project-lite v0.2.16
[INFO] [stderr]     Checking smallvec v1.14.0
[INFO] [stderr]    Compiling crunchy v0.2.3
[INFO] [stderr]    Compiling tiny-keccak v2.0.2
[INFO] [stderr]    Compiling hashbrown v0.15.2
[INFO] [stderr]    Compiling zerocopy v0.8.24
[INFO] [stderr]    Compiling equivalent v1.0.2
[INFO] [stderr]     Checking bitflags v2.9.0
[INFO] [stderr]    Compiling winnow v0.7.4
[INFO] [stderr]    Compiling toml_datetime v0.6.8
[INFO] [stderr]    Compiling version_check v0.9.5
[INFO] [stderr]     Checking foldhash v0.1.5
[INFO] [stderr]     Checking tracing-core v0.1.33
[INFO] [stderr]     Checking thread_local v1.1.8
[INFO] [stderr]    Compiling crossbeam-utils v0.8.21
[INFO] [stderr]     Checking zerocopy v0.7.35
[INFO] [stderr]    Compiling typeid v1.0.3
[INFO] [stderr]    Compiling unicode-xid v0.2.6
[INFO] [stderr]     Checking futures-core v0.3.31
[INFO] [stderr]     Checking futures-io v0.3.31
[INFO] [stderr]    Compiling cfg_aliases v0.2.1
[INFO] [stderr]     Checking parking v2.2.1
[INFO] [stderr]     Checking fastrand v2.3.0
[INFO] [stderr]     Checking bytemuck v1.22.0
[INFO] [stderr]    Compiling nix v0.29.0
[INFO] [stderr]     Checking bevy_ptr v0.15.3
[INFO] [stderr]     Checking indexmap v2.8.0
[INFO] [stderr]     Checking async-task v4.7.1
[INFO] [stderr]     Checking futures-lite v2.6.0
[INFO] [stderr]     Checking downcast-rs v1.2.1
[INFO] [stderr]     Checking disqualified v1.0.0
[INFO] [stderr]     Checking fixedbitset v0.4.2
[INFO] [stderr]     Checking fixedbitset v0.5.7
[INFO] [stderr]     Checking nonmax v0.5.5
[INFO] [stderr]     Checking memchr v2.7.4
[INFO] [stderr]    Compiling quote v1.0.40
[INFO] [stderr]     Checking log v0.4.27
[INFO] [stderr]     Checking concurrent-queue v2.5.0
[INFO] [stderr]    Compiling libm v0.2.11
[INFO] [stderr]     Checking aho-corasick v1.1.3
[INFO] [stderr]     Checking regex-syntax v0.6.29
[INFO] [stderr]     Checking regex-syntax v0.8.5
[INFO] [stderr]    Compiling syn v2.0.100
[INFO] [stderr]     Checking petgraph v0.6.5
[INFO] [stderr]    Compiling slab v0.4.9
[INFO] [stderr]    Compiling num-traits v0.2.19
[INFO] [stderr]    Compiling ahash v0.8.11
[INFO] [stderr]     Checking either v1.15.0
[INFO] [stderr]     Checking lazy_static v1.5.0
[INFO] [stderr]     Checking uuid v1.12.1
[INFO] [stderr]     Checking overload v0.1.1
[INFO] [stderr]     Checking async-executor v1.13.1
[INFO] [stderr]     Checking nu-ansi-term v0.46.0
[INFO] [stderr]    Compiling getrandom v0.2.15
[INFO] [stderr]     Checking bevy_tasks v0.15.3
[INFO] [stderr]     Checking itertools v0.13.0
[INFO] [stderr]     Checking sharded-slab v0.1.7
[INFO] [stderr]    Compiling const-random-macro v0.1.16
[INFO] [stderr]     Checking tracing-log v0.2.0
[INFO] [stderr]    Compiling rustversion v1.0.20
[INFO] [stderr]    Compiling heck v0.5.0
[INFO] [stderr]    Compiling lock_api v0.4.12
[INFO] [stderr]    Compiling strsim v0.11.1
[INFO] [stderr]    Compiling ident_case v1.0.1
[INFO] [stderr]    Compiling toml_edit v0.22.24
[INFO] [stderr]    Compiling parking_lot_core v0.9.10
[INFO] [stderr]    Compiling signal-hook v0.3.17
[INFO] [stderr]    Compiling fnv v1.0.7
[INFO] [stderr]    Compiling shlex v1.3.0
[INFO] [stderr]     Checking const-random v0.1.18
[INFO] [stderr]     Checking crossbeam-channel v0.5.15
[INFO] [stderr]    Compiling rustix v0.38.44
[INFO] [stderr]     Checking scopeguard v1.2.0
[INFO] [stderr]    Compiling cc v1.2.17
[INFO] [stderr]    Compiling rustix v1.0.5
[INFO] [stderr]     Checking ppv-lite86 v0.2.21
[INFO] [stderr]     Checking signal-hook-registry v1.4.2
[INFO] [stderr]     Checking rand_core v0.6.4
[INFO] [stderr]     Checking mio v1.0.3
[INFO] [stderr]    Compiling eyre v0.6.12
[INFO] [stderr]     Checking gimli v0.28.1
[INFO] [stderr]     Checking regex-automata v0.1.10
[INFO] [stderr]     Checking rand_chacha v0.3.1
[INFO] [stderr]     Checking linux-raw-sys v0.4.15
[INFO] [stderr]     Checking adler v1.0.2
[INFO] [stderr]     Checking linux-raw-sys v0.9.3
[INFO] [stderr]    Compiling paste v1.0.15
[INFO] [stderr]     Checking utf8parse v0.2.2
[INFO] [stderr]     Checking const-fnv1a-hash v1.1.0
[INFO] [stderr]     Checking rand v0.8.5
[INFO] [stderr]     Checking miniz_oxide v0.7.4
[INFO] [stderr]     Checking regex-automata v0.4.9
[INFO] [stderr]     Checking anstyle-parse v0.2.6
[INFO] [stderr]     Checking signal-hook-mio v0.2.4
[INFO] [stderr]     Checking parking_lot v0.12.3
[INFO] [stderr]     Checking object v0.32.2
[INFO] [stderr]     Checking anstyle-query v1.1.2
[INFO] [stderr]     Checking ryu v1.0.20
[INFO] [stderr]     Checking colorchoice v1.0.3
[INFO] [stderr]     Checking static_assertions v1.1.0
[INFO] [stderr]     Checking owo-colors v3.5.0
[INFO] [stderr]     Checking itoa v1.0.15
[INFO] [stderr]     Checking anstyle v1.0.10
[INFO] [stderr]    Compiling indoc v2.0.6
[INFO] [stderr]     Checking indenter v0.3.3
[INFO] [stderr]     Checking rand_distr v0.4.3
[INFO] [stderr]     Checking is_terminal_polyfill v1.70.1
[INFO] [stderr]     Checking unicode-width v0.1.14
[INFO] [stderr]     Checking matchers v0.1.0
[INFO] [stderr]     Checking unicode-segmentation v1.12.0
[INFO] [stderr]     Checking rustc-demangle v0.1.24
[INFO] [stderr]     Checking anstream v0.6.18
[INFO] [stderr]     Checking terminal_size v0.4.2
[INFO] [stderr]     Checking unicode-truncate v1.1.0
[INFO] [stderr]     Checking lru v0.12.5
[INFO] [stderr]     Checking clap_lex v0.7.4
[INFO] [stderr]     Checking unicode-width v0.2.0
[INFO] [stderr]     Checking cassowary v0.3.0
[INFO] [stderr]     Checking ctrlc v3.4.5
[INFO] [stderr]    Compiling anyhow v1.0.97
[INFO] [stderr]     Checking iana-time-zone v0.1.63
[INFO] [stderr]     Checking clap_builder v4.5.35
[INFO] [stderr]     Checking console v0.15.11
[INFO] [stderr]     Checking castaway v0.2.3
[INFO] [stderr]     Checking compact_str v0.8.1
[INFO] [stderr]     Checking crossterm v0.28.1
[INFO] [stderr]     Checking chrono v0.4.40
[INFO] [stderr]     Checking similar v2.7.0
[INFO] [stderr]    Compiling mutants v0.0.3
[INFO] [stderr]     Checking linked-hash-map v0.5.6
[INFO] [stderr]     Checking addr2line v0.21.0
[INFO] [stderr]     Checking regex v1.11.1
[INFO] [stderr]    Compiling bevy_macro_utils v0.15.3
[INFO] [stderr]    Compiling darling_core v0.20.11
[INFO] [stderr]    Compiling backtrace v0.3.71
[INFO] [stderr]    Compiling serde_derive v1.0.219
[INFO] [stderr]    Compiling tracing-attributes v0.1.28
[INFO] [stderr]    Compiling bevy_utils_proc_macros v0.15.3
[INFO] [stderr]    Compiling derive_more-impl v1.0.0
[INFO] [stderr]    Compiling assert_type_match v0.1.1
[INFO] [stderr]    Compiling bevy_reflect_derive v0.15.3
[INFO] [stderr]    Compiling bevy_ecs_macros v0.15.3
[INFO] [stderr]    Compiling bevy_derive v0.15.3
[INFO] [stderr]    Compiling bevy_state_macros v0.15.3
[INFO] [stderr]    Compiling strum_macros v0.26.4
[INFO] [stderr]    Compiling pin-project-internal v1.1.10
[INFO] [stderr]    Compiling clap_derive v4.5.32
[INFO] [stderr]    Compiling enum-as-inner v0.6.1
[INFO] [stderr]    Compiling darling_macro v0.20.11
[INFO] [stderr]    Compiling darling v0.20.11
[INFO] [stderr]    Compiling instability v0.3.7
[INFO] [stderr]     Checking pin-project v1.1.10
[INFO] [stderr]     Checking insta v1.42.2
[INFO] [stderr]     Checking tracing v0.1.41
[INFO] [stderr]     Checking tracing-subscriber v0.3.19
[INFO] [stderr]     Checking strum v0.26.3
[INFO] [stderr]     Checking ratatui v0.29.0
[INFO] [stderr]     Checking clap v4.5.35
[INFO] [stderr]     Checking tracing-error v0.2.1
[INFO] [stderr]     Checking color-spantrace v0.2.1
[INFO] [stderr]     Checking color-eyre v0.6.3
[INFO] [stderr]     Checking derive_more v1.0.0
[INFO] [stderr]     Checking hashbrown v0.14.5
[INFO] [stderr]     Checking smol_str v0.2.2
[INFO] [stderr]     Checking erased-serde v0.4.6
[INFO] [stderr]     Checking glam v0.29.3
[INFO] [stderr]     Checking serde_spanned v0.6.8
[INFO] [stderr]     Checking bevy_utils v0.15.3
[INFO] [stderr]     Checking toml v0.8.20
[INFO] [stderr]     Checking bevy_reflect v0.15.3
[INFO] [stderr]     Checking bevy_ecs v0.15.3
[INFO] [stderr]     Checking bevy_math v0.15.3
[INFO] [stdout] error[E0283]: type annotations needed
[INFO] [stdout]    --> /opt/rustwide/cargo-home/registry/src/index.crates.io-1949cf8c6b5b557f/bevy_ecs-0.15.3/src/system/exclusive_function_system.rs:280:17
[INFO] [stdout]     |
[INFO] [stdout] 220 | / macro_rules! impl_exclusive_system_function {
[INFO] [stdout] 221 | |     ($($param: ident),*) => {
[INFO] [stdout] 222 | |         #[allow(non_snake_case)]
[INFO] [stdout] 223 | |         impl<Out, Func, $($param: ExclusiveSystemParam),*> ExclusiveSystemParamFunction<fn($($param,)*) -> Out> for Func
[INFO] [stdout] ...   |
[INFO] [stdout] 280 | |                 call_inner(self, input, world, $($param),*)
[INFO] [stdout]     | |                 ^^^^^^^^^^^^^^^^^^^^^^^^^^^^^^^^^^^^^^^^^^^ cannot infer type
[INFO] [stdout] ...   |
[INFO] [stdout] 283 | |     };
[INFO] [stdout] 284 | | }
[INFO] [stdout]     | |_- this error originates in the macro `impl_exclusive_system_function` which comes from the expansion of the macro `all_tuples`
[INFO] [stdout] ...
[INFO] [stdout] 287 |   all_tuples!(impl_exclusive_system_function, 0, 16, F);
[INFO] [stdout]     |   ----------------------------------------------------- in this macro invocation
[INFO] [stdout]     |
[INFO] [stdout]     = note: the type must implement `input::SystemInput`
[INFO] [stdout]     = help: the following types implement trait `input::SystemInput`:
[INFO] [stdout]               ()
[INFO] [stdout]               StaticSystemInput<'a, I>
[INFO] [stdout]               input::In<T>
[INFO] [stdout]               input::InMut<'_, T>
[INFO] [stdout]               input::InRef<'_, T>
[INFO] [stdout]               observer::Trigger<'_, E, B>
[INFO] [stdout]     = note: cannot satisfy `for<'a> <In as input::SystemInput>::Param<'a> == _`
[INFO] [stdout]     = note: cannot satisfy `for<'a, 'b> &mut Func: FnOnce(<In as input::SystemInput>::Param<'a>, &'b mut world::World)`
[INFO] [stdout]     = note: cannot satisfy `<In as input::SystemInput>::Inner<'_> == <In as input::SystemInput>::Inner<'_>`
[INFO] [stdout] note: required by a bound in `<Func as exclusive_function_system::ExclusiveSystemParamFunction<(HasExclusiveSystemInput, fn(In) -> Out)>>::run::call_inner`
[INFO] [stdout]    --> /opt/rustwide/cargo-home/registry/src/index.crates.io-1949cf8c6b5b557f/bevy_ecs-0.15.3/src/system/exclusive_function_system.rs:271:35
[INFO] [stdout]     |
[INFO] [stdout] 271 |                 fn call_inner<In: SystemInput, Out, $($param,)*>(
[INFO] [stdout]     |                                   ^^^^^^^^^^^ required by this bound in `call_inner`
[INFO] [stdout] ...
[INFO] [stdout] 287 | all_tuples!(impl_exclusive_system_function, 0, 16, F);
[INFO] [stdout]     | ----------------------------------------------------- in this macro invocation
[INFO] [stdout] note: required by a bound in `<Func as exclusive_function_system::ExclusiveSystemParamFunction<(HasExclusiveSystemInput, fn(In) -> Out)>>::run::call_inner`
[INFO] [stdout]    --> /opt/rustwide/cargo-home/registry/src/index.crates.io-1949cf8c6b5b557f/bevy_ecs-0.15.3/src/system/exclusive_function_system.rs:272:82
[INFO] [stdout]     |
[INFO] [stdout] 271 |                 fn call_inner<In: SystemInput, Out, $($param,)*>(
[INFO] [stdout] 272 |                     mut f: impl FnMut(In::Param<'_>, &mut World, $($param,)*) -> Out,
[INFO] [stdout]     |                                                                                  ^^^ required by this bound in `call_inner`
[INFO] [stdout] ...
[INFO] [stdout] 287 | all_tuples!(impl_exclusive_system_function, 0, 16, F);
[INFO] [stdout]     | ----------------------------------------------------- in this macro invocation
[INFO] [stdout] 
[INFO] [stdout] 
[INFO] [stdout] error[E0283]: type annotations needed
[INFO] [stdout]    --> /opt/rustwide/cargo-home/registry/src/index.crates.io-1949cf8c6b5b557f/bevy_ecs-0.15.3/src/system/exclusive_function_system.rs:280:17
[INFO] [stdout]     |
[INFO] [stdout] 220 | / macro_rules! impl_exclusive_system_function {
[INFO] [stdout] 221 | |     ($($param: ident),*) => {
[INFO] [stdout] 222 | |         #[allow(non_snake_case)]
[INFO] [stdout] 223 | |         impl<Out, Func, $($param: ExclusiveSystemParam),*> ExclusiveSystemParamFunction<fn($($param,)*) -> Out> for Func
[INFO] [stdout] ...   |
[INFO] [stdout] 280 | |                 call_inner(self, input, world, $($param),*)
[INFO] [stdout]     | |                 ^^^^^^^^^^^^^^^^^^^^^^^^^^^^^^^^^^^^^^^^^^^ cannot infer type
[INFO] [stdout] ...   |
[INFO] [stdout] 283 | |     };
[INFO] [stdout] 284 | | }
[INFO] [stdout]     | |_- this error originates in the macro `impl_exclusive_system_function` which comes from the expansion of the macro `all_tuples`
[INFO] [stdout] ...
[INFO] [stdout] 287 |   all_tuples!(impl_exclusive_system_function, 0, 16, F);
[INFO] [stdout]     |   ----------------------------------------------------- in this macro invocation
[INFO] [stdout]     |
[INFO] [stdout]     = note: the type must implement `input::SystemInput`
[INFO] [stdout]     = help: the following types implement trait `input::SystemInput`:
[INFO] [stdout]               ()
[INFO] [stdout]               StaticSystemInput<'a, I>
[INFO] [stdout]               input::In<T>
[INFO] [stdout]               input::InMut<'_, T>
[INFO] [stdout]               input::InRef<'_, T>
[INFO] [stdout]               observer::Trigger<'_, E, B>
[INFO] [stdout]     = note: cannot satisfy `for<'a> <In as input::SystemInput>::Param<'a> == _`
[INFO] [stdout]     = note: cannot satisfy `&mut Func: FnOnce(<In as SystemInput>::Param<'a>, &mut World, _)`
[INFO] [stdout]     = note: cannot satisfy `<In as input::SystemInput>::Inner<'_> == <In as input::SystemInput>::Inner<'_>`
[INFO] [stdout] note: required by a bound in `<Func as exclusive_function_system::ExclusiveSystemParamFunction<(HasExclusiveSystemInput, fn(In, F0) -> Out)>>::run::call_inner`
[INFO] [stdout]    --> /opt/rustwide/cargo-home/registry/src/index.crates.io-1949cf8c6b5b557f/bevy_ecs-0.15.3/src/system/exclusive_function_system.rs:271:35
[INFO] [stdout]     |
[INFO] [stdout] 271 |                 fn call_inner<In: SystemInput, Out, $($param,)*>(
[INFO] [stdout]     |                                   ^^^^^^^^^^^ required by this bound in `call_inner`
[INFO] [stdout] ...
[INFO] [stdout] 287 | all_tuples!(impl_exclusive_system_function, 0, 16, F);
[INFO] [stdout]     | ----------------------------------------------------- in this macro invocation
[INFO] [stdout] note: required by a bound in `<Func as exclusive_function_system::ExclusiveSystemParamFunction<(HasExclusiveSystemInput, fn(In, F0) -> Out)>>::run::call_inner`
[INFO] [stdout]    --> /opt/rustwide/cargo-home/registry/src/index.crates.io-1949cf8c6b5b557f/bevy_ecs-0.15.3/src/system/exclusive_function_system.rs:272:82
[INFO] [stdout]     |
[INFO] [stdout] 271 |                 fn call_inner<In: SystemInput, Out, $($param,)*>(
[INFO] [stdout] 272 |                     mut f: impl FnMut(In::Param<'_>, &mut World, $($param,)*) -> Out,
[INFO] [stdout]     |                                                                                  ^^^ required by this bound in `call_inner`
[INFO] [stdout] ...
[INFO] [stdout] 287 | all_tuples!(impl_exclusive_system_function, 0, 16, F);
[INFO] [stdout]     | ----------------------------------------------------- in this macro invocation
[INFO] [stdout]     = note: the full name for the type has been written to '/opt/rustwide/target/debug/build/bevy_ecs/93cbe270e066d515/out/bevy_ecs-93cbe270e066d515.long-type-10073263346927727460.txt'
[INFO] [stdout]     = note: consider using `--verbose` to print the full type name to the console
[INFO] [stdout] 
[INFO] [stdout] 
[INFO] [stdout] error[E0283]: type annotations needed
[INFO] [stdout]    --> /opt/rustwide/cargo-home/registry/src/index.crates.io-1949cf8c6b5b557f/bevy_ecs-0.15.3/src/system/exclusive_function_system.rs:280:17
[INFO] [stdout]     |
[INFO] [stdout] 220 | / macro_rules! impl_exclusive_system_function {
[INFO] [stdout] 221 | |     ($($param: ident),*) => {
[INFO] [stdout] 222 | |         #[allow(non_snake_case)]
[INFO] [stdout] 223 | |         impl<Out, Func, $($param: ExclusiveSystemParam),*> ExclusiveSystemParamFunction<fn($($param,)*) -> Out> for Func
[INFO] [stdout] ...   |
[INFO] [stdout] 280 | |                 call_inner(self, input, world, $($param),*)
[INFO] [stdout]     | |                 ^^^^^^^^^^^^^^^^^^^^^^^^^^^^^^^^^^^^^^^^^^^ cannot infer type
[INFO] [stdout] ...   |
[INFO] [stdout] 283 | |     };
[INFO] [stdout] 284 | | }
[INFO] [stdout]     | |_- this error originates in the macro `impl_exclusive_system_function` which comes from the expansion of the macro `all_tuples`
[INFO] [stdout] ...
[INFO] [stdout] 287 |   all_tuples!(impl_exclusive_system_function, 0, 16, F);
[INFO] [stdout]     |   ----------------------------------------------------- in this macro invocation
[INFO] [stdout]     |
[INFO] [stdout]     = note: the type must implement `input::SystemInput`
[INFO] [stdout]     = help: the following types implement trait `input::SystemInput`:
[INFO] [stdout]               ()
[INFO] [stdout]               StaticSystemInput<'a, I>
[INFO] [stdout]               input::In<T>
[INFO] [stdout]               input::InMut<'_, T>
[INFO] [stdout]               input::InRef<'_, T>
[INFO] [stdout]               observer::Trigger<'_, E, B>
[INFO] [stdout]     = note: cannot satisfy `for<'a> <In as input::SystemInput>::Param<'a> == _`
[INFO] [stdout]     = note: cannot satisfy `&mut Func: FnOnce(<In as SystemInput>::Param<'a>, &mut World, _, _)`
[INFO] [stdout]     = note: cannot satisfy `<In as input::SystemInput>::Inner<'_> == <In as input::SystemInput>::Inner<'_>`
[INFO] [stdout] note: required by a bound in `<Func as exclusive_function_system::ExclusiveSystemParamFunction<(HasExclusiveSystemInput, fn(In, F0, F1) -> Out)>>::run::call_inner`
[INFO] [stdout]    --> /opt/rustwide/cargo-home/registry/src/index.crates.io-1949cf8c6b5b557f/bevy_ecs-0.15.3/src/system/exclusive_function_system.rs:271:35
[INFO] [stdout]     |
[INFO] [stdout] 271 |                 fn call_inner<In: SystemInput, Out, $($param,)*>(
[INFO] [stdout]     |                                   ^^^^^^^^^^^ required by this bound in `call_inner`
[INFO] [stdout] ...
[INFO] [stdout] 287 | all_tuples!(impl_exclusive_system_function, 0, 16, F);
[INFO] [stdout]     | ----------------------------------------------------- in this macro invocation
[INFO] [stdout] note: required by a bound in `<Func as exclusive_function_system::ExclusiveSystemParamFunction<(HasExclusiveSystemInput, fn(In, F0, F1) -> Out)>>::run::call_inner`
[INFO] [stdout]    --> /opt/rustwide/cargo-home/registry/src/index.crates.io-1949cf8c6b5b557f/bevy_ecs-0.15.3/src/system/exclusive_function_system.rs:272:82
[INFO] [stdout]     |
[INFO] [stdout] 271 |                 fn call_inner<In: SystemInput, Out, $($param,)*>(
[INFO] [stdout] 272 |                     mut f: impl FnMut(In::Param<'_>, &mut World, $($param,)*) -> Out,
[INFO] [stdout]     |                                                                                  ^^^ required by this bound in `call_inner`
[INFO] [stdout] ...
[INFO] [stdout] 287 | all_tuples!(impl_exclusive_system_function, 0, 16, F);
[INFO] [stdout]     | ----------------------------------------------------- in this macro invocation
[INFO] [stdout]     = note: the full name for the type has been written to '/opt/rustwide/target/debug/build/bevy_ecs/93cbe270e066d515/out/bevy_ecs-93cbe270e066d515.long-type-15235135866953044692.txt'
[INFO] [stdout]     = note: consider using `--verbose` to print the full type name to the console
[INFO] [stdout] 
[INFO] [stdout] 
[INFO] [stdout] error[E0283]: type annotations needed
[INFO] [stdout]    --> /opt/rustwide/cargo-home/registry/src/index.crates.io-1949cf8c6b5b557f/bevy_ecs-0.15.3/src/system/exclusive_function_system.rs:280:17
[INFO] [stdout]     |
[INFO] [stdout] 220 | / macro_rules! impl_exclusive_system_function {
[INFO] [stdout] 221 | |     ($($param: ident),*) => {
[INFO] [stdout] 222 | |         #[allow(non_snake_case)]
[INFO] [stdout] 223 | |         impl<Out, Func, $($param: ExclusiveSystemParam),*> ExclusiveSystemParamFunction<fn($($param,)*) -> Out> for Func
[INFO] [stdout] ...   |
[INFO] [stdout] 280 | |                 call_inner(self, input, world, $($param),*)
[INFO] [stdout]     | |                 ^^^^^^^^^^^^^^^^^^^^^^^^^^^^^^^^^^^^^^^^^^^ cannot infer type
[INFO] [stdout] ...   |
[INFO] [stdout] 283 | |     };
[INFO] [stdout] 284 | | }
[INFO] [stdout]     | |_- this error originates in the macro `impl_exclusive_system_function` which comes from the expansion of the macro `all_tuples`
[INFO] [stdout] ...
[INFO] [stdout] 287 |   all_tuples!(impl_exclusive_system_function, 0, 16, F);
[INFO] [stdout]     |   ----------------------------------------------------- in this macro invocation
[INFO] [stdout]     |
[INFO] [stdout]     = note: the type must implement `input::SystemInput`
[INFO] [stdout]     = help: the following types implement trait `input::SystemInput`:
[INFO] [stdout]               ()
[INFO] [stdout]               StaticSystemInput<'a, I>
[INFO] [stdout]               input::In<T>
[INFO] [stdout]               input::InMut<'_, T>
[INFO] [stdout]               input::InRef<'_, T>
[INFO] [stdout]               observer::Trigger<'_, E, B>
[INFO] [stdout]     = note: cannot satisfy `for<'a> <In as input::SystemInput>::Param<'a> == _`
[INFO] [stdout]     = note: cannot satisfy `&mut Func: FnOnce(<In as SystemInput>::Param<'a>, &mut World, _, _, _)`
[INFO] [stdout]     = note: cannot satisfy `<In as input::SystemInput>::Inner<'_> == <In as input::SystemInput>::Inner<'_>`
[INFO] [stdout] note: required by a bound in `<Func as exclusive_function_system::ExclusiveSystemParamFunction<(HasExclusiveSystemInput, fn(In, F0, F1, F2) -> Out)>>::run::call_inner`
[INFO] [stdout]    --> /opt/rustwide/cargo-home/registry/src/index.crates.io-1949cf8c6b5b557f/bevy_ecs-0.15.3/src/system/exclusive_function_system.rs:271:35
[INFO] [stdout]     |
[INFO] [stdout] 271 |                 fn call_inner<In: SystemInput, Out, $($param,)*>(
[INFO] [stdout]     |                                   ^^^^^^^^^^^ required by this bound in `call_inner`
[INFO] [stdout] ...
[INFO] [stdout] 287 | all_tuples!(impl_exclusive_system_function, 0, 16, F);
[INFO] [stdout]     | ----------------------------------------------------- in this macro invocation
[INFO] [stdout] note: required by a bound in `<Func as exclusive_function_system::ExclusiveSystemParamFunction<(HasExclusiveSystemInput, fn(In, F0, F1, F2) -> Out)>>::run::call_inner`
[INFO] [stdout]    --> /opt/rustwide/cargo-home/registry/src/index.crates.io-1949cf8c6b5b557f/bevy_ecs-0.15.3/src/system/exclusive_function_system.rs:272:82
[INFO] [stdout]     |
[INFO] [stdout] 271 |                 fn call_inner<In: SystemInput, Out, $($param,)*>(
[INFO] [stdout] 272 |                     mut f: impl FnMut(In::Param<'_>, &mut World, $($param,)*) -> Out,
[INFO] [stdout]     |                                                                                  ^^^ required by this bound in `call_inner`
[INFO] [stdout] ...
[INFO] [stdout] 287 | all_tuples!(impl_exclusive_system_function, 0, 16, F);
[INFO] [stdout]     | ----------------------------------------------------- in this macro invocation
[INFO] [stdout]     = note: the full name for the type has been written to '/opt/rustwide/target/debug/build/bevy_ecs/93cbe270e066d515/out/bevy_ecs-93cbe270e066d515.long-type-9196330417619497811.txt'
[INFO] [stdout]     = note: consider using `--verbose` to print the full type name to the console
[INFO] [stdout] 
[INFO] [stdout] 
[INFO] [stdout] error[E0283]: type annotations needed
[INFO] [stdout]    --> /opt/rustwide/cargo-home/registry/src/index.crates.io-1949cf8c6b5b557f/bevy_ecs-0.15.3/src/system/exclusive_function_system.rs:280:17
[INFO] [stdout]     |
[INFO] [stdout] 220 | / macro_rules! impl_exclusive_system_function {
[INFO] [stdout] 221 | |     ($($param: ident),*) => {
[INFO] [stdout] 222 | |         #[allow(non_snake_case)]
[INFO] [stdout] 223 | |         impl<Out, Func, $($param: ExclusiveSystemParam),*> ExclusiveSystemParamFunction<fn($($param,)*) -> Out> for Func
[INFO] [stdout] ...   |
[INFO] [stdout] 280 | |                 call_inner(self, input, world, $($param),*)
[INFO] [stdout]     | |                 ^^^^^^^^^^^^^^^^^^^^^^^^^^^^^^^^^^^^^^^^^^^ cannot infer type
[INFO] [stdout] ...   |
[INFO] [stdout] 283 | |     };
[INFO] [stdout] 284 | | }
[INFO] [stdout]     | |_- this error originates in the macro `impl_exclusive_system_function` which comes from the expansion of the macro `all_tuples`
[INFO] [stdout] ...
[INFO] [stdout] 287 |   all_tuples!(impl_exclusive_system_function, 0, 16, F);
[INFO] [stdout]     |   ----------------------------------------------------- in this macro invocation
[INFO] [stdout]     |
[INFO] [stdout]     = note: the type must implement `input::SystemInput`
[INFO] [stdout]     = help: the following types implement trait `input::SystemInput`:
[INFO] [stdout]               ()
[INFO] [stdout]               StaticSystemInput<'a, I>
[INFO] [stdout]               input::In<T>
[INFO] [stdout]               input::InMut<'_, T>
[INFO] [stdout]               input::InRef<'_, T>
[INFO] [stdout]               observer::Trigger<'_, E, B>
[INFO] [stdout]     = note: cannot satisfy `for<'a> <In as input::SystemInput>::Param<'a> == _`
[INFO] [stdout]     = note: cannot satisfy `&mut Func: FnOnce(<In as SystemInput>::Param<'a>, _, _, _, _, _)`
[INFO] [stdout]     = note: cannot satisfy `<In as input::SystemInput>::Inner<'_> == <In as input::SystemInput>::Inner<'_>`
[INFO] [stdout] note: required by a bound in `<Func as exclusive_function_system::ExclusiveSystemParamFunction<(HasExclusiveSystemInput, fn(In, F0, F1, F2, F3) -> Out)>>::run::call_inner`
[INFO] [stdout]    --> /opt/rustwide/cargo-home/registry/src/index.crates.io-1949cf8c6b5b557f/bevy_ecs-0.15.3/src/system/exclusive_function_system.rs:271:35
[INFO] [stdout]     |
[INFO] [stdout] 271 |                 fn call_inner<In: SystemInput, Out, $($param,)*>(
[INFO] [stdout]     |                                   ^^^^^^^^^^^ required by this bound in `call_inner`
[INFO] [stdout] ...
[INFO] [stdout] 287 | all_tuples!(impl_exclusive_system_function, 0, 16, F);
[INFO] [stdout]     | ----------------------------------------------------- in this macro invocation
[INFO] [stdout] note: required by a bound in `<Func as exclusive_function_system::ExclusiveSystemParamFunction<(HasExclusiveSystemInput, fn(In, F0, F1, F2, F3) -> Out)>>::run::call_inner`
[INFO] [stdout]    --> /opt/rustwide/cargo-home/registry/src/index.crates.io-1949cf8c6b5b557f/bevy_ecs-0.15.3/src/system/exclusive_function_system.rs:272:82
[INFO] [stdout]     |
[INFO] [stdout] 271 |                 fn call_inner<In: SystemInput, Out, $($param,)*>(
[INFO] [stdout] 272 |                     mut f: impl FnMut(In::Param<'_>, &mut World, $($param,)*) -> Out,
[INFO] [stdout]     |                                                                                  ^^^ required by this bound in `call_inner`
[INFO] [stdout] ...
[INFO] [stdout] 287 | all_tuples!(impl_exclusive_system_function, 0, 16, F);
[INFO] [stdout]     | ----------------------------------------------------- in this macro invocation
[INFO] [stdout]     = note: the full name for the type has been written to '/opt/rustwide/target/debug/build/bevy_ecs/93cbe270e066d515/out/bevy_ecs-93cbe270e066d515.long-type-12863710559787066863.txt'
[INFO] [stdout]     = note: consider using `--verbose` to print the full type name to the console
[INFO] [stdout] 
[INFO] [stdout] 
[INFO] [stdout] error[E0283]: type annotations needed
[INFO] [stdout]    --> /opt/rustwide/cargo-home/registry/src/index.crates.io-1949cf8c6b5b557f/bevy_ecs-0.15.3/src/system/exclusive_function_system.rs:280:17
[INFO] [stdout]     |
[INFO] [stdout] 220 | / macro_rules! impl_exclusive_system_function {
[INFO] [stdout] 221 | |     ($($param: ident),*) => {
[INFO] [stdout] 222 | |         #[allow(non_snake_case)]
[INFO] [stdout] 223 | |         impl<Out, Func, $($param: ExclusiveSystemParam),*> ExclusiveSystemParamFunction<fn($($param,)*) -> Out> for Func
[INFO] [stdout] ...   |
[INFO] [stdout] 280 | |                 call_inner(self, input, world, $($param),*)
[INFO] [stdout]     | |                 ^^^^^^^^^^^^^^^^^^^^^^^^^^^^^^^^^^^^^^^^^^^ cannot infer type
[INFO] [stdout] ...   |
[INFO] [stdout] 283 | |     };
[INFO] [stdout] 284 | | }
[INFO] [stdout]     | |_- this error originates in the macro `impl_exclusive_system_function` which comes from the expansion of the macro `all_tuples`
[INFO] [stdout] ...
[INFO] [stdout] 287 |   all_tuples!(impl_exclusive_system_function, 0, 16, F);
[INFO] [stdout]     |   ----------------------------------------------------- in this macro invocation
[INFO] [stdout]     |
[INFO] [stdout]     = note: the type must implement `input::SystemInput`
[INFO] [stdout]     = help: the following types implement trait `input::SystemInput`:
[INFO] [stdout]               ()
[INFO] [stdout]               StaticSystemInput<'a, I>
[INFO] [stdout]               input::In<T>
[INFO] [stdout]               input::InMut<'_, T>
[INFO] [stdout]               input::InRef<'_, T>
[INFO] [stdout]               observer::Trigger<'_, E, B>
[INFO] [stdout]     = note: cannot satisfy `for<'a> <In as input::SystemInput>::Param<'a> == _`
[INFO] [stdout]     = note: cannot satisfy `&mut Func: FnOnce(<In as SystemInput>::Param<'a>, _, _, _, _, _, _)`
[INFO] [stdout]     = note: cannot satisfy `<In as input::SystemInput>::Inner<'_> == <In as input::SystemInput>::Inner<'_>`
[INFO] [stdout] note: required by a bound in `<Func as exclusive_function_system::ExclusiveSystemParamFunction<(HasExclusiveSystemInput, fn(In, F0, F1, F2, F3, F4) -> Out)>>::run::call_inner`
[INFO] [stdout]    --> /opt/rustwide/cargo-home/registry/src/index.crates.io-1949cf8c6b5b557f/bevy_ecs-0.15.3/src/system/exclusive_function_system.rs:271:35
[INFO] [stdout]     |
[INFO] [stdout] 271 |                 fn call_inner<In: SystemInput, Out, $($param,)*>(
[INFO] [stdout]     |                                   ^^^^^^^^^^^ required by this bound in `call_inner`
[INFO] [stdout] ...
[INFO] [stdout] 287 | all_tuples!(impl_exclusive_system_function, 0, 16, F);
[INFO] [stdout]     | ----------------------------------------------------- in this macro invocation
[INFO] [stdout] note: required by a bound in `<Func as exclusive_function_system::ExclusiveSystemParamFunction<(HasExclusiveSystemInput, fn(In, F0, F1, F2, F3, F4) -> Out)>>::run::call_inner`
[INFO] [stdout]    --> /opt/rustwide/cargo-home/registry/src/index.crates.io-1949cf8c6b5b557f/bevy_ecs-0.15.3/src/system/exclusive_function_system.rs:272:82
[INFO] [stdout]     |
[INFO] [stdout] 271 |                 fn call_inner<In: SystemInput, Out, $($param,)*>(
[INFO] [stdout] 272 |                     mut f: impl FnMut(In::Param<'_>, &mut World, $($param,)*) -> Out,
[INFO] [stdout]     |                                                                                  ^^^ required by this bound in `call_inner`
[INFO] [stdout] ...
[INFO] [stdout] 287 | all_tuples!(impl_exclusive_system_function, 0, 16, F);
[INFO] [stdout]     | ----------------------------------------------------- in this macro invocation
[INFO] [stdout]     = note: the full name for the type has been written to '/opt/rustwide/target/debug/build/bevy_ecs/93cbe270e066d515/out/bevy_ecs-93cbe270e066d515.long-type-13235756356878183276.txt'
[INFO] [stdout]     = note: consider using `--verbose` to print the full type name to the console
[INFO] [stdout] 
[INFO] [stdout] 
[INFO] [stdout] error[E0283]: type annotations needed
[INFO] [stdout]    --> /opt/rustwide/cargo-home/registry/src/index.crates.io-1949cf8c6b5b557f/bevy_ecs-0.15.3/src/system/exclusive_function_system.rs:280:17
[INFO] [stdout]     |
[INFO] [stdout] 220 | / macro_rules! impl_exclusive_system_function {
[INFO] [stdout] 221 | |     ($($param: ident),*) => {
[INFO] [stdout] 222 | |         #[allow(non_snake_case)]
[INFO] [stdout] 223 | |         impl<Out, Func, $($param: ExclusiveSystemParam),*> ExclusiveSystemParamFunction<fn($($param,)*) -> Out> for Func
[INFO] [stdout] ...   |
[INFO] [stdout] 280 | |                 call_inner(self, input, world, $($param),*)
[INFO] [stdout]     | |                 ^^^^^^^^^^^^^^^^^^^^^^^^^^^^^^^^^^^^^^^^^^^ cannot infer type
[INFO] [stdout] ...   |
[INFO] [stdout] 283 | |     };
[INFO] [stdout] 284 | | }
[INFO] [stdout]     | |_- this error originates in the macro `impl_exclusive_system_function` which comes from the expansion of the macro `all_tuples`
[INFO] [stdout] ...
[INFO] [stdout] 287 |   all_tuples!(impl_exclusive_system_function, 0, 16, F);
[INFO] [stdout]     |   ----------------------------------------------------- in this macro invocation
[INFO] [stdout]     |
[INFO] [stdout]     = note: the type must implement `input::SystemInput`
[INFO] [stdout]     = help: the following types implement trait `input::SystemInput`:
[INFO] [stdout]               ()
[INFO] [stdout]               StaticSystemInput<'a, I>
[INFO] [stdout]               input::In<T>
[INFO] [stdout]               input::InMut<'_, T>
[INFO] [stdout]               input::InRef<'_, T>
[INFO] [stdout]               observer::Trigger<'_, E, B>
[INFO] [stdout]     = note: cannot satisfy `for<'a> <In as input::SystemInput>::Param<'a> == _`
[INFO] [stdout]     = note: cannot satisfy `&mut Func: FnOnce(<In as SystemInput>::Param<'a>, _, _, _, _, _, _, _)`
[INFO] [stdout]     = note: cannot satisfy `<In as input::SystemInput>::Inner<'_> == <In as input::SystemInput>::Inner<'_>`
[INFO] [stdout] note: required by a bound in `<Func as exclusive_function_system::ExclusiveSystemParamFunction<(HasExclusiveSystemInput, fn(In, F0, F1, F2, F3, F4, F5) -> Out)>>::run::call_inner`
[INFO] [stdout]    --> /opt/rustwide/cargo-home/registry/src/index.crates.io-1949cf8c6b5b557f/bevy_ecs-0.15.3/src/system/exclusive_function_system.rs:271:35
[INFO] [stdout]     |
[INFO] [stdout] 271 |                 fn call_inner<In: SystemInput, Out, $($param,)*>(
[INFO] [stdout]     |                                   ^^^^^^^^^^^ required by this bound in `call_inner`
[INFO] [stdout] ...
[INFO] [stdout] 287 | all_tuples!(impl_exclusive_system_function, 0, 16, F);
[INFO] [stdout]     | ----------------------------------------------------- in this macro invocation
[INFO] [stdout] note: required by a bound in `<Func as exclusive_function_system::ExclusiveSystemParamFunction<(HasExclusiveSystemInput, fn(In, F0, F1, F2, F3, F4, F5) -> Out)>>::run::call_inner`
[INFO] [stdout]    --> /opt/rustwide/cargo-home/registry/src/index.crates.io-1949cf8c6b5b557f/bevy_ecs-0.15.3/src/system/exclusive_function_system.rs:272:82
[INFO] [stdout]     |
[INFO] [stdout] 271 |                 fn call_inner<In: SystemInput, Out, $($param,)*>(
[INFO] [stdout] 272 |                     mut f: impl FnMut(In::Param<'_>, &mut World, $($param,)*) -> Out,
[INFO] [stdout]     |                                                                                  ^^^ required by this bound in `call_inner`
[INFO] [stdout] ...
[INFO] [stdout] 287 | all_tuples!(impl_exclusive_system_function, 0, 16, F);
[INFO] [stdout]     | ----------------------------------------------------- in this macro invocation
[INFO] [stdout]     = note: the full name for the type has been written to '/opt/rustwide/target/debug/build/bevy_ecs/93cbe270e066d515/out/bevy_ecs-93cbe270e066d515.long-type-916235978114244623.txt'
[INFO] [stdout]     = note: consider using `--verbose` to print the full type name to the console
[INFO] [stdout] 
[INFO] [stdout] 
[INFO] [stdout] error[E0283]: type annotations needed
[INFO] [stdout]    --> /opt/rustwide/cargo-home/registry/src/index.crates.io-1949cf8c6b5b557f/bevy_ecs-0.15.3/src/system/exclusive_function_system.rs:280:17
[INFO] [stdout]     |
[INFO] [stdout] 220 | / macro_rules! impl_exclusive_system_function {
[INFO] [stdout] 221 | |     ($($param: ident),*) => {
[INFO] [stdout] 222 | |         #[allow(non_snake_case)]
[INFO] [stdout] 223 | |         impl<Out, Func, $($param: ExclusiveSystemParam),*> ExclusiveSystemParamFunction<fn($($param,)*) -> Out> for Func
[INFO] [stdout] ...   |
[INFO] [stdout] 280 | |                 call_inner(self, input, world, $($param),*)
[INFO] [stdout]     | |                 ^^^^^^^^^^^^^^^^^^^^^^^^^^^^^^^^^^^^^^^^^^^ cannot infer type
[INFO] [stdout] ...   |
[INFO] [stdout] 283 | |     };
[INFO] [stdout] 284 | | }
[INFO] [stdout]     | |_- this error originates in the macro `impl_exclusive_system_function` which comes from the expansion of the macro `all_tuples`
[INFO] [stdout] ...
[INFO] [stdout] 287 |   all_tuples!(impl_exclusive_system_function, 0, 16, F);
[INFO] [stdout]     |   ----------------------------------------------------- in this macro invocation
[INFO] [stdout]     |
[INFO] [stdout]     = note: the type must implement `input::SystemInput`
[INFO] [stdout]     = help: the following types implement trait `input::SystemInput`:
[INFO] [stdout]               ()
[INFO] [stdout]               StaticSystemInput<'a, I>
[INFO] [stdout]               input::In<T>
[INFO] [stdout]               input::InMut<'_, T>
[INFO] [stdout]               input::InRef<'_, T>
[INFO] [stdout]               observer::Trigger<'_, E, B>
[INFO] [stdout]     = note: cannot satisfy `for<'a> <In as input::SystemInput>::Param<'a> == _`
[INFO] [stdout]     = note: cannot satisfy `&mut Func: FnOnce(_, _, _, _, _, _, _, _, _)`
[INFO] [stdout]     = note: cannot satisfy `<In as input::SystemInput>::Inner<'_> == <In as input::SystemInput>::Inner<'_>`
[INFO] [stdout] note: required by a bound in `<Func as exclusive_function_system::ExclusiveSystemParamFunction<(HasExclusiveSystemInput, fn(In, F0, F1, F2, F3, F4, F5, F6) -> Out)>>::run::call_inner`
[INFO] [stdout]    --> /opt/rustwide/cargo-home/registry/src/index.crates.io-1949cf8c6b5b557f/bevy_ecs-0.15.3/src/system/exclusive_function_system.rs:271:35
[INFO] [stdout]     |
[INFO] [stdout] 271 |                 fn call_inner<In: SystemInput, Out, $($param,)*>(
[INFO] [stdout]     |                                   ^^^^^^^^^^^ required by this bound in `call_inner`
[INFO] [stdout] ...
[INFO] [stdout] 287 | all_tuples!(impl_exclusive_system_function, 0, 16, F);
[INFO] [stdout]     | ----------------------------------------------------- in this macro invocation
[INFO] [stdout] note: required by a bound in `<Func as exclusive_function_system::ExclusiveSystemParamFunction<(HasExclusiveSystemInput, fn(In, F0, F1, F2, F3, F4, F5, F6) -> Out)>>::run::call_inner`
[INFO] [stdout]    --> /opt/rustwide/cargo-home/registry/src/index.crates.io-1949cf8c6b5b557f/bevy_ecs-0.15.3/src/system/exclusive_function_system.rs:272:82
[INFO] [stdout]     |
[INFO] [stdout] 271 |                 fn call_inner<In: SystemInput, Out, $($param,)*>(
[INFO] [stdout] 272 |                     mut f: impl FnMut(In::Param<'_>, &mut World, $($param,)*) -> Out,
[INFO] [stdout]     |                                                                                  ^^^ required by this bound in `call_inner`
[INFO] [stdout] ...
[INFO] [stdout] 287 | all_tuples!(impl_exclusive_system_function, 0, 16, F);
[INFO] [stdout]     | ----------------------------------------------------- in this macro invocation
[INFO] [stdout]     = note: the full name for the type has been written to '/opt/rustwide/target/debug/build/bevy_ecs/93cbe270e066d515/out/bevy_ecs-93cbe270e066d515.long-type-3046025861724671653.txt'
[INFO] [stdout]     = note: consider using `--verbose` to print the full type name to the console
[INFO] [stdout] 
[INFO] [stdout] 
[INFO] [stdout] error[E0283]: type annotations needed
[INFO] [stdout]    --> /opt/rustwide/cargo-home/registry/src/index.crates.io-1949cf8c6b5b557f/bevy_ecs-0.15.3/src/system/exclusive_function_system.rs:280:17
[INFO] [stdout]     |
[INFO] [stdout] 220 | / macro_rules! impl_exclusive_system_function {
[INFO] [stdout] 221 | |     ($($param: ident),*) => {
[INFO] [stdout] 222 | |         #[allow(non_snake_case)]
[INFO] [stdout] 223 | |         impl<Out, Func, $($param: ExclusiveSystemParam),*> ExclusiveSystemParamFunction<fn($($param,)*) -> Out> for Func
[INFO] [stdout] ...   |
[INFO] [stdout] 280 | |                 call_inner(self, input, world, $($param),*)
[INFO] [stdout]     | |                 ^^^^^^^^^^^^^^^^^^^^^^^^^^^^^^^^^^^^^^^^^^^ cannot infer type
[INFO] [stdout] ...   |
[INFO] [stdout] 283 | |     };
[INFO] [stdout] 284 | | }
[INFO] [stdout]     | |_- this error originates in the macro `impl_exclusive_system_function` which comes from the expansion of the macro `all_tuples`
[INFO] [stdout] ...
[INFO] [stdout] 287 |   all_tuples!(impl_exclusive_system_function, 0, 16, F);
[INFO] [stdout]     |   ----------------------------------------------------- in this macro invocation
[INFO] [stdout]     |
[INFO] [stdout]     = note: the type must implement `input::SystemInput`
[INFO] [stdout]     = help: the following types implement trait `input::SystemInput`:
[INFO] [stdout]               ()
[INFO] [stdout]               StaticSystemInput<'a, I>
[INFO] [stdout]               input::In<T>
[INFO] [stdout]               input::InMut<'_, T>
[INFO] [stdout]               input::InRef<'_, T>
[INFO] [stdout]               observer::Trigger<'_, E, B>
[INFO] [stdout]     = note: cannot satisfy `for<'a> <In as input::SystemInput>::Param<'a> == _`
[INFO] [stdout]     = note: cannot satisfy `&mut Func: FnOnce(_, _, _, _, _, _, _, _, _, _)`
[INFO] [stdout]     = note: cannot satisfy `<In as input::SystemInput>::Inner<'_> == <In as input::SystemInput>::Inner<'_>`
[INFO] [stdout] note: required by a bound in `<Func as exclusive_function_system::ExclusiveSystemParamFunction<(HasExclusiveSystemInput, fn(In, F0, F1, F2, F3, F4, F5, F6, F7) -> Out)>>::run::call_inner`
[INFO] [stdout]    --> /opt/rustwide/cargo-home/registry/src/index.crates.io-1949cf8c6b5b557f/bevy_ecs-0.15.3/src/system/exclusive_function_system.rs:271:35
[INFO] [stdout]     |
[INFO] [stdout] 271 |                 fn call_inner<In: SystemInput, Out, $($param,)*>(
[INFO] [stdout]     |                                   ^^^^^^^^^^^ required by this bound in `call_inner`
[INFO] [stdout] ...
[INFO] [stdout] 287 | all_tuples!(impl_exclusive_system_function, 0, 16, F);
[INFO] [stdout]     | ----------------------------------------------------- in this macro invocation
[INFO] [stdout] note: required by a bound in `<Func as exclusive_function_system::ExclusiveSystemParamFunction<(HasExclusiveSystemInput, fn(In, F0, F1, F2, F3, F4, F5, F6, F7) -> Out)>>::run::call_inner`
[INFO] [stdout]    --> /opt/rustwide/cargo-home/registry/src/index.crates.io-1949cf8c6b5b557f/bevy_ecs-0.15.3/src/system/exclusive_function_system.rs:272:82
[INFO] [stdout]     |
[INFO] [stdout] 271 |                 fn call_inner<In: SystemInput, Out, $($param,)*>(
[INFO] [stdout] 272 |                     mut f: impl FnMut(In::Param<'_>, &mut World, $($param,)*) -> Out,
[INFO] [stdout]     |                                                                                  ^^^ required by this bound in `call_inner`
[INFO] [stdout] ...
[INFO] [stdout] 287 | all_tuples!(impl_exclusive_system_function, 0, 16, F);
[INFO] [stdout]     | ----------------------------------------------------- in this macro invocation
[INFO] [stdout]     = note: the full name for the type has been written to '/opt/rustwide/target/debug/build/bevy_ecs/93cbe270e066d515/out/bevy_ecs-93cbe270e066d515.long-type-18058671538019593324.txt'
[INFO] [stdout]     = note: consider using `--verbose` to print the full type name to the console
[INFO] [stdout] 
[INFO] [stdout] 
[INFO] [stdout] error[E0283]: type annotations needed
[INFO] [stdout]    --> /opt/rustwide/cargo-home/registry/src/index.crates.io-1949cf8c6b5b557f/bevy_ecs-0.15.3/src/system/exclusive_function_system.rs:280:17
[INFO] [stdout]     |
[INFO] [stdout] 220 | / macro_rules! impl_exclusive_system_function {
[INFO] [stdout] 221 | |     ($($param: ident),*) => {
[INFO] [stdout] 222 | |         #[allow(non_snake_case)]
[INFO] [stdout] 223 | |         impl<Out, Func, $($param: ExclusiveSystemParam),*> ExclusiveSystemParamFunction<fn($($param,)*) -> Out> for Func
[INFO] [stdout] ...   |
[INFO] [stdout] 280 | |                 call_inner(self, input, world, $($param),*)
[INFO] [stdout]     | |                 ^^^^^^^^^^^^^^^^^^^^^^^^^^^^^^^^^^^^^^^^^^^ cannot infer type
[INFO] [stdout] ...   |
[INFO] [stdout] 283 | |     };
[INFO] [stdout] 284 | | }
[INFO] [stdout]     | |_- this error originates in the macro `impl_exclusive_system_function` which comes from the expansion of the macro `all_tuples`
[INFO] [stdout] ...
[INFO] [stdout] 287 |   all_tuples!(impl_exclusive_system_function, 0, 16, F);
[INFO] [stdout]     |   ----------------------------------------------------- in this macro invocation
[INFO] [stdout]     |
[INFO] [stdout]     = note: the type must implement `input::SystemInput`
[INFO] [stdout]     = help: the following types implement trait `input::SystemInput`:
[INFO] [stdout]               ()
[INFO] [stdout]               StaticSystemInput<'a, I>
[INFO] [stdout]               input::In<T>
[INFO] [stdout]               input::InMut<'_, T>
[INFO] [stdout]               input::InRef<'_, T>
[INFO] [stdout]               observer::Trigger<'_, E, B>
[INFO] [stdout]     = note: cannot satisfy `for<'a> <In as input::SystemInput>::Param<'a> == _`
[INFO] [stdout]     = note: cannot satisfy `&mut Func: FnOnce(_, _, _, _, _, _, _, _, _, _, _)`
[INFO] [stdout]     = note: cannot satisfy `<In as input::SystemInput>::Inner<'_> == <In as input::SystemInput>::Inner<'_>`
[INFO] [stdout] note: required by a bound in `<Func as exclusive_function_system::ExclusiveSystemParamFunction<(HasExclusiveSystemInput, fn(In, F0, F1, F2, F3, F4, F5, F6, F7, F8) -> Out)>>::run::call_inner`
[INFO] [stdout]    --> /opt/rustwide/cargo-home/registry/src/index.crates.io-1949cf8c6b5b557f/bevy_ecs-0.15.3/src/system/exclusive_function_system.rs:271:35
[INFO] [stdout]     |
[INFO] [stdout] 271 |                 fn call_inner<In: SystemInput, Out, $($param,)*>(
[INFO] [stdout]     |                                   ^^^^^^^^^^^ required by this bound in `call_inner`
[INFO] [stdout] ...
[INFO] [stdout] 287 | all_tuples!(impl_exclusive_system_function, 0, 16, F);
[INFO] [stdout]     | ----------------------------------------------------- in this macro invocation
[INFO] [stdout] note: required by a bound in `<Func as exclusive_function_system::ExclusiveSystemParamFunction<(HasExclusiveSystemInput, fn(In, F0, F1, F2, F3, F4, F5, F6, F7, F8) -> Out)>>::run::call_inner`
[INFO] [stdout]    --> /opt/rustwide/cargo-home/registry/src/index.crates.io-1949cf8c6b5b557f/bevy_ecs-0.15.3/src/system/exclusive_function_system.rs:272:82
[INFO] [stdout]     |
[INFO] [stdout] 271 |                 fn call_inner<In: SystemInput, Out, $($param,)*>(
[INFO] [stdout] 272 |                     mut f: impl FnMut(In::Param<'_>, &mut World, $($param,)*) -> Out,
[INFO] [stdout]     |                                                                                  ^^^ required by this bound in `call_inner`
[INFO] [stdout] ...
[INFO] [stdout] 287 | all_tuples!(impl_exclusive_system_function, 0, 16, F);
[INFO] [stdout]     | ----------------------------------------------------- in this macro invocation
[INFO] [stdout]     = note: the full name for the type has been written to '/opt/rustwide/target/debug/build/bevy_ecs/93cbe270e066d515/out/bevy_ecs-93cbe270e066d515.long-type-2562474538688438068.txt'
[INFO] [stdout]     = note: consider using `--verbose` to print the full type name to the console
[INFO] [stdout] 
[INFO] [stdout] 
[INFO] [stdout] error[E0283]: type annotations needed
[INFO] [stdout]    --> /opt/rustwide/cargo-home/registry/src/index.crates.io-1949cf8c6b5b557f/bevy_ecs-0.15.3/src/system/exclusive_function_system.rs:280:17
[INFO] [stdout]     |
[INFO] [stdout] 220 | / macro_rules! impl_exclusive_system_function {
[INFO] [stdout] 221 | |     ($($param: ident),*) => {
[INFO] [stdout] 222 | |         #[allow(non_snake_case)]
[INFO] [stdout] 223 | |         impl<Out, Func, $($param: ExclusiveSystemParam),*> ExclusiveSystemParamFunction<fn($($param,)*) -> Out> for Func
[INFO] [stdout] ...   |
[INFO] [stdout] 280 | |                 call_inner(self, input, world, $($param),*)
[INFO] [stdout]     | |                 ^^^^^^^^^^^^^^^^^^^^^^^^^^^^^^^^^^^^^^^^^^^ cannot infer type
[INFO] [stdout] ...   |
[INFO] [stdout] 283 | |     };
[INFO] [stdout] 284 | | }
[INFO] [stdout]     | |_- this error originates in the macro `impl_exclusive_system_function` which comes from the expansion of the macro `all_tuples`
[INFO] [stdout] ...
[INFO] [stdout] 287 |   all_tuples!(impl_exclusive_system_function, 0, 16, F);
[INFO] [stdout]     |   ----------------------------------------------------- in this macro invocation
[INFO] [stdout]     |
[INFO] [stdout]     = note: the type must implement `input::SystemInput`
[INFO] [stdout]     = help: the following types implement trait `input::SystemInput`:
[INFO] [stdout]               ()
[INFO] [stdout]               StaticSystemInput<'a, I>
[INFO] [stdout]               input::In<T>
[INFO] [stdout]               input::InMut<'_, T>
[INFO] [stdout]               input::InRef<'_, T>
[INFO] [stdout]               observer::Trigger<'_, E, B>
[INFO] [stdout]     = note: cannot satisfy `for<'a> <In as input::SystemInput>::Param<'a> == _`
[INFO] [stdout]     = note: cannot satisfy `&mut Func: FnOnce(_, _, _, _, _, _, _, _, _, _, _, _)`
[INFO] [stdout]     = note: cannot satisfy `<In as input::SystemInput>::Inner<'_> == <In as input::SystemInput>::Inner<'_>`
[INFO] [stdout] note: required by a bound in `<Func as exclusive_function_system::ExclusiveSystemParamFunction<(HasExclusiveSystemInput, fn(In, F0, F1, F2, F3, F4, F5, F6, F7, F8, F9) -> Out)>>::run::call_inner`
[INFO] [stdout]    --> /opt/rustwide/cargo-home/registry/src/index.crates.io-1949cf8c6b5b557f/bevy_ecs-0.15.3/src/system/exclusive_function_system.rs:271:35
[INFO] [stdout]     |
[INFO] [stdout] 271 |                 fn call_inner<In: SystemInput, Out, $($param,)*>(
[INFO] [stdout]     |                                   ^^^^^^^^^^^ required by this bound in `call_inner`
[INFO] [stdout] ...
[INFO] [stdout] 287 | all_tuples!(impl_exclusive_system_function, 0, 16, F);
[INFO] [stdout]     | ----------------------------------------------------- in this macro invocation
[INFO] [stdout] note: required by a bound in `<Func as exclusive_function_system::ExclusiveSystemParamFunction<(HasExclusiveSystemInput, fn(In, F0, F1, F2, F3, F4, F5, F6, F7, F8, F9) -> Out)>>::run::call_inner`
[INFO] [stdout]    --> /opt/rustwide/cargo-home/registry/src/index.crates.io-1949cf8c6b5b557f/bevy_ecs-0.15.3/src/system/exclusive_function_system.rs:272:82
[INFO] [stdout]     |
[INFO] [stdout] 271 |                 fn call_inner<In: SystemInput, Out, $($param,)*>(
[INFO] [stdout] 272 |                     mut f: impl FnMut(In::Param<'_>, &mut World, $($param,)*) -> Out,
[INFO] [stdout]     |                                                                                  ^^^ required by this bound in `call_inner`
[INFO] [stdout] ...
[INFO] [stdout] 287 | all_tuples!(impl_exclusive_system_function, 0, 16, F);
[INFO] [stdout]     | ----------------------------------------------------- in this macro invocation
[INFO] [stdout]     = note: the full name for the type has been written to '/opt/rustwide/target/debug/build/bevy_ecs/93cbe270e066d515/out/bevy_ecs-93cbe270e066d515.long-type-7231945370977585044.txt'
[INFO] [stdout]     = note: consider using `--verbose` to print the full type name to the console
[INFO] [stdout] 
[INFO] [stdout] 
[INFO] [stdout] error[E0283]: type annotations needed
[INFO] [stdout]    --> /opt/rustwide/cargo-home/registry/src/index.crates.io-1949cf8c6b5b557f/bevy_ecs-0.15.3/src/system/exclusive_function_system.rs:280:17
[INFO] [stdout]     |
[INFO] [stdout] 220 | / macro_rules! impl_exclusive_system_function {
[INFO] [stdout] 221 | |     ($($param: ident),*) => {
[INFO] [stdout] 222 | |         #[allow(non_snake_case)]
[INFO] [stdout] 223 | |         impl<Out, Func, $($param: ExclusiveSystemParam),*> ExclusiveSystemParamFunction<fn($($param,)*) -> Out> for Func
[INFO] [stdout] ...   |
[INFO] [stdout] 280 | |                 call_inner(self, input, world, $($param),*)
[INFO] [stdout]     | |                 ^^^^^^^^^^^^^^^^^^^^^^^^^^^^^^^^^^^^^^^^^^^ cannot infer type
[INFO] [stdout] ...   |
[INFO] [stdout] 283 | |     };
[INFO] [stdout] 284 | | }
[INFO] [stdout]     | |_- this error originates in the macro `impl_exclusive_system_function` which comes from the expansion of the macro `all_tuples`
[INFO] [stdout] ...
[INFO] [stdout] 287 |   all_tuples!(impl_exclusive_system_function, 0, 16, F);
[INFO] [stdout]     |   ----------------------------------------------------- in this macro invocation
[INFO] [stdout]     |
[INFO] [stdout]     = note: the type must implement `input::SystemInput`
[INFO] [stdout]     = help: the following types implement trait `input::SystemInput`:
[INFO] [stdout]               ()
[INFO] [stdout]               StaticSystemInput<'a, I>
[INFO] [stdout]               input::In<T>
[INFO] [stdout]               input::InMut<'_, T>
[INFO] [stdout]               input::InRef<'_, T>
[INFO] [stdout]               observer::Trigger<'_, E, B>
[INFO] [stdout]     = note: cannot satisfy `for<'a> <In as input::SystemInput>::Param<'a> == _`
[INFO] [stdout]     = note: cannot satisfy `&mut Func: FnOnce(_, _, _, _, _, _, _, _, _, _, _, _, _)`
[INFO] [stdout]     = note: cannot satisfy `<In as input::SystemInput>::Inner<'_> == <In as input::SystemInput>::Inner<'_>`
[INFO] [stdout] note: required by a bound in `<Func as exclusive_function_system::ExclusiveSystemParamFunction<(HasExclusiveSystemInput, fn(In, F0, F1, F2, F3, F4, F5, F6, F7, F8, F9, F10) -> Out)>>::run::call_inner`
[INFO] [stdout]    --> /opt/rustwide/cargo-home/registry/src/index.crates.io-1949cf8c6b5b557f/bevy_ecs-0.15.3/src/system/exclusive_function_system.rs:271:35
[INFO] [stdout]     |
[INFO] [stdout] 271 |                 fn call_inner<In: SystemInput, Out, $($param,)*>(
[INFO] [stdout]     |                                   ^^^^^^^^^^^ required by this bound in `call_inner`
[INFO] [stdout] ...
[INFO] [stdout] 287 | all_tuples!(impl_exclusive_system_function, 0, 16, F);
[INFO] [stdout]     | ----------------------------------------------------- in this macro invocation
[INFO] [stdout] note: required by a bound in `<Func as exclusive_function_system::ExclusiveSystemParamFunction<(HasExclusiveSystemInput, fn(In, F0, F1, F2, F3, F4, F5, F6, F7, F8, F9, F10) -> Out)>>::run::call_inner`
[INFO] [stdout]    --> /opt/rustwide/cargo-home/registry/src/index.crates.io-1949cf8c6b5b557f/bevy_ecs-0.15.3/src/system/exclusive_function_system.rs:272:82
[INFO] [stdout]     |
[INFO] [stdout] 271 |                 fn call_inner<In: SystemInput, Out, $($param,)*>(
[INFO] [stdout] 272 |                     mut f: impl FnMut(In::Param<'_>, &mut World, $($param,)*) -> Out,
[INFO] [stdout]     |                                                                                  ^^^ required by this bound in `call_inner`
[INFO] [stdout] ...
[INFO] [stdout] 287 | all_tuples!(impl_exclusive_system_function, 0, 16, F);
[INFO] [stdout]     | ----------------------------------------------------- in this macro invocation
[INFO] [stdout]     = note: the full name for the type has been written to '/opt/rustwide/target/debug/build/bevy_ecs/93cbe270e066d515/out/bevy_ecs-93cbe270e066d515.long-type-542252973892015591.txt'
[INFO] [stdout]     = note: consider using `--verbose` to print the full type name to the console
[INFO] [stdout] 
[INFO] [stdout] 
[INFO] [stdout] error[E0283]: type annotations needed
[INFO] [stdout]    --> /opt/rustwide/cargo-home/registry/src/index.crates.io-1949cf8c6b5b557f/bevy_ecs-0.15.3/src/system/exclusive_function_system.rs:280:17
[INFO] [stdout]     |
[INFO] [stdout] 220 | / macro_rules! impl_exclusive_system_function {
[INFO] [stdout] 221 | |     ($($param: ident),*) => {
[INFO] [stdout] 222 | |         #[allow(non_snake_case)]
[INFO] [stdout] 223 | |         impl<Out, Func, $($param: ExclusiveSystemParam),*> ExclusiveSystemParamFunction<fn($($param,)*) -> Out> for Func
[INFO] [stdout] ...   |
[INFO] [stdout] 280 | |                 call_inner(self, input, world, $($param),*)
[INFO] [stdout]     | |                 ^^^^^^^^^^^^^^^^^^^^^^^^^^^^^^^^^^^^^^^^^^^ cannot infer type
[INFO] [stdout] ...   |
[INFO] [stdout] 283 | |     };
[INFO] [stdout] 284 | | }
[INFO] [stdout]     | |_- this error originates in the macro `impl_exclusive_system_function` which comes from the expansion of the macro `all_tuples`
[INFO] [stdout] ...
[INFO] [stdout] 287 |   all_tuples!(impl_exclusive_system_function, 0, 16, F);
[INFO] [stdout]     |   ----------------------------------------------------- in this macro invocation
[INFO] [stdout]     |
[INFO] [stdout]     = note: the type must implement `input::SystemInput`
[INFO] [stdout]     = help: the following types implement trait `input::SystemInput`:
[INFO] [stdout]               ()
[INFO] [stdout]               StaticSystemInput<'a, I>
[INFO] [stdout]               input::In<T>
[INFO] [stdout]               input::InMut<'_, T>
[INFO] [stdout]               input::InRef<'_, T>
[INFO] [stdout]               observer::Trigger<'_, E, B>
[INFO] [stdout]     = note: cannot satisfy `for<'a> <In as input::SystemInput>::Param<'a> == _`
[INFO] [stdout]     = note: cannot satisfy `&mut Func: FnOnce(_, _, _, _, _, _, _, _, _, _, _, _, _, _)`
[INFO] [stdout]     = note: cannot satisfy `<In as input::SystemInput>::Inner<'_> == <In as input::SystemInput>::Inner<'_>`
[INFO] [stdout] note: required by a bound in `<Func as exclusive_function_system::ExclusiveSystemParamFunction<(HasExclusiveSystemInput, fn(In, F0, F1, F2, F3, F4, F5, F6, F7, F8, F9, F10, F11) -> Out)>>::run::call_inner`
[INFO] [stdout]    --> /opt/rustwide/cargo-home/registry/src/index.crates.io-1949cf8c6b5b557f/bevy_ecs-0.15.3/src/system/exclusive_function_system.rs:271:35
[INFO] [stdout]     |
[INFO] [stdout] 271 |                 fn call_inner<In: SystemInput, Out, $($param,)*>(
[INFO] [stdout]     |                                   ^^^^^^^^^^^ required by this bound in `call_inner`
[INFO] [stdout] ...
[INFO] [stdout] 287 | all_tuples!(impl_exclusive_system_function, 0, 16, F);
[INFO] [stdout]     | ----------------------------------------------------- in this macro invocation
[INFO] [stdout] note: required by a bound in `<Func as exclusive_function_system::ExclusiveSystemParamFunction<(HasExclusiveSystemInput, fn(In, F0, F1, F2, F3, F4, F5, F6, F7, F8, F9, F10, F11) -> Out)>>::run::call_inner`
[INFO] [stdout]    --> /opt/rustwide/cargo-home/registry/src/index.crates.io-1949cf8c6b5b557f/bevy_ecs-0.15.3/src/system/exclusive_function_system.rs:272:82
[INFO] [stdout]     |
[INFO] [stdout] 271 |                 fn call_inner<In: SystemInput, Out, $($param,)*>(
[INFO] [stdout] 272 |                     mut f: impl FnMut(In::Param<'_>, &mut World, $($param,)*) -> Out,
[INFO] [stdout]     |                                                                                  ^^^ required by this bound in `call_inner`
[INFO] [stdout] ...
[INFO] [stdout] 287 | all_tuples!(impl_exclusive_system_function, 0, 16, F);
[INFO] [stdout]     | ----------------------------------------------------- in this macro invocation
[INFO] [stdout]     = note: the full name for the type has been written to '/opt/rustwide/target/debug/build/bevy_ecs/93cbe270e066d515/out/bevy_ecs-93cbe270e066d515.long-type-17649731198303593747.txt'
[INFO] [stdout]     = note: consider using `--verbose` to print the full type name to the console
[INFO] [stdout] 
[INFO] [stdout] 
[INFO] [stdout] error[E0283]: type annotations needed
[INFO] [stdout]    --> /opt/rustwide/cargo-home/registry/src/index.crates.io-1949cf8c6b5b557f/bevy_ecs-0.15.3/src/system/exclusive_function_system.rs:280:17
[INFO] [stdout]     |
[INFO] [stdout] 220 | / macro_rules! impl_exclusive_system_function {
[INFO] [stdout] 221 | |     ($($param: ident),*) => {
[INFO] [stdout] 222 | |         #[allow(non_snake_case)]
[INFO] [stdout] 223 | |         impl<Out, Func, $($param: ExclusiveSystemParam),*> ExclusiveSystemParamFunction<fn($($param,)*) -> Out> for Func
[INFO] [stdout] ...   |
[INFO] [stdout] 280 | |                 call_inner(self, input, world, $($param),*)
[INFO] [stdout]     | |                 ^^^^^^^^^^^^^^^^^^^^^^^^^^^^^^^^^^^^^^^^^^^ cannot infer type
[INFO] [stdout] ...   |
[INFO] [stdout] 283 | |     };
[INFO] [stdout] 284 | | }
[INFO] [stdout]     | |_- this error originates in the macro `impl_exclusive_system_function` which comes from the expansion of the macro `all_tuples`
[INFO] [stdout] ...
[INFO] [stdout] 287 |   all_tuples!(impl_exclusive_system_function, 0, 16, F);
[INFO] [stdout]     |   ----------------------------------------------------- in this macro invocation
[INFO] [stdout]     |
[INFO] [stdout]     = note: the type must implement `input::SystemInput`
[INFO] [stdout]     = help: the following types implement trait `input::SystemInput`:
[INFO] [stdout]               ()
[INFO] [stdout]               StaticSystemInput<'a, I>
[INFO] [stdout]               input::In<T>
[INFO] [stdout]               input::InMut<'_, T>
[INFO] [stdout]               input::InRef<'_, T>
[INFO] [stdout]               observer::Trigger<'_, E, B>
[INFO] [stdout]     = note: cannot satisfy `for<'a> <In as input::SystemInput>::Param<'a> == _`
[INFO] [stdout]     = note: cannot satisfy `&mut Func: FnOnce(_, _, _, _, _, _, _, _, _, _, _, _, _, _, _)`
[INFO] [stdout]     = note: cannot satisfy `<In as input::SystemInput>::Inner<'_> == <In as input::SystemInput>::Inner<'_>`
[INFO] [stdout] note: required by a bound in `<Func as exclusive_function_system::ExclusiveSystemParamFunction<(HasExclusiveSystemInput, fn(In, F0, F1, F2, F3, F4, F5, F6, F7, F8, F9, F10, F11, F12) -> Out)>>::run::call_inner`
[INFO] [stdout]    --> /opt/rustwide/cargo-home/registry/src/index.crates.io-1949cf8c6b5b557f/bevy_ecs-0.15.3/src/system/exclusive_function_system.rs:271:35
[INFO] [stdout]     |
[INFO] [stdout] 271 |                 fn call_inner<In: SystemInput, Out, $($param,)*>(
[INFO] [stdout]     |                                   ^^^^^^^^^^^ required by this bound in `call_inner`
[INFO] [stdout] ...
[INFO] [stdout] 287 | all_tuples!(impl_exclusive_system_function, 0, 16, F);
[INFO] [stdout]     | ----------------------------------------------------- in this macro invocation
[INFO] [stdout] note: required by a bound in `<Func as exclusive_function_system::ExclusiveSystemParamFunction<(HasExclusiveSystemInput, fn(In, F0, F1, F2, F3, F4, F5, F6, F7, F8, F9, F10, F11, F12) -> Out)>>::run::call_inner`
[INFO] [stdout]    --> /opt/rustwide/cargo-home/registry/src/index.crates.io-1949cf8c6b5b557f/bevy_ecs-0.15.3/src/system/exclusive_function_system.rs:272:82
[INFO] [stdout]     |
[INFO] [stdout] 271 |                 fn call_inner<In: SystemInput, Out, $($param,)*>(
[INFO] [stdout] 272 |                     mut f: impl FnMut(In::Param<'_>, &mut World, $($param,)*) -> Out,
[INFO] [stdout]     |                                                                                  ^^^ required by this bound in `call_inner`
[INFO] [stdout] ...
[INFO] [stdout] 287 | all_tuples!(impl_exclusive_system_function, 0, 16, F);
[INFO] [stdout]     | ----------------------------------------------------- in this macro invocation
[INFO] [stdout]     = note: the full name for the type has been written to '/opt/rustwide/target/debug/build/bevy_ecs/93cbe270e066d515/out/bevy_ecs-93cbe270e066d515.long-type-10557263899642960106.txt'
[INFO] [stdout]     = note: consider using `--verbose` to print the full type name to the console
[INFO] [stdout] 
[INFO] [stdout] 
[INFO] [stdout] error[E0283]: type annotations needed
[INFO] [stdout]    --> /opt/rustwide/cargo-home/registry/src/index.crates.io-1949cf8c6b5b557f/bevy_ecs-0.15.3/src/system/exclusive_function_system.rs:280:17
[INFO] [stdout]     |
[INFO] [stdout] 220 | / macro_rules! impl_exclusive_system_function {
[INFO] [stdout] 221 | |     ($($param: ident),*) => {
[INFO] [stdout] 222 | |         #[allow(non_snake_case)]
[INFO] [stdout] 223 | |         impl<Out, Func, $($param: ExclusiveSystemParam),*> ExclusiveSystemParamFunction<fn($($param,)*) -> Out> for Func
[INFO] [stdout] ...   |
[INFO] [stdout] 280 | |                 call_inner(self, input, world, $($param),*)
[INFO] [stdout]     | |                 ^^^^^^^^^^^^^^^^^^^^^^^^^^^^^^^^^^^^^^^^^^^ cannot infer type
[INFO] [stdout] ...   |
[INFO] [stdout] 283 | |     };
[INFO] [stdout] 284 | | }
[INFO] [stdout]     | |_- this error originates in the macro `impl_exclusive_system_function` which comes from the expansion of the macro `all_tuples`
[INFO] [stdout] ...
[INFO] [stdout] 287 |   all_tuples!(impl_exclusive_system_function, 0, 16, F);
[INFO] [stdout]     |   ----------------------------------------------------- in this macro invocation
[INFO] [stdout]     |
[INFO] [stdout]     = note: the type must implement `input::SystemInput`
[INFO] [stdout]     = help: the following types implement trait `input::SystemInput`:
[INFO] [stdout]               ()
[INFO] [stdout]               StaticSystemInput<'a, I>
[INFO] [stdout]               input::In<T>
[INFO] [stdout]               input::InMut<'_, T>
[INFO] [stdout]               input::InRef<'_, T>
[INFO] [stdout]               observer::Trigger<'_, E, B>
[INFO] [stdout]     = note: cannot satisfy `for<'a> <In as input::SystemInput>::Param<'a> == _`
[INFO] [stdout]     = note: cannot satisfy `&mut Func: FnOnce(_, _, _, _, _, _, _, _, _, _, _, _, _, _, _, _)`
[INFO] [stdout]     = note: cannot satisfy `<In as input::SystemInput>::Inner<'_> == <In as input::SystemInput>::Inner<'_>`
[INFO] [stdout] note: required by a bound in `<Func as exclusive_function_system::ExclusiveSystemParamFunction<(HasExclusiveSystemInput, fn(In, F0, F1, F2, F3, F4, F5, F6, F7, F8, F9, F10, F11, F12, F13) -> Out)>>::run::call_inner`
[INFO] [stdout]    --> /opt/rustwide/cargo-home/registry/src/index.crates.io-1949cf8c6b5b557f/bevy_ecs-0.15.3/src/system/exclusive_function_system.rs:271:35
[INFO] [stdout]     |
[INFO] [stdout] 271 |                 fn call_inner<In: SystemInput, Out, $($param,)*>(
[INFO] [stdout]     |                                   ^^^^^^^^^^^ required by this bound in `call_inner`
[INFO] [stdout] ...
[INFO] [stdout] 287 | all_tuples!(impl_exclusive_system_function, 0, 16, F);
[INFO] [stdout]     | ----------------------------------------------------- in this macro invocation
[INFO] [stdout] note: required by a bound in `<Func as exclusive_function_system::ExclusiveSystemParamFunction<(HasExclusiveSystemInput, fn(In, F0, F1, F2, F3, F4, F5, F6, F7, F8, F9, F10, F11, F12, F13) -> Out)>>::run::call_inner`
[INFO] [stdout]    --> /opt/rustwide/cargo-home/registry/src/index.crates.io-1949cf8c6b5b557f/bevy_ecs-0.15.3/src/system/exclusive_function_system.rs:272:82
[INFO] [stdout]     |
[INFO] [stdout] 271 |                 fn call_inner<In: SystemInput, Out, $($param,)*>(
[INFO] [stdout] 272 |                     mut f: impl FnMut(In::Param<'_>, &mut World, $($param,)*) -> Out,
[INFO] [stdout]     |                                                                                  ^^^ required by this bound in `call_inner`
[INFO] [stdout] ...
[INFO] [stdout] 287 | all_tuples!(impl_exclusive_system_function, 0, 16, F);
[INFO] [stdout]     | ----------------------------------------------------- in this macro invocation
[INFO] [stdout]     = note: the full name for the type has been written to '/opt/rustwide/target/debug/build/bevy_ecs/93cbe270e066d515/out/bevy_ecs-93cbe270e066d515.long-type-6974154066544738023.txt'
[INFO] [stdout]     = note: consider using `--verbose` to print the full type name to the console
[INFO] [stdout] 
[INFO] [stdout] 
[INFO] [stdout] error[E0283]: type annotations needed
[INFO] [stdout]    --> /opt/rustwide/cargo-home/registry/src/index.crates.io-1949cf8c6b5b557f/bevy_ecs-0.15.3/src/system/exclusive_function_system.rs:280:17
[INFO] [stdout]     |
[INFO] [stdout] 220 | / macro_rules! impl_exclusive_system_function {
[INFO] [stdout] 221 | |     ($($param: ident),*) => {
[INFO] [stdout] 222 | |         #[allow(non_snake_case)]
[INFO] [stdout] 223 | |         impl<Out, Func, $($param: ExclusiveSystemParam),*> ExclusiveSystemParamFunction<fn($($param,)*) -> Out> for Func
[INFO] [stdout] ...   |
[INFO] [stdout] 280 | |                 call_inner(self, input, world, $($param),*)
[INFO] [stdout]     | |                 ^^^^^^^^^^^^^^^^^^^^^^^^^^^^^^^^^^^^^^^^^^^ cannot infer type
[INFO] [stdout] ...   |
[INFO] [stdout] 283 | |     };
[INFO] [stdout] 284 | | }
[INFO] [stdout]     | |_- this error originates in the macro `impl_exclusive_system_function` which comes from the expansion of the macro `all_tuples`
[INFO] [stdout] ...
[INFO] [stdout] 287 |   all_tuples!(impl_exclusive_system_function, 0, 16, F);
[INFO] [stdout]     |   ----------------------------------------------------- in this macro invocation
[INFO] [stdout]     |
[INFO] [stdout]     = note: the type must implement `input::SystemInput`
[INFO] [stdout]     = help: the following types implement trait `input::SystemInput`:
[INFO] [stdout]               ()
[INFO] [stdout]               StaticSystemInput<'a, I>
[INFO] [stdout]               input::In<T>
[INFO] [stdout]               input::InMut<'_, T>
[INFO] [stdout]               input::InRef<'_, T>
[INFO] [stdout]               observer::Trigger<'_, E, B>
[INFO] [stdout]     = note: cannot satisfy `for<'a> <In as input::SystemInput>::Param<'a> == _`
[INFO] [stdout]     = note: cannot satisfy `&mut Func: FnOnce(_, _, _, _, _, _, _, _, _, _, _, _, _, _, _, _, _)`
[INFO] [stdout]     = note: cannot satisfy `<In as input::SystemInput>::Inner<'_> == <In as input::SystemInput>::Inner<'_>`
[INFO] [stdout] note: required by a bound in `<Func as exclusive_function_system::ExclusiveSystemParamFunction<(HasExclusiveSystemInput, fn(In, F0, F1, F2, F3, F4, F5, F6, F7, F8, F9, F10, F11, F12, F13, F14) -> Out)>>::run::call_inner`
[INFO] [stdout]    --> /opt/rustwide/cargo-home/registry/src/index.crates.io-1949cf8c6b5b557f/bevy_ecs-0.15.3/src/system/exclusive_function_system.rs:271:35
[INFO] [stdout]     |
[INFO] [stdout] 271 |                 fn call_inner<In: SystemInput, Out, $($param,)*>(
[INFO] [stdout]     |                                   ^^^^^^^^^^^ required by this bound in `call_inner`
[INFO] [stdout] ...
[INFO] [stdout] 287 | all_tuples!(impl_exclusive_system_function, 0, 16, F);
[INFO] [stdout]     | ----------------------------------------------------- in this macro invocation
[INFO] [stdout] note: required by a bound in `<Func as exclusive_function_system::ExclusiveSystemParamFunction<(HasExclusiveSystemInput, fn(In, F0, F1, F2, F3, F4, F5, F6, F7, F8, F9, F10, F11, F12, F13, F14) -> Out)>>::run::call_inner`
[INFO] [stdout]    --> /opt/rustwide/cargo-home/registry/src/index.crates.io-1949cf8c6b5b557f/bevy_ecs-0.15.3/src/system/exclusive_function_system.rs:272:82
[INFO] [stdout]     |
[INFO] [stdout] 271 |                 fn call_inner<In: SystemInput, Out, $($param,)*>(
[INFO] [stdout] 272 |                     mut f: impl FnMut(In::Param<'_>, &mut World, $($param,)*) -> Out,
[INFO] [stdout]     |                                                                                  ^^^ required by this bound in `call_inner`
[INFO] [stdout] ...
[INFO] [stdout] 287 | all_tuples!(impl_exclusive_system_function, 0, 16, F);
[INFO] [stdout]     | ----------------------------------------------------- in this macro invocation
[INFO] [stdout]     = note: the full name for the type has been written to '/opt/rustwide/target/debug/build/bevy_ecs/93cbe270e066d515/out/bevy_ecs-93cbe270e066d515.long-type-15405479464859785781.txt'
[INFO] [stdout]     = note: consider using `--verbose` to print the full type name to the console
[INFO] [stdout] 
[INFO] [stdout] 
[INFO] [stdout] error[E0283]: type annotations needed
[INFO] [stdout]    --> /opt/rustwide/cargo-home/registry/src/index.crates.io-1949cf8c6b5b557f/bevy_ecs-0.15.3/src/system/exclusive_function_system.rs:280:17
[INFO] [stdout]     |
[INFO] [stdout] 220 | / macro_rules! impl_exclusive_system_function {
[INFO] [stdout] 221 | |     ($($param: ident),*) => {
[INFO] [stdout] 222 | |         #[allow(non_snake_case)]
[INFO] [stdout] 223 | |         impl<Out, Func, $($param: ExclusiveSystemParam),*> ExclusiveSystemParamFunction<fn($($param,)*) -> Out> for Func
[INFO] [stdout] ...   |
[INFO] [stdout] 280 | |                 call_inner(self, input, world, $($param),*)
[INFO] [stdout]     | |                 ^^^^^^^^^^^^^^^^^^^^^^^^^^^^^^^^^^^^^^^^^^^ cannot infer type
[INFO] [stdout] ...   |
[INFO] [stdout] 283 | |     };
[INFO] [stdout] 284 | | }
[INFO] [stdout]     | |_- this error originates in the macro `impl_exclusive_system_function` which comes from the expansion of the macro `all_tuples`
[INFO] [stdout] ...
[INFO] [stdout] 287 |   all_tuples!(impl_exclusive_system_function, 0, 16, F);
[INFO] [stdout]     |   ----------------------------------------------------- in this macro invocation
[INFO] [stdout]     |
[INFO] [stdout]     = note: the type must implement `input::SystemInput`
[INFO] [stdout]     = help: the following types implement trait `input::SystemInput`:
[INFO] [stdout]               ()
[INFO] [stdout]               StaticSystemInput<'a, I>
[INFO] [stdout]               input::In<T>
[INFO] [stdout]               input::InMut<'_, T>
[INFO] [stdout]               input::InRef<'_, T>
[INFO] [stdout]               observer::Trigger<'_, E, B>
[INFO] [stdout]     = note: cannot satisfy `for<'a> <In as input::SystemInput>::Param<'a> == _`
[INFO] [stdout]     = note: cannot satisfy `&mut Func: FnOnce(_, _, _, _, _, _, _, _, _, _, _, _, _, _, _, _, _, _)`
[INFO] [stdout]     = note: cannot satisfy `<In as input::SystemInput>::Inner<'_> == <In as input::SystemInput>::Inner<'_>`
[INFO] [stdout] note: required by a bound in `<Func as exclusive_function_system::ExclusiveSystemParamFunction<(HasExclusiveSystemInput, fn(In, F0, F1, F2, F3, F4, F5, F6, F7, F8, F9, F10, F11, F12, F13, F14, F15) -> Out)>>::run::call_inner`
[INFO] [stdout]    --> /opt/rustwide/cargo-home/registry/src/index.crates.io-1949cf8c6b5b557f/bevy_ecs-0.15.3/src/system/exclusive_function_system.rs:271:35
[INFO] [stdout]     |
[INFO] [stdout] 271 |                 fn call_inner<In: SystemInput, Out, $($param,)*>(
[INFO] [stdout]     |                                   ^^^^^^^^^^^ required by this bound in `call_inner`
[INFO] [stdout] ...
[INFO] [stdout] 287 | all_tuples!(impl_exclusive_system_function, 0, 16, F);
[INFO] [stdout]     | ----------------------------------------------------- in this macro invocation
[INFO] [stdout] note: required by a bound in `<Func as exclusive_function_system::ExclusiveSystemParamFunction<(HasExclusiveSystemInput, fn(In, F0, F1, F2, F3, F4, F5, F6, F7, F8, F9, F10, F11, F12, F13, F14, F15) -> Out)>>::run::call_inner`
[INFO] [stdout]    --> /opt/rustwide/cargo-home/registry/src/index.crates.io-1949cf8c6b5b557f/bevy_ecs-0.15.3/src/system/exclusive_function_system.rs:272:82
[INFO] [stdout]     |
[INFO] [stdout] 271 |                 fn call_inner<In: SystemInput, Out, $($param,)*>(
[INFO] [stdout] 272 |                     mut f: impl FnMut(In::Param<'_>, &mut World, $($param,)*) -> Out,
[INFO] [stdout]     |                                                                                  ^^^ required by this bound in `call_inner`
[INFO] [stdout] ...
[INFO] [stdout] 287 | all_tuples!(impl_exclusive_system_function, 0, 16, F);
[INFO] [stdout]     | ----------------------------------------------------- in this macro invocation
[INFO] [stdout]     = note: the full name for the type has been written to '/opt/rustwide/target/debug/build/bevy_ecs/93cbe270e066d515/out/bevy_ecs-93cbe270e066d515.long-type-855990280703501960.txt'
[INFO] [stdout]     = note: consider using `--verbose` to print the full type name to the console
[INFO] [stdout] 
[INFO] [stdout] 
[INFO] [stdout] error[E0283]: type annotations needed
[INFO] [stdout]     --> /opt/rustwide/cargo-home/registry/src/index.crates.io-1949cf8c6b5b557f/bevy_ecs-0.15.3/src/system/function_system.rs:1033:17
[INFO] [stdout]      |
[INFO] [stdout]  978 | / macro_rules! impl_system_function {
[INFO] [stdout]  979 | |     ($($param: ident),*) => {
[INFO] [stdout]  980 | |         #[allow(non_snake_case)]
[INFO] [stdout]  981 | |         impl<Out, Func, $($param: SystemParam),*> SystemParamFunction<fn($($param,)*) -> Out> for Func
[INFO] [stdout] ...    |
[INFO] [stdout] 1033 | |                 call_inner(self, input, $($param),*)
[INFO] [stdout]      | |                 ^^^^^^^^^^^^^^^^^^^^^^^^^^^^^^^^^^^^ cannot infer type
[INFO] [stdout] ...    |
[INFO] [stdout] 1036 | |     };
[INFO] [stdout] 1037 | | }
[INFO] [stdout]      | |_- this error originates in the macro `impl_system_function` which comes from the expansion of the macro `all_tuples`
[INFO] [stdout] ...
[INFO] [stdout] 1041 |   all_tuples!(impl_system_function, 0, 16, F);
[INFO] [stdout]      |   ------------------------------------------- in this macro invocation
[INFO] [stdout]      |
[INFO] [stdout]      = note: the type must implement `input::SystemInput`
[INFO] [stdout]      = help: the following types implement trait `input::SystemInput`:
[INFO] [stdout]                ()
[INFO] [stdout]                StaticSystemInput<'a, I>
[INFO] [stdout]                input::In<T>
[INFO] [stdout]                input::InMut<'_, T>
[INFO] [stdout]                input::InRef<'_, T>
[INFO] [stdout]                observer::Trigger<'_, E, B>
[INFO] [stdout]      = note: cannot satisfy `for<'a> <In as input::SystemInput>::Param<'a> == _`
[INFO] [stdout]      = note: cannot satisfy `for<'a> &mut Func: FnOnce(<In as input::SystemInput>::Param<'a>)`
[INFO] [stdout]      = note: cannot satisfy `<In as input::SystemInput>::Inner<'_> == <In as input::SystemInput>::Inner<'_>`
[INFO] [stdout] note: required by a bound in `<Func as function_system::SystemParamFunction<(HasSystemInput, fn(In) -> Out)>>::run::call_inner`
[INFO] [stdout]     --> /opt/rustwide/cargo-home/registry/src/index.crates.io-1949cf8c6b5b557f/bevy_ecs-0.15.3/src/system/function_system.rs:1025:35
[INFO] [stdout]      |
[INFO] [stdout] 1025 |                 fn call_inner<In: SystemInput, Out, $($param,)*>(
[INFO] [stdout]      |                                   ^^^^^^^^^^^ required by this bound in `call_inner`
[INFO] [stdout] ...
[INFO] [stdout] 1041 | all_tuples!(impl_system_function, 0, 16, F);
[INFO] [stdout]      | ------------------------------------------- in this macro invocation
[INFO] [stdout] note: required by a bound in `<Func as function_system::SystemParamFunction<(HasSystemInput, fn(In) -> Out)>>::run::call_inner`
[INFO] [stdout]     --> /opt/rustwide/cargo-home/registry/src/index.crates.io-1949cf8c6b5b557f/bevy_ecs-0.15.3/src/system/function_system.rs:1026:68
[INFO] [stdout]      |
[INFO] [stdout] 1025 |                 fn call_inner<In: SystemInput, Out, $($param,)*>(
[INFO] [stdout] 1026 |                     mut f: impl FnMut(In::Param<'_>, $($param,)*)->Out,
[INFO] [stdout]      |                                                                    ^^^ required by this bound in `call_inner`
[INFO] [stdout] ...
[INFO] [stdout] 1041 | all_tuples!(impl_system_function, 0, 16, F);
[INFO] [stdout]      | ------------------------------------------- in this macro invocation
[INFO] [stdout] 
[INFO] [stdout] 
[INFO] [stdout] error[E0283]: type annotations needed
[INFO] [stdout]     --> /opt/rustwide/cargo-home/registry/src/index.crates.io-1949cf8c6b5b557f/bevy_ecs-0.15.3/src/system/function_system.rs:1033:17
[INFO] [stdout]      |
[INFO] [stdout]  978 | / macro_rules! impl_system_function {
[INFO] [stdout]  979 | |     ($($param: ident),*) => {
[INFO] [stdout]  980 | |         #[allow(non_snake_case)]
[INFO] [stdout]  981 | |         impl<Out, Func, $($param: SystemParam),*> SystemParamFunction<fn($($param,)*) -> Out> for Func
[INFO] [stdout] ...    |
[INFO] [stdout] 1033 | |                 call_inner(self, input, $($param),*)
[INFO] [stdout]      | |                 ^^^^^^^^^^^^^^^^^^^^^^^^^^^^^^^^^^^^ cannot infer type
[INFO] [stdout] ...    |
[INFO] [stdout] 1036 | |     };
[INFO] [stdout] 1037 | | }
[INFO] [stdout]      | |_- this error originates in the macro `impl_system_function` which comes from the expansion of the macro `all_tuples`
[INFO] [stdout] ...
[INFO] [stdout] 1041 |   all_tuples!(impl_system_function, 0, 16, F);
[INFO] [stdout]      |   ------------------------------------------- in this macro invocation
[INFO] [stdout]      |
[INFO] [stdout]      = note: the type must implement `input::SystemInput`
[INFO] [stdout]      = help: the following types implement trait `input::SystemInput`:
[INFO] [stdout]                ()
[INFO] [stdout]                StaticSystemInput<'a, I>
[INFO] [stdout]                input::In<T>
[INFO] [stdout]                input::InMut<'_, T>
[INFO] [stdout]                input::InRef<'_, T>
[INFO] [stdout]                observer::Trigger<'_, E, B>
[INFO] [stdout]      = note: cannot satisfy `for<'a> <In as input::SystemInput>::Param<'a> == _`
[INFO] [stdout]      = note: cannot satisfy `&mut Func: FnOnce(<In as SystemInput>::Param<'a>, _)`
[INFO] [stdout]      = note: cannot satisfy `<In as input::SystemInput>::Inner<'_> == <In as input::SystemInput>::Inner<'_>`
[INFO] [stdout] note: required by a bound in `<Func as function_system::SystemParamFunction<(HasSystemInput, fn(In, F0) -> Out)>>::run::call_inner`
[INFO] [stdout]     --> /opt/rustwide/cargo-home/registry/src/index.crates.io-1949cf8c6b5b557f/bevy_ecs-0.15.3/src/system/function_system.rs:1025:35
[INFO] [stdout]      |
[INFO] [stdout] 1025 |                 fn call_inner<In: SystemInput, Out, $($param,)*>(
[INFO] [stdout]      |                                   ^^^^^^^^^^^ required by this bound in `call_inner`
[INFO] [stdout] ...
[INFO] [stdout] 1041 | all_tuples!(impl_system_function, 0, 16, F);
[INFO] [stdout]      | ------------------------------------------- in this macro invocation
[INFO] [stdout] note: required by a bound in `<Func as function_system::SystemParamFunction<(HasSystemInput, fn(In, F0) -> Out)>>::run::call_inner`
[INFO] [stdout]     --> /opt/rustwide/cargo-home/registry/src/index.crates.io-1949cf8c6b5b557f/bevy_ecs-0.15.3/src/system/function_system.rs:1026:68
[INFO] [stdout]      |
[INFO] [stdout] 1025 |                 fn call_inner<In: SystemInput, Out, $($param,)*>(
[INFO] [stdout] 1026 |                     mut f: impl FnMut(In::Param<'_>, $($param,)*)->Out,
[INFO] [stdout]      |                                                                    ^^^ required by this bound in `call_inner`
[INFO] [stdout] ...
[INFO] [stdout] 1041 | all_tuples!(impl_system_function, 0, 16, F);
[INFO] [stdout]      | ------------------------------------------- in this macro invocation
[INFO] [stdout]      = note: the full name for the type has been written to '/opt/rustwide/target/debug/build/bevy_ecs/93cbe270e066d515/out/bevy_ecs-93cbe270e066d515.long-type-7071888602788339477.txt'
[INFO] [stdout]      = note: consider using `--verbose` to print the full type name to the console
[INFO] [stdout] 
[INFO] [stdout] 
[INFO] [stdout] error[E0283]: type annotations needed
[INFO] [stdout]     --> /opt/rustwide/cargo-home/registry/src/index.crates.io-1949cf8c6b5b557f/bevy_ecs-0.15.3/src/system/function_system.rs:1033:17
[INFO] [stdout]      |
[INFO] [stdout]  978 | / macro_rules! impl_system_function {
[INFO] [stdout]  979 | |     ($($param: ident),*) => {
[INFO] [stdout]  980 | |         #[allow(non_snake_case)]
[INFO] [stdout]  981 | |         impl<Out, Func, $($param: SystemParam),*> SystemParamFunction<fn($($param,)*) -> Out> for Func
[INFO] [stdout] ...    |
[INFO] [stdout] 1033 | |                 call_inner(self, input, $($param),*)
[INFO] [stdout]      | |                 ^^^^^^^^^^^^^^^^^^^^^^^^^^^^^^^^^^^^ cannot infer type
[INFO] [stdout] ...    |
[INFO] [stdout] 1036 | |     };
[INFO] [stdout] 1037 | | }
[INFO] [stdout]      | |_- this error originates in the macro `impl_system_function` which comes from the expansion of the macro `all_tuples`
[INFO] [stdout] ...
[INFO] [stdout] 1041 |   all_tuples!(impl_system_function, 0, 16, F);
[INFO] [stdout]      |   ------------------------------------------- in this macro invocation
[INFO] [stdout]      |
[INFO] [stdout]      = note: the type must implement `input::SystemInput`
[INFO] [stdout]      = help: the following types implement trait `input::SystemInput`:
[INFO] [stdout]                ()
[INFO] [stdout]                StaticSystemInput<'a, I>
[INFO] [stdout]                input::In<T>
[INFO] [stdout]                input::InMut<'_, T>
[INFO] [stdout]                input::InRef<'_, T>
[INFO] [stdout]                observer::Trigger<'_, E, B>
[INFO] [stdout]      = note: cannot satisfy `for<'a> <In as input::SystemInput>::Param<'a> == _`
[INFO] [stdout]      = note: cannot satisfy `&mut Func: FnOnce(<In as SystemInput>::Param<'a>, _, _)`
[INFO] [stdout]      = note: cannot satisfy `<In as input::SystemInput>::Inner<'_> == <In as input::SystemInput>::Inner<'_>`
[INFO] [stdout] note: required by a bound in `<Func as function_system::SystemParamFunction<(HasSystemInput, fn(In, F0, F1) -> Out)>>::run::call_inner`
[INFO] [stdout]     --> /opt/rustwide/cargo-home/registry/src/index.crates.io-1949cf8c6b5b557f/bevy_ecs-0.15.3/src/system/function_system.rs:1025:35
[INFO] [stdout]      |
[INFO] [stdout] 1025 |                 fn call_inner<In: SystemInput, Out, $($param,)*>(
[INFO] [stdout]      |                                   ^^^^^^^^^^^ required by this bound in `call_inner`
[INFO] [stdout] ...
[INFO] [stdout] 1041 | all_tuples!(impl_system_function, 0, 16, F);
[INFO] [stdout]      | ------------------------------------------- in this macro invocation
[INFO] [stdout] note: required by a bound in `<Func as function_system::SystemParamFunction<(HasSystemInput, fn(In, F0, F1) -> Out)>>::run::call_inner`
[INFO] [stdout]     --> /opt/rustwide/cargo-home/registry/src/index.crates.io-1949cf8c6b5b557f/bevy_ecs-0.15.3/src/system/function_system.rs:1026:68
[INFO] [stdout]      |
[INFO] [stdout] 1025 |                 fn call_inner<In: SystemInput, Out, $($param,)*>(
[INFO] [stdout] 1026 |                     mut f: impl FnMut(In::Param<'_>, $($param,)*)->Out,
[INFO] [stdout]      |                                                                    ^^^ required by this bound in `call_inner`
[INFO] [stdout] ...
[INFO] [stdout] 1041 | all_tuples!(impl_system_function, 0, 16, F);
[INFO] [stdout]      | ------------------------------------------- in this macro invocation
[INFO] [stdout]      = note: the full name for the type has been written to '/opt/rustwide/target/debug/build/bevy_ecs/93cbe270e066d515/out/bevy_ecs-93cbe270e066d515.long-type-3569852414570629720.txt'
[INFO] [stdout]      = note: consider using `--verbose` to print the full type name to the console
[INFO] [stdout] 
[INFO] [stdout] 
[INFO] [stdout] error[E0283]: type annotations needed
[INFO] [stdout]     --> /opt/rustwide/cargo-home/registry/src/index.crates.io-1949cf8c6b5b557f/bevy_ecs-0.15.3/src/system/function_system.rs:1033:17
[INFO] [stdout]      |
[INFO] [stdout]  978 | / macro_rules! impl_system_function {
[INFO] [stdout]  979 | |     ($($param: ident),*) => {
[INFO] [stdout]  980 | |         #[allow(non_snake_case)]
[INFO] [stdout]  981 | |         impl<Out, Func, $($param: SystemParam),*> SystemParamFunction<fn($($param,)*) -> Out> for Func
[INFO] [stdout] ...    |
[INFO] [stdout] 1033 | |                 call_inner(self, input, $($param),*)
[INFO] [stdout]      | |                 ^^^^^^^^^^^^^^^^^^^^^^^^^^^^^^^^^^^^ cannot infer type
[INFO] [stdout] ...    |
[INFO] [stdout] 1036 | |     };
[INFO] [stdout] 1037 | | }
[INFO] [stdout]      | |_- this error originates in the macro `impl_system_function` which comes from the expansion of the macro `all_tuples`
[INFO] [stdout] ...
[INFO] [stdout] 1041 |   all_tuples!(impl_system_function, 0, 16, F);
[INFO] [stdout]      |   ------------------------------------------- in this macro invocation
[INFO] [stdout]      |
[INFO] [stdout]      = note: the type must implement `input::SystemInput`
[INFO] [stdout]      = help: the following types implement trait `input::SystemInput`:
[INFO] [stdout]                ()
[INFO] [stdout]                StaticSystemInput<'a, I>
[INFO] [stdout]                input::In<T>
[INFO] [stdout]                input::InMut<'_, T>
[INFO] [stdout]                input::InRef<'_, T>
[INFO] [stdout]                observer::Trigger<'_, E, B>
[INFO] [stdout]      = note: cannot satisfy `for<'a> <In as input::SystemInput>::Param<'a> == _`
[INFO] [stdout]      = note: cannot satisfy `&mut Func: FnOnce(<In as SystemInput>::Param<'a>, _, _, _)`
[INFO] [stdout]      = note: cannot satisfy `<In as input::SystemInput>::Inner<'_> == <In as input::SystemInput>::Inner<'_>`
[INFO] [stdout] note: required by a bound in `<Func as function_system::SystemParamFunction<(HasSystemInput, fn(In, F0, F1, F2) -> Out)>>::run::call_inner`
[INFO] [stdout]     --> /opt/rustwide/cargo-home/registry/src/index.crates.io-1949cf8c6b5b557f/bevy_ecs-0.15.3/src/system/function_system.rs:1025:35
[INFO] [stdout]      |
[INFO] [stdout] 1025 |                 fn call_inner<In: SystemInput, Out, $($param,)*>(
[INFO] [stdout]      |                                   ^^^^^^^^^^^ required by this bound in `call_inner`
[INFO] [stdout] ...
[INFO] [stdout] 1041 | all_tuples!(impl_system_function, 0, 16, F);
[INFO] [stdout]      | ------------------------------------------- in this macro invocation
[INFO] [stdout] note: required by a bound in `<Func as function_system::SystemParamFunction<(HasSystemInput, fn(In, F0, F1, F2) -> Out)>>::run::call_inner`
[INFO] [stdout]     --> /opt/rustwide/cargo-home/registry/src/index.crates.io-1949cf8c6b5b557f/bevy_ecs-0.15.3/src/system/function_system.rs:1026:68
[INFO] [stdout]      |
[INFO] [stdout] 1025 |                 fn call_inner<In: SystemInput, Out, $($param,)*>(
[INFO] [stdout] 1026 |                     mut f: impl FnMut(In::Param<'_>, $($param,)*)->Out,
[INFO] [stdout]      |                                                                    ^^^ required by this bound in `call_inner`
[INFO] [stdout] ...
[INFO] [stdout] 1041 | all_tuples!(impl_system_function, 0, 16, F);
[INFO] [stdout]      | ------------------------------------------- in this macro invocation
[INFO] [stdout]      = note: the full name for the type has been written to '/opt/rustwide/target/debug/build/bevy_ecs/93cbe270e066d515/out/bevy_ecs-93cbe270e066d515.long-type-9935781563976895139.txt'
[INFO] [stdout]      = note: consider using `--verbose` to print the full type name to the console
[INFO] [stdout] 
[INFO] [stdout] 
[INFO] [stdout] error[E0283]: type annotations needed
[INFO] [stdout]     --> /opt/rustwide/cargo-home/registry/src/index.crates.io-1949cf8c6b5b557f/bevy_ecs-0.15.3/src/system/function_system.rs:1033:17
[INFO] [stdout]      |
[INFO] [stdout]  978 | / macro_rules! impl_system_function {
[INFO] [stdout]  979 | |     ($($param: ident),*) => {
[INFO] [stdout]  980 | |         #[allow(non_snake_case)]
[INFO] [stdout]  981 | |         impl<Out, Func, $($param: SystemParam),*> SystemParamFunction<fn($($param,)*) -> Out> for Func
[INFO] [stdout] ...    |
[INFO] [stdout] 1033 | |                 call_inner(self, input, $($param),*)
[INFO] [stdout]      | |                 ^^^^^^^^^^^^^^^^^^^^^^^^^^^^^^^^^^^^ cannot infer type
[INFO] [stdout] ...    |
[INFO] [stdout] 1036 | |     };
[INFO] [stdout] 1037 | | }
[INFO] [stdout]      | |_- this error originates in the macro `impl_system_function` which comes from the expansion of the macro `all_tuples`
[INFO] [stdout] ...
[INFO] [stdout] 1041 |   all_tuples!(impl_system_function, 0, 16, F);
[INFO] [stdout]      |   ------------------------------------------- in this macro invocation
[INFO] [stdout]      |
[INFO] [stdout]      = note: the type must implement `input::SystemInput`
[INFO] [stdout]      = help: the following types implement trait `input::SystemInput`:
[INFO] [stdout]                ()
[INFO] [stdout]                StaticSystemInput<'a, I>
[INFO] [stdout]                input::In<T>
[INFO] [stdout]                input::InMut<'_, T>
[INFO] [stdout]                input::InRef<'_, T>
[INFO] [stdout]                observer::Trigger<'_, E, B>
[INFO] [stdout]      = note: cannot satisfy `for<'a> <In as input::SystemInput>::Param<'a> == _`
[INFO] [stdout]      = note: cannot satisfy `&mut Func: FnOnce(<In as SystemInput>::Param<'a>, _, _, _, _)`
[INFO] [stdout]      = note: cannot satisfy `<In as input::SystemInput>::Inner<'_> == <In as input::SystemInput>::Inner<'_>`
[INFO] [stdout] note: required by a bound in `<Func as function_system::SystemParamFunction<(HasSystemInput, fn(In, F0, F1, F2, F3) -> Out)>>::run::call_inner`
[INFO] [stdout]     --> /opt/rustwide/cargo-home/registry/src/index.crates.io-1949cf8c6b5b557f/bevy_ecs-0.15.3/src/system/function_system.rs:1025:35
[INFO] [stdout]      |
[INFO] [stdout] 1025 |                 fn call_inner<In: SystemInput, Out, $($param,)*>(
[INFO] [stdout]      |                                   ^^^^^^^^^^^ required by this bound in `call_inner`
[INFO] [stdout] ...
[INFO] [stdout] 1041 | all_tuples!(impl_system_function, 0, 16, F);
[INFO] [stdout]      | ------------------------------------------- in this macro invocation
[INFO] [stdout] note: required by a bound in `<Func as function_system::SystemParamFunction<(HasSystemInput, fn(In, F0, F1, F2, F3) -> Out)>>::run::call_inner`
[INFO] [stdout]     --> /opt/rustwide/cargo-home/registry/src/index.crates.io-1949cf8c6b5b557f/bevy_ecs-0.15.3/src/system/function_system.rs:1026:68
[INFO] [stdout]      |
[INFO] [stdout] 1025 |                 fn call_inner<In: SystemInput, Out, $($param,)*>(
[INFO] [stdout] 1026 |                     mut f: impl FnMut(In::Param<'_>, $($param,)*)->Out,
[INFO] [stdout]      |                                                                    ^^^ required by this bound in `call_inner`
[INFO] [stdout] ...
[INFO] [stdout] 1041 | all_tuples!(impl_system_function, 0, 16, F);
[INFO] [stdout]      | ------------------------------------------- in this macro invocation
[INFO] [stdout]      = note: the full name for the type has been written to '/opt/rustwide/target/debug/build/bevy_ecs/93cbe270e066d515/out/bevy_ecs-93cbe270e066d515.long-type-11269566689133973358.txt'
[INFO] [stdout]      = note: consider using `--verbose` to print the full type name to the console
[INFO] [stdout] 
[INFO] [stdout] 
[INFO] [stdout] error[E0283]: type annotations needed
[INFO] [stdout]     --> /opt/rustwide/cargo-home/registry/src/index.crates.io-1949cf8c6b5b557f/bevy_ecs-0.15.3/src/system/function_system.rs:1033:17
[INFO] [stdout]      |
[INFO] [stdout]  978 | / macro_rules! impl_system_function {
[INFO] [stdout]  979 | |     ($($param: ident),*) => {
[INFO] [stdout]  980 | |         #[allow(non_snake_case)]
[INFO] [stdout]  981 | |         impl<Out, Func, $($param: SystemParam),*> SystemParamFunction<fn($($param,)*) -> Out> for Func
[INFO] [stdout] ...    |
[INFO] [stdout] 1033 | |                 call_inner(self, input, $($param),*)
[INFO] [stdout]      | |                 ^^^^^^^^^^^^^^^^^^^^^^^^^^^^^^^^^^^^ cannot infer type
[INFO] [stdout] ...    |
[INFO] [stdout] 1036 | |     };
[INFO] [stdout] 1037 | | }
[INFO] [stdout]      | |_- this error originates in the macro `impl_system_function` which comes from the expansion of the macro `all_tuples`
[INFO] [stdout] ...
[INFO] [stdout] 1041 |   all_tuples!(impl_system_function, 0, 16, F);
[INFO] [stdout]      |   ------------------------------------------- in this macro invocation
[INFO] [stdout]      |
[INFO] [stdout]      = note: the type must implement `input::SystemInput`
[INFO] [stdout]      = help: the following types implement trait `input::SystemInput`:
[INFO] [stdout]                ()
[INFO] [stdout]                StaticSystemInput<'a, I>
[INFO] [stdout]                input::In<T>
[INFO] [stdout]                input::InMut<'_, T>
[INFO] [stdout]                input::InRef<'_, T>
[INFO] [stdout]                observer::Trigger<'_, E, B>
[INFO] [stdout]      = note: cannot satisfy `for<'a> <In as input::SystemInput>::Param<'a> == _`
[INFO] [stdout]      = note: cannot satisfy `&mut Func: FnOnce(<In as SystemInput>::Param<'a>, _, _, _, _, _)`
[INFO] [stdout]      = note: cannot satisfy `<In as input::SystemInput>::Inner<'_> == <In as input::SystemInput>::Inner<'_>`
[INFO] [stdout] note: required by a bound in `<Func as function_system::SystemParamFunction<(HasSystemInput, fn(In, F0, F1, F2, F3, F4) -> Out)>>::run::call_inner`
[INFO] [stdout]     --> /opt/rustwide/cargo-home/registry/src/index.crates.io-1949cf8c6b5b557f/bevy_ecs-0.15.3/src/system/function_system.rs:1025:35
[INFO] [stdout]      |
[INFO] [stdout] 1025 |                 fn call_inner<In: SystemInput, Out, $($param,)*>(
[INFO] [stdout]      |                                   ^^^^^^^^^^^ required by this bound in `call_inner`
[INFO] [stdout] ...
[INFO] [stdout] 1041 | all_tuples!(impl_system_function, 0, 16, F);
[INFO] [stdout]      | ------------------------------------------- in this macro invocation
[INFO] [stdout] note: required by a bound in `<Func as function_system::SystemParamFunction<(HasSystemInput, fn(In, F0, F1, F2, F3, F4) -> Out)>>::run::call_inner`
[INFO] [stdout]     --> /opt/rustwide/cargo-home/registry/src/index.crates.io-1949cf8c6b5b557f/bevy_ecs-0.15.3/src/system/function_system.rs:1026:68
[INFO] [stdout]      |
[INFO] [stdout] 1025 |                 fn call_inner<In: SystemInput, Out, $($param,)*>(
[INFO] [stdout] 1026 |                     mut f: impl FnMut(In::Param<'_>, $($param,)*)->Out,
[INFO] [stdout]      |                                                                    ^^^ required by this bound in `call_inner`
[INFO] [stdout] ...
[INFO] [stdout] 1041 | all_tuples!(impl_system_function, 0, 16, F);
[INFO] [stdout]      | ------------------------------------------- in this macro invocation
[INFO] [stdout]      = note: the full name for the type has been written to '/opt/rustwide/target/debug/build/bevy_ecs/93cbe270e066d515/out/bevy_ecs-93cbe270e066d515.long-type-13282049170759813480.txt'
[INFO] [stdout]      = note: consider using `--verbose` to print the full type name to the console
[INFO] [stdout] 
[INFO] [stdout] 
[INFO] [stdout] error[E0283]: type annotations needed
[INFO] [stdout]     --> /opt/rustwide/cargo-home/registry/src/index.crates.io-1949cf8c6b5b557f/bevy_ecs-0.15.3/src/system/function_system.rs:1033:17
[INFO] [stdout]      |
[INFO] [stdout]  978 | / macro_rules! impl_system_function {
[INFO] [stdout]  979 | |     ($($param: ident),*) => {
[INFO] [stdout]  980 | |         #[allow(non_snake_case)]
[INFO] [stdout]  981 | |         impl<Out, Func, $($param: SystemParam),*> SystemParamFunction<fn($($param,)*) -> Out> for Func
[INFO] [stdout] ...    |
[INFO] [stdout] 1033 | |                 call_inner(self, input, $($param),*)
[INFO] [stdout]      | |                 ^^^^^^^^^^^^^^^^^^^^^^^^^^^^^^^^^^^^ cannot infer type
[INFO] [stdout] ...    |
[INFO] [stdout] 1036 | |     };
[INFO] [stdout] 1037 | | }
[INFO] [stdout]      | |_- this error originates in the macro `impl_system_function` which comes from the expansion of the macro `all_tuples`
[INFO] [stdout] ...
[INFO] [stdout] 1041 |   all_tuples!(impl_system_function, 0, 16, F);
[INFO] [stdout]      |   ------------------------------------------- in this macro invocation
[INFO] [stdout]      |
[INFO] [stdout]      = note: the type must implement `input::SystemInput`
[INFO] [stdout]      = help: the following types implement trait `input::SystemInput`:
[INFO] [stdout]                ()
[INFO] [stdout]                StaticSystemInput<'a, I>
[INFO] [stdout]                input::In<T>
[INFO] [stdout]                input::InMut<'_, T>
[INFO] [stdout]                input::InRef<'_, T>
[INFO] [stdout]                observer::Trigger<'_, E, B>
[INFO] [stdout]      = note: cannot satisfy `for<'a> <In as input::SystemInput>::Param<'a> == _`
[INFO] [stdout]      = note: cannot satisfy `&mut Func: FnOnce(<In as SystemInput>::Param<'a>, _, _, _, _, _, _)`
[INFO] [stdout]      = note: cannot satisfy `<In as input::SystemInput>::Inner<'_> == <In as input::SystemInput>::Inner<'_>`
[INFO] [stdout] note: required by a bound in `<Func as function_system::SystemParamFunction<(HasSystemInput, fn(In, F0, F1, F2, F3, F4, F5) -> Out)>>::run::call_inner`
[INFO] [stdout]     --> /opt/rustwide/cargo-home/registry/src/index.crates.io-1949cf8c6b5b557f/bevy_ecs-0.15.3/src/system/function_system.rs:1025:35
[INFO] [stdout]      |
[INFO] [stdout] 1025 |                 fn call_inner<In: SystemInput, Out, $($param,)*>(
[INFO] [stdout]      |                                   ^^^^^^^^^^^ required by this bound in `call_inner`
[INFO] [stdout] ...
[INFO] [stdout] 1041 | all_tuples!(impl_system_function, 0, 16, F);
[INFO] [stdout]      | ------------------------------------------- in this macro invocation
[INFO] [stdout] note: required by a bound in `<Func as function_system::SystemParamFunction<(HasSystemInput, fn(In, F0, F1, F2, F3, F4, F5) -> Out)>>::run::call_inner`
[INFO] [stdout]     --> /opt/rustwide/cargo-home/registry/src/index.crates.io-1949cf8c6b5b557f/bevy_ecs-0.15.3/src/system/function_system.rs:1026:68
[INFO] [stdout]      |
[INFO] [stdout] 1025 |                 fn call_inner<In: SystemInput, Out, $($param,)*>(
[INFO] [stdout] 1026 |                     mut f: impl FnMut(In::Param<'_>, $($param,)*)->Out,
[INFO] [stdout]      |                                                                    ^^^ required by this bound in `call_inner`
[INFO] [stdout] ...
[INFO] [stdout] 1041 | all_tuples!(impl_system_function, 0, 16, F);
[INFO] [stdout]      | ------------------------------------------- in this macro invocation
[INFO] [stdout]      = note: the full name for the type has been written to '/opt/rustwide/target/debug/build/bevy_ecs/93cbe270e066d515/out/bevy_ecs-93cbe270e066d515.long-type-6123923307867205777.txt'
[INFO] [stdout]      = note: consider using `--verbose` to print the full type name to the console
[INFO] [stdout] 
[INFO] [stdout] 
[INFO] [stdout] error[E0283]: type annotations needed
[INFO] [stdout]     --> /opt/rustwide/cargo-home/registry/src/index.crates.io-1949cf8c6b5b557f/bevy_ecs-0.15.3/src/system/function_system.rs:1033:17
[INFO] [stdout]      |
[INFO] [stdout]  978 | / macro_rules! impl_system_function {
[INFO] [stdout]  979 | |     ($($param: ident),*) => {
[INFO] [stdout]  980 | |         #[allow(non_snake_case)]
[INFO] [stdout]  981 | |         impl<Out, Func, $($param: SystemParam),*> SystemParamFunction<fn($($param,)*) -> Out> for Func
[INFO] [stdout] ...    |
[INFO] [stdout] 1033 | |                 call_inner(self, input, $($param),*)
[INFO] [stdout]      | |                 ^^^^^^^^^^^^^^^^^^^^^^^^^^^^^^^^^^^^ cannot infer type
[INFO] [stdout] ...    |
[INFO] [stdout] 1036 | |     };
[INFO] [stdout] 1037 | | }
[INFO] [stdout]      | |_- this error originates in the macro `impl_system_function` which comes from the expansion of the macro `all_tuples`
[INFO] [stdout] ...
[INFO] [stdout] 1041 |   all_tuples!(impl_system_function, 0, 16, F);
[INFO] [stdout]      |   ------------------------------------------- in this macro invocation
[INFO] [stdout]      |
[INFO] [stdout]      = note: the type must implement `input::SystemInput`
[INFO] [stdout]      = help: the following types implement trait `input::SystemInput`:
[INFO] [stdout]                ()
[INFO] [stdout]                StaticSystemInput<'a, I>
[INFO] [stdout]                input::In<T>
[INFO] [stdout]                input::InMut<'_, T>
[INFO] [stdout]                input::InRef<'_, T>
[INFO] [stdout]                observer::Trigger<'_, E, B>
[INFO] [stdout]      = note: cannot satisfy `for<'a> <In as input::SystemInput>::Param<'a> == _`
[INFO] [stdout]      = note: cannot satisfy `&mut Func: FnOnce(<In as SystemInput>::Param<'a>, _, _, _, _, _, _, _)`
[INFO] [stdout]      = note: cannot satisfy `<In as input::SystemInput>::Inner<'_> == <In as input::SystemInput>::Inner<'_>`
[INFO] [stdout] note: required by a bound in `<Func as function_system::SystemParamFunction<(HasSystemInput, fn(In, F0, F1, F2, F3, F4, F5, F6) -> Out)>>::run::call_inner`
[INFO] [stdout]     --> /opt/rustwide/cargo-home/registry/src/index.crates.io-1949cf8c6b5b557f/bevy_ecs-0.15.3/src/system/function_system.rs:1025:35
[INFO] [stdout]      |
[INFO] [stdout] 1025 |                 fn call_inner<In: SystemInput, Out, $($param,)*>(
[INFO] [stdout]      |                                   ^^^^^^^^^^^ required by this bound in `call_inner`
[INFO] [stdout] ...
[INFO] [stdout] 1041 | all_tuples!(impl_system_function, 0, 16, F);
[INFO] [stdout]      | ------------------------------------------- in this macro invocation
[INFO] [stdout] note: required by a bound in `<Func as function_system::SystemParamFunction<(HasSystemInput, fn(In, F0, F1, F2, F3, F4, F5, F6) -> Out)>>::run::call_inner`
[INFO] [stdout]     --> /opt/rustwide/cargo-home/registry/src/index.crates.io-1949cf8c6b5b557f/bevy_ecs-0.15.3/src/system/function_system.rs:1026:68
[INFO] [stdout]      |
[INFO] [stdout] 1025 |                 fn call_inner<In: SystemInput, Out, $($param,)*>(
[INFO] [stdout] 1026 |                     mut f: impl FnMut(In::Param<'_>, $($param,)*)->Out,
[INFO] [stdout]      |                                                                    ^^^ required by this bound in `call_inner`
[INFO] [stdout] ...
[INFO] [stdout] 1041 | all_tuples!(impl_system_function, 0, 16, F);
[INFO] [stdout]      | ------------------------------------------- in this macro invocation
[INFO] [stdout]      = note: the full name for the type has been written to '/opt/rustwide/target/debug/build/bevy_ecs/93cbe270e066d515/out/bevy_ecs-93cbe270e066d515.long-type-1019584299231011479.txt'
[INFO] [stdout]      = note: consider using `--verbose` to print the full type name to the console
[INFO] [stdout] 
[INFO] [stdout] 
[INFO] [stdout] error[E0283]: type annotations needed
[INFO] [stdout]     --> /opt/rustwide/cargo-home/registry/src/index.crates.io-1949cf8c6b5b557f/bevy_ecs-0.15.3/src/system/function_system.rs:1033:17
[INFO] [stdout]      |
[INFO] [stdout]  978 | / macro_rules! impl_system_function {
[INFO] [stdout]  979 | |     ($($param: ident),*) => {
[INFO] [stdout]  980 | |         #[allow(non_snake_case)]
[INFO] [stdout]  981 | |         impl<Out, Func, $($param: SystemParam),*> SystemParamFunction<fn($($param,)*) -> Out> for Func
[INFO] [stdout] ...    |
[INFO] [stdout] 1033 | |                 call_inner(self, input, $($param),*)
[INFO] [stdout]      | |                 ^^^^^^^^^^^^^^^^^^^^^^^^^^^^^^^^^^^^ cannot infer type
[INFO] [stdout] ...    |
[INFO] [stdout] 1036 | |     };
[INFO] [stdout] 1037 | | }
[INFO] [stdout]      | |_- this error originates in the macro `impl_system_function` which comes from the expansion of the macro `all_tuples`
[INFO] [stdout] ...
[INFO] [stdout] 1041 |   all_tuples!(impl_system_function, 0, 16, F);
[INFO] [stdout]      |   ------------------------------------------- in this macro invocation
[INFO] [stdout]      |
[INFO] [stdout]      = note: the type must implement `input::SystemInput`
[INFO] [stdout]      = help: the following types implement trait `input::SystemInput`:
[INFO] [stdout]                ()
[INFO] [stdout]                StaticSystemInput<'a, I>
[INFO] [stdout]                input::In<T>
[INFO] [stdout]                input::InMut<'_, T>
[INFO] [stdout]                input::InRef<'_, T>
[INFO] [stdout]                observer::Trigger<'_, E, B>
[INFO] [stdout]      = note: cannot satisfy `for<'a> <In as input::SystemInput>::Param<'a> == _`
[INFO] [stdout]      = note: cannot satisfy `&mut Func: FnOnce(_, _, _, _, _, _, _, _, _)`
[INFO] [stdout]      = note: cannot satisfy `<In as input::SystemInput>::Inner<'_> == <In as input::SystemInput>::Inner<'_>`
[INFO] [stdout] note: required by a bound in `<Func as function_system::SystemParamFunction<(HasSystemInput, fn(In, F0, F1, F2, F3, F4, F5, F6, F7) -> Out)>>::run::call_inner`
[INFO] [stdout]     --> /opt/rustwide/cargo-home/registry/src/index.crates.io-1949cf8c6b5b557f/bevy_ecs-0.15.3/src/system/function_system.rs:1025:35
[INFO] [stdout]      |
[INFO] [stdout] 1025 |                 fn call_inner<In: SystemInput, Out, $($param,)*>(
[INFO] [stdout]      |                                   ^^^^^^^^^^^ required by this bound in `call_inner`
[INFO] [stdout] ...
[INFO] [stdout] 1041 | all_tuples!(impl_system_function, 0, 16, F);
[INFO] [stdout]      | ------------------------------------------- in this macro invocation
[INFO] [stdout] note: required by a bound in `<Func as function_system::SystemParamFunction<(HasSystemInput, fn(In, F0, F1, F2, F3, F4, F5, F6, F7) -> Out)>>::run::call_inner`
[INFO] [stdout]     --> /opt/rustwide/cargo-home/registry/src/index.crates.io-1949cf8c6b5b557f/bevy_ecs-0.15.3/src/system/function_system.rs:1026:68
[INFO] [stdout]      |
[INFO] [stdout] 1025 |                 fn call_inner<In: SystemInput, Out, $($param,)*>(
[INFO] [stdout] 1026 |                     mut f: impl FnMut(In::Param<'_>, $($param,)*)->Out,
[INFO] [stdout]      |                                                                    ^^^ required by this bound in `call_inner`
[INFO] [stdout] ...
[INFO] [stdout] 1041 | all_tuples!(impl_system_function, 0, 16, F);
[INFO] [stdout]      | ------------------------------------------- in this macro invocation
[INFO] [stdout]      = note: the full name for the type has been written to '/opt/rustwide/target/debug/build/bevy_ecs/93cbe270e066d515/out/bevy_ecs-93cbe270e066d515.long-type-15932971088206154426.txt'
[INFO] [stdout]      = note: consider using `--verbose` to print the full type name to the console
[INFO] [stdout] 
[INFO] [stdout] 
[INFO] [stdout] error[E0283]: type annotations needed
[INFO] [stdout]     --> /opt/rustwide/cargo-home/registry/src/index.crates.io-1949cf8c6b5b557f/bevy_ecs-0.15.3/src/system/function_system.rs:1033:17
[INFO] [stdout]      |
[INFO] [stdout]  978 | / macro_rules! impl_system_function {
[INFO] [stdout]  979 | |     ($($param: ident),*) => {
[INFO] [stdout]  980 | |         #[allow(non_snake_case)]
[INFO] [stdout]  981 | |         impl<Out, Func, $($param: SystemParam),*> SystemParamFunction<fn($($param,)*) -> Out> for Func
[INFO] [stdout] ...    |
[INFO] [stdout] 1033 | |                 call_inner(self, input, $($param),*)
[INFO] [stdout]      | |                 ^^^^^^^^^^^^^^^^^^^^^^^^^^^^^^^^^^^^ cannot infer type
[INFO] [stdout] ...    |
[INFO] [stdout] 1036 | |     };
[INFO] [stdout] 1037 | | }
[INFO] [stdout]      | |_- this error originates in the macro `impl_system_function` which comes from the expansion of the macro `all_tuples`
[INFO] [stdout] ...
[INFO] [stdout] 1041 |   all_tuples!(impl_system_function, 0, 16, F);
[INFO] [stdout]      |   ------------------------------------------- in this macro invocation
[INFO] [stdout]      |
[INFO] [stdout]      = note: the type must implement `input::SystemInput`
[INFO] [stdout]      = help: the following types implement trait `input::SystemInput`:
[INFO] [stdout]                ()
[INFO] [stdout]                StaticSystemInput<'a, I>
[INFO] [stdout]                input::In<T>
[INFO] [stdout]                input::InMut<'_, T>
[INFO] [stdout]                input::InRef<'_, T>
[INFO] [stdout]                observer::Trigger<'_, E, B>
[INFO] [stdout]      = note: cannot satisfy `for<'a> <In as input::SystemInput>::Param<'a> == _`
[INFO] [stdout]      = note: cannot satisfy `&mut Func: FnOnce(_, _, _, _, _, _, _, _, _, _)`
[INFO] [stdout]      = note: cannot satisfy `<In as input::SystemInput>::Inner<'_> == <In as input::SystemInput>::Inner<'_>`
[INFO] [stdout] note: required by a bound in `<Func as function_system::SystemParamFunction<(HasSystemInput, fn(In, F0, F1, F2, F3, F4, F5, F6, F7, F8) -> Out)>>::run::call_inner`
[INFO] [stdout]     --> /opt/rustwide/cargo-home/registry/src/index.crates.io-1949cf8c6b5b557f/bevy_ecs-0.15.3/src/system/function_system.rs:1025:35
[INFO] [stdout]      |
[INFO] [stdout] 1025 |                 fn call_inner<In: SystemInput, Out, $($param,)*>(
[INFO] [stdout]      |                                   ^^^^^^^^^^^ required by this bound in `call_inner`
[INFO] [stdout] ...
[INFO] [stdout] 1041 | all_tuples!(impl_system_function, 0, 16, F);
[INFO] [stdout]      | ------------------------------------------- in this macro invocation
[INFO] [stdout] note: required by a bound in `<Func as function_system::SystemParamFunction<(HasSystemInput, fn(In, F0, F1, F2, F3, F4, F5, F6, F7, F8) -> Out)>>::run::call_inner`
[INFO] [stdout]     --> /opt/rustwide/cargo-home/registry/src/index.crates.io-1949cf8c6b5b557f/bevy_ecs-0.15.3/src/system/function_system.rs:1026:68
[INFO] [stdout]      |
[INFO] [stdout] 1025 |                 fn call_inner<In: SystemInput, Out, $($param,)*>(
[INFO] [stdout] 1026 |                     mut f: impl FnMut(In::Param<'_>, $($param,)*)->Out,
[INFO] [stdout]      |                                                                    ^^^ required by this bound in `call_inner`
[INFO] [stdout] ...
[INFO] [stdout] 1041 | all_tuples!(impl_system_function, 0, 16, F);
[INFO] [stdout]      | ------------------------------------------- in this macro invocation
[INFO] [stdout]      = note: the full name for the type has been written to '/opt/rustwide/target/debug/build/bevy_ecs/93cbe270e066d515/out/bevy_ecs-93cbe270e066d515.long-type-16112454439256883050.txt'
[INFO] [stdout]      = note: consider using `--verbose` to print the full type name to the console
[INFO] [stdout] 
[INFO] [stdout] 
[INFO] [stdout] error[E0283]: type annotations needed
[INFO] [stdout]     --> /opt/rustwide/cargo-home/registry/src/index.crates.io-1949cf8c6b5b557f/bevy_ecs-0.15.3/src/system/function_system.rs:1033:17
[INFO] [stdout]      |
[INFO] [stdout]  978 | / macro_rules! impl_system_function {
[INFO] [stdout]  979 | |     ($($param: ident),*) => {
[INFO] [stdout]  980 | |         #[allow(non_snake_case)]
[INFO] [stdout]  981 | |         impl<Out, Func, $($param: SystemParam),*> SystemParamFunction<fn($($param,)*) -> Out> for Func
[INFO] [stdout] ...    |
[INFO] [stdout] 1033 | |                 call_inner(self, input, $($param),*)
[INFO] [stdout]      | |                 ^^^^^^^^^^^^^^^^^^^^^^^^^^^^^^^^^^^^ cannot infer type
[INFO] [stdout] ...    |
[INFO] [stdout] 1036 | |     };
[INFO] [stdout] 1037 | | }
[INFO] [stdout]      | |_- this error originates in the macro `impl_system_function` which comes from the expansion of the macro `all_tuples`
[INFO] [stdout] ...
[INFO] [stdout] 1041 |   all_tuples!(impl_system_function, 0, 16, F);
[INFO] [stdout]      |   ------------------------------------------- in this macro invocation
[INFO] [stdout]      |
[INFO] [stdout]      = note: the type must implement `input::SystemInput`
[INFO] [stdout]      = help: the following types implement trait `input::SystemInput`:
[INFO] [stdout]                ()
[INFO] [stdout]                StaticSystemInput<'a, I>
[INFO] [stdout]                input::In<T>
[INFO] [stdout]                input::InMut<'_, T>
[INFO] [stdout]                input::InRef<'_, T>
[INFO] [stdout]                observer::Trigger<'_, E, B>
[INFO] [stdout]      = note: cannot satisfy `for<'a> <In as input::SystemInput>::Param<'a> == _`
[INFO] [stdout]      = note: cannot satisfy `&mut Func: FnOnce(_, _, _, _, _, _, _, _, _, _, _)`
[INFO] [stdout]      = note: cannot satisfy `<In as input::SystemInput>::Inner<'_> == <In as input::SystemInput>::Inner<'_>`
[INFO] [stdout] note: required by a bound in `<Func as function_system::SystemParamFunction<(HasSystemInput, fn(In, F0, F1, F2, F3, F4, F5, F6, F7, F8, F9) -> Out)>>::run::call_inner`
[INFO] [stdout]     --> /opt/rustwide/cargo-home/registry/src/index.crates.io-1949cf8c6b5b557f/bevy_ecs-0.15.3/src/system/function_system.rs:1025:35
[INFO] [stdout]      |
[INFO] [stdout] 1025 |                 fn call_inner<In: SystemInput, Out, $($param,)*>(
[INFO] [stdout]      |                                   ^^^^^^^^^^^ required by this bound in `call_inner`
[INFO] [stdout] ...
[INFO] [stdout] 1041 | all_tuples!(impl_system_function, 0, 16, F);
[INFO] [stdout]      | ------------------------------------------- in this macro invocation
[INFO] [stdout] note: required by a bound in `<Func as function_system::SystemParamFunction<(HasSystemInput, fn(In, F0, F1, F2, F3, F4, F5, F6, F7, F8, F9) -> Out)>>::run::call_inner`
[INFO] [stdout]     --> /opt/rustwide/cargo-home/registry/src/index.crates.io-1949cf8c6b5b557f/bevy_ecs-0.15.3/src/system/function_system.rs:1026:68
[INFO] [stdout]      |
[INFO] [stdout] 1025 |                 fn call_inner<In: SystemInput, Out, $($param,)*>(
[INFO] [stdout] 1026 |                     mut f: impl FnMut(In::Param<'_>, $($param,)*)->Out,
[INFO] [stdout]      |                                                                    ^^^ required by this bound in `call_inner`
[INFO] [stdout] ...
[INFO] [stdout] 1041 | all_tuples!(impl_system_function, 0, 16, F);
[INFO] [stdout]      | ------------------------------------------- in this macro invocation
[INFO] [stdout]      = note: the full name for the type has been written to '/opt/rustwide/target/debug/build/bevy_ecs/93cbe270e066d515/out/bevy_ecs-93cbe270e066d515.long-type-1519429081036215127.txt'
[INFO] [stdout]      = note: consider using `--verbose` to print the full type name to the console
[INFO] [stdout] 
[INFO] [stdout] 
[INFO] [stdout] error[E0283]: type annotations needed
[INFO] [stdout]     --> /opt/rustwide/cargo-home/registry/src/index.crates.io-1949cf8c6b5b557f/bevy_ecs-0.15.3/src/system/function_system.rs:1033:17
[INFO] [stdout]      |
[INFO] [stdout]  978 | / macro_rules! impl_system_function {
[INFO] [stdout]  979 | |     ($($param: ident),*) => {
[INFO] [stdout]  980 | |         #[allow(non_snake_case)]
[INFO] [stdout]  981 | |         impl<Out, Func, $($param: SystemParam),*> SystemParamFunction<fn($($param,)*) -> Out> for Func
[INFO] [stdout] ...    |
[INFO] [stdout] 1033 | |                 call_inner(self, input, $($param),*)
[INFO] [stdout]      | |                 ^^^^^^^^^^^^^^^^^^^^^^^^^^^^^^^^^^^^ cannot infer type
[INFO] [stdout] ...    |
[INFO] [stdout] 1036 | |     };
[INFO] [stdout] 1037 | | }
[INFO] [stdout]      | |_- this error originates in the macro `impl_system_function` which comes from the expansion of the macro `all_tuples`
[INFO] [stdout] ...
[INFO] [stdout] 1041 |   all_tuples!(impl_system_function, 0, 16, F);
[INFO] [stdout]      |   ------------------------------------------- in this macro invocation
[INFO] [stdout]      |
[INFO] [stdout]      = note: the type must implement `input::SystemInput`
[INFO] [stdout]      = help: the following types implement trait `input::SystemInput`:
[INFO] [stdout]                ()
[INFO] [stdout]                StaticSystemInput<'a, I>
[INFO] [stdout]                input::In<T>
[INFO] [stdout]                input::InMut<'_, T>
[INFO] [stdout]                input::InRef<'_, T>
[INFO] [stdout]                observer::Trigger<'_, E, B>
[INFO] [stdout]      = note: cannot satisfy `for<'a> <In as input::SystemInput>::Param<'a> == _`
[INFO] [stdout]      = note: cannot satisfy `&mut Func: FnOnce(_, _, _, _, _, _, _, _, _, _, _, _)`
[INFO] [stdout]      = note: cannot satisfy `<In as input::SystemInput>::Inner<'_> == <In as input::SystemInput>::Inner<'_>`
[INFO] [stdout] note: required by a bound in `<Func as function_system::SystemParamFunction<(HasSystemInput, fn(In, F0, F1, F2, F3, F4, F5, F6, F7, F8, F9, F10) -> Out)>>::run::call_inner`
[INFO] [stdout]     --> /opt/rustwide/cargo-home/registry/src/index.crates.io-1949cf8c6b5b557f/bevy_ecs-0.15.3/src/system/function_system.rs:1025:35
[INFO] [stdout]      |
[INFO] [stdout] 1025 |                 fn call_inner<In: SystemInput, Out, $($param,)*>(
[INFO] [stdout]      |                                   ^^^^^^^^^^^ required by this bound in `call_inner`
[INFO] [stdout] ...
[INFO] [stdout] 1041 | all_tuples!(impl_system_function, 0, 16, F);
[INFO] [stdout]      | ------------------------------------------- in this macro invocation
[INFO] [stdout] note: required by a bound in `<Func as function_system::SystemParamFunction<(HasSystemInput, fn(In, F0, F1, F2, F3, F4, F5, F6, F7, F8, F9, F10) -> Out)>>::run::call_inner`
[INFO] [stdout]     --> /opt/rustwide/cargo-home/registry/src/index.crates.io-1949cf8c6b5b557f/bevy_ecs-0.15.3/src/system/function_system.rs:1026:68
[INFO] [stdout]      |
[INFO] [stdout] 1025 |                 fn call_inner<In: SystemInput, Out, $($param,)*>(
[INFO] [stdout] 1026 |                     mut f: impl FnMut(In::Param<'_>, $($param,)*)->Out,
[INFO] [stdout]      |                                                                    ^^^ required by this bound in `call_inner`
[INFO] [stdout] ...
[INFO] [stdout] 1041 | all_tuples!(impl_system_function, 0, 16, F);
[INFO] [stdout]      | ------------------------------------------- in this macro invocation
[INFO] [stdout]      = note: the full name for the type has been written to '/opt/rustwide/target/debug/build/bevy_ecs/93cbe270e066d515/out/bevy_ecs-93cbe270e066d515.long-type-18322409821002886933.txt'
[INFO] [stdout]      = note: consider using `--verbose` to print the full type name to the console
[INFO] [stdout] 
[INFO] [stdout] 
[INFO] [stdout] error[E0283]: type annotations needed
[INFO] [stdout]     --> /opt/rustwide/cargo-home/registry/src/index.crates.io-1949cf8c6b5b557f/bevy_ecs-0.15.3/src/system/function_system.rs:1033:17
[INFO] [stdout]      |
[INFO] [stdout]  978 | / macro_rules! impl_system_function {
[INFO] [stdout]  979 | |     ($($param: ident),*) => {
[INFO] [stdout]  980 | |         #[allow(non_snake_case)]
[INFO] [stdout]  981 | |         impl<Out, Func, $($param: SystemParam),*> SystemParamFunction<fn($($param,)*) -> Out> for Func
[INFO] [stdout] ...    |
[INFO] [stdout] 1033 | |                 call_inner(self, input, $($param),*)
[INFO] [stdout]      | |                 ^^^^^^^^^^^^^^^^^^^^^^^^^^^^^^^^^^^^ cannot infer type
[INFO] [stdout] ...    |
[INFO] [stdout] 1036 | |     };
[INFO] [stdout] 1037 | | }
[INFO] [stdout]      | |_- this error originates in the macro `impl_system_function` which comes from the expansion of the macro `all_tuples`
[INFO] [stdout] ...
[INFO] [stdout] 1041 |   all_tuples!(impl_system_function, 0, 16, F);
[INFO] [stdout]      |   ------------------------------------------- in this macro invocation
[INFO] [stdout]      |
[INFO] [stdout]      = note: the type must implement `input::SystemInput`
[INFO] [stdout]      = help: the following types implement trait `input::SystemInput`:
[INFO] [stdout]                ()
[INFO] [stdout]                StaticSystemInput<'a, I>
[INFO] [stdout]                input::In<T>
[INFO] [stdout]                input::InMut<'_, T>
[INFO] [stdout]                input::InRef<'_, T>
[INFO] [stdout]                observer::Trigger<'_, E, B>
[INFO] [stdout]      = note: cannot satisfy `for<'a> <In as input::SystemInput>::Param<'a> == _`
[INFO] [stdout]      = note: cannot satisfy `&mut Func: FnOnce(_, _, _, _, _, _, _, _, _, _, _, _, _)`
[INFO] [stdout]      = note: cannot satisfy `<In as input::SystemInput>::Inner<'_> == <In as input::SystemInput>::Inner<'_>`
[INFO] [stdout] note: required by a bound in `<Func as function_system::SystemParamFunction<(HasSystemInput, fn(In, F0, F1, F2, F3, F4, F5, F6, F7, F8, F9, F10, F11) -> Out)>>::run::call_inner`
[INFO] [stdout]     --> /opt/rustwide/cargo-home/registry/src/index.crates.io-1949cf8c6b5b557f/bevy_ecs-0.15.3/src/system/function_system.rs:1025:35
[INFO] [stdout]      |
[INFO] [stdout] 1025 |                 fn call_inner<In: SystemInput, Out, $($param,)*>(
[INFO] [stdout]      |                                   ^^^^^^^^^^^ required by this bound in `call_inner`
[INFO] [stdout] ...
[INFO] [stdout] 1041 | all_tuples!(impl_system_function, 0, 16, F);
[INFO] [stdout]      | ------------------------------------------- in this macro invocation
[INFO] [stdout] note: required by a bound in `<Func as function_system::SystemParamFunction<(HasSystemInput, fn(In, F0, F1, F2, F3, F4, F5, F6, F7, F8, F9, F10, F11) -> Out)>>::run::call_inner`
[INFO] [stdout]     --> /opt/rustwide/cargo-home/registry/src/index.crates.io-1949cf8c6b5b557f/bevy_ecs-0.15.3/src/system/function_system.rs:1026:68
[INFO] [stdout]      |
[INFO] [stdout] 1025 |                 fn call_inner<In: SystemInput, Out, $($param,)*>(
[INFO] [stdout] 1026 |                     mut f: impl FnMut(In::Param<'_>, $($param,)*)->Out,
[INFO] [stdout]      |                                                                    ^^^ required by this bound in `call_inner`
[INFO] [stdout] ...
[INFO] [stdout] 1041 | all_tuples!(impl_system_function, 0, 16, F);
[INFO] [stdout]      | ------------------------------------------- in this macro invocation
[INFO] [stdout]      = note: the full name for the type has been written to '/opt/rustwide/target/debug/build/bevy_ecs/93cbe270e066d515/out/bevy_ecs-93cbe270e066d515.long-type-8431442101834330778.txt'
[INFO] [stdout]      = note: consider using `--verbose` to print the full type name to the console
[INFO] [stdout] 
[INFO] [stdout] 
[INFO] [stdout] error[E0283]: type annotations needed
[INFO] [stdout]     --> /opt/rustwide/cargo-home/registry/src/index.crates.io-1949cf8c6b5b557f/bevy_ecs-0.15.3/src/system/function_system.rs:1033:17
[INFO] [stdout]      |
[INFO] [stdout]  978 | / macro_rules! impl_system_function {
[INFO] [stdout]  979 | |     ($($param: ident),*) => {
[INFO] [stdout]  980 | |         #[allow(non_snake_case)]
[INFO] [stdout]  981 | |         impl<Out, Func, $($param: SystemParam),*> SystemParamFunction<fn($($param,)*) -> Out> for Func
[INFO] [stdout] ...    |
[INFO] [stdout] 1033 | |                 call_inner(self, input, $($param),*)
[INFO] [stdout]      | |                 ^^^^^^^^^^^^^^^^^^^^^^^^^^^^^^^^^^^^ cannot infer type
[INFO] [stdout] ...    |
[INFO] [stdout] 1036 | |     };
[INFO] [stdout] 1037 | | }
[INFO] [stdout]      | |_- this error originates in the macro `impl_system_function` which comes from the expansion of the macro `all_tuples`
[INFO] [stdout] ...
[INFO] [stdout] 1041 |   all_tuples!(impl_system_function, 0, 16, F);
[INFO] [stdout]      |   ------------------------------------------- in this macro invocation
[INFO] [stdout]      |
[INFO] [stdout]      = note: the type must implement `input::SystemInput`
[INFO] [stdout]      = help: the following types implement trait `input::SystemInput`:
[INFO] [stdout]                ()
[INFO] [stdout]                StaticSystemInput<'a, I>
[INFO] [stdout]                input::In<T>
[INFO] [stdout]                input::InMut<'_, T>
[INFO] [stdout]                input::InRef<'_, T>
[INFO] [stdout]                observer::Trigger<'_, E, B>
[INFO] [stdout]      = note: cannot satisfy `for<'a> <In as input::SystemInput>::Param<'a> == _`
[INFO] [stdout]      = note: cannot satisfy `&mut Func: FnOnce(_, _, _, _, _, _, _, _, _, _, _, _, _, _)`
[INFO] [stdout]      = note: cannot satisfy `<In as input::SystemInput>::Inner<'_> == <In as input::SystemInput>::Inner<'_>`
[INFO] [stdout] note: required by a bound in `<Func as function_system::SystemParamFunction<(HasSystemInput, fn(In, F0, F1, F2, F3, F4, F5, F6, F7, F8, F9, F10, F11, F12) -> Out)>>::run::call_inner`
[INFO] [stdout]     --> /opt/rustwide/cargo-home/registry/src/index.crates.io-1949cf8c6b5b557f/bevy_ecs-0.15.3/src/system/function_system.rs:1025:35
[INFO] [stdout]      |
[INFO] [stdout] 1025 |                 fn call_inner<In: SystemInput, Out, $($param,)*>(
[INFO] [stdout]      |                                   ^^^^^^^^^^^ required by this bound in `call_inner`
[INFO] [stdout] ...
[INFO] [stdout] 1041 | all_tuples!(impl_system_function, 0, 16, F);
[INFO] [stdout]      | ------------------------------------------- in this macro invocation
[INFO] [stdout] note: required by a bound in `<Func as function_system::SystemParamFunction<(HasSystemInput, fn(In, F0, F1, F2, F3, F4, F5, F6, F7, F8, F9, F10, F11, F12) -> Out)>>::run::call_inner`
[INFO] [stdout]     --> /opt/rustwide/cargo-home/registry/src/index.crates.io-1949cf8c6b5b557f/bevy_ecs-0.15.3/src/system/function_system.rs:1026:68
[INFO] [stdout]      |
[INFO] [stdout] 1025 |                 fn call_inner<In: SystemInput, Out, $($param,)*>(
[INFO] [stdout] 1026 |                     mut f: impl FnMut(In::Param<'_>, $($param,)*)->Out,
[INFO] [stdout]      |                                                                    ^^^ required by this bound in `call_inner`
[INFO] [stdout] ...
[INFO] [stdout] 1041 | all_tuples!(impl_system_function, 0, 16, F);
[INFO] [stdout]      | ------------------------------------------- in this macro invocation
[INFO] [stdout]      = note: the full name for the type has been written to '/opt/rustwide/target/debug/build/bevy_ecs/93cbe270e066d515/out/bevy_ecs-93cbe270e066d515.long-type-9106113396852368260.txt'
[INFO] [stdout]      = note: consider using `--verbose` to print the full type name to the console
[INFO] [stdout] 
[INFO] [stdout] 
[INFO] [stdout] error[E0283]: type annotations needed
[INFO] [stdout]     --> /opt/rustwide/cargo-home/registry/src/index.crates.io-1949cf8c6b5b557f/bevy_ecs-0.15.3/src/system/function_system.rs:1033:17
[INFO] [stdout]      |
[INFO] [stdout]  978 | / macro_rules! impl_system_function {
[INFO] [stdout]  979 | |     ($($param: ident),*) => {
[INFO] [stdout]  980 | |         #[allow(non_snake_case)]
[INFO] [stdout]  981 | |         impl<Out, Func, $($param: SystemParam),*> SystemParamFunction<fn($($param,)*) -> Out> for Func
[INFO] [stdout] ...    |
[INFO] [stdout] 1033 | |                 call_inner(self, input, $($param),*)
[INFO] [stdout]      | |                 ^^^^^^^^^^^^^^^^^^^^^^^^^^^^^^^^^^^^ cannot infer type
[INFO] [stdout] ...    |
[INFO] [stdout] 1036 | |     };
[INFO] [stdout] 1037 | | }
[INFO] [stdout]      | |_- this error originates in the macro `impl_system_function` which comes from the expansion of the macro `all_tuples`
[INFO] [stdout] ...
[INFO] [stdout] 1041 |   all_tuples!(impl_system_function, 0, 16, F);
[INFO] [stdout]      |   ------------------------------------------- in this macro invocation
[INFO] [stdout]      |
[INFO] [stdout]      = note: the type must implement `input::SystemInput`
[INFO] [stdout]      = help: the following types implement trait `input::SystemInput`:
[INFO] [stdout]                ()
[INFO] [stdout]                StaticSystemInput<'a, I>
[INFO] [stdout]                input::In<T>
[INFO] [stdout]                input::InMut<'_, T>
[INFO] [stdout]                input::InRef<'_, T>
[INFO] [stdout]                observer::Trigger<'_, E, B>
[INFO] [stdout]      = note: cannot satisfy `for<'a> <In as input::SystemInput>::Param<'a> == _`
[INFO] [stdout]      = note: cannot satisfy `&mut Func: FnOnce(_, _, _, _, _, _, _, _, _, _, _, _, _, _, _)`
[INFO] [stdout]      = note: cannot satisfy `<In as input::SystemInput>::Inner<'_> == <In as input::SystemInput>::Inner<'_>`
[INFO] [stdout] note: required by a bound in `<Func as function_system::SystemParamFunction<(HasSystemInput, fn(In, F0, F1, F2, F3, F4, F5, F6, F7, F8, F9, F10, F11, F12, F13) -> Out)>>::run::call_inner`
[INFO] [stdout]     --> /opt/rustwide/cargo-home/registry/src/index.crates.io-1949cf8c6b5b557f/bevy_ecs-0.15.3/src/system/function_system.rs:1025:35
[INFO] [stdout]      |
[INFO] [stdout] 1025 |                 fn call_inner<In: SystemInput, Out, $($param,)*>(
[INFO] [stdout]      |                                   ^^^^^^^^^^^ required by this bound in `call_inner`
[INFO] [stdout] ...
[INFO] [stdout] 1041 | all_tuples!(impl_system_function, 0, 16, F);
[INFO] [stdout]      | ------------------------------------------- in this macro invocation
[INFO] [stdout] note: required by a bound in `<Func as function_system::SystemParamFunction<(HasSystemInput, fn(In, F0, F1, F2, F3, F4, F5, F6, F7, F8, F9, F10, F11, F12, F13) -> Out)>>::run::call_inner`
[INFO] [stdout]     --> /opt/rustwide/cargo-home/registry/src/index.crates.io-1949cf8c6b5b557f/bevy_ecs-0.15.3/src/system/function_system.rs:1026:68
[INFO] [stdout]      |
[INFO] [stdout] 1025 |                 fn call_inner<In: SystemInput, Out, $($param,)*>(
[INFO] [stdout] 1026 |                     mut f: impl FnMut(In::Param<'_>, $($param,)*)->Out,
[INFO] [stdout]      |                                                                    ^^^ required by this bound in `call_inner`
[INFO] [stdout] ...
[INFO] [stdout] 1041 | all_tuples!(impl_system_function, 0, 16, F);
[INFO] [stdout]      | ------------------------------------------- in this macro invocation
[INFO] [stdout]      = note: the full name for the type has been written to '/opt/rustwide/target/debug/build/bevy_ecs/93cbe270e066d515/out/bevy_ecs-93cbe270e066d515.long-type-9710089055308052912.txt'
[INFO] [stdout]      = note: consider using `--verbose` to print the full type name to the console
[INFO] [stdout] 
[INFO] [stdout] 
[INFO] [stdout] error[E0283]: type annotations needed
[INFO] [stdout]     --> /opt/rustwide/cargo-home/registry/src/index.crates.io-1949cf8c6b5b557f/bevy_ecs-0.15.3/src/system/function_system.rs:1033:17
[INFO] [stdout]      |
[INFO] [stdout]  978 | / macro_rules! impl_system_function {
[INFO] [stdout]  979 | |     ($($param: ident),*) => {
[INFO] [stdout]  980 | |         #[allow(non_snake_case)]
[INFO] [stdout]  981 | |         impl<Out, Func, $($param: SystemParam),*> SystemParamFunction<fn($($param,)*) -> Out> for Func
[INFO] [stdout] ...    |
[INFO] [stdout] 1033 | |                 call_inner(self, input, $($param),*)
[INFO] [stdout]      | |                 ^^^^^^^^^^^^^^^^^^^^^^^^^^^^^^^^^^^^ cannot infer type
[INFO] [stdout] ...    |
[INFO] [stdout] 1036 | |     };
[INFO] [stdout] 1037 | | }
[INFO] [stdout]      | |_- this error originates in the macro `impl_system_function` which comes from the expansion of the macro `all_tuples`
[INFO] [stdout] ...
[INFO] [stdout] 1041 |   all_tuples!(impl_system_function, 0, 16, F);
[INFO] [stdout]      |   ------------------------------------------- in this macro invocation
[INFO] [stdout]      |
[INFO] [stdout]      = note: the type must implement `input::SystemInput`
[INFO] [stdout]      = help: the following types implement trait `input::SystemInput`:
[INFO] [stdout]                ()
[INFO] [stdout]                StaticSystemInput<'a, I>
[INFO] [stdout]                input::In<T>
[INFO] [stdout]                input::InMut<'_, T>
[INFO] [stdout]                input::InRef<'_, T>
[INFO] [stdout]                observer::Trigger<'_, E, B>
[INFO] [stdout]      = note: cannot satisfy `for<'a> <In as input::SystemInput>::Param<'a> == _`
[INFO] [stdout]      = note: cannot satisfy `&mut Func: FnOnce(_, _, _, _, _, _, _, _, _, _, _, _, _, _, _, _)`
[INFO] [stdout]      = note: cannot satisfy `<In as input::SystemInput>::Inner<'_> == <In as input::SystemInput>::Inner<'_>`
[INFO] [stdout] note: required by a bound in `<Func as function_system::SystemParamFunction<(HasSystemInput, fn(In, F0, F1, F2, F3, F4, F5, F6, F7, F8, F9, F10, F11, F12, F13, F14) -> Out)>>::run::call_inner`
[INFO] [stdout]     --> /opt/rustwide/cargo-home/registry/src/index.crates.io-1949cf8c6b5b557f/bevy_ecs-0.15.3/src/system/function_system.rs:1025:35
[INFO] [stdout]      |
[INFO] [stdout] 1025 |                 fn call_inner<In: SystemInput, Out, $($param,)*>(
[INFO] [stdout]      |                                   ^^^^^^^^^^^ required by this bound in `call_inner`
[INFO] [stdout] ...
[INFO] [stdout] 1041 | all_tuples!(impl_system_function, 0, 16, F);
[INFO] [stdout]      | ------------------------------------------- in this macro invocation
[INFO] [stdout] note: required by a bound in `<Func as function_system::SystemParamFunction<(HasSystemInput, fn(In, F0, F1, F2, F3, F4, F5, F6, F7, F8, F9, F10, F11, F12, F13, F14) -> Out)>>::run::call_inner`
[INFO] [stdout]     --> /opt/rustwide/cargo-home/registry/src/index.crates.io-1949cf8c6b5b557f/bevy_ecs-0.15.3/src/system/function_system.rs:1026:68
[INFO] [stdout]      |
[INFO] [stdout] 1025 |                 fn call_inner<In: SystemInput, Out, $($param,)*>(
[INFO] [stdout] 1026 |                     mut f: impl FnMut(In::Param<'_>, $($param,)*)->Out,
[INFO] [stdout]      |                                                                    ^^^ required by this bound in `call_inner`
[INFO] [stdout] ...
[INFO] [stdout] 1041 | all_tuples!(impl_system_function, 0, 16, F);
[INFO] [stdout]      | ------------------------------------------- in this macro invocation
[INFO] [stdout]      = note: the full name for the type has been written to '/opt/rustwide/target/debug/build/bevy_ecs/93cbe270e066d515/out/bevy_ecs-93cbe270e066d515.long-type-12573904238797546643.txt'
[INFO] [stdout]      = note: consider using `--verbose` to print the full type name to the console
[INFO] [stdout] 
[INFO] [stdout] 
[INFO] [stdout] error[E0283]: type annotations needed
[INFO] [stdout]     --> /opt/rustwide/cargo-home/registry/src/index.crates.io-1949cf8c6b5b557f/bevy_ecs-0.15.3/src/system/function_system.rs:1033:17
[INFO] [stdout]      |
[INFO] [stdout]  978 | / macro_rules! impl_system_function {
[INFO] [stdout]  979 | |     ($($param: ident),*) => {
[INFO] [stdout]  980 | |         #[allow(non_snake_case)]
[INFO] [stdout]  981 | |         impl<Out, Func, $($param: SystemParam),*> SystemParamFunction<fn($($param,)*) -> Out> for Func
[INFO] [stdout] ...    |
[INFO] [stdout] 1033 | |                 call_inner(self, input, $($param),*)
[INFO] [stdout]      | |                 ^^^^^^^^^^^^^^^^^^^^^^^^^^^^^^^^^^^^ cannot infer type
[INFO] [stdout] ...    |
[INFO] [stdout] 1036 | |     };
[INFO] [stdout] 1037 | | }
[INFO] [stdout]      | |_- this error originates in the macro `impl_system_function` which comes from the expansion of the macro `all_tuples`
[INFO] [stdout] ...
[INFO] [stdout] 1041 |   all_tuples!(impl_system_function, 0, 16, F);
[INFO] [stdout]      |   ------------------------------------------- in this macro invocation
[INFO] [stdout]      |
[INFO] [stdout]      = note: the type must implement `input::SystemInput`
[INFO] [stdout]      = help: the following types implement trait `input::SystemInput`:
[INFO] [stdout]                ()
[INFO] [stdout]                StaticSystemInput<'a, I>
[INFO] [stdout]                input::In<T>
[INFO] [stdout]                input::InMut<'_, T>
[INFO] [stdout]                input::InRef<'_, T>
[INFO] [stdout]                observer::Trigger<'_, E, B>
[INFO] [stdout]      = note: cannot satisfy `for<'a> <In as input::SystemInput>::Param<'a> == _`
[INFO] [stdout]      = note: cannot satisfy `&mut Func: FnOnce(_, _, _, _, _, _, _, _, _, _, _, _, _, _, _, _, _)`
[INFO] [stdout]      = note: cannot satisfy `<In as input::SystemInput>::Inner<'_> == <In as input::SystemInput>::Inner<'_>`
[INFO] [stdout] note: required by a bound in `<Func as function_system::SystemParamFunction<(HasSystemInput, fn(In, F0, F1, F2, F3, F4, F5, F6, F7, F8, F9, F10, F11, F12, F13, F14, F15) -> Out)>>::run::call_inner`
[INFO] [stdout]     --> /opt/rustwide/cargo-home/registry/src/index.crates.io-1949cf8c6b5b557f/bevy_ecs-0.15.3/src/system/function_system.rs:1025:35
[INFO] [stdout]      |
[INFO] [stdout] 1025 |                 fn call_inner<In: SystemInput, Out, $($param,)*>(
[INFO] [stdout]      |                                   ^^^^^^^^^^^ required by this bound in `call_inner`
[INFO] [stdout] ...
[INFO] [stdout] 1041 | all_tuples!(impl_system_function, 0, 16, F);
[INFO] [stdout]      | ------------------------------------------- in this macro invocation
[INFO] [stdout] note: required by a bound in `<Func as function_system::SystemParamFunction<(HasSystemInput, fn(In, F0, F1, F2, F3, F4, F5, F6, F7, F8, F9, F10, F11, F12, F13, F14, F15) -> Out)>>::run::call_inner`
[INFO] [stdout]     --> /opt/rustwide/cargo-home/registry/src/index.crates.io-1949cf8c6b5b557f/bevy_ecs-0.15.3/src/system/function_system.rs:1026:68
[INFO] [stdout]      |
[INFO] [stdout] 1025 |                 fn call_inner<In: SystemInput, Out, $($param,)*>(
[INFO] [stdout] 1026 |                     mut f: impl FnMut(In::Param<'_>, $($param,)*)->Out,
[INFO] [stdout]      |                                                                    ^^^ required by this bound in `call_inner`
[INFO] [stdout] ...
[INFO] [stdout] 1041 | all_tuples!(impl_system_function, 0, 16, F);
[INFO] [stdout]      | ------------------------------------------- in this macro invocation
[INFO] [stdout]      = note: the full name for the type has been written to '/opt/rustwide/target/debug/build/bevy_ecs/93cbe270e066d515/out/bevy_ecs-93cbe270e066d515.long-type-6671642327463220351.txt'
[INFO] [stdout]      = note: consider using `--verbose` to print the full type name to the console
[INFO] [stdout] 
[INFO] [stdout] 
[INFO] [stdout] For more information about this error, try `rustc --explain E0283`.
[INFO] [stdout] 
[INFO] [stderr] error: could not compile `bevy_ecs` (lib) due to 34 previous errors
[INFO] running `Command { std: "docker" "inspect" "f58ba3d4cb208780b6da31605052a314cdf692ba0c90255397118c5abaeafe46", kill_on_drop: false }`
[INFO] running `Command { std: "docker" "rm" "-f" "f58ba3d4cb208780b6da31605052a314cdf692ba0c90255397118c5abaeafe46", kill_on_drop: false }`
[INFO] [stdout] f58ba3d4cb208780b6da31605052a314cdf692ba0c90255397118c5abaeafe46
