[INFO] cloning repository https://github.com/hunter1992/zhmfem
[INFO] running `Command { std: "git" "-c" "credential.helper=" "-c" "credential.helper=/workspace/cargo-home/bin/git-credential-null" "clone" "--bare" "https://github.com/hunter1992/zhmfem" "/workspace/cache/git-repos/https%3A%2F%2Fgithub.com%2Fhunter1992%2Fzhmfem", kill_on_drop: false }`
[INFO] [stderr] Cloning into bare repository '/workspace/cache/git-repos/https%3A%2F%2Fgithub.com%2Fhunter1992%2Fzhmfem'...
[INFO] running `Command { std: "git" "rev-parse" "HEAD", kill_on_drop: false }`
[INFO] [stdout] 1fe5d0ffee1f94c56533ca338badff11926c7da9
[INFO] checking hunter1992/zhmfem against 3154cc1a3e6424e44f438a95007d043ed5ceaaf6 for pr-133502-30
[INFO] running `Command { std: "git" "clone" "/workspace/cache/git-repos/https%3A%2F%2Fgithub.com%2Fhunter1992%2Fzhmfem" "/workspace/builds/worker-2-tc2/source", kill_on_drop: false }`
[INFO] [stderr] Cloning into '/workspace/builds/worker-2-tc2/source'...
[INFO] [stderr] done.
[INFO] removed /workspace/builds/worker-2-tc2/source/.cargo/config.toml
[INFO] started tweaking git repo https://github.com/hunter1992/zhmfem
[INFO] finished tweaking git repo https://github.com/hunter1992/zhmfem
[INFO] tweaked toml for git repo https://github.com/hunter1992/zhmfem written to /workspace/builds/worker-2-tc2/source/Cargo.toml
[INFO] validating manifest of git repo https://github.com/hunter1992/zhmfem on toolchain 3154cc1a3e6424e44f438a95007d043ed5ceaaf6
[INFO] running `Command { std: CARGO_HOME="/workspace/cargo-home" RUSTUP_HOME="/workspace/rustup-home" "/workspace/cargo-home/bin/cargo" "+3154cc1a3e6424e44f438a95007d043ed5ceaaf6" "metadata" "--manifest-path" "Cargo.toml" "--no-deps", kill_on_drop: false }`
[INFO] crate git repo https://github.com/hunter1992/zhmfem already has a lockfile, it will not be regenerated
[INFO] running `Command { std: CARGO_HOME="/workspace/cargo-home" RUSTUP_HOME="/workspace/rustup-home" "/workspace/cargo-home/bin/cargo" "+3154cc1a3e6424e44f438a95007d043ed5ceaaf6" "fetch" "--manifest-path" "Cargo.toml", kill_on_drop: false }`
[INFO] running `Command { std: "docker" "create" "-v" "/var/lib/crater-agent-workspace/builds/worker-2-tc2/source:/opt/rustwide/workdir:ro,Z" "-v" "/var/lib/crater-agent-workspace/builds/worker-2-tc2/target:/opt/rustwide/target:rw,Z" "-v" "/var/lib/crater-agent-workspace/cargo-home:/opt/rustwide/cargo-home:ro,Z" "-v" "/var/lib/crater-agent-workspace/rustup-home:/opt/rustwide/rustup-home:ro,Z" "-m" "1610612736" "--network" "none" "ghcr.io/rust-lang/crates-build-env/linux@sha256:77db811e55d90add9212f6832c23229e3de5f1c1f9905e8cb07319ea15df73ac" "sleep" "infinity", kill_on_drop: false }`
[INFO] [stdout] 478943fdcb542237a9bf94fb2ba8b60e35d434827d7ff0263e2f0c75b4d8123c
[INFO] running `Command { std: "docker" "start" "478943fdcb542237a9bf94fb2ba8b60e35d434827d7ff0263e2f0c75b4d8123c", kill_on_drop: false }`
[INFO] running `Command { std: "docker" "inspect" "478943fdcb542237a9bf94fb2ba8b60e35d434827d7ff0263e2f0c75b4d8123c", kill_on_drop: false }`
[INFO] running `Command { std: "docker" "exec" "-e" "SOURCE_DIR=/opt/rustwide/workdir" "-e" "CARGO_HOME=/opt/rustwide/cargo-home" "-e" "RUSTUP_HOME=/opt/rustwide/rustup-home" "-e" "CARGO_TARGET_DIR=/opt/rustwide/target" "-w" "/opt/rustwide/workdir" "--user" "0:0" "478943fdcb542237a9bf94fb2ba8b60e35d434827d7ff0263e2f0c75b4d8123c" "/opt/rustwide/cargo-home/bin/cargo" "+3154cc1a3e6424e44f438a95007d043ed5ceaaf6" "metadata" "--no-deps" "--format-version=1", kill_on_drop: false }`
[INFO] running `Command { std: "docker" "inspect" "478943fdcb542237a9bf94fb2ba8b60e35d434827d7ff0263e2f0c75b4d8123c", kill_on_drop: false }`
[INFO] running `Command { std: "docker" "exec" "-e" "SOURCE_DIR=/opt/rustwide/workdir" "-e" "CARGO_HOME=/opt/rustwide/cargo-home" "-e" "RUSTUP_HOME=/opt/rustwide/rustup-home" "-e" "CARGO_TARGET_DIR=/opt/rustwide/target" "-e" "CARGO_INCREMENTAL=0" "-e" "RUST_BACKTRACE=full" "-e" "RUSTFLAGS=--cap-lints=forbid" "-e" "RUSTDOCFLAGS=--cap-lints=forbid" "-w" "/opt/rustwide/workdir" "--user" "0:0" "478943fdcb542237a9bf94fb2ba8b60e35d434827d7ff0263e2f0c75b4d8123c" "/opt/rustwide/cargo-home/bin/cargo" "+3154cc1a3e6424e44f438a95007d043ed5ceaaf6" "check" "--frozen" "--all" "--all-targets" "--message-format=json", kill_on_drop: false }`
[INFO] [stderr]    Compiling autocfg v1.4.0
[INFO] [stderr]    Compiling proc-macro2 v1.0.92
[INFO] [stderr]    Compiling unicode-ident v1.0.14
[INFO] [stderr]     Checking bytemuck v1.20.0
[INFO] [stderr]     Checking rawpointer v0.2.1
[INFO] [stderr]     Checking memchr v2.7.6
[INFO] [stderr]     Checking trim-in-place v0.1.7
[INFO] [stderr]    Compiling zhmfem v0.1.0 (/opt/rustwide/workdir)
[INFO] [stderr]     Checking atomic_float v1.1.0
[INFO] [stderr]     Checking safe_arch v0.7.2
[INFO] [stderr]    Compiling num-traits v0.2.19
[INFO] [stderr]    Compiling matrixmultiply v0.3.9
[INFO] [stderr]     Checking wide v0.7.30
[INFO] [stderr]     Checking nom v7.1.3
[INFO] [stderr]    Compiling quote v1.0.37
[INFO] [stderr]     Checking num-integer v0.1.46
[INFO] [stderr]     Checking approx v0.5.1
[INFO] [stderr]     Checking num-complex v0.4.6
[INFO] [stderr]    Compiling syn v2.0.89
[INFO] [stderr]     Checking num-rational v0.4.2
[INFO] [stderr]     Checking simba v0.9.0
[INFO] [stderr]    Compiling num-derive v0.4.2
[INFO] [stderr]    Compiling nalgebra-macros v0.3.0
[INFO] [stderr]     Checking vtkio v0.7.0-rc1
[INFO] [stderr]     Checking nalgebra v0.34.1
[INFO] [stdout] warning: `feature(generic_const_exprs)` is not supported with the next-generation trait solver
[INFO] [stdout]  --> src/lib.rs:2:12
[INFO] [stdout]   |
[INFO] [stdout] 2 | #![feature(generic_const_exprs)]
[INFO] [stdout]   |            ^^^^^^^^^^^^^^^^^^^
[INFO] [stdout]   |
[INFO] [stdout]   = note: `-Znext-solver=globally` is currently enabled by default for testing
[INFO] [stdout]   = note: reverted the setting to `-Znext-solver=coherence` for this crate
[INFO] [stdout]   = note: the currently stable trait solver will be used for this crate
[INFO] [stdout]   = note: see issues #160895 <https://github.com/rust-lang/rust/issues/160895> for more information
[INFO] [stdout] 
[INFO] [stdout] 
[INFO] [stdout] warning: unused import: `std::arch::x86_64::*`
[INFO] [stdout]  --> src/dtty/aligndata.rs:2:5
[INFO] [stdout]   |
[INFO] [stdout] 2 | use std::arch::x86_64::*;
[INFO] [stdout]   |     ^^^^^^^^^^^^^^^^^^^^
[INFO] [stdout]   |
[INFO] [stdout]   = note: `#[warn(unused_imports)]` (part of `#[warn(unused)]`) on by default
[INFO] [stdout] 
[INFO] [stdout] 
[INFO] [stdout] warning: unused import: `Jacobian3D`
[INFO] [stdout]  --> src/elem/dim3/hexahedron.rs:2:20
[INFO] [stdout]   |
[INFO] [stdout] 2 |     basic::{Dtype, Jacobian3D},
[INFO] [stdout]   |                    ^^^^^^^^^^
[INFO] [stdout] 
[INFO] [stdout] 
[INFO] [stdout] warning: unused imports: `SData` and `StaticStiffness`
[INFO] [stdout]  --> src/elem/dim3/hexahedron.rs:6:19
[INFO] [stdout]   |
[INFO] [stdout] 6 | use crate::port::{SData, StaticStiffness};
[INFO] [stdout]   |                   ^^^^^  ^^^^^^^^^^^^^^^
[INFO] [stdout] 
[INFO] [stdout] 
[INFO] [stdout] warning: unused imports: `compress_symmetry_matrix_sks` and `print_2darr`
[INFO] [stdout]  --> src/elem/dim3/hexahedron.rs:7:19
[INFO] [stdout]   |
[INFO] [stdout] 7 | use crate::tool::{compress_symmetry_matrix_sks, print_2darr};
[INFO] [stdout]   |                   ^^^^^^^^^^^^^^^^^^^^^^^^^^^^  ^^^^^^^^^^^
[INFO] [stdout] 
[INFO] [stdout] 
[INFO] [stdout] warning: unused import: `na::SMatrix`
[INFO] [stdout]  --> src/elem/dim3/hexahedron.rs:8:5
[INFO] [stdout]   |
[INFO] [stdout] 8 | use na::SMatrix;
[INFO] [stdout]   |     ^^^^^^^^^^^
[INFO] [stdout] 
[INFO] [stdout] 
[INFO] [stdout] warning: unused import: `std::arch::x86_64::*`
[INFO] [stdout]  --> src/elem/dim3/hexahedron.rs:9:5
[INFO] [stdout]   |
[INFO] [stdout] 9 | use std::arch::x86_64::*;
[INFO] [stdout]   |     ^^^^^^^^^^^^^^^^^^^^
[INFO] [stdout] 
[INFO] [stdout] 
[INFO] [stdout] warning: `feature(generic_const_exprs)` is not supported with the next-generation trait solver
[INFO] [stdout]  --> src/lib.rs:2:12
[INFO] [stdout]   |
[INFO] [stdout] 2 | #![feature(generic_const_exprs)]
[INFO] [stdout]   |            ^^^^^^^^^^^^^^^^^^^
[INFO] [stdout]   |
[INFO] [stdout]   = note: `-Znext-solver=globally` is currently enabled by default for testing
[INFO] [stdout]   = note: reverted the setting to `-Znext-solver=coherence` for this crate
[INFO] [stdout]   = note: the currently stable trait solver will be used for this crate
[INFO] [stdout]   = note: see issues #160895 <https://github.com/rust-lang/rust/issues/160895> for more information
[INFO] [stdout] 
[INFO] [stdout] 
[INFO] [stdout] warning: unused import: `std::arch::x86_64::*`
[INFO] [stdout]  --> src/dtty/aligndata.rs:2:5
[INFO] [stdout]   |
[INFO] [stdout] 2 | use std::arch::x86_64::*;
[INFO] [stdout]   |     ^^^^^^^^^^^^^^^^^^^^
[INFO] [stdout]   |
[INFO] [stdout]   = note: `#[warn(unused_imports)]` (part of `#[warn(unused)]`) on by default
[INFO] [stdout] 
[INFO] [stdout] 
[INFO] [stdout] warning: unused import: `Jacobian3D`
[INFO] [stdout]  --> src/elem/dim3/hexahedron.rs:2:20
[INFO] [stdout]   |
[INFO] [stdout] 2 |     basic::{Dtype, Jacobian3D},
[INFO] [stdout]   |                    ^^^^^^^^^^
[INFO] [stdout] 
[INFO] [stdout] 
[INFO] [stdout] warning: unused imports: `SData` and `StaticStiffness`
[INFO] [stdout]  --> src/elem/dim3/hexahedron.rs:6:19
[INFO] [stdout]   |
[INFO] [stdout] 6 | use crate::port::{SData, StaticStiffness};
[INFO] [stdout]   |                   ^^^^^  ^^^^^^^^^^^^^^^
[INFO] [stdout] 
[INFO] [stdout] 
[INFO] [stdout] warning: unused imports: `compress_symmetry_matrix_sks` and `print_2darr`
[INFO] [stdout]  --> src/elem/dim3/hexahedron.rs:7:19
[INFO] [stdout]   |
[INFO] [stdout] 7 | use crate::tool::{compress_symmetry_matrix_sks, print_2darr};
[INFO] [stdout]   |                   ^^^^^^^^^^^^^^^^^^^^^^^^^^^^  ^^^^^^^^^^^
[INFO] [stdout] 
[INFO] [stdout] 
[INFO] [stdout] warning: unused import: `na::SMatrix`
[INFO] [stdout]  --> src/elem/dim3/hexahedron.rs:8:5
[INFO] [stdout]   |
[INFO] [stdout] 8 | use na::SMatrix;
[INFO] [stdout]   |     ^^^^^^^^^^^
[INFO] [stdout] 
[INFO] [stdout] 
[INFO] [stdout] warning: unused import: `std::arch::x86_64::*`
[INFO] [stdout]  --> src/elem/dim3/hexahedron.rs:9:5
[INFO] [stdout]   |
[INFO] [stdout] 9 | use std::arch::x86_64::*;
[INFO] [stdout]   |     ^^^^^^^^^^^^^^^^^^^^
[INFO] [stdout] 
[INFO] [stdout] 
[INFO] [stdout] warning: unused import: `Write`
[INFO] [stdout]   --> src/elem/dim3/hexahedron.rs:10:22
[INFO] [stdout]    |
[INFO] [stdout] 10 | use std::fmt::{self, Write};
[INFO] [stdout]    |                      ^^^^^
[INFO] [stdout] 
[INFO] [stdout] 
[INFO] [stdout] warning: variable does not need to be mutable
[INFO] [stdout]   --> src/dtty/aligndata.rs:19:13
[INFO] [stdout]    |
[INFO] [stdout] 19 |         let mut i = 0;
[INFO] [stdout]    |             ----^
[INFO] [stdout]    |             |
[INFO] [stdout]    |             help: remove this `mut`
[INFO] [stdout]    |
[INFO] [stdout]    = note: `#[warn(unused_mut)]` (part of `#[warn(unused)]`) on by default
[INFO] [stdout] 
[INFO] [stdout] 
[INFO] [stdout] warning: variable does not need to be mutable
[INFO] [stdout]   --> src/dtty/aligndata.rs:50:13
[INFO] [stdout]    |
[INFO] [stdout] 50 |         let mut i = 0;
[INFO] [stdout]    |             ----^
[INFO] [stdout]    |             |
[INFO] [stdout]    |             help: remove this `mut`
[INFO] [stdout] 
[INFO] [stdout] 
[INFO] [stdout] warning: variable does not need to be mutable
[INFO] [stdout]   --> src/dtty/aligndata.rs:86:13
[INFO] [stdout]    |
[INFO] [stdout] 86 |         let mut i = 0;
[INFO] [stdout]    |             ----^
[INFO] [stdout]    |             |
[INFO] [stdout]    |             help: remove this `mut`
[INFO] [stdout] 
[INFO] [stdout] 
[INFO] [stdout] warning: unused import: `Write`
[INFO] [stdout]   --> src/elem/dim3/hexahedron.rs:10:22
[INFO] [stdout]    |
[INFO] [stdout] 10 | use std::fmt::{self, Write};
[INFO] [stdout]    |                      ^^^^^
[INFO] [stdout] 
[INFO] [stdout] 
[INFO] [stdout] warning: variable does not need to be mutable
[INFO] [stdout]   --> src/dtty/aligndata.rs:19:13
[INFO] [stdout]    |
[INFO] [stdout] 19 |         let mut i = 0;
[INFO] [stdout]    |             ----^
[INFO] [stdout]    |             |
[INFO] [stdout]    |             help: remove this `mut`
[INFO] [stdout]    |
[INFO] [stdout]    = note: `#[warn(unused_mut)]` (part of `#[warn(unused)]`) on by default
[INFO] [stdout] 
[INFO] [stdout] 
[INFO] [stdout] warning: variable does not need to be mutable
[INFO] [stdout]   --> src/dtty/aligndata.rs:50:13
[INFO] [stdout]    |
[INFO] [stdout] 50 |         let mut i = 0;
[INFO] [stdout]    |             ----^
[INFO] [stdout]    |             |
[INFO] [stdout]    |             help: remove this `mut`
[INFO] [stdout] 
[INFO] [stdout] 
[INFO] [stdout] warning: variable does not need to be mutable
[INFO] [stdout]   --> src/dtty/aligndata.rs:86:13
[INFO] [stdout]    |
[INFO] [stdout] 86 |         let mut i = 0;
[INFO] [stdout]    |             ----^
[INFO] [stdout]    |             |
[INFO] [stdout]    |             help: remove this `mut`
[INFO] [stdout] 
[INFO] [stdout] 
[INFO] [stdout] warning: method `shape_func_rst` is never used
[INFO] [stdout]    --> src/elem/dim3/hexahedron.rs:116:8
[INFO] [stdout]     |
[INFO] [stdout]  20 | impl<'hex3d8n> Hex3D8N<'hex3d8n> {
[INFO] [stdout]     | -------------------------------- method in this implementation
[INFO] [stdout] ...
[INFO] [stdout] 116 |     fn shape_func_rst(&self, ith: usize) -> impl Fn(Dtype, Dtype, Dtype) -> Dtype {
[INFO] [stdout]     |        ^^^^^^^^^^^^^^
[INFO] [stdout]     |
[INFO] [stdout]     = note: `#[warn(dead_code)]` (part of `#[warn(unused)]`) on by default
[INFO] [stdout] 
[INFO] [stdout] 
[INFO] [stdout] warning: method `shape_func_rst` is never used
[INFO] [stdout]    --> src/elem/dim3/hexahedron.rs:116:8
[INFO] [stdout]     |
[INFO] [stdout]  20 | impl<'hex3d8n> Hex3D8N<'hex3d8n> {
[INFO] [stdout]     | -------------------------------- method in this implementation
[INFO] [stdout] ...
[INFO] [stdout] 116 |     fn shape_func_rst(&self, ith: usize) -> impl Fn(Dtype, Dtype, Dtype) -> Dtype {
[INFO] [stdout]     |        ^^^^^^^^^^^^^^
[INFO] [stdout]     |
[INFO] [stdout]     = note: `#[warn(dead_code)]` (part of `#[warn(unused)]`) on by default
[INFO] [stdout] 
[INFO] [stdout] 
[INFO] [stdout] warning: `feature(generic_const_exprs)` is not supported with the next-generation trait solver
[INFO] [stdout]  --> examples/tri2d3n_webexample.rs:4:12
[INFO] [stdout]   |
[INFO] [stdout] 4 | #![feature(generic_const_exprs)]
[INFO] [stdout]   |            ^^^^^^^^^^^^^^^^^^^
[INFO] [stdout]   |
[INFO] [stdout]   = note: `-Znext-solver=globally` is currently enabled by default for testing
[INFO] [stdout]   = note: reverted the setting to `-Znext-solver=coherence` for this crate
[INFO] [stdout]   = note: the currently stable trait solver will be used for this crate
[INFO] [stdout]   = note: see issues #160895 <https://github.com/rust-lang/rust/issues/160895> for more information
[INFO] [stdout] 
[INFO] [stdout] 
[INFO] [stderr] 
[INFO] [stderr] thread 'rustc' (346) panicked at /rustc-dev/3154cc1a3e6424e44f438a95007d043ed5ceaaf6/compiler/rustc_infer/src/infer/mod.rs:1705:64:
[INFO] [stderr] internal error: entered unreachable code
[INFO] [stderr] stack backtrace:
[INFO] [stderr]    0:     0x7b34a9bfda86 - <<std[3164a59e47d3bde]::sys::backtrace::BacktraceLock>::print::DisplayBacktrace as core[934024a1e6126fb4]::fmt::Display>::fmt
[INFO] [stderr] 
[INFO] [stderr] thread 'rustc' (339) panicked at /rustc-dev/3154cc1a3e6424e44f438a95007d043ed5ceaaf6/compiler/rustc_infer/src/infer/mod.rs:1705:64:
[INFO] [stderr] internal error: entered unreachable code
[INFO] [stderr]    1:     0x7b34aa20b58f - core[934024a1e6126fb4]::fmt::write
[INFO] [stderr] stack backtrace:
[INFO] [stderr]    2:     0x7b34a9c1407c - <std[3164a59e47d3bde]::sys::stdio::unix::Stderr as core[934024a1e6126fb4]::io::write::Write>::write_fmt
[INFO] [stderr]    3:     0x7b34a9bced4a - std[3164a59e47d3bde]::panicking::default_hook::{closure#0}
[INFO] [stderr]    4:     0x7b34a9bf12c3 - std[3164a59e47d3bde]::panicking::default_hook
[INFO] [stderr]    5:     0x7b34a896d915 - std[3164a59e47d3bde]::panicking::update_hook::<alloc[b96ed41a801e996d]::boxed::Box<rustc_driver_impl[4d41c45c6d37fa8c]::install_ice_hook::{closure#1}>>::{closure#0}
[INFO] [stderr]    6:     0x7b34a9bf1762 - std[3164a59e47d3bde]::panicking::panic_with_hook
[INFO] [stderr]    7:     0x7b34a9bcee34 - std[3164a59e47d3bde]::panicking::panic_handler::{closure#0}
[INFO] [stderr]    8:     0x7b34a9bc63a9 - std[3164a59e47d3bde]::sys::backtrace::__rust_end_short_backtrace::<std[3164a59e47d3bde]::panicking::panic_handler::{closure#0}, !>
[INFO] [stderr]    9:     0x7b34a9bd09dd - __rustc[2e7b49d4226056d3]::rust_begin_unwind
[INFO] [stderr]   10:     0x7b34a6645a5c - core[934024a1e6126fb4]::panicking::panic_fmt
[INFO] [stderr]   11:     0x7b34a6c19492 - core[934024a1e6126fb4]::panicking::panic
[INFO] [stderr]   12:     0x7b34aa57852e - <rustc_next_trait_solver[b3acf562f09fbe6a]::solve::eval_ctxt::EvalCtxt<rustc_trait_selection[579280d4a5e4d181]::solve::delegate::SolverDelegate, rustc_middle[9749cded0b0e17c3]::ty::context::TyCtxt>>::evaluate_const
[INFO] [stderr]   13:     0x7b34aa547bb9 - <rustc_next_trait_solver[b3acf562f09fbe6a]::solve::eval_ctxt::EvalCtxt<rustc_trait_selection[579280d4a5e4d181]::solve::delegate::SolverDelegate, rustc_middle[9749cded0b0e17c3]::ty::context::TyCtxt>>::evaluate_const_and_instantiate_projection_term
[INFO] [stderr]   14:     0x7b34ab0c2651 - <rustc_next_trait_solver[b3acf562f09fbe6a]::solve::eval_ctxt::EvalCtxt<rustc_trait_selection[579280d4a5e4d181]::solve::delegate::SolverDelegate, rustc_middle[9749cded0b0e17c3]::ty::context::TyCtxt>>::evaluate_goal_no_fast_paths
[INFO] [stderr]   15:     0x7b34ab0b5dd7 - <rustc_next_trait_solver[b3acf562f09fbe6a]::solve::eval_ctxt::EvalCtxt<rustc_trait_selection[579280d4a5e4d181]::solve::delegate::SolverDelegate, rustc_middle[9749cded0b0e17c3]::ty::context::TyCtxt>>::evaluate_goal
[INFO] [stderr]   16:     0x7b34ab0acb0f - <rustc_next_trait_solver[b3acf562f09fbe6a]::solve::eval_ctxt::EvalCtxt<rustc_trait_selection[579280d4a5e4d181]::solve::delegate::SolverDelegate, rustc_middle[9749cded0b0e17c3]::ty::context::TyCtxt>>::normalize::<rustc_middle[9749cded0b0e17c3]::ty::Ty>::{closure#0}
[INFO] [stderr]   17:     0x7b34ab0ac5db - <rustc_next_trait_solver[b3acf562f09fbe6a]::normalize::NormalizationFolder<rustc_infer[378f9c2af57772fb]::infer::InferCtxt, rustc_middle[9749cded0b0e17c3]::ty::context::TyCtxt, <rustc_next_trait_solver[b3acf562f09fbe6a]::solve::eval_ctxt::EvalCtxt<rustc_trait_selection[579280d4a5e4d181]::solve::delegate::SolverDelegate, rustc_middle[9749cded0b0e17c3]::ty::context::TyCtxt>>::normalize<rustc_middle[9749cded0b0e17c3]::ty::predicate::Predicate>::{closure#0}> as rustc_type_ir[aff52ad0bd0f686]::fold::FallibleTypeFolder<rustc_middle[9749cded0b0e17c3]::ty::context::TyCtxt>>::try_fold_const::{closure#0}
[INFO] [stderr]   18:     0x7b34ab0ab932 - <rustc_next_trait_solver[b3acf562f09fbe6a]::normalize::NormalizationFolder<rustc_infer[378f9c2af57772fb]::infer::InferCtxt, rustc_middle[9749cded0b0e17c3]::ty::context::TyCtxt, <rustc_next_trait_solver[b3acf562f09fbe6a]::solve::eval_ctxt::EvalCtxt<rustc_trait_selection[579280d4a5e4d181]::solve::delegate::SolverDelegate, rustc_middle[9749cded0b0e17c3]::ty::context::TyCtxt>>::normalize<rustc_middle[9749cded0b0e17c3]::ty::predicate::Predicate>::{closure#0}> as rustc_type_ir[aff52ad0bd0f686]::fold::FallibleTypeFolder<rustc_middle[9749cded0b0e17c3]::ty::context::TyCtxt>>::try_fold_ty::{closure#0}
[INFO] [stderr]   19:     0x7b34ab0ab909 - <rustc_next_trait_solver[b3acf562f09fbe6a]::normalize::NormalizationFolder<rustc_infer[378f9c2af57772fb]::infer::InferCtxt, rustc_middle[9749cded0b0e17c3]::ty::context::TyCtxt, <rustc_next_trait_solver[b3acf562f09fbe6a]::solve::eval_ctxt::EvalCtxt<rustc_trait_selection[579280d4a5e4d181]::solve::delegate::SolverDelegate, rustc_middle[9749cded0b0e17c3]::ty::context::TyCtxt>>::normalize<rustc_middle[9749cded0b0e17c3]::ty::predicate::Predicate>::{closure#0}> as rustc_type_ir[aff52ad0bd0f686]::fold::FallibleTypeFolder<rustc_middle[9749cded0b0e17c3]::ty::context::TyCtxt>>::try_fold_ty::{closure#0}
[INFO] [stderr]   20:     0x7b34ab0aa00f - <&rustc_middle[9749cded0b0e17c3]::ty::list::RawList<(), rustc_middle[9749cded0b0e17c3]::ty::generic_args::GenericArg> as rustc_type_ir[aff52ad0bd0f686]::fold::TypeFoldable<rustc_middle[9749cded0b0e17c3]::ty::context::TyCtxt>>::try_fold_with::<rustc_next_trait_solver[b3acf562f09fbe6a]::normalize::NormalizationFolder<rustc_infer[378f9c2af57772fb]::infer::InferCtxt, rustc_middle[9749cded0b0e17c3]::ty::context::TyCtxt, <rustc_next_trait_solver[b3acf562f09fbe6a]::solve::eval_ctxt::EvalCtxt<rustc_trait_selection[579280d4a5e4d181]::solve::delegate::SolverDelegate, rustc_middle[9749cded0b0e17c3]::ty::context::TyCtxt>>::normalize<rustc_middle[9749cded0b0e17c3]::ty::predicate::Predicate>::{closure#0}>>
[INFO] [stderr]   21:     0x7b34ab918a49 - <rustc_next_trait_solver[b3acf562f09fbe6a]::solve::eval_ctxt::EvalCtxt<rustc_trait_selection[579280d4a5e4d181]::solve::delegate::SolverDelegate, rustc_middle[9749cded0b0e17c3]::ty::context::TyCtxt>>::add_goals::<alloc[b96ed41a801e996d]::vec::Vec<rustc_type_ir[aff52ad0bd0f686]::solve::Goal<rustc_middle[9749cded0b0e17c3]::ty::context::TyCtxt, rustc_middle[9749cded0b0e17c3]::ty::predicate::Predicate>>>
[INFO] [stderr]   22:     0x7b34ab0d4dcb - <rustc_next_trait_solver[b3acf562f09fbe6a]::solve::eval_ctxt::EvalCtxt<rustc_trait_selection[579280d4a5e4d181]::solve::delegate::SolverDelegate, rustc_middle[9749cded0b0e17c3]::ty::context::TyCtxt>>::evaluate_goal_no_fast_paths
[INFO] [stderr]   23:     0x7b34aa20ddf8 - <rustc_trait_selection[579280d4a5e4d181]::traits::engine::FulfillmentEngine<rustc_trait_selection[579280d4a5e4d181]::traits::FulfillmentError> as rustc_infer[378f9c2af57772fb]::traits::engine::TraitEngine<rustc_trait_selection[579280d4a5e4d181]::traits::FulfillmentError>>::try_evaluate_obligations
[INFO] [stderr]   24:     0x7b34aabc68d2 - <rustc_hir_typeck[52f5caf1595d1c05]::fn_ctxt::FnCtxt>::check_expr_path
[INFO] [stderr]   25:     0x7b34aa4a83d6 - <rustc_hir_typeck[52f5caf1595d1c05]::fn_ctxt::FnCtxt>::check_expr_with_expectation_and_args
[INFO] [stderr] 
[INFO] [stderr] thread 'rustc' (343) panicked at /rustc-dev/3154cc1a3e6424e44f438a95007d043ed5ceaaf6/compiler/rustc_infer/src/infer/mod.rs:1705:64:
[INFO] [stderr] internal error: entered unreachable code
[INFO] [stderr]   26:     0x7b34aa41a987 - <rustc_hir_typeck[52f5caf1595d1c05]::fn_ctxt::FnCtxt>::check_expr_call
[INFO] [stderr]   27:     0x7b34aa4a84c6 - <rustc_hir_typeck[52f5caf1595d1c05]::fn_ctxt::FnCtxt>::check_expr_with_expectation_and_args
[INFO] [stderr]   28:     0x7b34aa493a60 - <rustc_hir_typeck[52f5caf1595d1c05]::fn_ctxt::FnCtxt>::check_decl
[INFO] [stderr] stack backtrace:
[INFO] [stderr]   29:     0x7b34aa49bb7e - <rustc_hir_typeck[52f5caf1595d1c05]::fn_ctxt::FnCtxt>::check_expr_block
[INFO] [stderr]   30:     0x7b34aa4a8dc9 - <rustc_hir_typeck[52f5caf1595d1c05]::fn_ctxt::FnCtxt>::check_expr_with_expectation_and_args
[INFO] [stderr]   31:     0x7b34aa473716 - rustc_hir_typeck[52f5caf1595d1c05]::check::check_fn
[INFO] [stderr]   32:     0x7b34ab645da8 - rustc_hir_typeck[52f5caf1595d1c05]::typeck_with_inspect::{closure#0}
[INFO] [stderr]   33:     0x7b34ab6441f0 - rustc_query_impl[d183d205595bb26e]::query_vtables::typeck_root::invoke_provider_fn::__rust_begin_short_backtrace
[INFO] [stderr]   34:     0x7b34aa7a1fd3 - rustc_query_impl[d183d205595bb26e]::execution::try_execute_query::<rustc_data_structures[beb512ccbba93d65]::vec_cache::VecCache<rustc_span[86848bd09168975a]::def_id::LocalDefId, rustc_middle[9749cded0b0e17c3]::query::erase::ErasedData<[u8; 8usize]>, rustc_middle[9749cded0b0e17c3]::dep_graph::graph::DepNodeIndex>, false>
[INFO] [stderr]   35:     0x7b34aa7a1c27 - rustc_query_impl[d183d205595bb26e]::query_vtables::typeck_root::execute_query_non_incr::__rust_end_short_backtrace
[INFO] [stderr]   36:     0x7b34aa916634 - <rustc_middle[9749cded0b0e17c3]::ty::context::TyCtxt>::par_hir_body_owners::<rustc_hir_analysis[13793032b16b77dc]::check_crate::{closure#1}>::{closure#0}
[INFO] [stderr]   37:     0x7b34aa915ce5 - rustc_hir_analysis[13793032b16b77dc]::check_crate
[INFO] [stderr]   38:     0x7b34aa79e8b9 - rustc_interface[7316318c9ebc3ad]::passes::analysis
[INFO] [stderr]   39:     0x7b34ab41b847 - rustc_query_impl[d183d205595bb26e]::execution::try_execute_query::<rustc_middle[9749cded0b0e17c3]::query::caches::SingleCache<rustc_middle[9749cded0b0e17c3]::query::erase::ErasedData<[u8; 0usize]>>, false>
[INFO] [stderr]   40:     0x7b34ab41b62b - rustc_query_impl[d183d205595bb26e]::query_vtables::analysis::execute_query_non_incr::__rust_end_short_backtrace
[INFO] [stderr]   41:     0x7b34ab4e1490 - rustc_interface[7316318c9ebc3ad]::interface::run_compiler::<(), rustc_driver_impl[4d41c45c6d37fa8c]::compiler_entrypoint::{closure#0}>::{closure#2}
[INFO] [stderr]   42:     0x7b34ab511782 - std[3164a59e47d3bde]::sys::backtrace::__rust_begin_short_backtrace::<rustc_interface[7316318c9ebc3ad]::util::run_in_thread_with_globals<rustc_interface[7316318c9ebc3ad]::util::run_in_thread_pool_with_globals<rustc_interface[7316318c9ebc3ad]::interface::run_compiler<(), rustc_driver_impl[4d41c45c6d37fa8c]::compiler_entrypoint::{closure#0}>::{closure#2}, ()>::{closure#0}, ()>::{closure#0}::{closure#0}, ()>
[INFO] [stderr]   43:     0x7b34ab51152d - <std[3164a59e47d3bde]::thread::lifecycle::spawn_unchecked<rustc_interface[7316318c9ebc3ad]::util::run_in_thread_with_globals<rustc_interface[7316318c9ebc3ad]::util::run_in_thread_pool_with_globals<rustc_interface[7316318c9ebc3ad]::interface::run_compiler<(), rustc_driver_impl[4d41c45c6d37fa8c]::compiler_entrypoint::{closure#0}>::{closure#2}, ()>::{closure#0}, ()>::{closure#0}::{closure#0}, ()>::{closure#1} as core[934024a1e6126fb4]::ops::function::FnOnce<()>>::call_once::{shim:vtable#0}
[INFO] [stderr]   44:     0x7b34ab50fa5b - <std[3164a59e47d3bde]::sys::thread::unix::Thread>::new::thread_start
[INFO] [stderr]   45:     0x7b34a4673dfa - <unknown>
[INFO] [stderr]   46:     0x7b34a47073d4 - clone
[INFO] [stderr]   47:                0x0 - <unknown>
[INFO] [stderr] 
[INFO] [stderr] error: the compiler unexpectedly panicked. This is a bug
[INFO] [stderr] 
[INFO] [stderr] note: we would appreciate a bug report: https://github.com/rust-lang/rust/issues/new?labels=C-bug%2C+I-ICE%2C+T-compiler&template=ice.md
[INFO] [stderr] 
[INFO] [stderr] note: please make sure that you have updated to the latest nightly
[INFO] [stderr] 
[INFO] [stderr] warning: the ICE couldn't be written to `/opt/rustwide/workdir/rustc-ice-2026-10-11T04_45_14-332.txt`: Read-only file system (os error 30)
[INFO] [stderr] 
[INFO] [stderr] note: rustc 1.101.0-nightly (3154cc1a3 2026-10-09) running on x86_64-unknown-linux-gnu
[INFO] [stderr] 
[INFO] [stderr] note: compiler flags: --crate-type bin -C embed-bitcode=no -C debuginfo=2 -C link-arg=-Wl,-rpath,/opt/panua-pardiso-20240229-linux/lib/
[INFO] [stderr] 
[INFO] [stderr] note: some of the compiler flags provided by cargo are hidden
[INFO] [stderr] 
[INFO] [stderr] query stack during panic:
[INFO] [stderr] #0 [typeck_root] type-checking `main`
[INFO] [stderr] #1 [analysis] running analysis passes on crate `rod1d2n`
[INFO] [stderr] end of query stack
[INFO] [stderr] error: could not compile `zhmfem` (example "rod1d2n")
[INFO] [stderr] 
[INFO] [stderr] Caused by:
[INFO] [stderr]   process didn't exit successfully: `/opt/rustwide/rustup-home/toolchains/3154cc1a3e6424e44f438a95007d043ed5ceaaf6/bin/rustc --crate-name rod1d2n --edition=2024 examples/rod1d2n.rs --error-format=json --json=diagnostic-rendered-ansi,artifacts,future-incompat,unused-externs-silent --crate-type bin --emit=dep-info,metadata -C embed-bitcode=no -C debuginfo=2 --check-cfg 'cfg(docsrs,test)' --check-cfg 'cfg(feature, values("parallel"))' -C metadata=ecca7ada0d001aed -C extra-filename=-26696ef4b06799b2 --out-dir /opt/rustwide/target/debug/build/zhmfem/26696ef4b06799b2/out -L dependency=/opt/rustwide/target/debug/build/approx/f65a64ec48aed381/out -L dependency=/opt/rustwide/target/debug/build/atomic_float/f2758fd430408b5c/out -L dependency=/opt/rustwide/target/debug/build/base64/d8aec028dea2d277/out -L dependency=/opt/rustwide/target/debug/build/bytemuck/0a772af37c6e0461/out -L dependency=/opt/rustwide/target/debug/build/byteorder/d92705dd1d5353b1/out -L dependency=/opt/rustwide/target/debug/build/log/a469ce83c9b0fe3a/out -L dependency=/opt/rustwide/target/debug/build/matrixmultiply/47e21bbdc0aa13b5/out -L dependency=/opt/rustwide/target/debug/build/memchr/c13007f728075df8/out -L dependency=/opt/rustwide/target/debug/build/minimal-lexical/b988ba17985965f5/out -L dependency=/opt/rustwide/target/debug/build/nalgebra-macros/cb50e1b5bcf8bb00/out -L dependency=/opt/rustwide/target/debug/build/nalgebra/d25d9cf87291fccd/out -L dependency=/opt/rustwide/target/debug/build/nom/0f23146fdd1ac0cd/out -L dependency=/opt/rustwide/target/debug/build/num-complex/24b3ade4fe2135c6/out -L dependency=/opt/rustwide/target/debug/build/num-derive/4bb49defe5abd1ac/out -L dependency=/opt/rustwide/target/debug/build/num-integer/14291dd2500b351f/out -L dependency=/opt/rustwide/target/debug/build/num-rational/cf6e9cf048995f2c/out -L dependency=/opt/rustwide/target/debug/build/num-traits/3e7aff664eb61dcc/out -L dependency=/opt/rustwide/target/debug/build/paste/c5e5e8a2bd161c29/out -L dependency=/opt/rustwide/target/debug/build/rawpointer/1161d966db9d7afd/out -L dependency=/opt/rustwide/target/debug/build/safe_arch/6a5f458429e9810f/out -L dependency=/opt/rustwide/target/debug/build/simba/df73f5cc607a76e8/out -L dependency=/opt/rustwide/target/debug/build/trim-in-place/f416841672991024/out -L dependency=/opt/rustwide/target/debug/build/typenum/c8aa4bd6375c23ad/out -L dependency=/opt/rustwide/target/debug/build/vtkio/3ce69274426db5b5/out -L dependency=/opt/rustwide/target/debug/build/wide/1d6d82f4629eec6e/out --extern atomic_float=/opt/rustwide/target/debug/build/atomic_float/f2758fd430408b5c/out/libatomic_float-f2758fd430408b5c.rmeta --extern nalgebra=/opt/rustwide/target/debug/build/nalgebra/d25d9cf87291fccd/out/libnalgebra-d25d9cf87291fccd.rmeta --extern vtkio=/opt/rustwide/target/debug/build/vtkio/3ce69274426db5b5/out/libvtkio-3ce69274426db5b5.rmeta --extern zhmfem=/opt/rustwide/target/debug/build/zhmfem/9a908a824fc8b482/out/libzhmfem-9a908a824fc8b482.rmeta --cap-lints=forbid --force-warn=unused_crate_dependencies -L native=/opt/panua-pardiso-20240229-linux/lib/ -C link-arg=-Wl,-rpath,/opt/panua-pardiso-20240229-linux/lib/` (exit status: 101)
[INFO] [stderr] warning: build failed, waiting for other jobs to finish...
[INFO] [stderr]    0:     0x7340b5ffda86 - <<std[3164a59e47d3bde]::sys::backtrace::BacktraceLock>::print::DisplayBacktrace as core[934024a1e6126fb4]::fmt::Display>::fmt
[INFO] [stdout] warning: `feature(generic_const_exprs)` is not supported with the next-generation trait solver
[INFO] [stdout]  --> examples/tri2d3n.rs:2:12
[INFO] [stdout]   |
[INFO] [stdout] 2 | #![feature(generic_const_exprs)]
[INFO] [stdout]   |            ^^^^^^^^^^^^^^^^^^^
[INFO] [stdout]   |
[INFO] [stdout]   = note: `-Znext-solver=globally` is currently enabled by default for testing
[INFO] [stdout]   = note: reverted the setting to `-Znext-solver=coherence` for this crate
[INFO] [stdout]   = note: the currently stable trait solver will be used for this crate
[INFO] [stdout]   = note: see issues #160895 <https://github.com/rust-lang/rust/issues/160895> for more information
[INFO] [stdout] 
[INFO] [stdout] 
[INFO] [stderr]    1:     0x7340b660b58f - core[934024a1e6126fb4]::fmt::write
[INFO] [stderr]    2:     0x7340b601407c - <std[3164a59e47d3bde]::sys::stdio::unix::Stderr as core[934024a1e6126fb4]::io::write::Write>::write_fmt
[INFO] [stderr]    3:     0x7340b5fced4a - std[3164a59e47d3bde]::panicking::default_hook::{closure#0}
[INFO] [stderr]    4:     0x7340b5ff12c3 - std[3164a59e47d3bde]::panicking::default_hook
[INFO] [stderr]    5:     0x7340b4d6d915 - std[3164a59e47d3bde]::panicking::update_hook::<alloc[b96ed41a801e996d]::boxed::Box<rustc_driver_impl[4d41c45c6d37fa8c]::install_ice_hook::{closure#1}>>::{closure#0}
[INFO] [stderr]    6:     0x7340b5ff1762 - std[3164a59e47d3bde]::panicking::panic_with_hook
[INFO] [stderr]    7:     0x7340b5fcee34 - std[3164a59e47d3bde]::panicking::panic_handler::{closure#0}
[INFO] [stderr]    8:     0x7340b5fc63a9 - std[3164a59e47d3bde]::sys::backtrace::__rust_end_short_backtrace::<std[3164a59e47d3bde]::panicking::panic_handler::{closure#0}, !>
[INFO] [stderr]    9:     0x7340b5fd09dd - __rustc[2e7b49d4226056d3]::rust_begin_unwind
[INFO] [stderr]   10:     0x7340b2a45a5c - core[934024a1e6126fb4]::panicking::panic_fmt
[INFO] [stderr]   11:     0x7340b3019492 - core[934024a1e6126fb4]::panicking::panic
[INFO] [stderr]   12:     0x7340b697852e - <rustc_next_trait_solver[b3acf562f09fbe6a]::solve::eval_ctxt::EvalCtxt<rustc_trait_selection[579280d4a5e4d181]::solve::delegate::SolverDelegate, rustc_middle[9749cded0b0e17c3]::ty::context::TyCtxt>>::evaluate_const
[INFO] [stderr]   13:     0x7340b6947bb9 - <rustc_next_trait_solver[b3acf562f09fbe6a]::solve::eval_ctxt::EvalCtxt<rustc_trait_selection[579280d4a5e4d181]::solve::delegate::SolverDelegate, rustc_middle[9749cded0b0e17c3]::ty::context::TyCtxt>>::evaluate_const_and_instantiate_projection_term
[INFO] [stderr]   14:     0x7340b74c2651 - <rustc_next_trait_solver[b3acf562f09fbe6a]::solve::eval_ctxt::EvalCtxt<rustc_trait_selection[579280d4a5e4d181]::solve::delegate::SolverDelegate, rustc_middle[9749cded0b0e17c3]::ty::context::TyCtxt>>::evaluate_goal_no_fast_paths
[INFO] [stderr]   15:     0x7340b74b5dd7 - <rustc_next_trait_solver[b3acf562f09fbe6a]::solve::eval_ctxt::EvalCtxt<rustc_trait_selection[579280d4a5e4d181]::solve::delegate::SolverDelegate, rustc_middle[9749cded0b0e17c3]::ty::context::TyCtxt>>::evaluate_goal
[INFO] [stderr]   16:     0x7340b74acb0f - <rustc_next_trait_solver[b3acf562f09fbe6a]::solve::eval_ctxt::EvalCtxt<rustc_trait_selection[579280d4a5e4d181]::solve::delegate::SolverDelegate, rustc_middle[9749cded0b0e17c3]::ty::context::TyCtxt>>::normalize::<rustc_middle[9749cded0b0e17c3]::ty::Ty>::{closure#0}
[INFO] [stderr]   17:     0x7340b74ac5db - <rustc_next_trait_solver[b3acf562f09fbe6a]::normalize::NormalizationFolder<rustc_infer[378f9c2af57772fb]::infer::InferCtxt, rustc_middle[9749cded0b0e17c3]::ty::context::TyCtxt, <rustc_next_trait_solver[b3acf562f09fbe6a]::solve::eval_ctxt::EvalCtxt<rustc_trait_selection[579280d4a5e4d181]::solve::delegate::SolverDelegate, rustc_middle[9749cded0b0e17c3]::ty::context::TyCtxt>>::normalize<rustc_middle[9749cded0b0e17c3]::ty::predicate::Predicate>::{closure#0}> as rustc_type_ir[aff52ad0bd0f686]::fold::FallibleTypeFolder<rustc_middle[9749cded0b0e17c3]::ty::context::TyCtxt>>::try_fold_const::{closure#0}
[INFO] [stderr]   18:     0x7340b74ab932 - <rustc_next_trait_solver[b3acf562f09fbe6a]::normalize::NormalizationFolder<rustc_infer[378f9c2af57772fb]::infer::InferCtxt, rustc_middle[9749cded0b0e17c3]::ty::context::TyCtxt, <rustc_next_trait_solver[b3acf562f09fbe6a]::solve::eval_ctxt::EvalCtxt<rustc_trait_selection[579280d4a5e4d181]::solve::delegate::SolverDelegate, rustc_middle[9749cded0b0e17c3]::ty::context::TyCtxt>>::normalize<rustc_middle[9749cded0b0e17c3]::ty::predicate::Predicate>::{closure#0}> as rustc_type_ir[aff52ad0bd0f686]::fold::FallibleTypeFolder<rustc_middle[9749cded0b0e17c3]::ty::context::TyCtxt>>::try_fold_ty::{closure#0}
[INFO] [stderr]   19:     0x7340b74ab909 - <rustc_next_trait_solver[b3acf562f09fbe6a]::normalize::NormalizationFolder<rustc_infer[378f9c2af57772fb]::infer::InferCtxt, rustc_middle[9749cded0b0e17c3]::ty::context::TyCtxt, <rustc_next_trait_solver[b3acf562f09fbe6a]::solve::eval_ctxt::EvalCtxt<rustc_trait_selection[579280d4a5e4d181]::solve::delegate::SolverDelegate, rustc_middle[9749cded0b0e17c3]::ty::context::TyCtxt>>::normalize<rustc_middle[9749cded0b0e17c3]::ty::predicate::Predicate>::{closure#0}> as rustc_type_ir[aff52ad0bd0f686]::fold::FallibleTypeFolder<rustc_middle[9749cded0b0e17c3]::ty::context::TyCtxt>>::try_fold_ty::{closure#0}
[INFO] [stderr]   20:     0x7340b74aa00f - <&rustc_middle[9749cded0b0e17c3]::ty::list::RawList<(), rustc_middle[9749cded0b0e17c3]::ty::generic_args::GenericArg> as rustc_type_ir[aff52ad0bd0f686]::fold::TypeFoldable<rustc_middle[9749cded0b0e17c3]::ty::context::TyCtxt>>::try_fold_with::<rustc_next_trait_solver[b3acf562f09fbe6a]::normalize::NormalizationFolder<rustc_infer[378f9c2af57772fb]::infer::InferCtxt, rustc_middle[9749cded0b0e17c3]::ty::context::TyCtxt, <rustc_next_trait_solver[b3acf562f09fbe6a]::solve::eval_ctxt::EvalCtxt<rustc_trait_selection[579280d4a5e4d181]::solve::delegate::SolverDelegate, rustc_middle[9749cded0b0e17c3]::ty::context::TyCtxt>>::normalize<rustc_middle[9749cded0b0e17c3]::ty::predicate::Predicate>::{closure#0}>>
[INFO] [stderr]   21:     0x7340b7d18a49 - <rustc_next_trait_solver[b3acf562f09fbe6a]::solve::eval_ctxt::EvalCtxt<rustc_trait_selection[579280d4a5e4d181]::solve::delegate::SolverDelegate, rustc_middle[9749cded0b0e17c3]::ty::context::TyCtxt>>::add_goals::<alloc[b96ed41a801e996d]::vec::Vec<rustc_type_ir[aff52ad0bd0f686]::solve::Goal<rustc_middle[9749cded0b0e17c3]::ty::context::TyCtxt, rustc_middle[9749cded0b0e17c3]::ty::predicate::Predicate>>>
[INFO] [stderr]   22:     0x7340b74d4dcb - <rustc_next_trait_solver[b3acf562f09fbe6a]::solve::eval_ctxt::EvalCtxt<rustc_trait_selection[579280d4a5e4d181]::solve::delegate::SolverDelegate, rustc_middle[9749cded0b0e17c3]::ty::context::TyCtxt>>::evaluate_goal_no_fast_paths
[INFO] [stderr]   23:     0x7340b660ddf8 - <rustc_trait_selection[579280d4a5e4d181]::traits::engine::FulfillmentEngine<rustc_trait_selection[579280d4a5e4d181]::traits::FulfillmentError> as rustc_infer[378f9c2af57772fb]::traits::engine::TraitEngine<rustc_trait_selection[579280d4a5e4d181]::traits::FulfillmentError>>::try_evaluate_obligations
[INFO] [stderr]   24:     0x7340b681caf9 - <rustc_hir_typeck[52f5caf1595d1c05]::fn_ctxt::FnCtxt>::check_expr_call
[INFO] [stderr]   25:     0x7340b68a84c6 - <rustc_hir_typeck[52f5caf1595d1c05]::fn_ctxt::FnCtxt>::check_expr_with_expectation_and_args
[INFO] [stderr]   26:     0x7340b6893a60 - <rustc_hir_typeck[52f5caf1595d1c05]::fn_ctxt::FnCtxt>::check_decl
[INFO] [stderr]   27:     0x7340b689bb7e - <rustc_hir_typeck[52f5caf1595d1c05]::fn_ctxt::FnCtxt>::check_expr_block
[INFO] [stderr]   28:     0x7340b68a8dc9 - <rustc_hir_typeck[52f5caf1595d1c05]::fn_ctxt::FnCtxt>::check_expr_with_expectation_and_args
[INFO] [stderr]   29:     0x7340b6873716 - rustc_hir_typeck[52f5caf1595d1c05]::check::check_fn
[INFO] [stderr]   30:     0x7340b7a45da8 - rustc_hir_typeck[52f5caf1595d1c05]::typeck_with_inspect::{closure#0}
[INFO] [stderr]   31:     0x7340b7a441f0 - rustc_query_impl[d183d205595bb26e]::query_vtables::typeck_root::invoke_provider_fn::__rust_begin_short_backtrace
[INFO] [stderr]   32:     0x7340b6ba1fd3 - rustc_query_impl[d183d205595bb26e]::execution::try_execute_query::<rustc_data_structures[beb512ccbba93d65]::vec_cache::VecCache<rustc_span[86848bd09168975a]::def_id::LocalDefId, rustc_middle[9749cded0b0e17c3]::query::erase::ErasedData<[u8; 8usize]>, rustc_middle[9749cded0b0e17c3]::dep_graph::graph::DepNodeIndex>, false>
[INFO] [stderr]   33:     0x7340b6ba1c27 - rustc_query_impl[d183d205595bb26e]::query_vtables::typeck_root::execute_query_non_incr::__rust_end_short_backtrace
[INFO] [stderr]   34:     0x7340b6d16634 - <rustc_middle[9749cded0b0e17c3]::ty::context::TyCtxt>::par_hir_body_owners::<rustc_hir_analysis[13793032b16b77dc]::check_crate::{closure#1}>::{closure#0}
[INFO] [stderr]   35:     0x7340b6d15ce5 - rustc_hir_analysis[13793032b16b77dc]::check_crate
[INFO] [stderr]   36:     0x7340b6b9e8b9 - rustc_interface[7316318c9ebc3ad]::passes::analysis
[INFO] [stderr]   37:     0x7340b781b847 - rustc_query_impl[d183d205595bb26e]::execution::try_execute_query::<rustc_middle[9749cded0b0e17c3]::query::caches::SingleCache<rustc_middle[9749cded0b0e17c3]::query::erase::ErasedData<[u8; 0usize]>>, false>
[INFO] [stderr]   38:     0x7340b781b62b - rustc_query_impl[d183d205595bb26e]::query_vtables::analysis::execute_query_non_incr::__rust_end_short_backtrace
[INFO] [stderr]   39:     0x7340b78e1490 - rustc_interface[7316318c9ebc3ad]::interface::run_compiler::<(), rustc_driver_impl[4d41c45c6d37fa8c]::compiler_entrypoint::{closure#0}>::{closure#2}
[INFO] [stderr]   40:     0x7340b7911782 - std[3164a59e47d3bde]::sys::backtrace::__rust_begin_short_backtrace::<rustc_interface[7316318c9ebc3ad]::util::run_in_thread_with_globals<rustc_interface[7316318c9ebc3ad]::util::run_in_thread_pool_with_globals<rustc_interface[7316318c9ebc3ad]::interface::run_compiler<(), rustc_driver_impl[4d41c45c6d37fa8c]::compiler_entrypoint::{closure#0}>::{closure#2}, ()>::{closure#0}, ()>::{closure#0}::{closure#0}, ()>
[INFO] [stderr]   41:     0x7340b791152d - <std[3164a59e47d3bde]::thread::lifecycle::spawn_unchecked<rustc_interface[7316318c9ebc3ad]::util::run_in_thread_with_globals<rustc_interface[7316318c9ebc3ad]::util::run_in_thread_pool_with_globals<rustc_interface[7316318c9ebc3ad]::interface::run_compiler<(), rustc_driver_impl[4d41c45c6d37fa8c]::compiler_entrypoint::{closure#0}>::{closure#2}, ()>::{closure#0}, ()>::{closure#0}::{closure#0}, ()>::{closure#1} as core[934024a1e6126fb4]::ops::function::FnOnce<()>>::call_once::{shim:vtable#0}
[INFO] [stderr]   42:     0x7340b790fa5b - <std[3164a59e47d3bde]::sys::thread::unix::Thread>::new::thread_start
[INFO] [stderr]   43:     0x7340b0a51dfa - <unknown>
[INFO] [stderr]   44:     0x7340b0ae53d4 - clone
[INFO] [stderr]   45:                0x0 - <unknown>
[INFO] [stderr] 
[INFO] [stderr] error: the compiler unexpectedly panicked. This is a bug
[INFO] [stderr] 
[INFO] [stderr] note: we would appreciate a bug report: https://github.com/rust-lang/rust/issues/new?labels=C-bug%2C+I-ICE%2C+T-compiler&template=ice.md
[INFO] [stderr] 
[INFO] [stderr] note: please make sure that you have updated to the latest nightly
[INFO] [stderr] 
[INFO] [stderr] warning: the ICE couldn't be written to `/opt/rustwide/workdir/rustc-ice-2026-10-11T04_45_14-331.txt`: Read-only file system (os error 30)
[INFO] [stderr] 
[INFO] [stderr] note: rustc 1.101.0-nightly (3154cc1a3 2026-10-09) running on x86_64-unknown-linux-gnu
[INFO] [stderr] 
[INFO] [stderr] note: compiler flags: -C embed-bitcode=no -C debuginfo=2 -C link-arg=-Wl,-rpath,/opt/panua-pardiso-20240229-linux/lib/
[INFO] [stderr] 
[INFO] [stderr] note: some of the compiler flags provided by cargo are hidden
[INFO] [stderr] 
[INFO] [stderr] query stack during panic:
[INFO] [stderr] #0 [typeck_root] type-checking `main`
[INFO] [stderr] #1 [analysis] running analysis passes on crate `zhmfem`
[INFO] [stderr] end of query stack
[INFO] [stderr]    0:     0x7b25f83fda86 - <<std[3164a59e47d3bde]::sys::backtrace::BacktraceLock>::print::DisplayBacktrace as core[934024a1e6126fb4]::fmt::Display>::fmt
[INFO] [stderr]    1:     0x7b25f8a0b58f - core[934024a1e6126fb4]::fmt::write
[INFO] [stderr]    2:     0x7b25f841407c - <std[3164a59e47d3bde]::sys::stdio::unix::Stderr as core[934024a1e6126fb4]::io::write::Write>::write_fmt
[INFO] [stderr]    3:     0x7b25f83ced4a - std[3164a59e47d3bde]::panicking::default_hook::{closure#0}
[INFO] [stderr]    4:     0x7b25f83f12c3 - std[3164a59e47d3bde]::panicking::default_hook
[INFO] [stderr]    5:     0x7b25f716d915 - std[3164a59e47d3bde]::panicking::update_hook::<alloc[b96ed41a801e996d]::boxed::Box<rustc_driver_impl[4d41c45c6d37fa8c]::install_ice_hook::{closure#1}>>::{closure#0}
[INFO] [stderr]    6:     0x7b25f83f1762 - std[3164a59e47d3bde]::panicking::panic_with_hook
[INFO] [stderr]    7:     0x7b25f83cee34 - std[3164a59e47d3bde]::panicking::panic_handler::{closure#0}
[INFO] [stderr]    8:     0x7b25f83c63a9 - std[3164a59e47d3bde]::sys::backtrace::__rust_end_short_backtrace::<std[3164a59e47d3bde]::panicking::panic_handler::{closure#0}, !>
[INFO] [stderr]    9:     0x7b25f83d09dd - __rustc[2e7b49d4226056d3]::rust_begin_unwind
[INFO] [stderr]   10:     0x7b25f4e45a5c - core[934024a1e6126fb4]::panicking::panic_fmt
[INFO] [stderr]   11:     0x7b25f5419492 - core[934024a1e6126fb4]::panicking::panic
[INFO] [stderr]   12:     0x7b25f8d7852e - <rustc_next_trait_solver[b3acf562f09fbe6a]::solve::eval_ctxt::EvalCtxt<rustc_trait_selection[579280d4a5e4d181]::solve::delegate::SolverDelegate, rustc_middle[9749cded0b0e17c3]::ty::context::TyCtxt>>::evaluate_const
[INFO] [stderr]   13:     0x7b25f8d47bb9 - <rustc_next_trait_solver[b3acf562f09fbe6a]::solve::eval_ctxt::EvalCtxt<rustc_trait_selection[579280d4a5e4d181]::solve::delegate::SolverDelegate, rustc_middle[9749cded0b0e17c3]::ty::context::TyCtxt>>::evaluate_const_and_instantiate_projection_term
[INFO] [stderr]   14:     0x7b25f98c2651 - <rustc_next_trait_solver[b3acf562f09fbe6a]::solve::eval_ctxt::EvalCtxt<rustc_trait_selection[579280d4a5e4d181]::solve::delegate::SolverDelegate, rustc_middle[9749cded0b0e17c3]::ty::context::TyCtxt>>::evaluate_goal_no_fast_paths
[INFO] [stderr]   15:     0x7b25f98b5dd7 - <rustc_next_trait_solver[b3acf562f09fbe6a]::solve::eval_ctxt::EvalCtxt<rustc_trait_selection[579280d4a5e4d181]::solve::delegate::SolverDelegate, rustc_middle[9749cded0b0e17c3]::ty::context::TyCtxt>>::evaluate_goal
[INFO] [stderr]   16:     0x7b25f98acb0f - <rustc_next_trait_solver[b3acf562f09fbe6a]::solve::eval_ctxt::EvalCtxt<rustc_trait_selection[579280d4a5e4d181]::solve::delegate::SolverDelegate, rustc_middle[9749cded0b0e17c3]::ty::context::TyCtxt>>::normalize::<rustc_middle[9749cded0b0e17c3]::ty::Ty>::{closure#0}
[INFO] [stderr]   17:     0x7b25f98ac5db - <rustc_next_trait_solver[b3acf562f09fbe6a]::normalize::NormalizationFolder<rustc_infer[378f9c2af57772fb]::infer::InferCtxt, rustc_middle[9749cded0b0e17c3]::ty::context::TyCtxt, <rustc_next_trait_solver[b3acf562f09fbe6a]::solve::eval_ctxt::EvalCtxt<rustc_trait_selection[579280d4a5e4d181]::solve::delegate::SolverDelegate, rustc_middle[9749cded0b0e17c3]::ty::context::TyCtxt>>::normalize<rustc_middle[9749cded0b0e17c3]::ty::predicate::Predicate>::{closure#0}> as rustc_type_ir[aff52ad0bd0f686]::fold::FallibleTypeFolder<rustc_middle[9749cded0b0e17c3]::ty::context::TyCtxt>>::try_fold_const::{closure#0}
[INFO] [stderr]   18:     0x7b25f98ab932 - <rustc_next_trait_solver[b3acf562f09fbe6a]::normalize::NormalizationFolder<rustc_infer[378f9c2af57772fb]::infer::InferCtxt, rustc_middle[9749cded0b0e17c3]::ty::context::TyCtxt, <rustc_next_trait_solver[b3acf562f09fbe6a]::solve::eval_ctxt::EvalCtxt<rustc_trait_selection[579280d4a5e4d181]::solve::delegate::SolverDelegate, rustc_middle[9749cded0b0e17c3]::ty::context::TyCtxt>>::normalize<rustc_middle[9749cded0b0e17c3]::ty::predicate::Predicate>::{closure#0}> as rustc_type_ir[aff52ad0bd0f686]::fold::FallibleTypeFolder<rustc_middle[9749cded0b0e17c3]::ty::context::TyCtxt>>::try_fold_ty::{closure#0}
[INFO] [stderr]   19:     0x7b25f98ab909 - <rustc_next_trait_solver[b3acf562f09fbe6a]::normalize::NormalizationFolder<rustc_infer[378f9c2af57772fb]::infer::InferCtxt, rustc_middle[9749cded0b0e17c3]::ty::context::TyCtxt, <rustc_next_trait_solver[b3acf562f09fbe6a]::solve::eval_ctxt::EvalCtxt<rustc_trait_selection[579280d4a5e4d181]::solve::delegate::SolverDelegate, rustc_middle[9749cded0b0e17c3]::ty::context::TyCtxt>>::normalize<rustc_middle[9749cded0b0e17c3]::ty::predicate::Predicate>::{closure#0}> as rustc_type_ir[aff52ad0bd0f686]::fold::FallibleTypeFolder<rustc_middle[9749cded0b0e17c3]::ty::context::TyCtxt>>::try_fold_ty::{closure#0}
[INFO] [stderr]   20:     0x7b25f98aa00f - <&rustc_middle[9749cded0b0e17c3]::ty::list::RawList<(), rustc_middle[9749cded0b0e17c3]::ty::generic_args::GenericArg> as rustc_type_ir[aff52ad0bd0f686]::fold::TypeFoldable<rustc_middle[9749cded0b0e17c3]::ty::context::TyCtxt>>::try_fold_with::<rustc_next_trait_solver[b3acf562f09fbe6a]::normalize::NormalizationFolder<rustc_infer[378f9c2af57772fb]::infer::InferCtxt, rustc_middle[9749cded0b0e17c3]::ty::context::TyCtxt, <rustc_next_trait_solver[b3acf562f09fbe6a]::solve::eval_ctxt::EvalCtxt<rustc_trait_selection[579280d4a5e4d181]::solve::delegate::SolverDelegate, rustc_middle[9749cded0b0e17c3]::ty::context::TyCtxt>>::normalize<rustc_middle[9749cded0b0e17c3]::ty::predicate::Predicate>::{closure#0}>>
[INFO] [stderr]   21:     0x7b25fa118a49 - <rustc_next_trait_solver[b3acf562f09fbe6a]::solve::eval_ctxt::EvalCtxt<rustc_trait_selection[579280d4a5e4d181]::solve::delegate::SolverDelegate, rustc_middle[9749cded0b0e17c3]::ty::context::TyCtxt>>::add_goals::<alloc[b96ed41a801e996d]::vec::Vec<rustc_type_ir[aff52ad0bd0f686]::solve::Goal<rustc_middle[9749cded0b0e17c3]::ty::context::TyCtxt, rustc_middle[9749cded0b0e17c3]::ty::predicate::Predicate>>>
[INFO] [stderr]   22:     0x7b25f98d4dcb - <rustc_next_trait_solver[b3acf562f09fbe6a]::solve::eval_ctxt::EvalCtxt<rustc_trait_selection[579280d4a5e4d181]::solve::delegate::SolverDelegate, rustc_middle[9749cded0b0e17c3]::ty::context::TyCtxt>>::evaluate_goal_no_fast_paths
[INFO] [stderr]   23:     0x7b25f8a0ddf8 - <rustc_trait_selection[579280d4a5e4d181]::traits::engine::FulfillmentEngine<rustc_trait_selection[579280d4a5e4d181]::traits::FulfillmentError> as rustc_infer[378f9c2af57772fb]::traits::engine::TraitEngine<rustc_trait_selection[579280d4a5e4d181]::traits::FulfillmentError>>::try_evaluate_obligations
[INFO] [stderr]   24:     0x7b25f93c68d2 - <rustc_hir_typeck[52f5caf1595d1c05]::fn_ctxt::FnCtxt>::check_expr_path
[INFO] [stderr]   25:     0x7b25f8ca83d6 - <rustc_hir_typeck[52f5caf1595d1c05]::fn_ctxt::FnCtxt>::check_expr_with_expectation_and_args
[INFO] [stderr]   26:     0x7b25f8c1a987 - <rustc_hir_typeck[52f5caf1595d1c05]::fn_ctxt::FnCtxt>::check_expr_call
[INFO] [stderr]   27:     0x7b25f8ca84c6 - <rustc_hir_typeck[52f5caf1595d1c05]::fn_ctxt::FnCtxt>::check_expr_with_expectation_and_args
[INFO] [stderr]   28:     0x7b25f8c93a60 - <rustc_hir_typeck[52f5caf1595d1c05]::fn_ctxt::FnCtxt>::check_decl
[INFO] [stderr]   29:     0x7b25f8c9bb7e - <rustc_hir_typeck[52f5caf1595d1c05]::fn_ctxt::FnCtxt>::check_expr_block
[INFO] [stderr]   30:     0x7b25f8ca8dc9 - <rustc_hir_typeck[52f5caf1595d1c05]::fn_ctxt::FnCtxt>::check_expr_with_expectation_and_args
[INFO] [stderr]   31:     0x7b25f8c73716 - rustc_hir_typeck[52f5caf1595d1c05]::check::check_fn
[INFO] [stderr]   32:     0x7b25f9e45da8 - rustc_hir_typeck[52f5caf1595d1c05]::typeck_with_inspect::{closure#0}
[INFO] [stderr]   33:     0x7b25f9e441f0 - rustc_query_impl[d183d205595bb26e]::query_vtables::typeck_root::invoke_provider_fn::__rust_begin_short_backtrace
[INFO] [stderr]   34:     0x7b25f8fa1fd3 - rustc_query_impl[d183d205595bb26e]::execution::try_execute_query::<rustc_data_structures[beb512ccbba93d65]::vec_cache::VecCache<rustc_span[86848bd09168975a]::def_id::LocalDefId, rustc_middle[9749cded0b0e17c3]::query::erase::ErasedData<[u8; 8usize]>, rustc_middle[9749cded0b0e17c3]::dep_graph::graph::DepNodeIndex>, false>
[INFO] [stderr]   35:     0x7b25f8fa1c27 - rustc_query_impl[d183d205595bb26e]::query_vtables::typeck_root::execute_query_non_incr::__rust_end_short_backtrace
[INFO] [stderr]   36:     0x7b25f9116634 - <rustc_middle[9749cded0b0e17c3]::ty::context::TyCtxt>::par_hir_body_owners::<rustc_hir_analysis[13793032b16b77dc]::check_crate::{closure#1}>::{closure#0}
[INFO] [stderr]   37:     0x7b25f9115ce5 - rustc_hir_analysis[13793032b16b77dc]::check_crate
[INFO] [stderr]   38:     0x7b25f8f9e8b9 - rustc_interface[7316318c9ebc3ad]::passes::analysis
[INFO] [stderr]   39:     0x7b25f9c1b847 - rustc_query_impl[d183d205595bb26e]::execution::try_execute_query::<rustc_middle[9749cded0b0e17c3]::query::caches::SingleCache<rustc_middle[9749cded0b0e17c3]::query::erase::ErasedData<[u8; 0usize]>>, false>
[INFO] [stderr]   40:     0x7b25f9c1b62b - rustc_query_impl[d183d205595bb26e]::query_vtables::analysis::execute_query_non_incr::__rust_end_short_backtrace
[INFO] [stderr]   41:     0x7b25f9ce1490 - rustc_interface[7316318c9ebc3ad]::interface::run_compiler::<(), rustc_driver_impl[4d41c45c6d37fa8c]::compiler_entrypoint::{closure#0}>::{closure#2}
[INFO] [stderr]   42:     0x7b25f9d11782 - std[3164a59e47d3bde]::sys::backtrace::__rust_begin_short_backtrace::<rustc_interface[7316318c9ebc3ad]::util::run_in_thread_with_globals<rustc_interface[7316318c9ebc3ad]::util::run_in_thread_pool_with_globals<rustc_interface[7316318c9ebc3ad]::interface::run_compiler<(), rustc_driver_impl[4d41c45c6d37fa8c]::compiler_entrypoint::{closure#0}>::{closure#2}, ()>::{closure#0}, ()>::{closure#0}::{closure#0}, ()>
[INFO] [stderr]   43:     0x7b25f9d1152d - <std[3164a59e47d3bde]::thread::lifecycle::spawn_unchecked<rustc_interface[7316318c9ebc3ad]::util::run_in_thread_with_globals<rustc_interface[7316318c9ebc3ad]::util::run_in_thread_pool_with_globals<rustc_interface[7316318c9ebc3ad]::interface::run_compiler<(), rustc_driver_impl[4d41c45c6d37fa8c]::compiler_entrypoint::{closure#0}>::{closure#2}, ()>::{closure#0}, ()>::{closure#0}::{closure#0}, ()>::{closure#1} as core[934024a1e6126fb4]::ops::function::FnOnce<()>>::call_once::{shim:vtable#0}
[INFO] [stderr]   44:     0x7b25f9d0fa5b - <std[3164a59e47d3bde]::sys::thread::unix::Thread>::new::thread_start
[INFO] [stderr]   45:     0x7b25f2e42dfa - <unknown>
[INFO] [stderr]   46:     0x7b25f2ed63d4 - clone
[INFO] [stderr]   47:                0x0 - <unknown>
[INFO] [stderr] 
[INFO] [stderr] error: the compiler unexpectedly panicked. This is a bug
[INFO] [stderr] 
[INFO] [stderr] note: we would appreciate a bug report: https://github.com/rust-lang/rust/issues/new?labels=C-bug%2C+I-ICE%2C+T-compiler&template=ice.md
[INFO] [stderr] 
[INFO] [stderr] note: please make sure that you have updated to the latest nightly
[INFO] [stderr] error: could not compile `zhmfem` (bin "zhmfem" test)
[INFO] [stderr] 
[INFO] [stderr] Caused by:
[INFO] [stderr]   process didn't exit successfully: `/opt/rustwide/rustup-home/toolchains/3154cc1a3e6424e44f438a95007d043ed5ceaaf6/bin/rustc --crate-name zhmfem --edition=2024 src/main.rs --error-format=json --json=diagnostic-rendered-ansi,artifacts,future-incompat,unused-externs-silent --emit=dep-info,metadata -C embed-bitcode=no -C debuginfo=2 --test --check-cfg 'cfg(docsrs,test)' --check-cfg 'cfg(feature, values("parallel"))' -C metadata=68c697e7cabb013d -C extra-filename=-2c93d8f6b7be3b8b --out-dir /opt/rustwide/target/debug/build/zhmfem/2c93d8f6b7be3b8b/out -L dependency=/opt/rustwide/target/debug/build/approx/f65a64ec48aed381/out -L dependency=/opt/rustwide/target/debug/build/atomic_float/f2758fd430408b5c/out -L dependency=/opt/rustwide/target/debug/build/base64/d8aec028dea2d277/out -L dependency=/opt/rustwide/target/debug/build/bytemuck/0a772af37c6e0461/out -L dependency=/opt/rustwide/target/debug/build/byteorder/d92705dd1d5353b1/out -L dependency=/opt/rustwide/target/debug/build/log/a469ce83c9b0fe3a/out -L dependency=/opt/rustwide/target/debug/build/matrixmultiply/47e21bbdc0aa13b5/out -L dependency=/opt/rustwide/target/debug/build/memchr/c13007f728075df8/out -L dependency=/opt/rustwide/target/debug/build/minimal-lexical/b988ba17985965f5/out -L dependency=/opt/rustwide/target/debug/build/nalgebra-macros/cb50e1b5bcf8bb00/out -L dependency=/opt/rustwide/target/debug/build/nalgebra/d25d9cf87291fccd/out -L dependency=/opt/rustwide/target/debug/build/nom/0f23146fdd1ac0cd/out -L dependency=/opt/rustwide/target/debug/build/num-complex/24b3ade4fe2135c6/out -L dependency=/opt/rustwide/target/debug/build/num-derive/4bb49defe5abd1ac/out -L dependency=/opt/rustwide/target/debug/build/num-integer/14291dd2500b351f/out -L dependency=/opt/rustwide/target/debug/build/num-rational/cf6e9cf048995f2c/out -L dependency=/opt/rustwide/target/debug/build/num-traits/3e7aff664eb61dcc/out -L dependency=/opt/rustwide/target/debug/build/paste/c5e5e8a2bd161c29/out -L dependency=/opt/rustwide/target/debug/build/rawpointer/1161d966db9d7afd/out -L dependency=/opt/rustwide/target/debug/build/safe_arch/6a5f458429e9810f/out -L dependency=/opt/rustwide/target/debug/build/simba/df73f5cc607a76e8/out -L dependency=/opt/rustwide/target/debug/build/trim-in-place/f416841672991024/out -L dependency=/opt/rustwide/target/debug/build/typenum/c8aa4bd6375c23ad/out -L dependency=/opt/rustwide/target/debug/build/vtkio/3ce69274426db5b5/out -L dependency=/opt/rustwide/target/debug/build/wide/1d6d82f4629eec6e/out --extern atomic_float=/opt/rustwide/target/debug/build/atomic_float/f2758fd430408b5c/out/libatomic_float-f2758fd430408b5c.rmeta --extern nalgebra=/opt/rustwide/target/debug/build/nalgebra/d25d9cf87291fccd/out/libnalgebra-d25d9cf87291fccd.rmeta --extern vtkio=/opt/rustwide/target/debug/build/vtkio/3ce69274426db5b5/out/libvtkio-3ce69274426db5b5.rmeta --extern zhmfem=/opt/rustwide/target/debug/build/zhmfem/9a908a824fc8b482/out/libzhmfem-9a908a824fc8b482.rmeta --cap-lints=forbid --force-warn=unused_crate_dependencies -L native=/opt/panua-pardiso-20240229-linux/lib/ -C link-arg=-Wl,-rpath,/opt/panua-pardiso-20240229-linux/lib/` (exit status: 101)
[INFO] [stderr] 
[INFO] [stderr] warning: the ICE couldn't be written to `/opt/rustwide/workdir/rustc-ice-2026-10-11T04_45_14-333.txt`: Read-only file system (os error 30)
[INFO] [stderr] 
[INFO] [stderr] note: rustc 1.101.0-nightly (3154cc1a3 2026-10-09) running on x86_64-unknown-linux-gnu
[INFO] [stderr] 
[INFO] [stderr] note: compiler flags: --crate-type bin -C embed-bitcode=no -C debuginfo=2 -C link-arg=-Wl,-rpath,/opt/panua-pardiso-20240229-linux/lib/
[INFO] [stderr] 
[INFO] [stderr] note: some of the compiler flags provided by cargo are hidden
[INFO] [stderr] 
[INFO] [stderr] query stack during panic:
[INFO] [stderr] #0 [typeck_root] type-checking `main`
[INFO] [stderr] #1 [analysis] running analysis passes on crate `rod2d2n`
[INFO] [stderr] end of query stack
[INFO] [stderr] error: could not compile `zhmfem` (example "rod2d2n")
[INFO] [stderr] 
[INFO] [stderr] Caused by:
[INFO] [stderr]   process didn't exit successfully: `/opt/rustwide/rustup-home/toolchains/3154cc1a3e6424e44f438a95007d043ed5ceaaf6/bin/rustc --crate-name rod2d2n --edition=2024 examples/rod2d2n.rs --error-format=json --json=diagnostic-rendered-ansi,artifacts,future-incompat,unused-externs-silent --crate-type bin --emit=dep-info,metadata -C embed-bitcode=no -C debuginfo=2 --check-cfg 'cfg(docsrs,test)' --check-cfg 'cfg(feature, values("parallel"))' -C metadata=c92eb8431738b4a3 -C extra-filename=-1d6b0b8f7836d2e2 --out-dir /opt/rustwide/target/debug/build/zhmfem/1d6b0b8f7836d2e2/out -L dependency=/opt/rustwide/target/debug/build/approx/f65a64ec48aed381/out -L dependency=/opt/rustwide/target/debug/build/atomic_float/f2758fd430408b5c/out -L dependency=/opt/rustwide/target/debug/build/base64/d8aec028dea2d277/out -L dependency=/opt/rustwide/target/debug/build/bytemuck/0a772af37c6e0461/out -L dependency=/opt/rustwide/target/debug/build/byteorder/d92705dd1d5353b1/out -L dependency=/opt/rustwide/target/debug/build/log/a469ce83c9b0fe3a/out -L dependency=/opt/rustwide/target/debug/build/matrixmultiply/47e21bbdc0aa13b5/out -L dependency=/opt/rustwide/target/debug/build/memchr/c13007f728075df8/out -L dependency=/opt/rustwide/target/debug/build/minimal-lexical/b988ba17985965f5/out -L dependency=/opt/rustwide/target/debug/build/nalgebra-macros/cb50e1b5bcf8bb00/out -L dependency=/opt/rustwide/target/debug/build/nalgebra/d25d9cf87291fccd/out -L dependency=/opt/rustwide/target/debug/build/nom/0f23146fdd1ac0cd/out -L dependency=/opt/rustwide/target/debug/build/num-complex/24b3ade4fe2135c6/out -L dependency=/opt/rustwide/target/debug/build/num-derive/4bb49defe5abd1ac/out -L dependency=/opt/rustwide/target/debug/build/num-integer/14291dd2500b351f/out -L dependency=/opt/rustwide/target/debug/build/num-rational/cf6e9cf048995f2c/out -L dependency=/opt/rustwide/target/debug/build/num-traits/3e7aff664eb61dcc/out -L dependency=/opt/rustwide/target/debug/build/paste/c5e5e8a2bd161c29/out -L dependency=/opt/rustwide/target/debug/build/rawpointer/1161d966db9d7afd/out -L dependency=/opt/rustwide/target/debug/build/safe_arch/6a5f458429e9810f/out -L dependency=/opt/rustwide/target/debug/build/simba/df73f5cc607a76e8/out -L dependency=/opt/rustwide/target/debug/build/trim-in-place/f416841672991024/out -L dependency=/opt/rustwide/target/debug/build/typenum/c8aa4bd6375c23ad/out -L dependency=/opt/rustwide/target/debug/build/vtkio/3ce69274426db5b5/out -L dependency=/opt/rustwide/target/debug/build/wide/1d6d82f4629eec6e/out --extern atomic_float=/opt/rustwide/target/debug/build/atomic_float/f2758fd430408b5c/out/libatomic_float-f2758fd430408b5c.rmeta --extern nalgebra=/opt/rustwide/target/debug/build/nalgebra/d25d9cf87291fccd/out/libnalgebra-d25d9cf87291fccd.rmeta --extern vtkio=/opt/rustwide/target/debug/build/vtkio/3ce69274426db5b5/out/libvtkio-3ce69274426db5b5.rmeta --extern zhmfem=/opt/rustwide/target/debug/build/zhmfem/9a908a824fc8b482/out/libzhmfem-9a908a824fc8b482.rmeta --cap-lints=forbid --force-warn=unused_crate_dependencies -L native=/opt/panua-pardiso-20240229-linux/lib/ -C link-arg=-Wl,-rpath,/opt/panua-pardiso-20240229-linux/lib/` (exit status: 101)
[INFO] [stderr] 
[INFO] [stderr] thread 'rustc' (351) panicked at /rustc-dev/3154cc1a3e6424e44f438a95007d043ed5ceaaf6/compiler/rustc_infer/src/infer/mod.rs:1705:64:
[INFO] [stderr] internal error: entered unreachable code
[INFO] [stderr] stack backtrace:
[INFO] [stdout] warning: `feature(generic_const_exprs)` is not supported with the next-generation trait solver
[INFO] [stdout]  --> examples/quad2d4n.rs:2:12
[INFO] [stdout]   |
[INFO] [stdout] 2 | #![feature(generic_const_exprs)]
[INFO] [stdout]   |            ^^^^^^^^^^^^^^^^^^^
[INFO] [stdout]   |
[INFO] [stdout]   = note: `-Znext-solver=globally` is currently enabled by default for testing
[INFO] [stdout]   = note: reverted the setting to `-Znext-solver=coherence` for this crate
[INFO] [stdout]   = note: the currently stable trait solver will be used for this crate
[INFO] [stdout]   = note: see issues #160895 <https://github.com/rust-lang/rust/issues/160895> for more information
[INFO] [stdout] 
[INFO] [stdout] 
[INFO] [stderr]    0:     0x78a5739fda86 - <<std[3164a59e47d3bde]::sys::backtrace::BacktraceLock>::print::DisplayBacktrace as core[934024a1e6126fb4]::fmt::Display>::fmt
[INFO] [stderr]    1:     0x78a57400b58f - core[934024a1e6126fb4]::fmt::write
[INFO] [stderr]    2:     0x78a573a1407c - <std[3164a59e47d3bde]::sys::stdio::unix::Stderr as core[934024a1e6126fb4]::io::write::Write>::write_fmt
[INFO] [stderr]    3:     0x78a5739ced4a - std[3164a59e47d3bde]::panicking::default_hook::{closure#0}
[INFO] [stderr]    4:     0x78a5739f12c3 - std[3164a59e47d3bde]::panicking::default_hook
[INFO] [stderr]    5:     0x78a57276d915 - std[3164a59e47d3bde]::panicking::update_hook::<alloc[b96ed41a801e996d]::boxed::Box<rustc_driver_impl[4d41c45c6d37fa8c]::install_ice_hook::{closure#1}>>::{closure#0}
[INFO] [stderr]    6:     0x78a5739f1762 - std[3164a59e47d3bde]::panicking::panic_with_hook
[INFO] [stderr]    7:     0x78a5739cee34 - std[3164a59e47d3bde]::panicking::panic_handler::{closure#0}
[INFO] [stderr]    8:     0x78a5739c63a9 - std[3164a59e47d3bde]::sys::backtrace::__rust_end_short_backtrace::<std[3164a59e47d3bde]::panicking::panic_handler::{closure#0}, !>
[INFO] [stderr]    9:     0x78a5739d09dd - __rustc[2e7b49d4226056d3]::rust_begin_unwind
[INFO] [stderr]   10:     0x78a570445a5c - core[934024a1e6126fb4]::panicking::panic_fmt
[INFO] [stderr]   11:     0x78a570a19492 - core[934024a1e6126fb4]::panicking::panic
[INFO] [stderr]   12:     0x78a57437852e - <rustc_next_trait_solver[b3acf562f09fbe6a]::solve::eval_ctxt::EvalCtxt<rustc_trait_selection[579280d4a5e4d181]::solve::delegate::SolverDelegate, rustc_middle[9749cded0b0e17c3]::ty::context::TyCtxt>>::evaluate_const
[INFO] [stderr]   13:     0x78a574347bb9 - <rustc_next_trait_solver[b3acf562f09fbe6a]::solve::eval_ctxt::EvalCtxt<rustc_trait_selection[579280d4a5e4d181]::solve::delegate::SolverDelegate, rustc_middle[9749cded0b0e17c3]::ty::context::TyCtxt>>::evaluate_const_and_instantiate_projection_term
[INFO] [stderr]   14:     0x78a574ec2651 - <rustc_next_trait_solver[b3acf562f09fbe6a]::solve::eval_ctxt::EvalCtxt<rustc_trait_selection[579280d4a5e4d181]::solve::delegate::SolverDelegate, rustc_middle[9749cded0b0e17c3]::ty::context::TyCtxt>>::evaluate_goal_no_fast_paths
[INFO] [stderr]   15:     0x78a574eb5dd7 - <rustc_next_trait_solver[b3acf562f09fbe6a]::solve::eval_ctxt::EvalCtxt<rustc_trait_selection[579280d4a5e4d181]::solve::delegate::SolverDelegate, rustc_middle[9749cded0b0e17c3]::ty::context::TyCtxt>>::evaluate_goal
[INFO] [stderr]   16:     0x78a574eacb0f - <rustc_next_trait_solver[b3acf562f09fbe6a]::solve::eval_ctxt::EvalCtxt<rustc_trait_selection[579280d4a5e4d181]::solve::delegate::SolverDelegate, rustc_middle[9749cded0b0e17c3]::ty::context::TyCtxt>>::normalize::<rustc_middle[9749cded0b0e17c3]::ty::Ty>::{closure#0}
[INFO] [stderr]   17:     0x78a574eac5db - <rustc_next_trait_solver[b3acf562f09fbe6a]::normalize::NormalizationFolder<rustc_infer[378f9c2af57772fb]::infer::InferCtxt, rustc_middle[9749cded0b0e17c3]::ty::context::TyCtxt, <rustc_next_trait_solver[b3acf562f09fbe6a]::solve::eval_ctxt::EvalCtxt<rustc_trait_selection[579280d4a5e4d181]::solve::delegate::SolverDelegate, rustc_middle[9749cded0b0e17c3]::ty::context::TyCtxt>>::normalize<rustc_middle[9749cded0b0e17c3]::ty::predicate::Predicate>::{closure#0}> as rustc_type_ir[aff52ad0bd0f686]::fold::FallibleTypeFolder<rustc_middle[9749cded0b0e17c3]::ty::context::TyCtxt>>::try_fold_const::{closure#0}
[INFO] [stderr]   18:     0x78a574eab932 - <rustc_next_trait_solver[b3acf562f09fbe6a]::normalize::NormalizationFolder<rustc_infer[378f9c2af57772fb]::infer::InferCtxt, rustc_middle[9749cded0b0e17c3]::ty::context::TyCtxt, <rustc_next_trait_solver[b3acf562f09fbe6a]::solve::eval_ctxt::EvalCtxt<rustc_trait_selection[579280d4a5e4d181]::solve::delegate::SolverDelegate, rustc_middle[9749cded0b0e17c3]::ty::context::TyCtxt>>::normalize<rustc_middle[9749cded0b0e17c3]::ty::predicate::Predicate>::{closure#0}> as rustc_type_ir[aff52ad0bd0f686]::fold::FallibleTypeFolder<rustc_middle[9749cded0b0e17c3]::ty::context::TyCtxt>>::try_fold_ty::{closure#0}
[INFO] [stderr]   19:     0x78a574eab909 - <rustc_next_trait_solver[b3acf562f09fbe6a]::normalize::NormalizationFolder<rustc_infer[378f9c2af57772fb]::infer::InferCtxt, rustc_middle[9749cded0b0e17c3]::ty::context::TyCtxt, <rustc_next_trait_solver[b3acf562f09fbe6a]::solve::eval_ctxt::EvalCtxt<rustc_trait_selection[579280d4a5e4d181]::solve::delegate::SolverDelegate, rustc_middle[9749cded0b0e17c3]::ty::context::TyCtxt>>::normalize<rustc_middle[9749cded0b0e17c3]::ty::predicate::Predicate>::{closure#0}> as rustc_type_ir[aff52ad0bd0f686]::fold::FallibleTypeFolder<rustc_middle[9749cded0b0e17c3]::ty::context::TyCtxt>>::try_fold_ty::{closure#0}
[INFO] [stderr]   20:     0x78a574eaa00f - <&rustc_middle[9749cded0b0e17c3]::ty::list::RawList<(), rustc_middle[9749cded0b0e17c3]::ty::generic_args::GenericArg> as rustc_type_ir[aff52ad0bd0f686]::fold::TypeFoldable<rustc_middle[9749cded0b0e17c3]::ty::context::TyCtxt>>::try_fold_with::<rustc_next_trait_solver[b3acf562f09fbe6a]::normalize::NormalizationFolder<rustc_infer[378f9c2af57772fb]::infer::InferCtxt, rustc_middle[9749cded0b0e17c3]::ty::context::TyCtxt, <rustc_next_trait_solver[b3acf562f09fbe6a]::solve::eval_ctxt::EvalCtxt<rustc_trait_selection[579280d4a5e4d181]::solve::delegate::SolverDelegate, rustc_middle[9749cded0b0e17c3]::ty::context::TyCtxt>>::normalize<rustc_middle[9749cded0b0e17c3]::ty::predicate::Predicate>::{closure#0}>>
[INFO] [stderr]   21:     0x78a575718a49 - <rustc_next_trait_solver[b3acf562f09fbe6a]::solve::eval_ctxt::EvalCtxt<rustc_trait_selection[579280d4a5e4d181]::solve::delegate::SolverDelegate, rustc_middle[9749cded0b0e17c3]::ty::context::TyCtxt>>::add_goals::<alloc[b96ed41a801e996d]::vec::Vec<rustc_type_ir[aff52ad0bd0f686]::solve::Goal<rustc_middle[9749cded0b0e17c3]::ty::context::TyCtxt, rustc_middle[9749cded0b0e17c3]::ty::predicate::Predicate>>>
[INFO] [stderr]   22:     0x78a574ed4dcb - <rustc_next_trait_solver[b3acf562f09fbe6a]::solve::eval_ctxt::EvalCtxt<rustc_trait_selection[579280d4a5e4d181]::solve::delegate::SolverDelegate, rustc_middle[9749cded0b0e17c3]::ty::context::TyCtxt>>::evaluate_goal_no_fast_paths
[INFO] [stderr]   23:     0x78a57400ddf8 - <rustc_trait_selection[579280d4a5e4d181]::traits::engine::FulfillmentEngine<rustc_trait_selection[579280d4a5e4d181]::traits::FulfillmentError> as rustc_infer[378f9c2af57772fb]::traits::engine::TraitEngine<rustc_trait_selection[579280d4a5e4d181]::traits::FulfillmentError>>::try_evaluate_obligations
[INFO] [stderr]   24:     0x78a57421caf9 - <rustc_hir_typeck[52f5caf1595d1c05]::fn_ctxt::FnCtxt>::check_expr_call
[INFO] [stderr]   25:     0x78a5742a84c6 - <rustc_hir_typeck[52f5caf1595d1c05]::fn_ctxt::FnCtxt>::check_expr_with_expectation_and_args
[INFO] [stderr]   26:     0x78a574293a60 - <rustc_hir_typeck[52f5caf1595d1c05]::fn_ctxt::FnCtxt>::check_decl
[INFO] [stderr]   27:     0x78a57429bb7e - <rustc_hir_typeck[52f5caf1595d1c05]::fn_ctxt::FnCtxt>::check_expr_block
[INFO] [stderr]   28:     0x78a5742a8dc9 - <rustc_hir_typeck[52f5caf1595d1c05]::fn_ctxt::FnCtxt>::check_expr_with_expectation_and_args
[INFO] [stderr]   29:     0x78a574273716 - rustc_hir_typeck[52f5caf1595d1c05]::check::check_fn
[INFO] [stderr]   30:     0x78a575445da8 - rustc_hir_typeck[52f5caf1595d1c05]::typeck_with_inspect::{closure#0}
[INFO] [stderr]   31:     0x78a5754441f0 - rustc_query_impl[d183d205595bb26e]::query_vtables::typeck_root::invoke_provider_fn::__rust_begin_short_backtrace
[INFO] [stderr]   32:     0x78a5745a1fd3 - rustc_query_impl[d183d205595bb26e]::execution::try_execute_query::<rustc_data_structures[beb512ccbba93d65]::vec_cache::VecCache<rustc_span[86848bd09168975a]::def_id::LocalDefId, rustc_middle[9749cded0b0e17c3]::query::erase::ErasedData<[u8; 8usize]>, rustc_middle[9749cded0b0e17c3]::dep_graph::graph::DepNodeIndex>, false>
[INFO] [stderr]   33:     0x78a5745a1c27 - rustc_query_impl[d183d205595bb26e]::query_vtables::typeck_root::execute_query_non_incr::__rust_end_short_backtrace
[INFO] [stderr]   34:     0x78a574716634 - <rustc_middle[9749cded0b0e17c3]::ty::context::TyCtxt>::par_hir_body_owners::<rustc_hir_analysis[13793032b16b77dc]::check_crate::{closure#1}>::{closure#0}
[INFO] [stderr]   35:     0x78a574715ce5 - rustc_hir_analysis[13793032b16b77dc]::check_crate
[INFO] [stderr]   36:     0x78a57459e8b9 - rustc_interface[7316318c9ebc3ad]::passes::analysis
[INFO] [stderr]   37:     0x78a57521b847 - rustc_query_impl[d183d205595bb26e]::execution::try_execute_query::<rustc_middle[9749cded0b0e17c3]::query::caches::SingleCache<rustc_middle[9749cded0b0e17c3]::query::erase::ErasedData<[u8; 0usize]>>, false>
[INFO] [stderr]   38:     0x78a57521b62b - rustc_query_impl[d183d205595bb26e]::query_vtables::analysis::execute_query_non_incr::__rust_end_short_backtrace
[INFO] [stderr]   39:     0x78a5752e1490 - rustc_interface[7316318c9ebc3ad]::interface::run_compiler::<(), rustc_driver_impl[4d41c45c6d37fa8c]::compiler_entrypoint::{closure#0}>::{closure#2}
[INFO] [stderr]   40:     0x78a575311782 - std[3164a59e47d3bde]::sys::backtrace::__rust_begin_short_backtrace::<rustc_interface[7316318c9ebc3ad]::util::run_in_thread_with_globals<rustc_interface[7316318c9ebc3ad]::util::run_in_thread_pool_with_globals<rustc_interface[7316318c9ebc3ad]::interface::run_compiler<(), rustc_driver_impl[4d41c45c6d37fa8c]::compiler_entrypoint::{closure#0}>::{closure#2}, ()>::{closure#0}, ()>::{closure#0}::{closure#0}, ()>
[INFO] [stderr]   41:     0x78a57531152d - <std[3164a59e47d3bde]::thread::lifecycle::spawn_unchecked<rustc_interface[7316318c9ebc3ad]::util::run_in_thread_with_globals<rustc_interface[7316318c9ebc3ad]::util::run_in_thread_pool_with_globals<rustc_interface[7316318c9ebc3ad]::interface::run_compiler<(), rustc_driver_impl[4d41c45c6d37fa8c]::compiler_entrypoint::{closure#0}>::{closure#2}, ()>::{closure#0}, ()>::{closure#0}::{closure#0}, ()>::{closure#1} as core[934024a1e6126fb4]::ops::function::FnOnce<()>>::call_once::{shim:vtable#0}
[INFO] [stderr]   42:     0x78a57530fa5b - <std[3164a59e47d3bde]::sys::thread::unix::Thread>::new::thread_start
[INFO] [stderr]   43:     0x78a56e482dfa - <unknown>
[INFO] [stderr]   44:     0x78a56e5163d4 - clone
[INFO] [stderr]   45:                0x0 - <unknown>
[INFO] [stderr] 
[INFO] [stderr] error: the compiler unexpectedly panicked. This is a bug
[INFO] [stderr] 
[INFO] [stderr] note: we would appreciate a bug report: https://github.com/rust-lang/rust/issues/new?labels=C-bug%2C+I-ICE%2C+T-compiler&template=ice.md
[INFO] [stderr] 
[INFO] [stderr] note: please make sure that you have updated to the latest nightly
[INFO] [stderr] 
[INFO] [stderr] warning: the ICE couldn't be written to `/opt/rustwide/workdir/rustc-ice-2026-10-11T04_45_14-336.txt`: Read-only file system (os error 30)
[INFO] [stderr] 
[INFO] [stderr] note: rustc 1.101.0-nightly (3154cc1a3 2026-10-09) running on x86_64-unknown-linux-gnu
[INFO] [stderr] 
[INFO] [stderr] note: compiler flags: --crate-type bin -C embed-bitcode=no -C debuginfo=2 -C link-arg=-Wl,-rpath,/opt/panua-pardiso-20240229-linux/lib/
[INFO] [stderr] 
[INFO] [stderr] note: some of the compiler flags provided by cargo are hidden
[INFO] [stderr] 
[INFO] [stderr] query stack during panic:
[INFO] [stderr] #0 [typeck_root] type-checking `main`
[INFO] [stderr] #1 [analysis] running analysis passes on crate `zhmfem`
[INFO] [stderr] end of query stack
[INFO] [stderr] error: could not compile `zhmfem` (bin "zhmfem")
[INFO] [stderr] 
[INFO] [stderr] Caused by:
[INFO] [stderr]   process didn't exit successfully: `/opt/rustwide/rustup-home/toolchains/3154cc1a3e6424e44f438a95007d043ed5ceaaf6/bin/rustc --crate-name zhmfem --edition=2024 src/main.rs --error-format=json --json=diagnostic-rendered-ansi,artifacts,future-incompat,unused-externs-silent --crate-type bin --emit=dep-info,metadata -C embed-bitcode=no -C debuginfo=2 --check-cfg 'cfg(docsrs,test)' --check-cfg 'cfg(feature, values("parallel"))' -C metadata=09429bf154bfe061 -C extra-filename=-c1506957d81a0e8d --out-dir /opt/rustwide/target/debug/build/zhmfem/c1506957d81a0e8d/out -L dependency=/opt/rustwide/target/debug/build/approx/f65a64ec48aed381/out -L dependency=/opt/rustwide/target/debug/build/atomic_float/f2758fd430408b5c/out -L dependency=/opt/rustwide/target/debug/build/base64/d8aec028dea2d277/out -L dependency=/opt/rustwide/target/debug/build/bytemuck/0a772af37c6e0461/out -L dependency=/opt/rustwide/target/debug/build/byteorder/d92705dd1d5353b1/out -L dependency=/opt/rustwide/target/debug/build/log/a469ce83c9b0fe3a/out -L dependency=/opt/rustwide/target/debug/build/matrixmultiply/47e21bbdc0aa13b5/out -L dependency=/opt/rustwide/target/debug/build/memchr/c13007f728075df8/out -L dependency=/opt/rustwide/target/debug/build/minimal-lexical/b988ba17985965f5/out -L dependency=/opt/rustwide/target/debug/build/nalgebra-macros/cb50e1b5bcf8bb00/out -L dependency=/opt/rustwide/target/debug/build/nalgebra/d25d9cf87291fccd/out -L dependency=/opt/rustwide/target/debug/build/nom/0f23146fdd1ac0cd/out -L dependency=/opt/rustwide/target/debug/build/num-complex/24b3ade4fe2135c6/out -L dependency=/opt/rustwide/target/debug/build/num-derive/4bb49defe5abd1ac/out -L dependency=/opt/rustwide/target/debug/build/num-integer/14291dd2500b351f/out -L dependency=/opt/rustwide/target/debug/build/num-rational/cf6e9cf048995f2c/out -L dependency=/opt/rustwide/target/debug/build/num-traits/3e7aff664eb61dcc/out -L dependency=/opt/rustwide/target/debug/build/paste/c5e5e8a2bd161c29/out -L dependency=/opt/rustwide/target/debug/build/rawpointer/1161d966db9d7afd/out -L dependency=/opt/rustwide/target/debug/build/safe_arch/6a5f458429e9810f/out -L dependency=/opt/rustwide/target/debug/build/simba/df73f5cc607a76e8/out -L dependency=/opt/rustwide/target/debug/build/trim-in-place/f416841672991024/out -L dependency=/opt/rustwide/target/debug/build/typenum/c8aa4bd6375c23ad/out -L dependency=/opt/rustwide/target/debug/build/vtkio/3ce69274426db5b5/out -L dependency=/opt/rustwide/target/debug/build/wide/1d6d82f4629eec6e/out --extern atomic_float=/opt/rustwide/target/debug/build/atomic_float/f2758fd430408b5c/out/libatomic_float-f2758fd430408b5c.rmeta --extern nalgebra=/opt/rustwide/target/debug/build/nalgebra/d25d9cf87291fccd/out/libnalgebra-d25d9cf87291fccd.rmeta --extern vtkio=/opt/rustwide/target/debug/build/vtkio/3ce69274426db5b5/out/libvtkio-3ce69274426db5b5.rmeta --extern zhmfem=/opt/rustwide/target/debug/build/zhmfem/9a908a824fc8b482/out/libzhmfem-9a908a824fc8b482.rmeta --cap-lints=forbid --force-warn=unused_crate_dependencies -L native=/opt/panua-pardiso-20240229-linux/lib/ -C link-arg=-Wl,-rpath,/opt/panua-pardiso-20240229-linux/lib/` (exit status: 101)
[INFO] running `Command { std: "docker" "inspect" "478943fdcb542237a9bf94fb2ba8b60e35d434827d7ff0263e2f0c75b4d8123c", kill_on_drop: false }`
[INFO] running `Command { std: "docker" "rm" "-f" "478943fdcb542237a9bf94fb2ba8b60e35d434827d7ff0263e2f0c75b4d8123c", kill_on_drop: false }`
[INFO] [stdout] 478943fdcb542237a9bf94fb2ba8b60e35d434827d7ff0263e2f0c75b4d8123c
