[INFO] cloning repository https://github.com/Lommix/solis_2d
[INFO] running `Command { std: "git" "-c" "credential.helper=" "-c" "credential.helper=/workspace/cargo-home/bin/git-credential-null" "clone" "--bare" "https://github.com/Lommix/solis_2d" "/workspace/cache/git-repos/https%3A%2F%2Fgithub.com%2FLommix%2Fsolis_2d", kill_on_drop: false }`
[INFO] [stderr] Cloning into bare repository '/workspace/cache/git-repos/https%3A%2F%2Fgithub.com%2FLommix%2Fsolis_2d'...
[INFO] running `Command { std: "git" "rev-parse" "HEAD", kill_on_drop: false }`
[INFO] [stdout] 1a880d9b1bcc6752af7af595ea66c273cdc84306
[INFO] checking Lommix/solis_2d against 3154cc1a3e6424e44f438a95007d043ed5ceaaf6 for pr-133502-30
[INFO] running `Command { std: "git" "clone" "/workspace/cache/git-repos/https%3A%2F%2Fgithub.com%2FLommix%2Fsolis_2d" "/workspace/builds/worker-0-tc2/source", kill_on_drop: false }`
[INFO] [stderr] Cloning into '/workspace/builds/worker-0-tc2/source'...
[INFO] [stderr] done.
[INFO] started tweaking git repo https://github.com/Lommix/solis_2d
[INFO] removed 0 missing examples
[INFO] finished tweaking git repo https://github.com/Lommix/solis_2d
[INFO] tweaked toml for git repo https://github.com/Lommix/solis_2d written to /workspace/builds/worker-0-tc2/source/Cargo.toml
[INFO] validating manifest of git repo https://github.com/Lommix/solis_2d on toolchain 3154cc1a3e6424e44f438a95007d043ed5ceaaf6
[INFO] running `Command { std: CARGO_HOME="/workspace/cargo-home" RUSTUP_HOME="/workspace/rustup-home" "/workspace/cargo-home/bin/cargo" "+3154cc1a3e6424e44f438a95007d043ed5ceaaf6" "metadata" "--manifest-path" "Cargo.toml" "--no-deps", kill_on_drop: false }`
[INFO] crate git repo https://github.com/Lommix/solis_2d already has a lockfile, it will not be regenerated
[INFO] running `Command { std: CARGO_HOME="/workspace/cargo-home" RUSTUP_HOME="/workspace/rustup-home" "/workspace/cargo-home/bin/cargo" "+3154cc1a3e6424e44f438a95007d043ed5ceaaf6" "fetch" "--manifest-path" "Cargo.toml", kill_on_drop: false }`
[INFO] [stderr]     Blocking waiting for file lock on package cache
[INFO] [stderr]     Blocking waiting for file lock on package cache
[INFO] running `Command { std: "docker" "create" "-v" "/var/lib/crater-agent-workspace/builds/worker-0-tc2/source:/opt/rustwide/workdir:ro,Z" "-v" "/var/lib/crater-agent-workspace/builds/worker-0-tc2/target:/opt/rustwide/target:rw,Z" "-v" "/var/lib/crater-agent-workspace/cargo-home:/opt/rustwide/cargo-home:ro,Z" "-v" "/var/lib/crater-agent-workspace/rustup-home:/opt/rustwide/rustup-home:ro,Z" "-m" "1610612736" "--network" "none" "ghcr.io/rust-lang/crates-build-env/linux@sha256:77db811e55d90add9212f6832c23229e3de5f1c1f9905e8cb07319ea15df73ac" "sleep" "infinity", kill_on_drop: false }`
[INFO] [stdout] c7a6bd383721107c9e16af6cf0a41da59ce1ccb6f11f0d8ec354ed051f781fa0
[INFO] running `Command { std: "docker" "start" "c7a6bd383721107c9e16af6cf0a41da59ce1ccb6f11f0d8ec354ed051f781fa0", kill_on_drop: false }`
[INFO] running `Command { std: "docker" "inspect" "c7a6bd383721107c9e16af6cf0a41da59ce1ccb6f11f0d8ec354ed051f781fa0", kill_on_drop: false }`
[INFO] running `Command { std: "docker" "exec" "-e" "SOURCE_DIR=/opt/rustwide/workdir" "-e" "CARGO_HOME=/opt/rustwide/cargo-home" "-e" "RUSTUP_HOME=/opt/rustwide/rustup-home" "-e" "CARGO_TARGET_DIR=/opt/rustwide/target" "-w" "/opt/rustwide/workdir" "--user" "0:0" "c7a6bd383721107c9e16af6cf0a41da59ce1ccb6f11f0d8ec354ed051f781fa0" "/opt/rustwide/cargo-home/bin/cargo" "+3154cc1a3e6424e44f438a95007d043ed5ceaaf6" "metadata" "--no-deps" "--format-version=1", kill_on_drop: false }`
[INFO] running `Command { std: "docker" "inspect" "c7a6bd383721107c9e16af6cf0a41da59ce1ccb6f11f0d8ec354ed051f781fa0", kill_on_drop: false }`
[INFO] running `Command { std: "docker" "exec" "-e" "SOURCE_DIR=/opt/rustwide/workdir" "-e" "CARGO_HOME=/opt/rustwide/cargo-home" "-e" "RUSTUP_HOME=/opt/rustwide/rustup-home" "-e" "CARGO_TARGET_DIR=/opt/rustwide/target" "-e" "CARGO_INCREMENTAL=0" "-e" "RUST_BACKTRACE=full" "-e" "RUSTFLAGS=--cap-lints=forbid" "-e" "RUSTDOCFLAGS=--cap-lints=forbid" "-w" "/opt/rustwide/workdir" "--user" "0:0" "c7a6bd383721107c9e16af6cf0a41da59ce1ccb6f11f0d8ec354ed051f781fa0" "/opt/rustwide/cargo-home/bin/cargo" "+3154cc1a3e6424e44f438a95007d043ed5ceaaf6" "check" "--frozen" "--all" "--all-targets" "--message-format=json", kill_on_drop: false }`
[INFO] [stderr]    Compiling proc-macro2 v1.0.92
[INFO] [stderr]    Compiling unicode-ident v1.0.14
[INFO] [stderr]     Checking cfg-if v1.0.0
[INFO] [stderr]    Compiling serde v1.0.217
[INFO] [stderr]    Compiling libc v0.2.169
[INFO] [stderr]    Compiling autocfg v1.4.0
[INFO] [stderr]     Checking smallvec v1.13.2
[INFO] [stderr]     Checking once_cell v1.20.2
[INFO] [stderr]     Checking log v0.4.22
[INFO] [stderr]    Compiling crossbeam-utils v0.8.21
[INFO] [stderr]     Checking pin-project-lite v0.2.16
[INFO] [stderr]     Checking byteorder v1.5.0
[INFO] [stderr]    Compiling version_check v0.9.5
[INFO] [stderr]    Compiling shlex v1.3.0
[INFO] [stderr]    Compiling crunchy v0.2.2
[INFO] [stderr]    Compiling cc v1.2.7
[INFO] [stderr]     Checking tracing-core v0.1.33
[INFO] [stderr]     Checking downcast-rs v1.2.1
[INFO] [stderr]    Compiling quote v1.0.38
[INFO] [stderr]    Compiling tiny-keccak v2.0.2
[INFO] [stderr]    Compiling syn v2.0.95
[INFO] [stderr]    Compiling getrandom v0.2.15
[INFO] [stderr]    Compiling libm v0.2.11
[INFO] [stderr]     Checking arrayvec v0.7.6
[INFO] [stderr]    Compiling ahash v0.8.11
[INFO] [stderr]    Compiling hashbrown v0.15.2
[INFO] [stderr]    Compiling equivalent v1.0.1
[INFO] [stderr]    Compiling winnow v0.6.22
[INFO] [stderr]    Compiling const-random-macro v0.1.16
[INFO] [stderr]    Compiling toml_datetime v0.6.8
[INFO] [stderr]     Checking rand_core v0.6.4
[INFO] [stderr]    Compiling slab v0.4.9
[INFO] [stderr]    Compiling num-traits v0.2.19
[INFO] [stderr]     Checking foldhash v0.1.4
[INFO] [stderr]     Checking const-random v0.1.18
[INFO] [stderr]     Checking parking v2.2.1
[INFO] [stderr]    Compiling indexmap v2.7.0
[INFO] [stderr]     Checking concurrent-queue v2.5.0
[INFO] [stderr]     Checking libloading v0.8.6
[INFO] [stderr]    Compiling thiserror v1.0.69
[INFO] [stderr]     Checking futures-core v0.3.31
[INFO] [stderr]    Compiling cfg_aliases v0.2.1
[INFO] [stderr]     Checking simd-adler32 v0.3.7
[INFO] [stderr]     Checking futures-io v0.3.31
[INFO] [stderr]    Compiling typeid v1.0.2
[INFO] [stderr]     Checking fastrand v2.3.0
[INFO] [stderr]     Checking thread_local v1.1.8
[INFO] [stderr]     Checking allocator-api2 v0.2.21
[INFO] [stderr]     Checking adler2 v2.0.0
[INFO] [stderr]    Compiling unicode-xid v0.2.6
[INFO] [stderr]     Checking miniz_oxide v0.8.2
[INFO] [stderr]     Checking futures-lite v2.5.0
[INFO] [stderr]    Compiling uuid v1.11.0
[INFO] [stderr]     Checking async-task v4.7.1
[INFO] [stderr]     Checking either v1.13.0
[INFO] [stderr]     Checking crc32fast v1.4.2
[INFO] [stderr]     Checking disqualified v1.0.0
[INFO] [stderr]     Checking bevy_ptr v0.15.1
[INFO] [stderr]    Compiling nix v0.29.0
[INFO] [stderr]     Checking flate2 v1.0.35
[INFO] [stderr]     Checking fixedbitset v0.4.2
[INFO] [stderr]     Checking memchr v2.7.4
[INFO] [stderr]     Checking nonmax v0.5.5
[INFO] [stderr]    Compiling cfg_aliases v0.1.1
[INFO] [stderr]     Checking async-executor v1.13.1
[INFO] [stderr]     Checking petgraph v0.6.5
[INFO] [stderr]     Checking fixedbitset v0.5.7
[INFO] [stderr]    Compiling toml_edit v0.22.22
[INFO] [stderr]     Checking bevy_tasks v0.15.1
[INFO] [stderr]     Checking arrayref v0.3.9
[INFO] [stderr]    Compiling lock_api v0.4.12
[INFO] [stderr]     Checking crossbeam-epoch v0.9.18
[INFO] [stderr]    Compiling rayon-core v1.12.1
[INFO] [stderr]    Compiling parking_lot_core v0.9.10
[INFO] [stderr]    Compiling rustix v0.38.42
[INFO] [stderr]     Checking scopeguard v1.2.0
[INFO] [stderr]     Checking crossbeam-deque v0.8.6
[INFO] [stderr]     Checking fdeflate v0.3.7
[INFO] [stderr]     Checking linux-raw-sys v0.4.14
[INFO] [stderr]     Checking bitflags v1.3.2
[INFO] [stderr]     Checking parking_lot v0.12.3
[INFO] [stderr]     Checking png v0.17.16
[INFO] [stderr]     Checking num-integer v0.1.46
[INFO] [stderr]    Compiling anyhow v1.0.95
[INFO] [stderr]     Checking num-bigint v0.4.6
[INFO] [stderr]     Checking rayon v1.10.0
[INFO] [stderr]     Checking aligned-vec v0.5.0
[INFO] [stderr]    Compiling pkg-config v0.3.31
[INFO] [stderr]    Compiling built v0.7.5
[INFO] [stderr]     Checking minimal-lexical v0.2.1
[INFO] [stderr]    Compiling paste v1.0.15
[INFO] [stderr]     Checking nom v7.1.3
[INFO] [stderr]    Compiling bevy_macro_utils v0.15.1
[INFO] [stderr]    Compiling synstructure v0.13.1
[INFO] [stderr]    Compiling rav1e v0.7.1
[INFO] [stderr]     Checking num-rational v0.4.2
[INFO] [stderr]     Checking v_frame v0.3.8
[INFO] [stderr]    Compiling naga v23.1.0
[INFO] [stderr]    Compiling wayland-sys v0.31.5
[INFO] [stderr]     Checking event-listener v5.3.1
[INFO] [stderr]     Checking dlib v0.5.2
[INFO] [stderr]     Checking termcolor v1.4.1
[INFO] [stderr]     Checking unicode-width v0.1.14
[INFO] [stderr]     Checking bit-vec v0.8.0
[INFO] [stderr]     Checking rustc-hash v1.1.0
[INFO] [stderr]     Checking raw-window-handle v0.6.2
[INFO] [stderr]     Checking av1-grain v0.2.3
[INFO] [stderr]     Checking codespan-reporting v0.11.1
[INFO] [stderr]     Checking bit-set v0.8.0
[INFO] [stderr]     Checking event-listener-strategy v0.5.3
[INFO] [stderr]     Checking maybe-rayon v0.1.1
[INFO] [stderr]    Compiling wayland-backend v0.3.7
[INFO] [stderr]     Checking itertools v0.13.0
[INFO] [stderr]     Checking itertools v0.12.1
[INFO] [stderr]    Compiling simd_helpers v0.1.0
[INFO] [stderr]    Compiling noop_proc_macro v0.3.0
[INFO] [stderr]    Compiling litrs v0.4.1
[INFO] [stderr]    Compiling ash v0.38.0+1.3.281
[INFO] [stderr]     Checking hexf-parse v0.2.1
[INFO] [stderr]     Checking new_debug_unreachable v1.0.6
[INFO] [stderr]    Compiling khronos-egl v6.0.0
[INFO] [stderr]     Checking weezl v0.1.8
[INFO] [stderr]     Checking bitstream-io v2.6.0
[INFO] [stderr]     Checking imgref v1.11.0
[INFO] [stderr]     Checking quick-error v2.0.1
[INFO] [stderr]     Checking base64 v0.21.7
[INFO] [stderr]     Checking loop9 v0.1.5
[INFO] [stderr]    Compiling document-features v0.2.10
[INFO] [stderr]    Compiling encase_derive_impl v0.10.0
[INFO] [stderr]    Compiling wgpu-hal v23.0.1
[INFO] [stderr]     Checking zune-inflate v0.2.54
[INFO] [stderr]     Checking avif-serialize v0.8.2
[INFO] [stderr]     Checking half v2.4.1
[INFO] [stderr]     Checking zune-core v0.4.12
[INFO] [stderr]     Checking byteorder-lite v0.1.0
[INFO] [stderr]     Checking scoped-tls v1.0.1
[INFO] [stderr]     Checking color_quant v1.1.0
[INFO] [stderr]     Checking atomic-waker v1.1.2
[INFO] [stderr]     Checking lebe v0.5.2
[INFO] [stderr]     Checking stable_deref_trait v1.2.0
[INFO] [stderr]     Checking bit_field v0.10.2
[INFO] [stderr]     Checking jpeg-decoder v0.3.1
[INFO] [stderr]     Checking exr v1.73.0
[INFO] [stderr]     Checking image-webp v0.2.0
[INFO] [stderr]     Checking tiff v0.9.1
[INFO] [stderr]    Compiling quick-xml v0.36.2
[INFO] [stderr]     Checking piper v0.2.4
[INFO] [stderr]     Checking gif v0.13.1
[INFO] [stderr]     Checking zune-jpeg v0.4.14
[INFO] [stderr]     Checking async-channel v2.3.1
[INFO] [stderr]    Compiling blake3 v1.5.5
[INFO] [stderr]     Checking aho-corasick v1.1.3
[INFO] [stderr]    Compiling wgpu-core v23.0.1
[INFO] [stderr]     Checking crossbeam-channel v0.5.14
[INFO] [stderr]    Compiling wayland-client v0.31.7
[INFO] [stderr]     Checking float-cmp v0.9.0
[INFO] [stderr]     Checking regex-syntax v0.8.5
[INFO] [stderr]     Checking glow v0.14.2
[INFO] [stderr]     Checking renderdoc-sys v1.1.0
[INFO] [stderr]     Checking strict-num v0.1.1
[INFO] [stderr]    Compiling wayland-scanner v0.31.5
[INFO] [stderr]     Checking blocking v1.6.1
[INFO] [stderr]     Checking async-lock v3.4.0
[INFO] [stderr]    Compiling wgpu v23.0.1
[INFO] [stderr]     Checking tinyvec_macros v0.1.1
[INFO] [stderr]     Checking constant_time_eq v0.3.1
[INFO] [stderr]     Checking event-listener v2.5.3
[INFO] [stderr]     Checking const_panic v0.2.11
[INFO] [stderr]     Checking async-broadcast v0.5.1
[INFO] [stderr]     Checking tinyvec v1.8.1
[INFO] [stderr]     Checking regex-automata v0.4.9
[INFO] [stderr]     Checking async-fs v2.1.2
[INFO] [stderr]     Checking static_assertions v1.1.0
[INFO] [stderr]     Checking accesskit v0.17.1
[INFO] [stderr]     Checking atomicow v1.0.0
[INFO] [stderr]     Checking stackfuture v0.3.0
[INFO] [stderr]     Checking memmap2 v0.9.5
[INFO] [stderr]     Checking ttf-parser v0.25.1
[INFO] [stderr]     Checking const_soft_float v0.1.4
[INFO] [stderr]     Checking writeable v0.5.5
[INFO] [stderr]     Checking litemap v0.7.4
[INFO] [stderr]     Checking bit-vec v0.6.3
[INFO] [stderr]     Checking ab_glyph_rasterizer v0.1.8
[INFO] [stderr]     Checking constgebra v0.1.4
[INFO] [stderr]     Checking data-encoding v2.6.0
[INFO] [stderr]     Checking bit-set v0.5.3
[INFO] [stderr]     Checking icu_locid_transform_data v1.5.0
[INFO] [stderr]     Checking const-fnv1a-hash v1.1.0
[INFO] [stderr]     Checking offset-allocator v0.2.0
[INFO] [stderr]    Compiling slotmap v1.0.7
[INFO] [stderr]     Checking cursor-icon v1.1.0
[INFO] [stderr]     Checking icu_properties_data v1.5.0
[INFO] [stderr]     Checking xcursor v0.3.8
[INFO] [stderr]     Checking xkeysym v0.2.1
[INFO] [stderr]    Compiling smithay-client-toolkit v0.19.2
[INFO] [stderr]     Checking regex-syntax v0.6.29
[INFO] [stderr]     Checking utf16_iter v1.0.5
[INFO] [stderr]     Checking utf8_iter v1.0.4
[INFO] [stderr]     Checking icu_normalizer_data v1.5.0
[INFO] [stderr]     Checking write16 v1.0.0
[INFO] [stderr]    Compiling ring v0.17.8
[INFO] [stderr]    Compiling winit v0.30.8
[INFO] [stderr]     Checking regex v1.11.1
[INFO] [stderr]     Checking overload v0.1.1
[INFO] [stderr]     Checking roxmltree v0.20.0
[INFO] [stderr]     Checking lazy_static v1.5.0
[INFO] [stderr]     Checking sharded-slab v0.1.7
[INFO] [stderr]     Checking owned_ttf_parser v0.25.0
[INFO] [stderr]     Checking ab_glyph v0.2.29
[INFO] [stderr]     Checking regex-automata v0.1.10
[INFO] [stderr]     Checking nu-ansi-term v0.46.0
[INFO] [stderr]     Checking euclid v0.22.11
[INFO] [stderr]     Checking fontconfig-parser v0.5.7
[INFO] [stderr]     Checking tracing-log v0.2.0
[INFO] [stderr]     Checking unicode-properties v0.1.3
[INFO] [stderr]     Checking ttf-parser v0.20.0
[INFO] [stderr]     Checking ttf-parser v0.21.1
[INFO] [stderr]     Checking dpi v0.1.1
[INFO] [stderr]     Checking matchers v0.1.0
[INFO] [stderr]     Checking unicode-bidi-mirroring v0.2.0
[INFO] [stderr]     Checking unicode-ccc v0.2.0
[INFO] [stderr]     Checking svg_fmt v0.4.4
[INFO] [stderr]     Checking unicode-script v0.5.7
[INFO] [stderr]     Checking radsort v0.1.1
[INFO] [stderr]     Checking zeno v0.2.3
[INFO] [stderr]     Checking percent-encoding v2.3.1
[INFO] [stderr]     Checking yazi v0.1.6
[INFO] [stderr]     Checking form_urlencoded v1.2.1
[INFO] [stderr]     Checking guillotiere v0.6.2
[INFO] [stderr]     Checking kurbo v0.9.5
[INFO] [stderr]     Checking unicode-segmentation v1.12.0
[INFO] [stderr]     Checking rectangle-pack v0.4.2
[INFO] [stderr]     Checking untrusted v0.9.0
[INFO] [stderr]     Checking sys-locale v0.3.2
[INFO] [stderr]     Checking siphasher v0.3.11
[INFO] [stderr]     Checking rangemap v1.5.1
[INFO] [stderr]     Checking fontdb v0.16.2
[INFO] [stderr]     Checking rustls-pki-types v1.10.1
[INFO] [stderr]     Checking spin v0.9.8
[INFO] [stderr]     Checking unicode-linebreak v0.1.5
[INFO] [stderr]     Checking self_cell v1.1.0
[INFO] [stderr]     Checking unicode-bidi v0.3.18
[INFO] [stderr]     Checking svgtypes v0.13.0
[INFO] [stderr]     Checking approx v0.5.1
[INFO] [stderr]    Compiling rustls v0.23.20
[INFO] [stderr]     Checking grid v0.14.0
[INFO] [stderr]     Checking rctree v0.5.0
[INFO] [stderr]     Checking simplecss v0.2.2
[INFO] [stderr]     Checking roxmltree v0.19.0
[INFO] [stderr]     Checking taffy v0.5.2
[INFO] [stderr]     Checking data-url v0.3.1
[INFO] [stderr]     Checking epaint_default_fonts v0.30.0
[INFO] [stderr]     Checking subtle v2.6.1
[INFO] [stderr]     Checking nohash-hasher v0.2.0
[INFO] [stderr]     Checking zeroize v1.8.1
[INFO] [stderr]     Checking imagesize v0.12.0
[INFO] [stderr]    Compiling unicase v2.8.1
[INFO] [stderr]     Checking webpki-roots v0.26.7
[INFO] [stderr]     Checking x11rb-protocol v0.13.1
[INFO] [stderr]     Checking xmlwriter v0.1.0
[INFO] [stderr]     Checking base64 v0.22.1
[INFO] [stderr]     Checking pico-args v0.5.0
[INFO] [stderr]    Compiling mime_guess2 v2.0.5
[INFO] [stderr]     Checking mime v0.3.17
[INFO] [stderr]     Checking home v0.5.11
[INFO] [stderr]    Compiling serde_derive v1.0.217
[INFO] [stderr]    Compiling bytemuck_derive v1.8.1
[INFO] [stderr]    Compiling zerocopy-derive v0.7.35
[INFO] [stderr]    Compiling tracing-attributes v0.1.28
[INFO] [stderr]    Compiling thiserror-impl v1.0.69
[INFO] [stderr]    Compiling bevy_utils_proc_macros v0.15.1
[INFO] [stderr]    Compiling derive_more-impl v1.0.0
[INFO] [stderr]    Compiling bevy_reflect_derive v0.15.1
[INFO] [stderr]    Compiling assert_type_match v0.1.1
[INFO] [stderr]     Checking zerocopy v0.7.35
[INFO] [stderr]    Compiling bevy_ecs_macros v0.15.1
[INFO] [stderr]     Checking ppv-lite86 v0.2.20
[INFO] [stderr]     Checking rand_chacha v0.3.1
[INFO] [stderr]     Checking rand v0.8.5
[INFO] [stderr]    Compiling bevy_derive v0.15.1
[INFO] [stderr]    Compiling profiling-procmacros v1.0.16
[INFO] [stderr]     Checking bytemuck v1.21.0
[INFO] [stderr]     Checking rgb v0.8.50
[INFO] [stderr]     Checking rand_distr v0.4.3
[INFO] [stderr]    Compiling arg_enum_proc_macro v0.3.4
[INFO] [stderr]     Checking tracing v0.1.41
[INFO] [stderr]    Compiling num-derive v0.4.2
[INFO] [stderr]     Checking profiling v1.0.16
[INFO] [stderr]    Compiling zerofrom-derive v0.1.5
[INFO] [stderr]    Compiling yoke-derive v0.7.5
[INFO] [stderr]     Checking qoi v0.4.1
[INFO] [stderr]    Compiling zerovec-derive v0.10.3
[INFO] [stderr]    Compiling displaydoc v0.2.5
[INFO] [stderr]    Compiling encase_derive v0.10.0
[INFO] [stderr]     Checking ravif v0.11.11
[INFO] [stderr]     Checking image v0.25.5
[INFO] [stderr]     Checking bitflags v2.6.0
[INFO] [stderr]     Checking glam v0.29.2
[INFO] [stderr]     Checking smol_str v0.2.2
[INFO] [stderr]     Checking hashbrown v0.14.5
[INFO] [stderr]     Checking erased-serde v0.4.5
[INFO] [stderr]     Checking bevy_utils v0.15.1
[INFO] [stderr]     Checking derive_more v1.0.0
[INFO] [stderr]     Checking spirv v0.3.0+sdk-1.3.268.0
[INFO] [stderr]     Checking gpu-alloc-types v0.3.0
[INFO] [stderr]     Checking wgpu-types v23.0.0
[INFO] [stderr]     Checking ctrlc v3.4.5
[INFO] [stderr]     Checking gpu-descriptor-types v0.2.0
[INFO] [stderr]     Checking bevy_reflect v0.15.1
[INFO] [stderr]     Checking gpu-alloc v0.6.0
[INFO] [stderr]     Checking encase v0.10.0
[INFO] [stderr]     Checking gpu-descriptor v0.3.1
[INFO] [stderr]     Checking ron v0.8.1
[INFO] [stderr]     Checking tiny-skia-path v0.11.4
[INFO] [stderr]    Compiling bevy_asset_macros v0.15.1
[INFO] [stderr]    Compiling icu_provider_macros v1.5.0
[INFO] [stderr]     Checking bevy_mikktspace v0.15.1
[INFO] [stderr]     Checking hexasphere v15.1.0
[INFO] [stderr]     Checking tiny-skia v0.11.4
[INFO] [stderr]    Compiling bevy_render_macros v0.15.1
[INFO] [stderr]     Checking polling v3.7.4
[INFO] [stderr]     Checking calloop v0.13.0
[INFO] [stderr]    Compiling bevy_encase_derive v0.15.1
[INFO] [stderr]     Checking wayland-csd-frame v0.3.0
[INFO] [stderr]     Checking font-types v0.7.3
[INFO] [stderr]     Checking zerofrom v0.1.5
[INFO] [stderr]     Checking read-fonts v0.22.7
[INFO] [stderr]     Checking yoke v0.7.5
[INFO] [stderr]     Checking wayland-protocols v0.32.5
[INFO] [stderr]     Checking zerovec v0.10.4
[INFO] [stderr]     Checking bevy_ecs v0.15.1
[INFO] [stderr]     Checking bevy_math v0.15.1
[INFO] [stderr]     Checking tinystr v0.7.6
[INFO] [stderr]     Checking icu_locid v1.5.0
[INFO] [stderr]     Checking icu_collections v1.5.0
[INFO] [stderr]     Checking icu_provider v1.5.0
[INFO] [stderr]     Checking icu_locid_transform v1.5.0
[INFO] [stderr]     Checking naga_oil v0.16.0
[INFO] [stderr]     Checking icu_properties v1.5.1
[INFO] [stderr]     Checking wayland-cursor v0.31.7
[INFO] [stderr]     Checking calloop-wayland-source v0.3.0
[INFO] [stderr]     Checking xkbcommon-dl v0.4.2
[INFO] [stderr]     Checking rustybuzz v0.14.1
[INFO] [stderr]     Checking wayland-protocols-wlr v0.3.5
[INFO] [stderr]     Checking icu_normalizer v1.5.0
[INFO] [stderr]     Checking idna_adapter v1.2.0
[INFO] [stderr]     Checking wayland-protocols-plasma v0.3.5
[INFO] [stderr]     Checking idna v1.0.3
[INFO] [stderr]     Checking skrifa v0.22.3
[INFO] [stderr]     Checking bevy_color v0.15.2
[INFO] [stderr]     Checking tracing-subscriber v0.3.19
[INFO] [stderr]     Checking sctk-adwaita v0.10.1
[INFO] [stdout] error[E0283]: type annotations needed
[INFO] [stdout]    --> /opt/rustwide/cargo-home/registry/src/index.crates.io-1949cf8c6b5b557f/bevy_ecs-0.15.1/src/system/exclusive_function_system.rs:280:17
[INFO] [stdout]     |
[INFO] [stdout] 220 | / macro_rules! impl_exclusive_system_function {
[INFO] [stdout] 221 | |     ($($param: ident),*) => {
[INFO] [stdout] 222 | |         #[allow(non_snake_case)]
[INFO] [stdout] 223 | |         impl<Out, Func, $($param: ExclusiveSystemParam),*> ExclusiveSystemParamFunction<fn($($param,)*) -> Out> for Func
[INFO] [stdout] ...   |
[INFO] [stdout] 280 | |                 call_inner(self, input, world, $($param),*)
[INFO] [stdout]     | |                 ^^^^^^^^^^^^^^^^^^^^^^^^^^^^^^^^^^^^^^^^^^^ cannot infer type
[INFO] [stdout] ...   |
[INFO] [stdout] 283 | |     };
[INFO] [stdout] 284 | | }
[INFO] [stdout]     | |_- this error originates in the macro `impl_exclusive_system_function` which comes from the expansion of the macro `all_tuples`
[INFO] [stdout] ...
[INFO] [stdout] 287 |   all_tuples!(impl_exclusive_system_function, 0, 16, F);
[INFO] [stdout]     |   ----------------------------------------------------- in this macro invocation
[INFO] [stdout]     |
[INFO] [stdout]     = note: the type must implement `input::SystemInput`
[INFO] [stdout]     = help: the following types implement trait `input::SystemInput`:
[INFO] [stdout]               ()
[INFO] [stdout]               StaticSystemInput<'a, I>
[INFO] [stdout]               input::In<T>
[INFO] [stdout]               input::InMut<'_, T>
[INFO] [stdout]               input::InRef<'_, T>
[INFO] [stdout]               observer::Trigger<'_, E, B>
[INFO] [stdout]     = note: cannot satisfy `for<'a> <In as input::SystemInput>::Param<'a> == _`
[INFO] [stdout]     = note: cannot satisfy `for<'a, 'b> &mut Func: FnOnce(<In as input::SystemInput>::Param<'a>, &'b mut world::World)`
[INFO] [stdout]     = note: cannot satisfy `<In as input::SystemInput>::Inner<'_> == <In as input::SystemInput>::Inner<'_>`
[INFO] [stdout] note: required by a bound in `<Func as exclusive_function_system::ExclusiveSystemParamFunction<(HasExclusiveSystemInput, fn(In) -> Out)>>::run::call_inner`
[INFO] [stdout]    --> /opt/rustwide/cargo-home/registry/src/index.crates.io-1949cf8c6b5b557f/bevy_ecs-0.15.1/src/system/exclusive_function_system.rs:271:35
[INFO] [stdout]     |
[INFO] [stdout] 271 |                 fn call_inner<In: SystemInput, Out, $($param,)*>(
[INFO] [stdout]     |                                   ^^^^^^^^^^^ required by this bound in `call_inner`
[INFO] [stdout] ...
[INFO] [stdout] 287 | all_tuples!(impl_exclusive_system_function, 0, 16, F);
[INFO] [stdout]     | ----------------------------------------------------- in this macro invocation
[INFO] [stdout] note: required by a bound in `<Func as exclusive_function_system::ExclusiveSystemParamFunction<(HasExclusiveSystemInput, fn(In) -> Out)>>::run::call_inner`
[INFO] [stdout]    --> /opt/rustwide/cargo-home/registry/src/index.crates.io-1949cf8c6b5b557f/bevy_ecs-0.15.1/src/system/exclusive_function_system.rs:272:82
[INFO] [stdout]     |
[INFO] [stdout] 271 |                 fn call_inner<In: SystemInput, Out, $($param,)*>(
[INFO] [stdout] 272 |                     mut f: impl FnMut(In::Param<'_>, &mut World, $($param,)*) -> Out,
[INFO] [stdout]     |                                                                                  ^^^ required by this bound in `call_inner`
[INFO] [stdout] ...
[INFO] [stdout] 287 | all_tuples!(impl_exclusive_system_function, 0, 16, F);
[INFO] [stdout]     | ----------------------------------------------------- in this macro invocation
[INFO] [stdout] 
[INFO] [stdout] 
[INFO] [stdout] error[E0283]: type annotations needed
[INFO] [stdout]    --> /opt/rustwide/cargo-home/registry/src/index.crates.io-1949cf8c6b5b557f/bevy_ecs-0.15.1/src/system/exclusive_function_system.rs:280:17
[INFO] [stdout]     |
[INFO] [stdout] 220 | / macro_rules! impl_exclusive_system_function {
[INFO] [stdout] 221 | |     ($($param: ident),*) => {
[INFO] [stdout] 222 | |         #[allow(non_snake_case)]
[INFO] [stdout] 223 | |         impl<Out, Func, $($param: ExclusiveSystemParam),*> ExclusiveSystemParamFunction<fn($($param,)*) -> Out> for Func
[INFO] [stdout] ...   |
[INFO] [stdout] 280 | |                 call_inner(self, input, world, $($param),*)
[INFO] [stdout]     | |                 ^^^^^^^^^^^^^^^^^^^^^^^^^^^^^^^^^^^^^^^^^^^ cannot infer type
[INFO] [stdout] ...   |
[INFO] [stdout] 283 | |     };
[INFO] [stdout] 284 | | }
[INFO] [stdout]     | |_- this error originates in the macro `impl_exclusive_system_function` which comes from the expansion of the macro `all_tuples`
[INFO] [stdout] ...
[INFO] [stdout] 287 |   all_tuples!(impl_exclusive_system_function, 0, 16, F);
[INFO] [stdout]     |   ----------------------------------------------------- in this macro invocation
[INFO] [stdout]     |
[INFO] [stdout]     = note: the type must implement `input::SystemInput`
[INFO] [stdout]     = help: the following types implement trait `input::SystemInput`:
[INFO] [stdout]               ()
[INFO] [stdout]               StaticSystemInput<'a, I>
[INFO] [stdout]               input::In<T>
[INFO] [stdout]               input::InMut<'_, T>
[INFO] [stdout]               input::InRef<'_, T>
[INFO] [stdout]               observer::Trigger<'_, E, B>
[INFO] [stdout]     = note: cannot satisfy `for<'a> <In as input::SystemInput>::Param<'a> == _`
[INFO] [stdout]     = note: cannot satisfy `&mut Func: FnOnce(<In as SystemInput>::Param<'a>, &mut World, _)`
[INFO] [stdout]     = note: cannot satisfy `<In as input::SystemInput>::Inner<'_> == <In as input::SystemInput>::Inner<'_>`
[INFO] [stdout] note: required by a bound in `<Func as exclusive_function_system::ExclusiveSystemParamFunction<(HasExclusiveSystemInput, fn(In, F0) -> Out)>>::run::call_inner`
[INFO] [stdout]    --> /opt/rustwide/cargo-home/registry/src/index.crates.io-1949cf8c6b5b557f/bevy_ecs-0.15.1/src/system/exclusive_function_system.rs:271:35
[INFO] [stdout]     |
[INFO] [stdout] 271 |                 fn call_inner<In: SystemInput, Out, $($param,)*>(
[INFO] [stdout]     |                                   ^^^^^^^^^^^ required by this bound in `call_inner`
[INFO] [stdout] ...
[INFO] [stdout] 287 | all_tuples!(impl_exclusive_system_function, 0, 16, F);
[INFO] [stdout]     | ----------------------------------------------------- in this macro invocation
[INFO] [stdout] note: required by a bound in `<Func as exclusive_function_system::ExclusiveSystemParamFunction<(HasExclusiveSystemInput, fn(In, F0) -> Out)>>::run::call_inner`
[INFO] [stdout]    --> /opt/rustwide/cargo-home/registry/src/index.crates.io-1949cf8c6b5b557f/bevy_ecs-0.15.1/src/system/exclusive_function_system.rs:272:82
[INFO] [stdout]     |
[INFO] [stdout] 271 |                 fn call_inner<In: SystemInput, Out, $($param,)*>(
[INFO] [stdout] 272 |                     mut f: impl FnMut(In::Param<'_>, &mut World, $($param,)*) -> Out,
[INFO] [stdout]     |                                                                                  ^^^ required by this bound in `call_inner`
[INFO] [stdout] ...
[INFO] [stdout] 287 | all_tuples!(impl_exclusive_system_function, 0, 16, F);
[INFO] [stdout]     | ----------------------------------------------------- in this macro invocation
[INFO] [stdout]     = note: the full name for the type has been written to '/opt/rustwide/target/debug/build/bevy_ecs/c7564552461fb25d/out/bevy_ecs-c7564552461fb25d.long-type-8622640474575314964.txt'
[INFO] [stdout]     = note: consider using `--verbose` to print the full type name to the console
[INFO] [stdout] 
[INFO] [stdout] 
[INFO] [stdout] error[E0283]: type annotations needed
[INFO] [stdout]    --> /opt/rustwide/cargo-home/registry/src/index.crates.io-1949cf8c6b5b557f/bevy_ecs-0.15.1/src/system/exclusive_function_system.rs:280:17
[INFO] [stdout]     |
[INFO] [stdout] 220 | / macro_rules! impl_exclusive_system_function {
[INFO] [stdout] 221 | |     ($($param: ident),*) => {
[INFO] [stdout] 222 | |         #[allow(non_snake_case)]
[INFO] [stdout] 223 | |         impl<Out, Func, $($param: ExclusiveSystemParam),*> ExclusiveSystemParamFunction<fn($($param,)*) -> Out> for Func
[INFO] [stdout] ...   |
[INFO] [stdout] 280 | |                 call_inner(self, input, world, $($param),*)
[INFO] [stdout]     | |                 ^^^^^^^^^^^^^^^^^^^^^^^^^^^^^^^^^^^^^^^^^^^ cannot infer type
[INFO] [stdout] ...   |
[INFO] [stdout] 283 | |     };
[INFO] [stdout] 284 | | }
[INFO] [stdout]     | |_- this error originates in the macro `impl_exclusive_system_function` which comes from the expansion of the macro `all_tuples`
[INFO] [stdout] ...
[INFO] [stdout] 287 |   all_tuples!(impl_exclusive_system_function, 0, 16, F);
[INFO] [stdout]     |   ----------------------------------------------------- in this macro invocation
[INFO] [stdout]     |
[INFO] [stdout]     = note: the type must implement `input::SystemInput`
[INFO] [stdout]     = help: the following types implement trait `input::SystemInput`:
[INFO] [stdout]               ()
[INFO] [stdout]               StaticSystemInput<'a, I>
[INFO] [stdout]               input::In<T>
[INFO] [stdout]               input::InMut<'_, T>
[INFO] [stdout]               input::InRef<'_, T>
[INFO] [stdout]               observer::Trigger<'_, E, B>
[INFO] [stdout]     = note: cannot satisfy `for<'a> <In as input::SystemInput>::Param<'a> == _`
[INFO] [stdout]     = note: cannot satisfy `&mut Func: FnOnce(<In as SystemInput>::Param<'a>, &mut World, _, _)`
[INFO] [stdout]     = note: cannot satisfy `<In as input::SystemInput>::Inner<'_> == <In as input::SystemInput>::Inner<'_>`
[INFO] [stdout] note: required by a bound in `<Func as exclusive_function_system::ExclusiveSystemParamFunction<(HasExclusiveSystemInput, fn(In, F0, F1) -> Out)>>::run::call_inner`
[INFO] [stdout]    --> /opt/rustwide/cargo-home/registry/src/index.crates.io-1949cf8c6b5b557f/bevy_ecs-0.15.1/src/system/exclusive_function_system.rs:271:35
[INFO] [stdout]     |
[INFO] [stdout] 271 |                 fn call_inner<In: SystemInput, Out, $($param,)*>(
[INFO] [stdout]     |                                   ^^^^^^^^^^^ required by this bound in `call_inner`
[INFO] [stdout] ...
[INFO] [stdout] 287 | all_tuples!(impl_exclusive_system_function, 0, 16, F);
[INFO] [stdout]     | ----------------------------------------------------- in this macro invocation
[INFO] [stdout] note: required by a bound in `<Func as exclusive_function_system::ExclusiveSystemParamFunction<(HasExclusiveSystemInput, fn(In, F0, F1) -> Out)>>::run::call_inner`
[INFO] [stdout]    --> /opt/rustwide/cargo-home/registry/src/index.crates.io-1949cf8c6b5b557f/bevy_ecs-0.15.1/src/system/exclusive_function_system.rs:272:82
[INFO] [stdout]     |
[INFO] [stdout] 271 |                 fn call_inner<In: SystemInput, Out, $($param,)*>(
[INFO] [stdout] 272 |                     mut f: impl FnMut(In::Param<'_>, &mut World, $($param,)*) -> Out,
[INFO] [stdout]     |                                                                                  ^^^ required by this bound in `call_inner`
[INFO] [stdout] ...
[INFO] [stdout] 287 | all_tuples!(impl_exclusive_system_function, 0, 16, F);
[INFO] [stdout]     | ----------------------------------------------------- in this macro invocation
[INFO] [stdout]     = note: the full name for the type has been written to '/opt/rustwide/target/debug/build/bevy_ecs/c7564552461fb25d/out/bevy_ecs-c7564552461fb25d.long-type-13094840525797640553.txt'
[INFO] [stdout]     = note: consider using `--verbose` to print the full type name to the console
[INFO] [stdout] 
[INFO] [stdout] 
[INFO] [stdout] error[E0283]: type annotations needed
[INFO] [stdout]    --> /opt/rustwide/cargo-home/registry/src/index.crates.io-1949cf8c6b5b557f/bevy_ecs-0.15.1/src/system/exclusive_function_system.rs:280:17
[INFO] [stdout]     |
[INFO] [stdout] 220 | / macro_rules! impl_exclusive_system_function {
[INFO] [stdout] 221 | |     ($($param: ident),*) => {
[INFO] [stdout] 222 | |         #[allow(non_snake_case)]
[INFO] [stdout] 223 | |         impl<Out, Func, $($param: ExclusiveSystemParam),*> ExclusiveSystemParamFunction<fn($($param,)*) -> Out> for Func
[INFO] [stdout] ...   |
[INFO] [stdout] 280 | |                 call_inner(self, input, world, $($param),*)
[INFO] [stdout]     | |                 ^^^^^^^^^^^^^^^^^^^^^^^^^^^^^^^^^^^^^^^^^^^ cannot infer type
[INFO] [stdout] ...   |
[INFO] [stdout] 283 | |     };
[INFO] [stdout] 284 | | }
[INFO] [stdout]     | |_- this error originates in the macro `impl_exclusive_system_function` which comes from the expansion of the macro `all_tuples`
[INFO] [stdout] ...
[INFO] [stdout] 287 |   all_tuples!(impl_exclusive_system_function, 0, 16, F);
[INFO] [stdout]     |   ----------------------------------------------------- in this macro invocation
[INFO] [stdout]     |
[INFO] [stdout]     = note: the type must implement `input::SystemInput`
[INFO] [stdout]     = help: the following types implement trait `input::SystemInput`:
[INFO] [stdout]               ()
[INFO] [stdout]               StaticSystemInput<'a, I>
[INFO] [stdout]               input::In<T>
[INFO] [stdout]               input::InMut<'_, T>
[INFO] [stdout]               input::InRef<'_, T>
[INFO] [stdout]               observer::Trigger<'_, E, B>
[INFO] [stdout]     = note: cannot satisfy `for<'a> <In as input::SystemInput>::Param<'a> == _`
[INFO] [stdout]     = note: cannot satisfy `&mut Func: FnOnce(<In as SystemInput>::Param<'a>, &mut World, _, _, _)`
[INFO] [stdout]     = note: cannot satisfy `<In as input::SystemInput>::Inner<'_> == <In as input::SystemInput>::Inner<'_>`
[INFO] [stdout] note: required by a bound in `<Func as exclusive_function_system::ExclusiveSystemParamFunction<(HasExclusiveSystemInput, fn(In, F0, F1, F2) -> Out)>>::run::call_inner`
[INFO] [stdout]    --> /opt/rustwide/cargo-home/registry/src/index.crates.io-1949cf8c6b5b557f/bevy_ecs-0.15.1/src/system/exclusive_function_system.rs:271:35
[INFO] [stdout]     |
[INFO] [stdout] 271 |                 fn call_inner<In: SystemInput, Out, $($param,)*>(
[INFO] [stdout]     |                                   ^^^^^^^^^^^ required by this bound in `call_inner`
[INFO] [stdout] ...
[INFO] [stdout] 287 | all_tuples!(impl_exclusive_system_function, 0, 16, F);
[INFO] [stdout]     | ----------------------------------------------------- in this macro invocation
[INFO] [stdout] note: required by a bound in `<Func as exclusive_function_system::ExclusiveSystemParamFunction<(HasExclusiveSystemInput, fn(In, F0, F1, F2) -> Out)>>::run::call_inner`
[INFO] [stdout]    --> /opt/rustwide/cargo-home/registry/src/index.crates.io-1949cf8c6b5b557f/bevy_ecs-0.15.1/src/system/exclusive_function_system.rs:272:82
[INFO] [stdout]     |
[INFO] [stdout] 271 |                 fn call_inner<In: SystemInput, Out, $($param,)*>(
[INFO] [stdout] 272 |                     mut f: impl FnMut(In::Param<'_>, &mut World, $($param,)*) -> Out,
[INFO] [stdout]     |                                                                                  ^^^ required by this bound in `call_inner`
[INFO] [stdout] ...
[INFO] [stdout] 287 | all_tuples!(impl_exclusive_system_function, 0, 16, F);
[INFO] [stdout]     | ----------------------------------------------------- in this macro invocation
[INFO] [stdout]     = note: the full name for the type has been written to '/opt/rustwide/target/debug/build/bevy_ecs/c7564552461fb25d/out/bevy_ecs-c7564552461fb25d.long-type-1784246244992248140.txt'
[INFO] [stdout]     = note: consider using `--verbose` to print the full type name to the console
[INFO] [stdout] 
[INFO] [stdout] 
[INFO] [stdout] error[E0283]: type annotations needed
[INFO] [stdout]    --> /opt/rustwide/cargo-home/registry/src/index.crates.io-1949cf8c6b5b557f/bevy_ecs-0.15.1/src/system/exclusive_function_system.rs:280:17
[INFO] [stdout]     |
[INFO] [stdout] 220 | / macro_rules! impl_exclusive_system_function {
[INFO] [stdout] 221 | |     ($($param: ident),*) => {
[INFO] [stdout] 222 | |         #[allow(non_snake_case)]
[INFO] [stdout] 223 | |         impl<Out, Func, $($param: ExclusiveSystemParam),*> ExclusiveSystemParamFunction<fn($($param,)*) -> Out> for Func
[INFO] [stdout] ...   |
[INFO] [stdout] 280 | |                 call_inner(self, input, world, $($param),*)
[INFO] [stdout]     | |                 ^^^^^^^^^^^^^^^^^^^^^^^^^^^^^^^^^^^^^^^^^^^ cannot infer type
[INFO] [stdout] ...   |
[INFO] [stdout] 283 | |     };
[INFO] [stdout] 284 | | }
[INFO] [stdout]     | |_- this error originates in the macro `impl_exclusive_system_function` which comes from the expansion of the macro `all_tuples`
[INFO] [stdout] ...
[INFO] [stdout] 287 |   all_tuples!(impl_exclusive_system_function, 0, 16, F);
[INFO] [stdout]     |   ----------------------------------------------------- in this macro invocation
[INFO] [stdout]     |
[INFO] [stdout]     = note: the type must implement `input::SystemInput`
[INFO] [stdout]     = help: the following types implement trait `input::SystemInput`:
[INFO] [stdout]               ()
[INFO] [stdout]               StaticSystemInput<'a, I>
[INFO] [stdout]               input::In<T>
[INFO] [stdout]               input::InMut<'_, T>
[INFO] [stdout]               input::InRef<'_, T>
[INFO] [stdout]               observer::Trigger<'_, E, B>
[INFO] [stdout]     = note: cannot satisfy `for<'a> <In as input::SystemInput>::Param<'a> == _`
[INFO] [stdout]     = note: cannot satisfy `&mut Func: FnOnce(<In as SystemInput>::Param<'a>, _, _, _, _, _)`
[INFO] [stdout]     = note: cannot satisfy `<In as input::SystemInput>::Inner<'_> == <In as input::SystemInput>::Inner<'_>`
[INFO] [stdout] note: required by a bound in `<Func as exclusive_function_system::ExclusiveSystemParamFunction<(HasExclusiveSystemInput, fn(In, F0, F1, F2, F3) -> Out)>>::run::call_inner`
[INFO] [stdout]    --> /opt/rustwide/cargo-home/registry/src/index.crates.io-1949cf8c6b5b557f/bevy_ecs-0.15.1/src/system/exclusive_function_system.rs:271:35
[INFO] [stdout]     |
[INFO] [stdout] 271 |                 fn call_inner<In: SystemInput, Out, $($param,)*>(
[INFO] [stdout]     |                                   ^^^^^^^^^^^ required by this bound in `call_inner`
[INFO] [stdout] ...
[INFO] [stdout] 287 | all_tuples!(impl_exclusive_system_function, 0, 16, F);
[INFO] [stdout]     | ----------------------------------------------------- in this macro invocation
[INFO] [stdout] note: required by a bound in `<Func as exclusive_function_system::ExclusiveSystemParamFunction<(HasExclusiveSystemInput, fn(In, F0, F1, F2, F3) -> Out)>>::run::call_inner`
[INFO] [stdout]    --> /opt/rustwide/cargo-home/registry/src/index.crates.io-1949cf8c6b5b557f/bevy_ecs-0.15.1/src/system/exclusive_function_system.rs:272:82
[INFO] [stdout]     |
[INFO] [stdout] 271 |                 fn call_inner<In: SystemInput, Out, $($param,)*>(
[INFO] [stdout] 272 |                     mut f: impl FnMut(In::Param<'_>, &mut World, $($param,)*) -> Out,
[INFO] [stdout]     |                                                                                  ^^^ required by this bound in `call_inner`
[INFO] [stdout] ...
[INFO] [stdout] 287 | all_tuples!(impl_exclusive_system_function, 0, 16, F);
[INFO] [stdout]     | ----------------------------------------------------- in this macro invocation
[INFO] [stdout]     = note: the full name for the type has been written to '/opt/rustwide/target/debug/build/bevy_ecs/c7564552461fb25d/out/bevy_ecs-c7564552461fb25d.long-type-158654763230823004.txt'
[INFO] [stdout]     = note: consider using `--verbose` to print the full type name to the console
[INFO] [stdout] 
[INFO] [stdout] 
[INFO] [stdout] error[E0283]: type annotations needed
[INFO] [stdout]    --> /opt/rustwide/cargo-home/registry/src/index.crates.io-1949cf8c6b5b557f/bevy_ecs-0.15.1/src/system/exclusive_function_system.rs:280:17
[INFO] [stdout]     |
[INFO] [stdout] 220 | / macro_rules! impl_exclusive_system_function {
[INFO] [stdout] 221 | |     ($($param: ident),*) => {
[INFO] [stdout] 222 | |         #[allow(non_snake_case)]
[INFO] [stdout] 223 | |         impl<Out, Func, $($param: ExclusiveSystemParam),*> ExclusiveSystemParamFunction<fn($($param,)*) -> Out> for Func
[INFO] [stdout] ...   |
[INFO] [stdout] 280 | |                 call_inner(self, input, world, $($param),*)
[INFO] [stdout]     | |                 ^^^^^^^^^^^^^^^^^^^^^^^^^^^^^^^^^^^^^^^^^^^ cannot infer type
[INFO] [stdout] ...   |
[INFO] [stdout] 283 | |     };
[INFO] [stdout] 284 | | }
[INFO] [stdout]     | |_- this error originates in the macro `impl_exclusive_system_function` which comes from the expansion of the macro `all_tuples`
[INFO] [stdout] ...
[INFO] [stdout] 287 |   all_tuples!(impl_exclusive_system_function, 0, 16, F);
[INFO] [stdout]     |   ----------------------------------------------------- in this macro invocation
[INFO] [stdout]     |
[INFO] [stdout]     = note: the type must implement `input::SystemInput`
[INFO] [stdout]     = help: the following types implement trait `input::SystemInput`:
[INFO] [stdout]               ()
[INFO] [stdout]               StaticSystemInput<'a, I>
[INFO] [stdout]               input::In<T>
[INFO] [stdout]               input::InMut<'_, T>
[INFO] [stdout]               input::InRef<'_, T>
[INFO] [stdout]               observer::Trigger<'_, E, B>
[INFO] [stdout]     = note: cannot satisfy `for<'a> <In as input::SystemInput>::Param<'a> == _`
[INFO] [stdout]     = note: cannot satisfy `&mut Func: FnOnce(<In as SystemInput>::Param<'a>, _, _, _, _, _, _)`
[INFO] [stdout]     = note: cannot satisfy `<In as input::SystemInput>::Inner<'_> == <In as input::SystemInput>::Inner<'_>`
[INFO] [stdout] note: required by a bound in `<Func as exclusive_function_system::ExclusiveSystemParamFunction<(HasExclusiveSystemInput, fn(In, F0, F1, F2, F3, F4) -> Out)>>::run::call_inner`
[INFO] [stdout]    --> /opt/rustwide/cargo-home/registry/src/index.crates.io-1949cf8c6b5b557f/bevy_ecs-0.15.1/src/system/exclusive_function_system.rs:271:35
[INFO] [stdout]     |
[INFO] [stdout] 271 |                 fn call_inner<In: SystemInput, Out, $($param,)*>(
[INFO] [stdout]     |                                   ^^^^^^^^^^^ required by this bound in `call_inner`
[INFO] [stdout] ...
[INFO] [stdout] 287 | all_tuples!(impl_exclusive_system_function, 0, 16, F);
[INFO] [stdout]     | ----------------------------------------------------- in this macro invocation
[INFO] [stdout] note: required by a bound in `<Func as exclusive_function_system::ExclusiveSystemParamFunction<(HasExclusiveSystemInput, fn(In, F0, F1, F2, F3, F4) -> Out)>>::run::call_inner`
[INFO] [stdout]    --> /opt/rustwide/cargo-home/registry/src/index.crates.io-1949cf8c6b5b557f/bevy_ecs-0.15.1/src/system/exclusive_function_system.rs:272:82
[INFO] [stdout]     |
[INFO] [stdout] 271 |                 fn call_inner<In: SystemInput, Out, $($param,)*>(
[INFO] [stdout] 272 |                     mut f: impl FnMut(In::Param<'_>, &mut World, $($param,)*) -> Out,
[INFO] [stdout]     |                                                                                  ^^^ required by this bound in `call_inner`
[INFO] [stdout] ...
[INFO] [stdout] 287 | all_tuples!(impl_exclusive_system_function, 0, 16, F);
[INFO] [stdout]     | ----------------------------------------------------- in this macro invocation
[INFO] [stdout]     = note: the full name for the type has been written to '/opt/rustwide/target/debug/build/bevy_ecs/c7564552461fb25d/out/bevy_ecs-c7564552461fb25d.long-type-6533084437346961493.txt'
[INFO] [stdout]     = note: consider using `--verbose` to print the full type name to the console
[INFO] [stdout] 
[INFO] [stdout] 
[INFO] [stdout] error[E0283]: type annotations needed
[INFO] [stdout]    --> /opt/rustwide/cargo-home/registry/src/index.crates.io-1949cf8c6b5b557f/bevy_ecs-0.15.1/src/system/exclusive_function_system.rs:280:17
[INFO] [stdout]     |
[INFO] [stdout] 220 | / macro_rules! impl_exclusive_system_function {
[INFO] [stdout] 221 | |     ($($param: ident),*) => {
[INFO] [stdout] 222 | |         #[allow(non_snake_case)]
[INFO] [stdout] 223 | |         impl<Out, Func, $($param: ExclusiveSystemParam),*> ExclusiveSystemParamFunction<fn($($param,)*) -> Out> for Func
[INFO] [stdout] ...   |
[INFO] [stdout] 280 | |                 call_inner(self, input, world, $($param),*)
[INFO] [stdout]     | |                 ^^^^^^^^^^^^^^^^^^^^^^^^^^^^^^^^^^^^^^^^^^^ cannot infer type
[INFO] [stdout] ...   |
[INFO] [stdout] 283 | |     };
[INFO] [stdout] 284 | | }
[INFO] [stdout]     | |_- this error originates in the macro `impl_exclusive_system_function` which comes from the expansion of the macro `all_tuples`
[INFO] [stdout] ...
[INFO] [stdout] 287 |   all_tuples!(impl_exclusive_system_function, 0, 16, F);
[INFO] [stdout]     |   ----------------------------------------------------- in this macro invocation
[INFO] [stdout]     |
[INFO] [stdout]     = note: the type must implement `input::SystemInput`
[INFO] [stdout]     = help: the following types implement trait `input::SystemInput`:
[INFO] [stdout]               ()
[INFO] [stdout]               StaticSystemInput<'a, I>
[INFO] [stdout]               input::In<T>
[INFO] [stdout]               input::InMut<'_, T>
[INFO] [stdout]               input::InRef<'_, T>
[INFO] [stdout]               observer::Trigger<'_, E, B>
[INFO] [stdout]     = note: cannot satisfy `for<'a> <In as input::SystemInput>::Param<'a> == _`
[INFO] [stdout]     = note: cannot satisfy `&mut Func: FnOnce(<In as SystemInput>::Param<'a>, _, _, _, _, _, _, _)`
[INFO] [stdout]     = note: cannot satisfy `<In as input::SystemInput>::Inner<'_> == <In as input::SystemInput>::Inner<'_>`
[INFO] [stdout] note: required by a bound in `<Func as exclusive_function_system::ExclusiveSystemParamFunction<(HasExclusiveSystemInput, fn(In, F0, F1, F2, F3, F4, F5) -> Out)>>::run::call_inner`
[INFO] [stdout]    --> /opt/rustwide/cargo-home/registry/src/index.crates.io-1949cf8c6b5b557f/bevy_ecs-0.15.1/src/system/exclusive_function_system.rs:271:35
[INFO] [stdout]     |
[INFO] [stdout] 271 |                 fn call_inner<In: SystemInput, Out, $($param,)*>(
[INFO] [stdout]     |                                   ^^^^^^^^^^^ required by this bound in `call_inner`
[INFO] [stdout] ...
[INFO] [stdout] 287 | all_tuples!(impl_exclusive_system_function, 0, 16, F);
[INFO] [stdout]     | ----------------------------------------------------- in this macro invocation
[INFO] [stdout] note: required by a bound in `<Func as exclusive_function_system::ExclusiveSystemParamFunction<(HasExclusiveSystemInput, fn(In, F0, F1, F2, F3, F4, F5) -> Out)>>::run::call_inner`
[INFO] [stdout]    --> /opt/rustwide/cargo-home/registry/src/index.crates.io-1949cf8c6b5b557f/bevy_ecs-0.15.1/src/system/exclusive_function_system.rs:272:82
[INFO] [stdout]     |
[INFO] [stdout] 271 |                 fn call_inner<In: SystemInput, Out, $($param,)*>(
[INFO] [stdout] 272 |                     mut f: impl FnMut(In::Param<'_>, &mut World, $($param,)*) -> Out,
[INFO] [stdout]     |                                                                                  ^^^ required by this bound in `call_inner`
[INFO] [stdout] ...
[INFO] [stdout] 287 | all_tuples!(impl_exclusive_system_function, 0, 16, F);
[INFO] [stdout]     | ----------------------------------------------------- in this macro invocation
[INFO] [stdout]     = note: the full name for the type has been written to '/opt/rustwide/target/debug/build/bevy_ecs/c7564552461fb25d/out/bevy_ecs-c7564552461fb25d.long-type-11601466631781581022.txt'
[INFO] [stdout]     = note: consider using `--verbose` to print the full type name to the console
[INFO] [stdout] 
[INFO] [stdout] 
[INFO] [stdout] error[E0283]: type annotations needed
[INFO] [stdout]    --> /opt/rustwide/cargo-home/registry/src/index.crates.io-1949cf8c6b5b557f/bevy_ecs-0.15.1/src/system/exclusive_function_system.rs:280:17
[INFO] [stdout]     |
[INFO] [stdout] 220 | / macro_rules! impl_exclusive_system_function {
[INFO] [stdout] 221 | |     ($($param: ident),*) => {
[INFO] [stdout] 222 | |         #[allow(non_snake_case)]
[INFO] [stdout] 223 | |         impl<Out, Func, $($param: ExclusiveSystemParam),*> ExclusiveSystemParamFunction<fn($($param,)*) -> Out> for Func
[INFO] [stdout] ...   |
[INFO] [stdout] 280 | |                 call_inner(self, input, world, $($param),*)
[INFO] [stdout]     | |                 ^^^^^^^^^^^^^^^^^^^^^^^^^^^^^^^^^^^^^^^^^^^ cannot infer type
[INFO] [stdout] ...   |
[INFO] [stdout] 283 | |     };
[INFO] [stdout] 284 | | }
[INFO] [stdout]     | |_- this error originates in the macro `impl_exclusive_system_function` which comes from the expansion of the macro `all_tuples`
[INFO] [stdout] ...
[INFO] [stdout] 287 |   all_tuples!(impl_exclusive_system_function, 0, 16, F);
[INFO] [stdout]     |   ----------------------------------------------------- in this macro invocation
[INFO] [stdout]     |
[INFO] [stdout]     = note: the type must implement `input::SystemInput`
[INFO] [stdout]     = help: the following types implement trait `input::SystemInput`:
[INFO] [stdout]               ()
[INFO] [stdout]               StaticSystemInput<'a, I>
[INFO] [stdout]               input::In<T>
[INFO] [stdout]               input::InMut<'_, T>
[INFO] [stdout]               input::InRef<'_, T>
[INFO] [stdout]               observer::Trigger<'_, E, B>
[INFO] [stdout]     = note: cannot satisfy `for<'a> <In as input::SystemInput>::Param<'a> == _`
[INFO] [stdout]     = note: cannot satisfy `&mut Func: FnOnce(_, _, _, _, _, _, _, _, _)`
[INFO] [stdout]     = note: cannot satisfy `<In as input::SystemInput>::Inner<'_> == <In as input::SystemInput>::Inner<'_>`
[INFO] [stdout] note: required by a bound in `<Func as exclusive_function_system::ExclusiveSystemParamFunction<(HasExclusiveSystemInput, fn(In, F0, F1, F2, F3, F4, F5, F6) -> Out)>>::run::call_inner`
[INFO] [stdout]    --> /opt/rustwide/cargo-home/registry/src/index.crates.io-1949cf8c6b5b557f/bevy_ecs-0.15.1/src/system/exclusive_function_system.rs:271:35
[INFO] [stdout]     |
[INFO] [stdout] 271 |                 fn call_inner<In: SystemInput, Out, $($param,)*>(
[INFO] [stdout]     |                                   ^^^^^^^^^^^ required by this bound in `call_inner`
[INFO] [stdout] ...
[INFO] [stdout] 287 | all_tuples!(impl_exclusive_system_function, 0, 16, F);
[INFO] [stdout]     | ----------------------------------------------------- in this macro invocation
[INFO] [stdout] note: required by a bound in `<Func as exclusive_function_system::ExclusiveSystemParamFunction<(HasExclusiveSystemInput, fn(In, F0, F1, F2, F3, F4, F5, F6) -> Out)>>::run::call_inner`
[INFO] [stdout]    --> /opt/rustwide/cargo-home/registry/src/index.crates.io-1949cf8c6b5b557f/bevy_ecs-0.15.1/src/system/exclusive_function_system.rs:272:82
[INFO] [stdout]     |
[INFO] [stdout] 271 |                 fn call_inner<In: SystemInput, Out, $($param,)*>(
[INFO] [stdout] 272 |                     mut f: impl FnMut(In::Param<'_>, &mut World, $($param,)*) -> Out,
[INFO] [stdout]     |                                                                                  ^^^ required by this bound in `call_inner`
[INFO] [stdout] ...
[INFO] [stdout] 287 | all_tuples!(impl_exclusive_system_function, 0, 16, F);
[INFO] [stdout]     | ----------------------------------------------------- in this macro invocation
[INFO] [stdout]     = note: the full name for the type has been written to '/opt/rustwide/target/debug/build/bevy_ecs/c7564552461fb25d/out/bevy_ecs-c7564552461fb25d.long-type-1887060219071671106.txt'
[INFO] [stdout]     = note: consider using `--verbose` to print the full type name to the console
[INFO] [stdout] 
[INFO] [stdout] 
[INFO] [stdout] error[E0283]: type annotations needed
[INFO] [stdout]    --> /opt/rustwide/cargo-home/registry/src/index.crates.io-1949cf8c6b5b557f/bevy_ecs-0.15.1/src/system/exclusive_function_system.rs:280:17
[INFO] [stdout]     |
[INFO] [stdout] 220 | / macro_rules! impl_exclusive_system_function {
[INFO] [stdout] 221 | |     ($($param: ident),*) => {
[INFO] [stdout] 222 | |         #[allow(non_snake_case)]
[INFO] [stdout] 223 | |         impl<Out, Func, $($param: ExclusiveSystemParam),*> ExclusiveSystemParamFunction<fn($($param,)*) -> Out> for Func
[INFO] [stdout] ...   |
[INFO] [stdout] 280 | |                 call_inner(self, input, world, $($param),*)
[INFO] [stdout]     | |                 ^^^^^^^^^^^^^^^^^^^^^^^^^^^^^^^^^^^^^^^^^^^ cannot infer type
[INFO] [stdout] ...   |
[INFO] [stdout] 283 | |     };
[INFO] [stdout] 284 | | }
[INFO] [stdout]     | |_- this error originates in the macro `impl_exclusive_system_function` which comes from the expansion of the macro `all_tuples`
[INFO] [stdout] ...
[INFO] [stdout] 287 |   all_tuples!(impl_exclusive_system_function, 0, 16, F);
[INFO] [stdout]     |   ----------------------------------------------------- in this macro invocation
[INFO] [stdout]     |
[INFO] [stdout]     = note: the type must implement `input::SystemInput`
[INFO] [stdout]     = help: the following types implement trait `input::SystemInput`:
[INFO] [stdout]               ()
[INFO] [stdout]               StaticSystemInput<'a, I>
[INFO] [stdout]               input::In<T>
[INFO] [stdout]               input::InMut<'_, T>
[INFO] [stdout]               input::InRef<'_, T>
[INFO] [stdout]               observer::Trigger<'_, E, B>
[INFO] [stdout]     = note: cannot satisfy `for<'a> <In as input::SystemInput>::Param<'a> == _`
[INFO] [stdout]     = note: cannot satisfy `&mut Func: FnOnce(_, _, _, _, _, _, _, _, _, _)`
[INFO] [stdout]     = note: cannot satisfy `<In as input::SystemInput>::Inner<'_> == <In as input::SystemInput>::Inner<'_>`
[INFO] [stdout] note: required by a bound in `<Func as exclusive_function_system::ExclusiveSystemParamFunction<(HasExclusiveSystemInput, fn(In, F0, F1, F2, F3, F4, F5, F6, F7) -> Out)>>::run::call_inner`
[INFO] [stdout]    --> /opt/rustwide/cargo-home/registry/src/index.crates.io-1949cf8c6b5b557f/bevy_ecs-0.15.1/src/system/exclusive_function_system.rs:271:35
[INFO] [stdout]     |
[INFO] [stdout] 271 |                 fn call_inner<In: SystemInput, Out, $($param,)*>(
[INFO] [stdout]     |                                   ^^^^^^^^^^^ required by this bound in `call_inner`
[INFO] [stdout] ...
[INFO] [stdout] 287 | all_tuples!(impl_exclusive_system_function, 0, 16, F);
[INFO] [stdout]     | ----------------------------------------------------- in this macro invocation
[INFO] [stdout] note: required by a bound in `<Func as exclusive_function_system::ExclusiveSystemParamFunction<(HasExclusiveSystemInput, fn(In, F0, F1, F2, F3, F4, F5, F6, F7) -> Out)>>::run::call_inner`
[INFO] [stdout]    --> /opt/rustwide/cargo-home/registry/src/index.crates.io-1949cf8c6b5b557f/bevy_ecs-0.15.1/src/system/exclusive_function_system.rs:272:82
[INFO] [stdout]     |
[INFO] [stdout] 271 |                 fn call_inner<In: SystemInput, Out, $($param,)*>(
[INFO] [stdout] 272 |                     mut f: impl FnMut(In::Param<'_>, &mut World, $($param,)*) -> Out,
[INFO] [stdout]     |                                                                                  ^^^ required by this bound in `call_inner`
[INFO] [stdout] ...
[INFO] [stdout] 287 | all_tuples!(impl_exclusive_system_function, 0, 16, F);
[INFO] [stdout]     | ----------------------------------------------------- in this macro invocation
[INFO] [stdout]     = note: the full name for the type has been written to '/opt/rustwide/target/debug/build/bevy_ecs/c7564552461fb25d/out/bevy_ecs-c7564552461fb25d.long-type-1574244729701504179.txt'
[INFO] [stdout]     = note: consider using `--verbose` to print the full type name to the console
[INFO] [stdout] 
[INFO] [stdout] 
[INFO] [stdout] error[E0283]: type annotations needed
[INFO] [stdout]    --> /opt/rustwide/cargo-home/registry/src/index.crates.io-1949cf8c6b5b557f/bevy_ecs-0.15.1/src/system/exclusive_function_system.rs:280:17
[INFO] [stdout]     |
[INFO] [stdout] 220 | / macro_rules! impl_exclusive_system_function {
[INFO] [stdout] 221 | |     ($($param: ident),*) => {
[INFO] [stdout] 222 | |         #[allow(non_snake_case)]
[INFO] [stdout] 223 | |         impl<Out, Func, $($param: ExclusiveSystemParam),*> ExclusiveSystemParamFunction<fn($($param,)*) -> Out> for Func
[INFO] [stdout] ...   |
[INFO] [stdout] 280 | |                 call_inner(self, input, world, $($param),*)
[INFO] [stdout]     | |                 ^^^^^^^^^^^^^^^^^^^^^^^^^^^^^^^^^^^^^^^^^^^ cannot infer type
[INFO] [stdout] ...   |
[INFO] [stdout] 283 | |     };
[INFO] [stdout] 284 | | }
[INFO] [stdout]     | |_- this error originates in the macro `impl_exclusive_system_function` which comes from the expansion of the macro `all_tuples`
[INFO] [stdout] ...
[INFO] [stdout] 287 |   all_tuples!(impl_exclusive_system_function, 0, 16, F);
[INFO] [stdout]     |   ----------------------------------------------------- in this macro invocation
[INFO] [stdout]     |
[INFO] [stdout]     = note: the type must implement `input::SystemInput`
[INFO] [stdout]     = help: the following types implement trait `input::SystemInput`:
[INFO] [stdout]               ()
[INFO] [stdout]               StaticSystemInput<'a, I>
[INFO] [stdout]               input::In<T>
[INFO] [stdout]               input::InMut<'_, T>
[INFO] [stdout]               input::InRef<'_, T>
[INFO] [stdout]               observer::Trigger<'_, E, B>
[INFO] [stdout]     = note: cannot satisfy `for<'a> <In as input::SystemInput>::Param<'a> == _`
[INFO] [stdout]     = note: cannot satisfy `&mut Func: FnOnce(_, _, _, _, _, _, _, _, _, _, _)`
[INFO] [stdout]     = note: cannot satisfy `<In as input::SystemInput>::Inner<'_> == <In as input::SystemInput>::Inner<'_>`
[INFO] [stdout] note: required by a bound in `<Func as exclusive_function_system::ExclusiveSystemParamFunction<(HasExclusiveSystemInput, fn(In, F0, F1, F2, F3, F4, F5, F6, F7, F8) -> Out)>>::run::call_inner`
[INFO] [stdout]    --> /opt/rustwide/cargo-home/registry/src/index.crates.io-1949cf8c6b5b557f/bevy_ecs-0.15.1/src/system/exclusive_function_system.rs:271:35
[INFO] [stdout]     |
[INFO] [stdout] 271 |                 fn call_inner<In: SystemInput, Out, $($param,)*>(
[INFO] [stdout]     |                                   ^^^^^^^^^^^ required by this bound in `call_inner`
[INFO] [stdout] ...
[INFO] [stdout] 287 | all_tuples!(impl_exclusive_system_function, 0, 16, F);
[INFO] [stdout]     | ----------------------------------------------------- in this macro invocation
[INFO] [stdout] note: required by a bound in `<Func as exclusive_function_system::ExclusiveSystemParamFunction<(HasExclusiveSystemInput, fn(In, F0, F1, F2, F3, F4, F5, F6, F7, F8) -> Out)>>::run::call_inner`
[INFO] [stdout]    --> /opt/rustwide/cargo-home/registry/src/index.crates.io-1949cf8c6b5b557f/bevy_ecs-0.15.1/src/system/exclusive_function_system.rs:272:82
[INFO] [stdout]     |
[INFO] [stdout] 271 |                 fn call_inner<In: SystemInput, Out, $($param,)*>(
[INFO] [stdout] 272 |                     mut f: impl FnMut(In::Param<'_>, &mut World, $($param,)*) -> Out,
[INFO] [stdout]     |                                                                                  ^^^ required by this bound in `call_inner`
[INFO] [stdout] ...
[INFO] [stdout] 287 | all_tuples!(impl_exclusive_system_function, 0, 16, F);
[INFO] [stdout]     | ----------------------------------------------------- in this macro invocation
[INFO] [stdout]     = note: the full name for the type has been written to '/opt/rustwide/target/debug/build/bevy_ecs/c7564552461fb25d/out/bevy_ecs-c7564552461fb25d.long-type-16648830983600854842.txt'
[INFO] [stdout]     = note: consider using `--verbose` to print the full type name to the console
[INFO] [stdout] 
[INFO] [stdout] 
[INFO] [stdout] error[E0283]: type annotations needed
[INFO] [stdout]    --> /opt/rustwide/cargo-home/registry/src/index.crates.io-1949cf8c6b5b557f/bevy_ecs-0.15.1/src/system/exclusive_function_system.rs:280:17
[INFO] [stdout]     |
[INFO] [stdout] 220 | / macro_rules! impl_exclusive_system_function {
[INFO] [stdout] 221 | |     ($($param: ident),*) => {
[INFO] [stdout] 222 | |         #[allow(non_snake_case)]
[INFO] [stdout] 223 | |         impl<Out, Func, $($param: ExclusiveSystemParam),*> ExclusiveSystemParamFunction<fn($($param,)*) -> Out> for Func
[INFO] [stdout] ...   |
[INFO] [stdout] 280 | |                 call_inner(self, input, world, $($param),*)
[INFO] [stdout]     | |                 ^^^^^^^^^^^^^^^^^^^^^^^^^^^^^^^^^^^^^^^^^^^ cannot infer type
[INFO] [stdout] ...   |
[INFO] [stdout] 283 | |     };
[INFO] [stdout] 284 | | }
[INFO] [stdout]     | |_- this error originates in the macro `impl_exclusive_system_function` which comes from the expansion of the macro `all_tuples`
[INFO] [stdout] ...
[INFO] [stdout] 287 |   all_tuples!(impl_exclusive_system_function, 0, 16, F);
[INFO] [stdout]     |   ----------------------------------------------------- in this macro invocation
[INFO] [stdout]     |
[INFO] [stdout]     = note: the type must implement `input::SystemInput`
[INFO] [stdout]     = help: the following types implement trait `input::SystemInput`:
[INFO] [stdout]               ()
[INFO] [stdout]               StaticSystemInput<'a, I>
[INFO] [stdout]               input::In<T>
[INFO] [stdout]               input::InMut<'_, T>
[INFO] [stdout]               input::InRef<'_, T>
[INFO] [stdout]               observer::Trigger<'_, E, B>
[INFO] [stdout]     = note: cannot satisfy `for<'a> <In as input::SystemInput>::Param<'a> == _`
[INFO] [stdout]     = note: cannot satisfy `&mut Func: FnOnce(_, _, _, _, _, _, _, _, _, _, _, _)`
[INFO] [stdout]     = note: cannot satisfy `<In as input::SystemInput>::Inner<'_> == <In as input::SystemInput>::Inner<'_>`
[INFO] [stdout] note: required by a bound in `<Func as exclusive_function_system::ExclusiveSystemParamFunction<(HasExclusiveSystemInput, fn(In, F0, F1, F2, F3, F4, F5, F6, F7, F8, F9) -> Out)>>::run::call_inner`
[INFO] [stdout]    --> /opt/rustwide/cargo-home/registry/src/index.crates.io-1949cf8c6b5b557f/bevy_ecs-0.15.1/src/system/exclusive_function_system.rs:271:35
[INFO] [stdout]     |
[INFO] [stdout] 271 |                 fn call_inner<In: SystemInput, Out, $($param,)*>(
[INFO] [stdout]     |                                   ^^^^^^^^^^^ required by this bound in `call_inner`
[INFO] [stdout] ...
[INFO] [stdout] 287 | all_tuples!(impl_exclusive_system_function, 0, 16, F);
[INFO] [stdout]     | ----------------------------------------------------- in this macro invocation
[INFO] [stdout] note: required by a bound in `<Func as exclusive_function_system::ExclusiveSystemParamFunction<(HasExclusiveSystemInput, fn(In, F0, F1, F2, F3, F4, F5, F6, F7, F8, F9) -> Out)>>::run::call_inner`
[INFO] [stdout]    --> /opt/rustwide/cargo-home/registry/src/index.crates.io-1949cf8c6b5b557f/bevy_ecs-0.15.1/src/system/exclusive_function_system.rs:272:82
[INFO] [stdout]     |
[INFO] [stdout] 271 |                 fn call_inner<In: SystemInput, Out, $($param,)*>(
[INFO] [stdout] 272 |                     mut f: impl FnMut(In::Param<'_>, &mut World, $($param,)*) -> Out,
[INFO] [stdout]     |                                                                                  ^^^ required by this bound in `call_inner`
[INFO] [stdout] ...
[INFO] [stdout] 287 | all_tuples!(impl_exclusive_system_function, 0, 16, F);
[INFO] [stdout]     | ----------------------------------------------------- in this macro invocation
[INFO] [stdout]     = note: the full name for the type has been written to '/opt/rustwide/target/debug/build/bevy_ecs/c7564552461fb25d/out/bevy_ecs-c7564552461fb25d.long-type-9767053605992674042.txt'
[INFO] [stdout]     = note: consider using `--verbose` to print the full type name to the console
[INFO] [stdout] 
[INFO] [stdout] 
[INFO] [stdout] error[E0283]: type annotations needed
[INFO] [stdout]    --> /opt/rustwide/cargo-home/registry/src/index.crates.io-1949cf8c6b5b557f/bevy_ecs-0.15.1/src/system/exclusive_function_system.rs:280:17
[INFO] [stdout]     |
[INFO] [stdout] 220 | / macro_rules! impl_exclusive_system_function {
[INFO] [stdout] 221 | |     ($($param: ident),*) => {
[INFO] [stdout] 222 | |         #[allow(non_snake_case)]
[INFO] [stdout] 223 | |         impl<Out, Func, $($param: ExclusiveSystemParam),*> ExclusiveSystemParamFunction<fn($($param,)*) -> Out> for Func
[INFO] [stdout] ...   |
[INFO] [stdout] 280 | |                 call_inner(self, input, world, $($param),*)
[INFO] [stdout]     | |                 ^^^^^^^^^^^^^^^^^^^^^^^^^^^^^^^^^^^^^^^^^^^ cannot infer type
[INFO] [stdout] ...   |
[INFO] [stdout] 283 | |     };
[INFO] [stdout] 284 | | }
[INFO] [stdout]     | |_- this error originates in the macro `impl_exclusive_system_function` which comes from the expansion of the macro `all_tuples`
[INFO] [stdout] ...
[INFO] [stdout] 287 |   all_tuples!(impl_exclusive_system_function, 0, 16, F);
[INFO] [stdout]     |   ----------------------------------------------------- in this macro invocation
[INFO] [stdout]     |
[INFO] [stdout]     = note: the type must implement `input::SystemInput`
[INFO] [stdout]     = help: the following types implement trait `input::SystemInput`:
[INFO] [stdout]               ()
[INFO] [stdout]               StaticSystemInput<'a, I>
[INFO] [stdout]               input::In<T>
[INFO] [stdout]               input::InMut<'_, T>
[INFO] [stdout]               input::InRef<'_, T>
[INFO] [stdout]               observer::Trigger<'_, E, B>
[INFO] [stdout]     = note: cannot satisfy `for<'a> <In as input::SystemInput>::Param<'a> == _`
[INFO] [stdout]     = note: cannot satisfy `&mut Func: FnOnce(_, _, _, _, _, _, _, _, _, _, _, _, _)`
[INFO] [stdout]     = note: cannot satisfy `<In as input::SystemInput>::Inner<'_> == <In as input::SystemInput>::Inner<'_>`
[INFO] [stdout] note: required by a bound in `<Func as exclusive_function_system::ExclusiveSystemParamFunction<(HasExclusiveSystemInput, fn(In, F0, F1, F2, F3, F4, F5, F6, F7, F8, F9, F10) -> Out)>>::run::call_inner`
[INFO] [stdout]    --> /opt/rustwide/cargo-home/registry/src/index.crates.io-1949cf8c6b5b557f/bevy_ecs-0.15.1/src/system/exclusive_function_system.rs:271:35
[INFO] [stdout]     |
[INFO] [stdout] 271 |                 fn call_inner<In: SystemInput, Out, $($param,)*>(
[INFO] [stdout]     |                                   ^^^^^^^^^^^ required by this bound in `call_inner`
[INFO] [stdout] ...
[INFO] [stdout] 287 | all_tuples!(impl_exclusive_system_function, 0, 16, F);
[INFO] [stdout]     | ----------------------------------------------------- in this macro invocation
[INFO] [stdout] note: required by a bound in `<Func as exclusive_function_system::ExclusiveSystemParamFunction<(HasExclusiveSystemInput, fn(In, F0, F1, F2, F3, F4, F5, F6, F7, F8, F9, F10) -> Out)>>::run::call_inner`
[INFO] [stdout]    --> /opt/rustwide/cargo-home/registry/src/index.crates.io-1949cf8c6b5b557f/bevy_ecs-0.15.1/src/system/exclusive_function_system.rs:272:82
[INFO] [stdout]     |
[INFO] [stdout] 271 |                 fn call_inner<In: SystemInput, Out, $($param,)*>(
[INFO] [stdout] 272 |                     mut f: impl FnMut(In::Param<'_>, &mut World, $($param,)*) -> Out,
[INFO] [stdout]     |                                                                                  ^^^ required by this bound in `call_inner`
[INFO] [stdout] ...
[INFO] [stdout] 287 | all_tuples!(impl_exclusive_system_function, 0, 16, F);
[INFO] [stdout]     | ----------------------------------------------------- in this macro invocation
[INFO] [stdout]     = note: the full name for the type has been written to '/opt/rustwide/target/debug/build/bevy_ecs/c7564552461fb25d/out/bevy_ecs-c7564552461fb25d.long-type-16067181845767708518.txt'
[INFO] [stdout]     = note: consider using `--verbose` to print the full type name to the console
[INFO] [stdout] 
[INFO] [stdout] 
[INFO] [stdout] error[E0283]: type annotations needed
[INFO] [stdout]    --> /opt/rustwide/cargo-home/registry/src/index.crates.io-1949cf8c6b5b557f/bevy_ecs-0.15.1/src/system/exclusive_function_system.rs:280:17
[INFO] [stdout]     |
[INFO] [stdout] 220 | / macro_rules! impl_exclusive_system_function {
[INFO] [stdout] 221 | |     ($($param: ident),*) => {
[INFO] [stdout] 222 | |         #[allow(non_snake_case)]
[INFO] [stdout] 223 | |         impl<Out, Func, $($param: ExclusiveSystemParam),*> ExclusiveSystemParamFunction<fn($($param,)*) -> Out> for Func
[INFO] [stdout] ...   |
[INFO] [stdout] 280 | |                 call_inner(self, input, world, $($param),*)
[INFO] [stdout]     | |                 ^^^^^^^^^^^^^^^^^^^^^^^^^^^^^^^^^^^^^^^^^^^ cannot infer type
[INFO] [stdout] ...   |
[INFO] [stdout] 283 | |     };
[INFO] [stdout] 284 | | }
[INFO] [stdout]     | |_- this error originates in the macro `impl_exclusive_system_function` which comes from the expansion of the macro `all_tuples`
[INFO] [stdout] ...
[INFO] [stdout] 287 |   all_tuples!(impl_exclusive_system_function, 0, 16, F);
[INFO] [stdout]     |   ----------------------------------------------------- in this macro invocation
[INFO] [stdout]     |
[INFO] [stdout]     = note: the type must implement `input::SystemInput`
[INFO] [stdout]     = help: the following types implement trait `input::SystemInput`:
[INFO] [stdout]               ()
[INFO] [stdout]               StaticSystemInput<'a, I>
[INFO] [stdout]               input::In<T>
[INFO] [stdout]               input::InMut<'_, T>
[INFO] [stdout]               input::InRef<'_, T>
[INFO] [stdout]               observer::Trigger<'_, E, B>
[INFO] [stdout]     = note: cannot satisfy `for<'a> <In as input::SystemInput>::Param<'a> == _`
[INFO] [stdout]     = note: cannot satisfy `&mut Func: FnOnce(_, _, _, _, _, _, _, _, _, _, _, _, _, _)`
[INFO] [stdout]     = note: cannot satisfy `<In as input::SystemInput>::Inner<'_> == <In as input::SystemInput>::Inner<'_>`
[INFO] [stdout] note: required by a bound in `<Func as exclusive_function_system::ExclusiveSystemParamFunction<(HasExclusiveSystemInput, fn(In, F0, F1, F2, F3, F4, F5, F6, F7, F8, F9, F10, F11) -> Out)>>::run::call_inner`
[INFO] [stdout]    --> /opt/rustwide/cargo-home/registry/src/index.crates.io-1949cf8c6b5b557f/bevy_ecs-0.15.1/src/system/exclusive_function_system.rs:271:35
[INFO] [stdout]     |
[INFO] [stdout] 271 |                 fn call_inner<In: SystemInput, Out, $($param,)*>(
[INFO] [stdout]     |                                   ^^^^^^^^^^^ required by this bound in `call_inner`
[INFO] [stdout] ...
[INFO] [stdout] 287 | all_tuples!(impl_exclusive_system_function, 0, 16, F);
[INFO] [stdout]     | ----------------------------------------------------- in this macro invocation
[INFO] [stdout] note: required by a bound in `<Func as exclusive_function_system::ExclusiveSystemParamFunction<(HasExclusiveSystemInput, fn(In, F0, F1, F2, F3, F4, F5, F6, F7, F8, F9, F10, F11) -> Out)>>::run::call_inner`
[INFO] [stdout]    --> /opt/rustwide/cargo-home/registry/src/index.crates.io-1949cf8c6b5b557f/bevy_ecs-0.15.1/src/system/exclusive_function_system.rs:272:82
[INFO] [stdout]     |
[INFO] [stdout] 271 |                 fn call_inner<In: SystemInput, Out, $($param,)*>(
[INFO] [stdout] 272 |                     mut f: impl FnMut(In::Param<'_>, &mut World, $($param,)*) -> Out,
[INFO] [stdout]     |                                                                                  ^^^ required by this bound in `call_inner`
[INFO] [stdout] ...
[INFO] [stdout] 287 | all_tuples!(impl_exclusive_system_function, 0, 16, F);
[INFO] [stdout]     | ----------------------------------------------------- in this macro invocation
[INFO] [stdout]     = note: the full name for the type has been written to '/opt/rustwide/target/debug/build/bevy_ecs/c7564552461fb25d/out/bevy_ecs-c7564552461fb25d.long-type-14818235364432931905.txt'
[INFO] [stdout]     = note: consider using `--verbose` to print the full type name to the console
[INFO] [stdout] 
[INFO] [stdout] 
[INFO] [stdout] error[E0283]: type annotations needed
[INFO] [stdout]    --> /opt/rustwide/cargo-home/registry/src/index.crates.io-1949cf8c6b5b557f/bevy_ecs-0.15.1/src/system/exclusive_function_system.rs:280:17
[INFO] [stdout]     |
[INFO] [stdout] 220 | / macro_rules! impl_exclusive_system_function {
[INFO] [stdout] 221 | |     ($($param: ident),*) => {
[INFO] [stdout] 222 | |         #[allow(non_snake_case)]
[INFO] [stdout] 223 | |         impl<Out, Func, $($param: ExclusiveSystemParam),*> ExclusiveSystemParamFunction<fn($($param,)*) -> Out> for Func
[INFO] [stdout] ...   |
[INFO] [stdout] 280 | |                 call_inner(self, input, world, $($param),*)
[INFO] [stdout]     | |                 ^^^^^^^^^^^^^^^^^^^^^^^^^^^^^^^^^^^^^^^^^^^ cannot infer type
[INFO] [stdout] ...   |
[INFO] [stdout] 283 | |     };
[INFO] [stdout] 284 | | }
[INFO] [stdout]     | |_- this error originates in the macro `impl_exclusive_system_function` which comes from the expansion of the macro `all_tuples`
[INFO] [stdout] ...
[INFO] [stdout] 287 |   all_tuples!(impl_exclusive_system_function, 0, 16, F);
[INFO] [stdout]     |   ----------------------------------------------------- in this macro invocation
[INFO] [stdout]     |
[INFO] [stdout]     = note: the type must implement `input::SystemInput`
[INFO] [stdout]     = help: the following types implement trait `input::SystemInput`:
[INFO] [stdout]               ()
[INFO] [stdout]               StaticSystemInput<'a, I>
[INFO] [stdout]               input::In<T>
[INFO] [stdout]               input::InMut<'_, T>
[INFO] [stdout]               input::InRef<'_, T>
[INFO] [stdout]               observer::Trigger<'_, E, B>
[INFO] [stdout]     = note: cannot satisfy `for<'a> <In as input::SystemInput>::Param<'a> == _`
[INFO] [stdout]     = note: cannot satisfy `&mut Func: FnOnce(_, _, _, _, _, _, _, _, _, _, _, _, _, _, _)`
[INFO] [stdout]     = note: cannot satisfy `<In as input::SystemInput>::Inner<'_> == <In as input::SystemInput>::Inner<'_>`
[INFO] [stdout] note: required by a bound in `<Func as exclusive_function_system::ExclusiveSystemParamFunction<(HasExclusiveSystemInput, fn(In, F0, F1, F2, F3, F4, F5, F6, F7, F8, F9, F10, F11, F12) -> Out)>>::run::call_inner`
[INFO] [stdout]    --> /opt/rustwide/cargo-home/registry/src/index.crates.io-1949cf8c6b5b557f/bevy_ecs-0.15.1/src/system/exclusive_function_system.rs:271:35
[INFO] [stdout]     |
[INFO] [stdout] 271 |                 fn call_inner<In: SystemInput, Out, $($param,)*>(
[INFO] [stdout]     |                                   ^^^^^^^^^^^ required by this bound in `call_inner`
[INFO] [stdout] ...
[INFO] [stdout] 287 | all_tuples!(impl_exclusive_system_function, 0, 16, F);
[INFO] [stdout]     | ----------------------------------------------------- in this macro invocation
[INFO] [stdout] note: required by a bound in `<Func as exclusive_function_system::ExclusiveSystemParamFunction<(HasExclusiveSystemInput, fn(In, F0, F1, F2, F3, F4, F5, F6, F7, F8, F9, F10, F11, F12) -> Out)>>::run::call_inner`
[INFO] [stdout]    --> /opt/rustwide/cargo-home/registry/src/index.crates.io-1949cf8c6b5b557f/bevy_ecs-0.15.1/src/system/exclusive_function_system.rs:272:82
[INFO] [stdout]     |
[INFO] [stdout] 271 |                 fn call_inner<In: SystemInput, Out, $($param,)*>(
[INFO] [stdout] 272 |                     mut f: impl FnMut(In::Param<'_>, &mut World, $($param,)*) -> Out,
[INFO] [stdout]     |                                                                                  ^^^ required by this bound in `call_inner`
[INFO] [stdout] ...
[INFO] [stdout] 287 | all_tuples!(impl_exclusive_system_function, 0, 16, F);
[INFO] [stdout]     | ----------------------------------------------------- in this macro invocation
[INFO] [stdout]     = note: the full name for the type has been written to '/opt/rustwide/target/debug/build/bevy_ecs/c7564552461fb25d/out/bevy_ecs-c7564552461fb25d.long-type-13671611046685488335.txt'
[INFO] [stdout]     = note: consider using `--verbose` to print the full type name to the console
[INFO] [stdout] 
[INFO] [stdout] 
[INFO] [stdout] error[E0283]: type annotations needed
[INFO] [stdout]    --> /opt/rustwide/cargo-home/registry/src/index.crates.io-1949cf8c6b5b557f/bevy_ecs-0.15.1/src/system/exclusive_function_system.rs:280:17
[INFO] [stdout]     |
[INFO] [stdout] 220 | / macro_rules! impl_exclusive_system_function {
[INFO] [stdout] 221 | |     ($($param: ident),*) => {
[INFO] [stdout] 222 | |         #[allow(non_snake_case)]
[INFO] [stdout] 223 | |         impl<Out, Func, $($param: ExclusiveSystemParam),*> ExclusiveSystemParamFunction<fn($($param,)*) -> Out> for Func
[INFO] [stdout] ...   |
[INFO] [stdout] 280 | |                 call_inner(self, input, world, $($param),*)
[INFO] [stdout]     | |                 ^^^^^^^^^^^^^^^^^^^^^^^^^^^^^^^^^^^^^^^^^^^ cannot infer type
[INFO] [stdout] ...   |
[INFO] [stdout] 283 | |     };
[INFO] [stdout] 284 | | }
[INFO] [stdout]     | |_- this error originates in the macro `impl_exclusive_system_function` which comes from the expansion of the macro `all_tuples`
[INFO] [stdout] ...
[INFO] [stdout] 287 |   all_tuples!(impl_exclusive_system_function, 0, 16, F);
[INFO] [stdout]     |   ----------------------------------------------------- in this macro invocation
[INFO] [stdout]     |
[INFO] [stdout]     = note: the type must implement `input::SystemInput`
[INFO] [stdout]     = help: the following types implement trait `input::SystemInput`:
[INFO] [stdout]               ()
[INFO] [stdout]               StaticSystemInput<'a, I>
[INFO] [stdout]               input::In<T>
[INFO] [stdout]               input::InMut<'_, T>
[INFO] [stdout]               input::InRef<'_, T>
[INFO] [stdout]               observer::Trigger<'_, E, B>
[INFO] [stdout]     = note: cannot satisfy `for<'a> <In as input::SystemInput>::Param<'a> == _`
[INFO] [stdout]     = note: cannot satisfy `&mut Func: FnOnce(_, _, _, _, _, _, _, _, _, _, _, _, _, _, _, _)`
[INFO] [stdout]     = note: cannot satisfy `<In as input::SystemInput>::Inner<'_> == <In as input::SystemInput>::Inner<'_>`
[INFO] [stdout] note: required by a bound in `<Func as exclusive_function_system::ExclusiveSystemParamFunction<(HasExclusiveSystemInput, fn(In, F0, F1, F2, F3, F4, F5, F6, F7, F8, F9, F10, F11, F12, F13) -> Out)>>::run::call_inner`
[INFO] [stdout]    --> /opt/rustwide/cargo-home/registry/src/index.crates.io-1949cf8c6b5b557f/bevy_ecs-0.15.1/src/system/exclusive_function_system.rs:271:35
[INFO] [stdout]     |
[INFO] [stdout] 271 |                 fn call_inner<In: SystemInput, Out, $($param,)*>(
[INFO] [stdout]     |                                   ^^^^^^^^^^^ required by this bound in `call_inner`
[INFO] [stdout] ...
[INFO] [stdout] 287 | all_tuples!(impl_exclusive_system_function, 0, 16, F);
[INFO] [stdout]     | ----------------------------------------------------- in this macro invocation
[INFO] [stdout] note: required by a bound in `<Func as exclusive_function_system::ExclusiveSystemParamFunction<(HasExclusiveSystemInput, fn(In, F0, F1, F2, F3, F4, F5, F6, F7, F8, F9, F10, F11, F12, F13) -> Out)>>::run::call_inner`
[INFO] [stdout]    --> /opt/rustwide/cargo-home/registry/src/index.crates.io-1949cf8c6b5b557f/bevy_ecs-0.15.1/src/system/exclusive_function_system.rs:272:82
[INFO] [stdout]     |
[INFO] [stdout] 271 |                 fn call_inner<In: SystemInput, Out, $($param,)*>(
[INFO] [stdout] 272 |                     mut f: impl FnMut(In::Param<'_>, &mut World, $($param,)*) -> Out,
[INFO] [stdout]     |                                                                                  ^^^ required by this bound in `call_inner`
[INFO] [stdout] ...
[INFO] [stdout] 287 | all_tuples!(impl_exclusive_system_function, 0, 16, F);
[INFO] [stdout]     | ----------------------------------------------------- in this macro invocation
[INFO] [stdout]     = note: the full name for the type has been written to '/opt/rustwide/target/debug/build/bevy_ecs/c7564552461fb25d/out/bevy_ecs-c7564552461fb25d.long-type-769989574380762020.txt'
[INFO] [stdout]     = note: consider using `--verbose` to print the full type name to the console
[INFO] [stdout] 
[INFO] [stdout] 
[INFO] [stdout] error[E0283]: type annotations needed
[INFO] [stdout]    --> /opt/rustwide/cargo-home/registry/src/index.crates.io-1949cf8c6b5b557f/bevy_ecs-0.15.1/src/system/exclusive_function_system.rs:280:17
[INFO] [stdout]     |
[INFO] [stdout] 220 | / macro_rules! impl_exclusive_system_function {
[INFO] [stdout] 221 | |     ($($param: ident),*) => {
[INFO] [stdout] 222 | |         #[allow(non_snake_case)]
[INFO] [stdout] 223 | |         impl<Out, Func, $($param: ExclusiveSystemParam),*> ExclusiveSystemParamFunction<fn($($param,)*) -> Out> for Func
[INFO] [stdout] ...   |
[INFO] [stdout] 280 | |                 call_inner(self, input, world, $($param),*)
[INFO] [stdout]     | |                 ^^^^^^^^^^^^^^^^^^^^^^^^^^^^^^^^^^^^^^^^^^^ cannot infer type
[INFO] [stdout] ...   |
[INFO] [stdout] 283 | |     };
[INFO] [stdout] 284 | | }
[INFO] [stdout]     | |_- this error originates in the macro `impl_exclusive_system_function` which comes from the expansion of the macro `all_tuples`
[INFO] [stdout] ...
[INFO] [stdout] 287 |   all_tuples!(impl_exclusive_system_function, 0, 16, F);
[INFO] [stdout]     |   ----------------------------------------------------- in this macro invocation
[INFO] [stdout]     |
[INFO] [stdout]     = note: the type must implement `input::SystemInput`
[INFO] [stdout]     = help: the following types implement trait `input::SystemInput`:
[INFO] [stdout]               ()
[INFO] [stdout]               StaticSystemInput<'a, I>
[INFO] [stdout]               input::In<T>
[INFO] [stdout]               input::InMut<'_, T>
[INFO] [stdout]               input::InRef<'_, T>
[INFO] [stdout]               observer::Trigger<'_, E, B>
[INFO] [stdout]     = note: cannot satisfy `for<'a> <In as input::SystemInput>::Param<'a> == _`
[INFO] [stdout]     = note: cannot satisfy `&mut Func: FnOnce(_, _, _, _, _, _, _, _, _, _, _, _, _, _, _, _, _)`
[INFO] [stdout]     = note: cannot satisfy `<In as input::SystemInput>::Inner<'_> == <In as input::SystemInput>::Inner<'_>`
[INFO] [stdout] note: required by a bound in `<Func as exclusive_function_system::ExclusiveSystemParamFunction<(HasExclusiveSystemInput, fn(In, F0, F1, F2, F3, F4, F5, F6, F7, F8, F9, F10, F11, F12, F13, F14) -> Out)>>::run::call_inner`
[INFO] [stdout]    --> /opt/rustwide/cargo-home/registry/src/index.crates.io-1949cf8c6b5b557f/bevy_ecs-0.15.1/src/system/exclusive_function_system.rs:271:35
[INFO] [stdout]     |
[INFO] [stdout] 271 |                 fn call_inner<In: SystemInput, Out, $($param,)*>(
[INFO] [stdout]     |                                   ^^^^^^^^^^^ required by this bound in `call_inner`
[INFO] [stdout] ...
[INFO] [stdout] 287 | all_tuples!(impl_exclusive_system_function, 0, 16, F);
[INFO] [stdout]     | ----------------------------------------------------- in this macro invocation
[INFO] [stdout] note: required by a bound in `<Func as exclusive_function_system::ExclusiveSystemParamFunction<(HasExclusiveSystemInput, fn(In, F0, F1, F2, F3, F4, F5, F6, F7, F8, F9, F10, F11, F12, F13, F14) -> Out)>>::run::call_inner`
[INFO] [stdout]    --> /opt/rustwide/cargo-home/registry/src/index.crates.io-1949cf8c6b5b557f/bevy_ecs-0.15.1/src/system/exclusive_function_system.rs:272:82
[INFO] [stdout]     |
[INFO] [stdout] 271 |                 fn call_inner<In: SystemInput, Out, $($param,)*>(
[INFO] [stdout] 272 |                     mut f: impl FnMut(In::Param<'_>, &mut World, $($param,)*) -> Out,
[INFO] [stdout]     |                                                                                  ^^^ required by this bound in `call_inner`
[INFO] [stdout] ...
[INFO] [stdout] 287 | all_tuples!(impl_exclusive_system_function, 0, 16, F);
[INFO] [stdout]     | ----------------------------------------------------- in this macro invocation
[INFO] [stdout]     = note: the full name for the type has been written to '/opt/rustwide/target/debug/build/bevy_ecs/c7564552461fb25d/out/bevy_ecs-c7564552461fb25d.long-type-851401249356794931.txt'
[INFO] [stdout]     = note: consider using `--verbose` to print the full type name to the console
[INFO] [stdout] 
[INFO] [stdout] 
[INFO] [stdout] error[E0283]: type annotations needed
[INFO] [stdout]    --> /opt/rustwide/cargo-home/registry/src/index.crates.io-1949cf8c6b5b557f/bevy_ecs-0.15.1/src/system/exclusive_function_system.rs:280:17
[INFO] [stdout]     |
[INFO] [stdout] 220 | / macro_rules! impl_exclusive_system_function {
[INFO] [stdout] 221 | |     ($($param: ident),*) => {
[INFO] [stdout] 222 | |         #[allow(non_snake_case)]
[INFO] [stdout] 223 | |         impl<Out, Func, $($param: ExclusiveSystemParam),*> ExclusiveSystemParamFunction<fn($($param,)*) -> Out> for Func
[INFO] [stdout] ...   |
[INFO] [stdout] 280 | |                 call_inner(self, input, world, $($param),*)
[INFO] [stdout]     | |                 ^^^^^^^^^^^^^^^^^^^^^^^^^^^^^^^^^^^^^^^^^^^ cannot infer type
[INFO] [stdout] ...   |
[INFO] [stdout] 283 | |     };
[INFO] [stdout] 284 | | }
[INFO] [stdout]     | |_- this error originates in the macro `impl_exclusive_system_function` which comes from the expansion of the macro `all_tuples`
[INFO] [stdout] ...
[INFO] [stdout] 287 |   all_tuples!(impl_exclusive_system_function, 0, 16, F);
[INFO] [stdout]     |   ----------------------------------------------------- in this macro invocation
[INFO] [stdout]     |
[INFO] [stdout]     = note: the type must implement `input::SystemInput`
[INFO] [stdout]     = help: the following types implement trait `input::SystemInput`:
[INFO] [stdout]               ()
[INFO] [stdout]               StaticSystemInput<'a, I>
[INFO] [stdout]               input::In<T>
[INFO] [stdout]               input::InMut<'_, T>
[INFO] [stdout]               input::InRef<'_, T>
[INFO] [stdout]               observer::Trigger<'_, E, B>
[INFO] [stdout]     = note: cannot satisfy `for<'a> <In as input::SystemInput>::Param<'a> == _`
[INFO] [stdout]     = note: cannot satisfy `&mut Func: FnOnce(_, _, _, _, _, _, _, _, _, _, _, _, _, _, _, _, _, _)`
[INFO] [stdout]     = note: cannot satisfy `<In as input::SystemInput>::Inner<'_> == <In as input::SystemInput>::Inner<'_>`
[INFO] [stdout] note: required by a bound in `<Func as exclusive_function_system::ExclusiveSystemParamFunction<(HasExclusiveSystemInput, fn(In, F0, F1, F2, F3, F4, F5, F6, F7, F8, F9, F10, F11, F12, F13, F14, F15) -> Out)>>::run::call_inner`
[INFO] [stdout]    --> /opt/rustwide/cargo-home/registry/src/index.crates.io-1949cf8c6b5b557f/bevy_ecs-0.15.1/src/system/exclusive_function_system.rs:271:35
[INFO] [stdout]     |
[INFO] [stdout] 271 |                 fn call_inner<In: SystemInput, Out, $($param,)*>(
[INFO] [stdout]     |                                   ^^^^^^^^^^^ required by this bound in `call_inner`
[INFO] [stdout] ...
[INFO] [stdout] 287 | all_tuples!(impl_exclusive_system_function, 0, 16, F);
[INFO] [stdout]     | ----------------------------------------------------- in this macro invocation
[INFO] [stdout] note: required by a bound in `<Func as exclusive_function_system::ExclusiveSystemParamFunction<(HasExclusiveSystemInput, fn(In, F0, F1, F2, F3, F4, F5, F6, F7, F8, F9, F10, F11, F12, F13, F14, F15) -> Out)>>::run::call_inner`
[INFO] [stdout]    --> /opt/rustwide/cargo-home/registry/src/index.crates.io-1949cf8c6b5b557f/bevy_ecs-0.15.1/src/system/exclusive_function_system.rs:272:82
[INFO] [stdout]     |
[INFO] [stdout] 271 |                 fn call_inner<In: SystemInput, Out, $($param,)*>(
[INFO] [stdout] 272 |                     mut f: impl FnMut(In::Param<'_>, &mut World, $($param,)*) -> Out,
[INFO] [stdout]     |                                                                                  ^^^ required by this bound in `call_inner`
[INFO] [stdout] ...
[INFO] [stdout] 287 | all_tuples!(impl_exclusive_system_function, 0, 16, F);
[INFO] [stdout]     | ----------------------------------------------------- in this macro invocation
[INFO] [stdout]     = note: the full name for the type has been written to '/opt/rustwide/target/debug/build/bevy_ecs/c7564552461fb25d/out/bevy_ecs-c7564552461fb25d.long-type-12356722176932834353.txt'
[INFO] [stdout]     = note: consider using `--verbose` to print the full type name to the console
[INFO] [stdout] 
[INFO] [stdout] 
[INFO] [stderr]     Checking url v2.5.4
[INFO] [stdout] error[E0283]: type annotations needed
[INFO] [stdout]     --> /opt/rustwide/cargo-home/registry/src/index.crates.io-1949cf8c6b5b557f/bevy_ecs-0.15.1/src/system/function_system.rs:1033:17
[INFO] [stdout]      |
[INFO] [stdout]  978 | / macro_rules! impl_system_function {
[INFO] [stdout]  979 | |     ($($param: ident),*) => {
[INFO] [stdout]  980 | |         #[allow(non_snake_case)]
[INFO] [stdout]  981 | |         impl<Out, Func, $($param: SystemParam),*> SystemParamFunction<fn($($param,)*) -> Out> for Func
[INFO] [stdout] ...    |
[INFO] [stdout] 1033 | |                 call_inner(self, input, $($param),*)
[INFO] [stdout]      | |                 ^^^^^^^^^^^^^^^^^^^^^^^^^^^^^^^^^^^^ cannot infer type
[INFO] [stdout] ...    |
[INFO] [stdout] 1036 | |     };
[INFO] [stdout] 1037 | | }
[INFO] [stdout]      | |_- this error originates in the macro `impl_system_function` which comes from the expansion of the macro `all_tuples`
[INFO] [stdout] ...
[INFO] [stdout] 1041 |   all_tuples!(impl_system_function, 0, 16, F);
[INFO] [stdout]      |   ------------------------------------------- in this macro invocation
[INFO] [stdout]      |
[INFO] [stdout]      = note: the type must implement `input::SystemInput`
[INFO] [stdout]      = help: the following types implement trait `input::SystemInput`:
[INFO] [stdout]                ()
[INFO] [stdout]                StaticSystemInput<'a, I>
[INFO] [stdout]                input::In<T>
[INFO] [stdout]                input::InMut<'_, T>
[INFO] [stdout]                input::InRef<'_, T>
[INFO] [stdout]                observer::Trigger<'_, E, B>
[INFO] [stdout]      = note: cannot satisfy `for<'a> <In as input::SystemInput>::Param<'a> == _`
[INFO] [stdout]      = note: cannot satisfy `for<'a> &mut Func: FnOnce(<In as input::SystemInput>::Param<'a>)`
[INFO] [stdout]      = note: cannot satisfy `<In as input::SystemInput>::Inner<'_> == <In as input::SystemInput>::Inner<'_>`
[INFO] [stdout] note: required by a bound in `<Func as function_system::SystemParamFunction<(HasSystemInput, fn(In) -> Out)>>::run::call_inner`
[INFO] [stdout]     --> /opt/rustwide/cargo-home/registry/src/index.crates.io-1949cf8c6b5b557f/bevy_ecs-0.15.1/src/system/function_system.rs:1025:35
[INFO] [stdout]      |
[INFO] [stdout] 1025 |                 fn call_inner<In: SystemInput, Out, $($param,)*>(
[INFO] [stdout]      |                                   ^^^^^^^^^^^ required by this bound in `call_inner`
[INFO] [stdout] ...
[INFO] [stdout] 1041 | all_tuples!(impl_system_function, 0, 16, F);
[INFO] [stdout]      | ------------------------------------------- in this macro invocation
[INFO] [stdout] note: required by a bound in `<Func as function_system::SystemParamFunction<(HasSystemInput, fn(In) -> Out)>>::run::call_inner`
[INFO] [stdout]     --> /opt/rustwide/cargo-home/registry/src/index.crates.io-1949cf8c6b5b557f/bevy_ecs-0.15.1/src/system/function_system.rs:1026:68
[INFO] [stdout]      |
[INFO] [stdout] 1025 |                 fn call_inner<In: SystemInput, Out, $($param,)*>(
[INFO] [stdout] 1026 |                     mut f: impl FnMut(In::Param<'_>, $($param,)*)->Out,
[INFO] [stdout]      |                                                                    ^^^ required by this bound in `call_inner`
[INFO] [stdout] ...
[INFO] [stdout] 1041 | all_tuples!(impl_system_function, 0, 16, F);
[INFO] [stdout]      | ------------------------------------------- in this macro invocation
[INFO] [stdout] 
[INFO] [stdout] 
[INFO] [stdout] error[E0283]: type annotations needed
[INFO] [stdout]     --> /opt/rustwide/cargo-home/registry/src/index.crates.io-1949cf8c6b5b557f/bevy_ecs-0.15.1/src/system/function_system.rs:1033:17
[INFO] [stdout]      |
[INFO] [stdout]  978 | / macro_rules! impl_system_function {
[INFO] [stdout]  979 | |     ($($param: ident),*) => {
[INFO] [stdout]  980 | |         #[allow(non_snake_case)]
[INFO] [stdout]  981 | |         impl<Out, Func, $($param: SystemParam),*> SystemParamFunction<fn($($param,)*) -> Out> for Func
[INFO] [stdout] ...    |
[INFO] [stdout] 1033 | |                 call_inner(self, input, $($param),*)
[INFO] [stdout]      | |                 ^^^^^^^^^^^^^^^^^^^^^^^^^^^^^^^^^^^^ cannot infer type
[INFO] [stdout] ...    |
[INFO] [stdout] 1036 | |     };
[INFO] [stdout] 1037 | | }
[INFO] [stdout]      | |_- this error originates in the macro `impl_system_function` which comes from the expansion of the macro `all_tuples`
[INFO] [stdout] ...
[INFO] [stdout] 1041 |   all_tuples!(impl_system_function, 0, 16, F);
[INFO] [stdout]      |   ------------------------------------------- in this macro invocation
[INFO] [stdout]      |
[INFO] [stdout]      = note: the type must implement `input::SystemInput`
[INFO] [stdout]      = help: the following types implement trait `input::SystemInput`:
[INFO] [stdout]                ()
[INFO] [stdout]                StaticSystemInput<'a, I>
[INFO] [stdout]                input::In<T>
[INFO] [stdout]                input::InMut<'_, T>
[INFO] [stdout]                input::InRef<'_, T>
[INFO] [stdout]                observer::Trigger<'_, E, B>
[INFO] [stdout]      = note: cannot satisfy `for<'a> <In as input::SystemInput>::Param<'a> == _`
[INFO] [stdout]      = note: cannot satisfy `&mut Func: FnOnce(<In as SystemInput>::Param<'a>, _)`
[INFO] [stdout]      = note: cannot satisfy `<In as input::SystemInput>::Inner<'_> == <In as input::SystemInput>::Inner<'_>`
[INFO] [stdout] note: required by a bound in `<Func as function_system::SystemParamFunction<(HasSystemInput, fn(In, F0) -> Out)>>::run::call_inner`
[INFO] [stdout]     --> /opt/rustwide/cargo-home/registry/src/index.crates.io-1949cf8c6b5b557f/bevy_ecs-0.15.1/src/system/function_system.rs:1025:35
[INFO] [stdout]      |
[INFO] [stdout] 1025 |                 fn call_inner<In: SystemInput, Out, $($param,)*>(
[INFO] [stdout]      |                                   ^^^^^^^^^^^ required by this bound in `call_inner`
[INFO] [stdout] ...
[INFO] [stdout] 1041 | all_tuples!(impl_system_function, 0, 16, F);
[INFO] [stdout]      | ------------------------------------------- in this macro invocation
[INFO] [stdout] note: required by a bound in `<Func as function_system::SystemParamFunction<(HasSystemInput, fn(In, F0) -> Out)>>::run::call_inner`
[INFO] [stdout]     --> /opt/rustwide/cargo-home/registry/src/index.crates.io-1949cf8c6b5b557f/bevy_ecs-0.15.1/src/system/function_system.rs:1026:68
[INFO] [stdout]      |
[INFO] [stdout] 1025 |                 fn call_inner<In: SystemInput, Out, $($param,)*>(
[INFO] [stdout] 1026 |                     mut f: impl FnMut(In::Param<'_>, $($param,)*)->Out,
[INFO] [stdout]      |                                                                    ^^^ required by this bound in `call_inner`
[INFO] [stdout] ...
[INFO] [stdout] 1041 | all_tuples!(impl_system_function, 0, 16, F);
[INFO] [stdout]      | ------------------------------------------- in this macro invocation
[INFO] [stdout]      = note: the full name for the type has been written to '/opt/rustwide/target/debug/build/bevy_ecs/c7564552461fb25d/out/bevy_ecs-c7564552461fb25d.long-type-8327673712977744988.txt'
[INFO] [stdout]      = note: consider using `--verbose` to print the full type name to the console
[INFO] [stdout] 
[INFO] [stdout] 
[INFO] [stdout] error[E0283]: type annotations needed
[INFO] [stdout]     --> /opt/rustwide/cargo-home/registry/src/index.crates.io-1949cf8c6b5b557f/bevy_ecs-0.15.1/src/system/function_system.rs:1033:17
[INFO] [stdout]      |
[INFO] [stdout]  978 | / macro_rules! impl_system_function {
[INFO] [stdout]  979 | |     ($($param: ident),*) => {
[INFO] [stdout]  980 | |         #[allow(non_snake_case)]
[INFO] [stdout]  981 | |         impl<Out, Func, $($param: SystemParam),*> SystemParamFunction<fn($($param,)*) -> Out> for Func
[INFO] [stdout] ...    |
[INFO] [stdout] 1033 | |                 call_inner(self, input, $($param),*)
[INFO] [stdout]      | |                 ^^^^^^^^^^^^^^^^^^^^^^^^^^^^^^^^^^^^ cannot infer type
[INFO] [stdout] ...    |
[INFO] [stdout] 1036 | |     };
[INFO] [stdout] 1037 | | }
[INFO] [stdout]      | |_- this error originates in the macro `impl_system_function` which comes from the expansion of the macro `all_tuples`
[INFO] [stdout] ...
[INFO] [stdout] 1041 |   all_tuples!(impl_system_function, 0, 16, F);
[INFO] [stdout]      |   ------------------------------------------- in this macro invocation
[INFO] [stdout]      |
[INFO] [stdout]      = note: the type must implement `input::SystemInput`
[INFO] [stdout]      = help: the following types implement trait `input::SystemInput`:
[INFO] [stdout]                ()
[INFO] [stdout]                StaticSystemInput<'a, I>
[INFO] [stdout]                input::In<T>
[INFO] [stdout]                input::InMut<'_, T>
[INFO] [stdout]                input::InRef<'_, T>
[INFO] [stdout]                observer::Trigger<'_, E, B>
[INFO] [stdout]      = note: cannot satisfy `for<'a> <In as input::SystemInput>::Param<'a> == _`
[INFO] [stdout]      = note: cannot satisfy `&mut Func: FnOnce(<In as SystemInput>::Param<'a>, _, _)`
[INFO] [stdout]      = note: cannot satisfy `<In as input::SystemInput>::Inner<'_> == <In as input::SystemInput>::Inner<'_>`
[INFO] [stdout] note: required by a bound in `<Func as function_system::SystemParamFunction<(HasSystemInput, fn(In, F0, F1) -> Out)>>::run::call_inner`
[INFO] [stdout]     --> /opt/rustwide/cargo-home/registry/src/index.crates.io-1949cf8c6b5b557f/bevy_ecs-0.15.1/src/system/function_system.rs:1025:35
[INFO] [stdout]      |
[INFO] [stdout] 1025 |                 fn call_inner<In: SystemInput, Out, $($param,)*>(
[INFO] [stdout]      |                                   ^^^^^^^^^^^ required by this bound in `call_inner`
[INFO] [stdout] ...
[INFO] [stdout] 1041 | all_tuples!(impl_system_function, 0, 16, F);
[INFO] [stdout]      | ------------------------------------------- in this macro invocation
[INFO] [stdout] note: required by a bound in `<Func as function_system::SystemParamFunction<(HasSystemInput, fn(In, F0, F1) -> Out)>>::run::call_inner`
[INFO] [stdout]     --> /opt/rustwide/cargo-home/registry/src/index.crates.io-1949cf8c6b5b557f/bevy_ecs-0.15.1/src/system/function_system.rs:1026:68
[INFO] [stdout]      |
[INFO] [stdout] 1025 |                 fn call_inner<In: SystemInput, Out, $($param,)*>(
[INFO] [stdout] 1026 |                     mut f: impl FnMut(In::Param<'_>, $($param,)*)->Out,
[INFO] [stdout]      |                                                                    ^^^ required by this bound in `call_inner`
[INFO] [stdout] ...
[INFO] [stdout] 1041 | all_tuples!(impl_system_function, 0, 16, F);
[INFO] [stdout]      | ------------------------------------------- in this macro invocation
[INFO] [stdout]      = note: the full name for the type has been written to '/opt/rustwide/target/debug/build/bevy_ecs/c7564552461fb25d/out/bevy_ecs-c7564552461fb25d.long-type-11114314099094611593.txt'
[INFO] [stdout]      = note: consider using `--verbose` to print the full type name to the console
[INFO] [stdout] 
[INFO] [stdout] 
[INFO] [stdout] error[E0283]: type annotations needed
[INFO] [stdout]     --> /opt/rustwide/cargo-home/registry/src/index.crates.io-1949cf8c6b5b557f/bevy_ecs-0.15.1/src/system/function_system.rs:1033:17
[INFO] [stdout]      |
[INFO] [stdout]  978 | / macro_rules! impl_system_function {
[INFO] [stdout]  979 | |     ($($param: ident),*) => {
[INFO] [stdout]  980 | |         #[allow(non_snake_case)]
[INFO] [stdout]  981 | |         impl<Out, Func, $($param: SystemParam),*> SystemParamFunction<fn($($param,)*) -> Out> for Func
[INFO] [stdout] ...    |
[INFO] [stdout] 1033 | |                 call_inner(self, input, $($param),*)
[INFO] [stdout]      | |                 ^^^^^^^^^^^^^^^^^^^^^^^^^^^^^^^^^^^^ cannot infer type
[INFO] [stdout] ...    |
[INFO] [stdout] 1036 | |     };
[INFO] [stdout] 1037 | | }
[INFO] [stdout]      | |_- this error originates in the macro `impl_system_function` which comes from the expansion of the macro `all_tuples`
[INFO] [stdout] ...
[INFO] [stdout] 1041 |   all_tuples!(impl_system_function, 0, 16, F);
[INFO] [stdout]      |   ------------------------------------------- in this macro invocation
[INFO] [stdout]      |
[INFO] [stdout]      = note: the type must implement `input::SystemInput`
[INFO] [stdout]      = help: the following types implement trait `input::SystemInput`:
[INFO] [stdout]                ()
[INFO] [stdout]                StaticSystemInput<'a, I>
[INFO] [stdout]                input::In<T>
[INFO] [stdout]                input::InMut<'_, T>
[INFO] [stdout]                input::InRef<'_, T>
[INFO] [stdout]                observer::Trigger<'_, E, B>
[INFO] [stdout]      = note: cannot satisfy `for<'a> <In as input::SystemInput>::Param<'a> == _`
[INFO] [stdout]      = note: cannot satisfy `&mut Func: FnOnce(<In as SystemInput>::Param<'a>, _, _, _)`
[INFO] [stdout]      = note: cannot satisfy `<In as input::SystemInput>::Inner<'_> == <In as input::SystemInput>::Inner<'_>`
[INFO] [stdout] note: required by a bound in `<Func as function_system::SystemParamFunction<(HasSystemInput, fn(In, F0, F1, F2) -> Out)>>::run::call_inner`
[INFO] [stdout]     --> /opt/rustwide/cargo-home/registry/src/index.crates.io-1949cf8c6b5b557f/bevy_ecs-0.15.1/src/system/function_system.rs:1025:35
[INFO] [stdout]      |
[INFO] [stdout] 1025 |                 fn call_inner<In: SystemInput, Out, $($param,)*>(
[INFO] [stdout]      |                                   ^^^^^^^^^^^ required by this bound in `call_inner`
[INFO] [stdout] ...
[INFO] [stdout] 1041 | all_tuples!(impl_system_function, 0, 16, F);
[INFO] [stdout]      | ------------------------------------------- in this macro invocation
[INFO] [stdout] note: required by a bound in `<Func as function_system::SystemParamFunction<(HasSystemInput, fn(In, F0, F1, F2) -> Out)>>::run::call_inner`
[INFO] [stdout]     --> /opt/rustwide/cargo-home/registry/src/index.crates.io-1949cf8c6b5b557f/bevy_ecs-0.15.1/src/system/function_system.rs:1026:68
[INFO] [stdout]      |
[INFO] [stdout] 1025 |                 fn call_inner<In: SystemInput, Out, $($param,)*>(
[INFO] [stdout] 1026 |                     mut f: impl FnMut(In::Param<'_>, $($param,)*)->Out,
[INFO] [stdout]      |                                                                    ^^^ required by this bound in `call_inner`
[INFO] [stdout] ...
[INFO] [stdout] 1041 | all_tuples!(impl_system_function, 0, 16, F);
[INFO] [stdout]      | ------------------------------------------- in this macro invocation
[INFO] [stdout]      = note: the full name for the type has been written to '/opt/rustwide/target/debug/build/bevy_ecs/c7564552461fb25d/out/bevy_ecs-c7564552461fb25d.long-type-7620585483099980092.txt'
[INFO] [stdout]      = note: consider using `--verbose` to print the full type name to the console
[INFO] [stdout] 
[INFO] [stdout] 
[INFO] [stdout] error[E0283]: type annotations needed
[INFO] [stdout]     --> /opt/rustwide/cargo-home/registry/src/index.crates.io-1949cf8c6b5b557f/bevy_ecs-0.15.1/src/system/function_system.rs:1033:17
[INFO] [stdout]      |
[INFO] [stdout]  978 | / macro_rules! impl_system_function {
[INFO] [stdout]  979 | |     ($($param: ident),*) => {
[INFO] [stdout]  980 | |         #[allow(non_snake_case)]
[INFO] [stdout]  981 | |         impl<Out, Func, $($param: SystemParam),*> SystemParamFunction<fn($($param,)*) -> Out> for Func
[INFO] [stdout] ...    |
[INFO] [stdout] 1033 | |                 call_inner(self, input, $($param),*)
[INFO] [stdout]      | |                 ^^^^^^^^^^^^^^^^^^^^^^^^^^^^^^^^^^^^ cannot infer type
[INFO] [stdout] ...    |
[INFO] [stdout] 1036 | |     };
[INFO] [stdout] 1037 | | }
[INFO] [stdout]      | |_- this error originates in the macro `impl_system_function` which comes from the expansion of the macro `all_tuples`
[INFO] [stdout] ...
[INFO] [stdout] 1041 |   all_tuples!(impl_system_function, 0, 16, F);
[INFO] [stdout]      |   ------------------------------------------- in this macro invocation
[INFO] [stdout]      |
[INFO] [stdout]      = note: the type must implement `input::SystemInput`
[INFO] [stdout]      = help: the following types implement trait `input::SystemInput`:
[INFO] [stdout]                ()
[INFO] [stdout]                StaticSystemInput<'a, I>
[INFO] [stdout]                input::In<T>
[INFO] [stdout]                input::InMut<'_, T>
[INFO] [stdout]                input::InRef<'_, T>
[INFO] [stdout]                observer::Trigger<'_, E, B>
[INFO] [stdout]      = note: cannot satisfy `for<'a> <In as input::SystemInput>::Param<'a> == _`
[INFO] [stdout]      = note: cannot satisfy `&mut Func: FnOnce(<In as SystemInput>::Param<'a>, _, _, _, _)`
[INFO] [stdout]      = note: cannot satisfy `<In as input::SystemInput>::Inner<'_> == <In as input::SystemInput>::Inner<'_>`
[INFO] [stdout] note: required by a bound in `<Func as function_system::SystemParamFunction<(HasSystemInput, fn(In, F0, F1, F2, F3) -> Out)>>::run::call_inner`
[INFO] [stdout]     --> /opt/rustwide/cargo-home/registry/src/index.crates.io-1949cf8c6b5b557f/bevy_ecs-0.15.1/src/system/function_system.rs:1025:35
[INFO] [stdout]      |
[INFO] [stdout] 1025 |                 fn call_inner<In: SystemInput, Out, $($param,)*>(
[INFO] [stdout]      |                                   ^^^^^^^^^^^ required by this bound in `call_inner`
[INFO] [stdout] ...
[INFO] [stdout] 1041 | all_tuples!(impl_system_function, 0, 16, F);
[INFO] [stdout]      | ------------------------------------------- in this macro invocation
[INFO] [stdout] note: required by a bound in `<Func as function_system::SystemParamFunction<(HasSystemInput, fn(In, F0, F1, F2, F3) -> Out)>>::run::call_inner`
[INFO] [stdout]     --> /opt/rustwide/cargo-home/registry/src/index.crates.io-1949cf8c6b5b557f/bevy_ecs-0.15.1/src/system/function_system.rs:1026:68
[INFO] [stdout]      |
[INFO] [stdout] 1025 |                 fn call_inner<In: SystemInput, Out, $($param,)*>(
[INFO] [stdout] 1026 |                     mut f: impl FnMut(In::Param<'_>, $($param,)*)->Out,
[INFO] [stdout]      |                                                                    ^^^ required by this bound in `call_inner`
[INFO] [stdout] ...
[INFO] [stdout] 1041 | all_tuples!(impl_system_function, 0, 16, F);
[INFO] [stdout]      | ------------------------------------------- in this macro invocation
[INFO] [stdout]      = note: the full name for the type has been written to '/opt/rustwide/target/debug/build/bevy_ecs/c7564552461fb25d/out/bevy_ecs-c7564552461fb25d.long-type-16981941064323575886.txt'
[INFO] [stdout]      = note: consider using `--verbose` to print the full type name to the console
[INFO] [stdout] 
[INFO] [stdout] 
[INFO] [stdout] error[E0283]: type annotations needed
[INFO] [stdout]     --> /opt/rustwide/cargo-home/registry/src/index.crates.io-1949cf8c6b5b557f/bevy_ecs-0.15.1/src/system/function_system.rs:1033:17
[INFO] [stdout]      |
[INFO] [stdout]  978 | / macro_rules! impl_system_function {
[INFO] [stdout]  979 | |     ($($param: ident),*) => {
[INFO] [stdout]  980 | |         #[allow(non_snake_case)]
[INFO] [stdout]  981 | |         impl<Out, Func, $($param: SystemParam),*> SystemParamFunction<fn($($param,)*) -> Out> for Func
[INFO] [stdout] ...    |
[INFO] [stdout] 1033 | |                 call_inner(self, input, $($param),*)
[INFO] [stdout]      | |                 ^^^^^^^^^^^^^^^^^^^^^^^^^^^^^^^^^^^^ cannot infer type
[INFO] [stdout] ...    |
[INFO] [stdout] 1036 | |     };
[INFO] [stdout] 1037 | | }
[INFO] [stdout]      | |_- this error originates in the macro `impl_system_function` which comes from the expansion of the macro `all_tuples`
[INFO] [stdout] ...
[INFO] [stdout] 1041 |   all_tuples!(impl_system_function, 0, 16, F);
[INFO] [stdout]      |   ------------------------------------------- in this macro invocation
[INFO] [stdout]      |
[INFO] [stdout]      = note: the type must implement `input::SystemInput`
[INFO] [stdout]      = help: the following types implement trait `input::SystemInput`:
[INFO] [stdout]                ()
[INFO] [stdout]                StaticSystemInput<'a, I>
[INFO] [stdout]                input::In<T>
[INFO] [stdout]                input::InMut<'_, T>
[INFO] [stdout]                input::InRef<'_, T>
[INFO] [stdout]                observer::Trigger<'_, E, B>
[INFO] [stdout]      = note: cannot satisfy `for<'a> <In as input::SystemInput>::Param<'a> == _`
[INFO] [stdout]      = note: cannot satisfy `&mut Func: FnOnce(<In as SystemInput>::Param<'a>, _, _, _, _, _)`
[INFO] [stdout]      = note: cannot satisfy `<In as input::SystemInput>::Inner<'_> == <In as input::SystemInput>::Inner<'_>`
[INFO] [stdout] note: required by a bound in `<Func as function_system::SystemParamFunction<(HasSystemInput, fn(In, F0, F1, F2, F3, F4) -> Out)>>::run::call_inner`
[INFO] [stdout]     --> /opt/rustwide/cargo-home/registry/src/index.crates.io-1949cf8c6b5b557f/bevy_ecs-0.15.1/src/system/function_system.rs:1025:35
[INFO] [stdout]      |
[INFO] [stdout] 1025 |                 fn call_inner<In: SystemInput, Out, $($param,)*>(
[INFO] [stdout]      |                                   ^^^^^^^^^^^ required by this bound in `call_inner`
[INFO] [stdout] ...
[INFO] [stdout] 1041 | all_tuples!(impl_system_function, 0, 16, F);
[INFO] [stdout]      | ------------------------------------------- in this macro invocation
[INFO] [stdout] note: required by a bound in `<Func as function_system::SystemParamFunction<(HasSystemInput, fn(In, F0, F1, F2, F3, F4) -> Out)>>::run::call_inner`
[INFO] [stdout]     --> /opt/rustwide/cargo-home/registry/src/index.crates.io-1949cf8c6b5b557f/bevy_ecs-0.15.1/src/system/function_system.rs:1026:68
[INFO] [stdout]      |
[INFO] [stdout] 1025 |                 fn call_inner<In: SystemInput, Out, $($param,)*>(
[INFO] [stdout] 1026 |                     mut f: impl FnMut(In::Param<'_>, $($param,)*)->Out,
[INFO] [stdout]      |                                                                    ^^^ required by this bound in `call_inner`
[INFO] [stdout] ...
[INFO] [stdout] 1041 | all_tuples!(impl_system_function, 0, 16, F);
[INFO] [stdout]      | ------------------------------------------- in this macro invocation
[INFO] [stdout]      = note: the full name for the type has been written to '/opt/rustwide/target/debug/build/bevy_ecs/c7564552461fb25d/out/bevy_ecs-c7564552461fb25d.long-type-438408130833020216.txt'
[INFO] [stdout]      = note: consider using `--verbose` to print the full type name to the console
[INFO] [stdout] 
[INFO] [stdout] 
[INFO] [stdout] error[E0283]: type annotations needed
[INFO] [stdout]     --> /opt/rustwide/cargo-home/registry/src/index.crates.io-1949cf8c6b5b557f/bevy_ecs-0.15.1/src/system/function_system.rs:1033:17
[INFO] [stdout]      |
[INFO] [stdout]  978 | / macro_rules! impl_system_function {
[INFO] [stdout]  979 | |     ($($param: ident),*) => {
[INFO] [stdout]  980 | |         #[allow(non_snake_case)]
[INFO] [stdout]  981 | |         impl<Out, Func, $($param: SystemParam),*> SystemParamFunction<fn($($param,)*) -> Out> for Func
[INFO] [stdout] ...    |
[INFO] [stdout] 1033 | |                 call_inner(self, input, $($param),*)
[INFO] [stdout]      | |                 ^^^^^^^^^^^^^^^^^^^^^^^^^^^^^^^^^^^^ cannot infer type
[INFO] [stdout] ...    |
[INFO] [stdout] 1036 | |     };
[INFO] [stdout] 1037 | | }
[INFO] [stdout]      | |_- this error originates in the macro `impl_system_function` which comes from the expansion of the macro `all_tuples`
[INFO] [stdout] ...
[INFO] [stdout] 1041 |   all_tuples!(impl_system_function, 0, 16, F);
[INFO] [stdout]      |   ------------------------------------------- in this macro invocation
[INFO] [stdout]      |
[INFO] [stdout]      = note: the type must implement `input::SystemInput`
[INFO] [stdout]      = help: the following types implement trait `input::SystemInput`:
[INFO] [stdout]                ()
[INFO] [stdout]                StaticSystemInput<'a, I>
[INFO] [stdout]                input::In<T>
[INFO] [stdout]                input::InMut<'_, T>
[INFO] [stdout]                input::InRef<'_, T>
[INFO] [stdout]                observer::Trigger<'_, E, B>
[INFO] [stdout]      = note: cannot satisfy `for<'a> <In as input::SystemInput>::Param<'a> == _`
[INFO] [stdout]      = note: cannot satisfy `&mut Func: FnOnce(<In as SystemInput>::Param<'a>, _, _, _, _, _, _)`
[INFO] [stdout]      = note: cannot satisfy `<In as input::SystemInput>::Inner<'_> == <In as input::SystemInput>::Inner<'_>`
[INFO] [stdout] note: required by a bound in `<Func as function_system::SystemParamFunction<(HasSystemInput, fn(In, F0, F1, F2, F3, F4, F5) -> Out)>>::run::call_inner`
[INFO] [stdout]     --> /opt/rustwide/cargo-home/registry/src/index.crates.io-1949cf8c6b5b557f/bevy_ecs-0.15.1/src/system/function_system.rs:1025:35
[INFO] [stdout]      |
[INFO] [stdout] 1025 |                 fn call_inner<In: SystemInput, Out, $($param,)*>(
[INFO] [stdout]      |                                   ^^^^^^^^^^^ required by this bound in `call_inner`
[INFO] [stdout] ...
[INFO] [stdout] 1041 | all_tuples!(impl_system_function, 0, 16, F);
[INFO] [stdout]      | ------------------------------------------- in this macro invocation
[INFO] [stdout] note: required by a bound in `<Func as function_system::SystemParamFunction<(HasSystemInput, fn(In, F0, F1, F2, F3, F4, F5) -> Out)>>::run::call_inner`
[INFO] [stdout]     --> /opt/rustwide/cargo-home/registry/src/index.crates.io-1949cf8c6b5b557f/bevy_ecs-0.15.1/src/system/function_system.rs:1026:68
[INFO] [stdout]      |
[INFO] [stdout] 1025 |                 fn call_inner<In: SystemInput, Out, $($param,)*>(
[INFO] [stdout] 1026 |                     mut f: impl FnMut(In::Param<'_>, $($param,)*)->Out,
[INFO] [stdout]      |                                                                    ^^^ required by this bound in `call_inner`
[INFO] [stdout] ...
[INFO] [stdout] 1041 | all_tuples!(impl_system_function, 0, 16, F);
[INFO] [stdout]      | ------------------------------------------- in this macro invocation
[INFO] [stdout]      = note: the full name for the type has been written to '/opt/rustwide/target/debug/build/bevy_ecs/c7564552461fb25d/out/bevy_ecs-c7564552461fb25d.long-type-3295805905247809303.txt'
[INFO] [stdout]      = note: consider using `--verbose` to print the full type name to the console
[INFO] [stdout] 
[INFO] [stdout] 
[INFO] [stdout] error[E0283]: type annotations needed
[INFO] [stdout]     --> /opt/rustwide/cargo-home/registry/src/index.crates.io-1949cf8c6b5b557f/bevy_ecs-0.15.1/src/system/function_system.rs:1033:17
[INFO] [stdout]      |
[INFO] [stdout]  978 | / macro_rules! impl_system_function {
[INFO] [stdout]  979 | |     ($($param: ident),*) => {
[INFO] [stdout]  980 | |         #[allow(non_snake_case)]
[INFO] [stdout]  981 | |         impl<Out, Func, $($param: SystemParam),*> SystemParamFunction<fn($($param,)*) -> Out> for Func
[INFO] [stdout] ...    |
[INFO] [stdout] 1033 | |                 call_inner(self, input, $($param),*)
[INFO] [stdout]      | |                 ^^^^^^^^^^^^^^^^^^^^^^^^^^^^^^^^^^^^ cannot infer type
[INFO] [stdout] ...    |
[INFO] [stdout] 1036 | |     };
[INFO] [stdout] 1037 | | }
[INFO] [stdout]      | |_- this error originates in the macro `impl_system_function` which comes from the expansion of the macro `all_tuples`
[INFO] [stdout] ...
[INFO] [stdout] 1041 |   all_tuples!(impl_system_function, 0, 16, F);
[INFO] [stdout]      |   ------------------------------------------- in this macro invocation
[INFO] [stdout]      |
[INFO] [stdout]      = note: the type must implement `input::SystemInput`
[INFO] [stdout]      = help: the following types implement trait `input::SystemInput`:
[INFO] [stdout]                ()
[INFO] [stdout]                StaticSystemInput<'a, I>
[INFO] [stdout]                input::In<T>
[INFO] [stdout]                input::InMut<'_, T>
[INFO] [stdout]                input::InRef<'_, T>
[INFO] [stdout]                observer::Trigger<'_, E, B>
[INFO] [stdout]      = note: cannot satisfy `for<'a> <In as input::SystemInput>::Param<'a> == _`
[INFO] [stdout]      = note: cannot satisfy `&mut Func: FnOnce(<In as SystemInput>::Param<'a>, _, _, _, _, _, _, _)`
[INFO] [stdout]      = note: cannot satisfy `<In as input::SystemInput>::Inner<'_> == <In as input::SystemInput>::Inner<'_>`
[INFO] [stdout] note: required by a bound in `<Func as function_system::SystemParamFunction<(HasSystemInput, fn(In, F0, F1, F2, F3, F4, F5, F6) -> Out)>>::run::call_inner`
[INFO] [stdout]     --> /opt/rustwide/cargo-home/registry/src/index.crates.io-1949cf8c6b5b557f/bevy_ecs-0.15.1/src/system/function_system.rs:1025:35
[INFO] [stdout]      |
[INFO] [stdout] 1025 |                 fn call_inner<In: SystemInput, Out, $($param,)*>(
[INFO] [stdout]      |                                   ^^^^^^^^^^^ required by this bound in `call_inner`
[INFO] [stdout] ...
[INFO] [stdout] 1041 | all_tuples!(impl_system_function, 0, 16, F);
[INFO] [stdout]      | ------------------------------------------- in this macro invocation
[INFO] [stdout] note: required by a bound in `<Func as function_system::SystemParamFunction<(HasSystemInput, fn(In, F0, F1, F2, F3, F4, F5, F6) -> Out)>>::run::call_inner`
[INFO] [stdout]     --> /opt/rustwide/cargo-home/registry/src/index.crates.io-1949cf8c6b5b557f/bevy_ecs-0.15.1/src/system/function_system.rs:1026:68
[INFO] [stdout]      |
[INFO] [stdout] 1025 |                 fn call_inner<In: SystemInput, Out, $($param,)*>(
[INFO] [stdout] 1026 |                     mut f: impl FnMut(In::Param<'_>, $($param,)*)->Out,
[INFO] [stdout]      |                                                                    ^^^ required by this bound in `call_inner`
[INFO] [stdout] ...
[INFO] [stdout] 1041 | all_tuples!(impl_system_function, 0, 16, F);
[INFO] [stdout]      | ------------------------------------------- in this macro invocation
[INFO] [stdout]      = note: the full name for the type has been written to '/opt/rustwide/target/debug/build/bevy_ecs/c7564552461fb25d/out/bevy_ecs-c7564552461fb25d.long-type-4828016702269797555.txt'
[INFO] [stdout]      = note: consider using `--verbose` to print the full type name to the console
[INFO] [stdout] 
[INFO] [stdout] 
[INFO] [stdout] error[E0283]: type annotations needed
[INFO] [stdout]     --> /opt/rustwide/cargo-home/registry/src/index.crates.io-1949cf8c6b5b557f/bevy_ecs-0.15.1/src/system/function_system.rs:1033:17
[INFO] [stdout]      |
[INFO] [stdout]  978 | / macro_rules! impl_system_function {
[INFO] [stdout]  979 | |     ($($param: ident),*) => {
[INFO] [stdout]  980 | |         #[allow(non_snake_case)]
[INFO] [stdout]  981 | |         impl<Out, Func, $($param: SystemParam),*> SystemParamFunction<fn($($param,)*) -> Out> for Func
[INFO] [stdout] ...    |
[INFO] [stdout] 1033 | |                 call_inner(self, input, $($param),*)
[INFO] [stdout]      | |                 ^^^^^^^^^^^^^^^^^^^^^^^^^^^^^^^^^^^^ cannot infer type
[INFO] [stdout] ...    |
[INFO] [stdout] 1036 | |     };
[INFO] [stdout] 1037 | | }
[INFO] [stdout]      | |_- this error originates in the macro `impl_system_function` which comes from the expansion of the macro `all_tuples`
[INFO] [stdout] ...
[INFO] [stdout] 1041 |   all_tuples!(impl_system_function, 0, 16, F);
[INFO] [stdout]      |   ------------------------------------------- in this macro invocation
[INFO] [stdout]      |
[INFO] [stdout]      = note: the type must implement `input::SystemInput`
[INFO] [stdout]      = help: the following types implement trait `input::SystemInput`:
[INFO] [stdout]                ()
[INFO] [stdout]                StaticSystemInput<'a, I>
[INFO] [stdout]                input::In<T>
[INFO] [stdout]                input::InMut<'_, T>
[INFO] [stdout]                input::InRef<'_, T>
[INFO] [stdout]                observer::Trigger<'_, E, B>
[INFO] [stdout]      = note: cannot satisfy `for<'a> <In as input::SystemInput>::Param<'a> == _`
[INFO] [stdout]      = note: cannot satisfy `&mut Func: FnOnce(_, _, _, _, _, _, _, _, _)`
[INFO] [stdout]      = note: cannot satisfy `<In as input::SystemInput>::Inner<'_> == <In as input::SystemInput>::Inner<'_>`
[INFO] [stdout] note: required by a bound in `<Func as function_system::SystemParamFunction<(HasSystemInput, fn(In, F0, F1, F2, F3, F4, F5, F6, F7) -> Out)>>::run::call_inner`
[INFO] [stdout]     --> /opt/rustwide/cargo-home/registry/src/index.crates.io-1949cf8c6b5b557f/bevy_ecs-0.15.1/src/system/function_system.rs:1025:35
[INFO] [stdout]      |
[INFO] [stdout] 1025 |                 fn call_inner<In: SystemInput, Out, $($param,)*>(
[INFO] [stdout]      |                                   ^^^^^^^^^^^ required by this bound in `call_inner`
[INFO] [stdout] ...
[INFO] [stdout] 1041 | all_tuples!(impl_system_function, 0, 16, F);
[INFO] [stdout]      | ------------------------------------------- in this macro invocation
[INFO] [stdout] note: required by a bound in `<Func as function_system::SystemParamFunction<(HasSystemInput, fn(In, F0, F1, F2, F3, F4, F5, F6, F7) -> Out)>>::run::call_inner`
[INFO] [stdout]     --> /opt/rustwide/cargo-home/registry/src/index.crates.io-1949cf8c6b5b557f/bevy_ecs-0.15.1/src/system/function_system.rs:1026:68
[INFO] [stdout]      |
[INFO] [stdout] 1025 |                 fn call_inner<In: SystemInput, Out, $($param,)*>(
[INFO] [stdout] 1026 |                     mut f: impl FnMut(In::Param<'_>, $($param,)*)->Out,
[INFO] [stdout]      |                                                                    ^^^ required by this bound in `call_inner`
[INFO] [stdout] ...
[INFO] [stdout] 1041 | all_tuples!(impl_system_function, 0, 16, F);
[INFO] [stdout]      | ------------------------------------------- in this macro invocation
[INFO] [stdout]      = note: the full name for the type has been written to '/opt/rustwide/target/debug/build/bevy_ecs/c7564552461fb25d/out/bevy_ecs-c7564552461fb25d.long-type-8211729781955924829.txt'
[INFO] [stdout]      = note: consider using `--verbose` to print the full type name to the console
[INFO] [stdout] 
[INFO] [stdout] 
[INFO] [stdout] error[E0283]: type annotations needed
[INFO] [stdout]     --> /opt/rustwide/cargo-home/registry/src/index.crates.io-1949cf8c6b5b557f/bevy_ecs-0.15.1/src/system/function_system.rs:1033:17
[INFO] [stdout]      |
[INFO] [stdout]  978 | / macro_rules! impl_system_function {
[INFO] [stdout]  979 | |     ($($param: ident),*) => {
[INFO] [stdout]  980 | |         #[allow(non_snake_case)]
[INFO] [stdout]  981 | |         impl<Out, Func, $($param: SystemParam),*> SystemParamFunction<fn($($param,)*) -> Out> for Func
[INFO] [stdout] ...    |
[INFO] [stdout] 1033 | |                 call_inner(self, input, $($param),*)
[INFO] [stdout]      | |                 ^^^^^^^^^^^^^^^^^^^^^^^^^^^^^^^^^^^^ cannot infer type
[INFO] [stdout] ...    |
[INFO] [stdout] 1036 | |     };
[INFO] [stdout] 1037 | | }
[INFO] [stdout]      | |_- this error originates in the macro `impl_system_function` which comes from the expansion of the macro `all_tuples`
[INFO] [stdout] ...
[INFO] [stdout] 1041 |   all_tuples!(impl_system_function, 0, 16, F);
[INFO] [stdout]      |   ------------------------------------------- in this macro invocation
[INFO] [stdout]      |
[INFO] [stdout]      = note: the type must implement `input::SystemInput`
[INFO] [stdout]      = help: the following types implement trait `input::SystemInput`:
[INFO] [stdout]                ()
[INFO] [stdout]                StaticSystemInput<'a, I>
[INFO] [stdout]                input::In<T>
[INFO] [stdout]                input::InMut<'_, T>
[INFO] [stdout]                input::InRef<'_, T>
[INFO] [stdout]                observer::Trigger<'_, E, B>
[INFO] [stdout]      = note: cannot satisfy `for<'a> <In as input::SystemInput>::Param<'a> == _`
[INFO] [stdout]      = note: cannot satisfy `&mut Func: FnOnce(_, _, _, _, _, _, _, _, _, _)`
[INFO] [stdout]      = note: cannot satisfy `<In as input::SystemInput>::Inner<'_> == <In as input::SystemInput>::Inner<'_>`
[INFO] [stdout] note: required by a bound in `<Func as function_system::SystemParamFunction<(HasSystemInput, fn(In, F0, F1, F2, F3, F4, F5, F6, F7, F8) -> Out)>>::run::call_inner`
[INFO] [stdout]     --> /opt/rustwide/cargo-home/registry/src/index.crates.io-1949cf8c6b5b557f/bevy_ecs-0.15.1/src/system/function_system.rs:1025:35
[INFO] [stdout]      |
[INFO] [stdout] 1025 |                 fn call_inner<In: SystemInput, Out, $($param,)*>(
[INFO] [stdout]      |                                   ^^^^^^^^^^^ required by this bound in `call_inner`
[INFO] [stdout] ...
[INFO] [stdout] 1041 | all_tuples!(impl_system_function, 0, 16, F);
[INFO] [stdout]      | ------------------------------------------- in this macro invocation
[INFO] [stdout] note: required by a bound in `<Func as function_system::SystemParamFunction<(HasSystemInput, fn(In, F0, F1, F2, F3, F4, F5, F6, F7, F8) -> Out)>>::run::call_inner`
[INFO] [stdout]     --> /opt/rustwide/cargo-home/registry/src/index.crates.io-1949cf8c6b5b557f/bevy_ecs-0.15.1/src/system/function_system.rs:1026:68
[INFO] [stdout]      |
[INFO] [stdout] 1025 |                 fn call_inner<In: SystemInput, Out, $($param,)*>(
[INFO] [stdout] 1026 |                     mut f: impl FnMut(In::Param<'_>, $($param,)*)->Out,
[INFO] [stdout]      |                                                                    ^^^ required by this bound in `call_inner`
[INFO] [stdout] ...
[INFO] [stdout] 1041 | all_tuples!(impl_system_function, 0, 16, F);
[INFO] [stdout]      | ------------------------------------------- in this macro invocation
[INFO] [stdout]      = note: the full name for the type has been written to '/opt/rustwide/target/debug/build/bevy_ecs/c7564552461fb25d/out/bevy_ecs-c7564552461fb25d.long-type-16693278014862263283.txt'
[INFO] [stdout]      = note: consider using `--verbose` to print the full type name to the console
[INFO] [stdout] 
[INFO] [stdout] 
[INFO] [stdout] error[E0283]: type annotations needed
[INFO] [stdout]     --> /opt/rustwide/cargo-home/registry/src/index.crates.io-1949cf8c6b5b557f/bevy_ecs-0.15.1/src/system/function_system.rs:1033:17
[INFO] [stdout]      |
[INFO] [stdout]  978 | / macro_rules! impl_system_function {
[INFO] [stdout]  979 | |     ($($param: ident),*) => {
[INFO] [stdout]  980 | |         #[allow(non_snake_case)]
[INFO] [stdout]  981 | |         impl<Out, Func, $($param: SystemParam),*> SystemParamFunction<fn($($param,)*) -> Out> for Func
[INFO] [stdout] ...    |
[INFO] [stdout] 1033 | |                 call_inner(self, input, $($param),*)
[INFO] [stdout]      | |                 ^^^^^^^^^^^^^^^^^^^^^^^^^^^^^^^^^^^^ cannot infer type
[INFO] [stdout] ...    |
[INFO] [stdout] 1036 | |     };
[INFO] [stdout] 1037 | | }
[INFO] [stdout]      | |_- this error originates in the macro `impl_system_function` which comes from the expansion of the macro `all_tuples`
[INFO] [stdout] ...
[INFO] [stdout] 1041 |   all_tuples!(impl_system_function, 0, 16, F);
[INFO] [stdout]      |   ------------------------------------------- in this macro invocation
[INFO] [stdout]      |
[INFO] [stdout]      = note: the type must implement `input::SystemInput`
[INFO] [stdout]      = help: the following types implement trait `input::SystemInput`:
[INFO] [stdout]                ()
[INFO] [stdout]                StaticSystemInput<'a, I>
[INFO] [stdout]                input::In<T>
[INFO] [stdout]                input::InMut<'_, T>
[INFO] [stdout]                input::InRef<'_, T>
[INFO] [stdout]                observer::Trigger<'_, E, B>
[INFO] [stdout]      = note: cannot satisfy `for<'a> <In as input::SystemInput>::Param<'a> == _`
[INFO] [stdout]      = note: cannot satisfy `&mut Func: FnOnce(_, _, _, _, _, _, _, _, _, _, _)`
[INFO] [stdout]      = note: cannot satisfy `<In as input::SystemInput>::Inner<'_> == <In as input::SystemInput>::Inner<'_>`
[INFO] [stdout] note: required by a bound in `<Func as function_system::SystemParamFunction<(HasSystemInput, fn(In, F0, F1, F2, F3, F4, F5, F6, F7, F8, F9) -> Out)>>::run::call_inner`
[INFO] [stdout]     --> /opt/rustwide/cargo-home/registry/src/index.crates.io-1949cf8c6b5b557f/bevy_ecs-0.15.1/src/system/function_system.rs:1025:35
[INFO] [stdout]      |
[INFO] [stdout] 1025 |                 fn call_inner<In: SystemInput, Out, $($param,)*>(
[INFO] [stdout]      |                                   ^^^^^^^^^^^ required by this bound in `call_inner`
[INFO] [stdout] ...
[INFO] [stdout] 1041 | all_tuples!(impl_system_function, 0, 16, F);
[INFO] [stdout]      | ------------------------------------------- in this macro invocation
[INFO] [stdout] note: required by a bound in `<Func as function_system::SystemParamFunction<(HasSystemInput, fn(In, F0, F1, F2, F3, F4, F5, F6, F7, F8, F9) -> Out)>>::run::call_inner`
[INFO] [stdout]     --> /opt/rustwide/cargo-home/registry/src/index.crates.io-1949cf8c6b5b557f/bevy_ecs-0.15.1/src/system/function_system.rs:1026:68
[INFO] [stdout]      |
[INFO] [stdout] 1025 |                 fn call_inner<In: SystemInput, Out, $($param,)*>(
[INFO] [stdout] 1026 |                     mut f: impl FnMut(In::Param<'_>, $($param,)*)->Out,
[INFO] [stdout]      |                                                                    ^^^ required by this bound in `call_inner`
[INFO] [stdout] ...
[INFO] [stdout] 1041 | all_tuples!(impl_system_function, 0, 16, F);
[INFO] [stdout]      | ------------------------------------------- in this macro invocation
[INFO] [stdout]      = note: the full name for the type has been written to '/opt/rustwide/target/debug/build/bevy_ecs/c7564552461fb25d/out/bevy_ecs-c7564552461fb25d.long-type-9095302101238561974.txt'
[INFO] [stdout]      = note: consider using `--verbose` to print the full type name to the console
[INFO] [stdout] 
[INFO] [stdout] 
[INFO] [stderr]     Checking emath v0.30.0
[INFO] [stdout] error[E0283]: type annotations needed
[INFO] [stdout]     --> /opt/rustwide/cargo-home/registry/src/index.crates.io-1949cf8c6b5b557f/bevy_ecs-0.15.1/src/system/function_system.rs:1033:17
[INFO] [stdout]      |
[INFO] [stdout]  978 | / macro_rules! impl_system_function {
[INFO] [stdout]  979 | |     ($($param: ident),*) => {
[INFO] [stdout]  980 | |         #[allow(non_snake_case)]
[INFO] [stdout]  981 | |         impl<Out, Func, $($param: SystemParam),*> SystemParamFunction<fn($($param,)*) -> Out> for Func
[INFO] [stdout] ...    |
[INFO] [stdout] 1033 | |                 call_inner(self, input, $($param),*)
[INFO] [stdout]      | |                 ^^^^^^^^^^^^^^^^^^^^^^^^^^^^^^^^^^^^ cannot infer type
[INFO] [stdout] ...    |
[INFO] [stdout] 1036 | |     };
[INFO] [stdout] 1037 | | }
[INFO] [stdout]      | |_- this error originates in the macro `impl_system_function` which comes from the expansion of the macro `all_tuples`
[INFO] [stdout] ...
[INFO] [stdout] 1041 |   all_tuples!(impl_system_function, 0, 16, F);
[INFO] [stdout]      |   ------------------------------------------- in this macro invocation
[INFO] [stdout]      |
[INFO] [stdout]      = note: the type must implement `input::SystemInput`
[INFO] [stdout]      = help: the following types implement trait `input::SystemInput`:
[INFO] [stdout]                ()
[INFO] [stdout]                StaticSystemInput<'a, I>
[INFO] [stdout]                input::In<T>
[INFO] [stdout]                input::InMut<'_, T>
[INFO] [stdout]                input::InRef<'_, T>
[INFO] [stdout]                observer::Trigger<'_, E, B>
[INFO] [stdout]      = note: cannot satisfy `for<'a> <In as input::SystemInput>::Param<'a> == _`
[INFO] [stdout]      = note: cannot satisfy `&mut Func: FnOnce(_, _, _, _, _, _, _, _, _, _, _, _)`
[INFO] [stdout]      = note: cannot satisfy `<In as input::SystemInput>::Inner<'_> == <In as input::SystemInput>::Inner<'_>`
[INFO] [stdout] note: required by a bound in `<Func as function_system::SystemParamFunction<(HasSystemInput, fn(In, F0, F1, F2, F3, F4, F5, F6, F7, F8, F9, F10) -> Out)>>::run::call_inner`
[INFO] [stdout]     --> /opt/rustwide/cargo-home/registry/src/index.crates.io-1949cf8c6b5b557f/bevy_ecs-0.15.1/src/system/function_system.rs:1025:35
[INFO] [stdout]      |
[INFO] [stdout] 1025 |                 fn call_inner<In: SystemInput, Out, $($param,)*>(
[INFO] [stdout]      |                                   ^^^^^^^^^^^ required by this bound in `call_inner`
[INFO] [stdout] ...
[INFO] [stdout] 1041 | all_tuples!(impl_system_function, 0, 16, F);
[INFO] [stdout]      | ------------------------------------------- in this macro invocation
[INFO] [stdout] note: required by a bound in `<Func as function_system::SystemParamFunction<(HasSystemInput, fn(In, F0, F1, F2, F3, F4, F5, F6, F7, F8, F9, F10) -> Out)>>::run::call_inner`
[INFO] [stdout]     --> /opt/rustwide/cargo-home/registry/src/index.crates.io-1949cf8c6b5b557f/bevy_ecs-0.15.1/src/system/function_system.rs:1026:68
[INFO] [stdout]      |
[INFO] [stdout] 1025 |                 fn call_inner<In: SystemInput, Out, $($param,)*>(
[INFO] [stdout] 1026 |                     mut f: impl FnMut(In::Param<'_>, $($param,)*)->Out,
[INFO] [stdout]      |                                                                    ^^^ required by this bound in `call_inner`
[INFO] [stdout] ...
[INFO] [stdout] 1041 | all_tuples!(impl_system_function, 0, 16, F);
[INFO] [stdout]      | ------------------------------------------- in this macro invocation
[INFO] [stdout]      = note: the full name for the type has been written to '/opt/rustwide/target/debug/build/bevy_ecs/c7564552461fb25d/out/bevy_ecs-c7564552461fb25d.long-type-9659360220695732405.txt'
[INFO] [stdout]      = note: consider using `--verbose` to print the full type name to the console
[INFO] [stdout] 
[INFO] [stdout] 
[INFO] [stdout] error[E0283]: type annotations needed
[INFO] [stdout]     --> /opt/rustwide/cargo-home/registry/src/index.crates.io-1949cf8c6b5b557f/bevy_ecs-0.15.1/src/system/function_system.rs:1033:17
[INFO] [stdout]      |
[INFO] [stdout]  978 | / macro_rules! impl_system_function {
[INFO] [stdout]  979 | |     ($($param: ident),*) => {
[INFO] [stdout]  980 | |         #[allow(non_snake_case)]
[INFO] [stdout]  981 | |         impl<Out, Func, $($param: SystemParam),*> SystemParamFunction<fn($($param,)*) -> Out> for Func
[INFO] [stdout] ...    |
[INFO] [stdout] 1033 | |                 call_inner(self, input, $($param),*)
[INFO] [stdout]      | |                 ^^^^^^^^^^^^^^^^^^^^^^^^^^^^^^^^^^^^ cannot infer type
[INFO] [stdout] ...    |
[INFO] [stdout] 1036 | |     };
[INFO] [stdout] 1037 | | }
[INFO] [stdout]      | |_- this error originates in the macro `impl_system_function` which comes from the expansion of the macro `all_tuples`
[INFO] [stdout] ...
[INFO] [stdout] 1041 |   all_tuples!(impl_system_function, 0, 16, F);
[INFO] [stdout]      |   ------------------------------------------- in this macro invocation
[INFO] [stdout]      |
[INFO] [stdout]      = note: the type must implement `input::SystemInput`
[INFO] [stdout]      = help: the following types implement trait `input::SystemInput`:
[INFO] [stdout]                ()
[INFO] [stdout]                StaticSystemInput<'a, I>
[INFO] [stdout]                input::In<T>
[INFO] [stdout]                input::InMut<'_, T>
[INFO] [stdout]                input::InRef<'_, T>
[INFO] [stdout]                observer::Trigger<'_, E, B>
[INFO] [stdout]      = note: cannot satisfy `for<'a> <In as input::SystemInput>::Param<'a> == _`
[INFO] [stdout]      = note: cannot satisfy `&mut Func: FnOnce(_, _, _, _, _, _, _, _, _, _, _, _, _)`
[INFO] [stdout]      = note: cannot satisfy `<In as input::SystemInput>::Inner<'_> == <In as input::SystemInput>::Inner<'_>`
[INFO] [stdout] note: required by a bound in `<Func as function_system::SystemParamFunction<(HasSystemInput, fn(In, F0, F1, F2, F3, F4, F5, F6, F7, F8, F9, F10, F11) -> Out)>>::run::call_inner`
[INFO] [stdout]     --> /opt/rustwide/cargo-home/registry/src/index.crates.io-1949cf8c6b5b557f/bevy_ecs-0.15.1/src/system/function_system.rs:1025:35
[INFO] [stdout]      |
[INFO] [stdout] 1025 |                 fn call_inner<In: SystemInput, Out, $($param,)*>(
[INFO] [stdout]      |                                   ^^^^^^^^^^^ required by this bound in `call_inner`
[INFO] [stdout] ...
[INFO] [stdout] 1041 | all_tuples!(impl_system_function, 0, 16, F);
[INFO] [stdout]      | ------------------------------------------- in this macro invocation
[INFO] [stdout] note: required by a bound in `<Func as function_system::SystemParamFunction<(HasSystemInput, fn(In, F0, F1, F2, F3, F4, F5, F6, F7, F8, F9, F10, F11) -> Out)>>::run::call_inner`
[INFO] [stdout]     --> /opt/rustwide/cargo-home/registry/src/index.crates.io-1949cf8c6b5b557f/bevy_ecs-0.15.1/src/system/function_system.rs:1026:68
[INFO] [stdout]      |
[INFO] [stdout] 1025 |                 fn call_inner<In: SystemInput, Out, $($param,)*>(
[INFO] [stdout] 1026 |                     mut f: impl FnMut(In::Param<'_>, $($param,)*)->Out,
[INFO] [stdout]      |                                                                    ^^^ required by this bound in `call_inner`
[INFO] [stdout] ...
[INFO] [stdout] 1041 | all_tuples!(impl_system_function, 0, 16, F);
[INFO] [stdout]      | ------------------------------------------- in this macro invocation
[INFO] [stdout]      = note: the full name for the type has been written to '/opt/rustwide/target/debug/build/bevy_ecs/c7564552461fb25d/out/bevy_ecs-c7564552461fb25d.long-type-16213166482916131605.txt'
[INFO] [stdout]      = note: consider using `--verbose` to print the full type name to the console
[INFO] [stdout] 
[INFO] [stdout] 
[INFO] [stdout] error[E0283]: type annotations needed
[INFO] [stdout]     --> /opt/rustwide/cargo-home/registry/src/index.crates.io-1949cf8c6b5b557f/bevy_ecs-0.15.1/src/system/function_system.rs:1033:17
[INFO] [stdout]      |
[INFO] [stdout]  978 | / macro_rules! impl_system_function {
[INFO] [stdout]  979 | |     ($($param: ident),*) => {
[INFO] [stdout]  980 | |         #[allow(non_snake_case)]
[INFO] [stdout]  981 | |         impl<Out, Func, $($param: SystemParam),*> SystemParamFunction<fn($($param,)*) -> Out> for Func
[INFO] [stdout] ...    |
[INFO] [stdout] 1033 | |                 call_inner(self, input, $($param),*)
[INFO] [stdout]      | |                 ^^^^^^^^^^^^^^^^^^^^^^^^^^^^^^^^^^^^ cannot infer type
[INFO] [stdout] ...    |
[INFO] [stdout] 1036 | |     };
[INFO] [stdout] 1037 | | }
[INFO] [stdout]      | |_- this error originates in the macro `impl_system_function` which comes from the expansion of the macro `all_tuples`
[INFO] [stdout] ...
[INFO] [stdout] 1041 |   all_tuples!(impl_system_function, 0, 16, F);
[INFO] [stdout]      |   ------------------------------------------- in this macro invocation
[INFO] [stdout]      |
[INFO] [stdout]      = note: the type must implement `input::SystemInput`
[INFO] [stdout]      = help: the following types implement trait `input::SystemInput`:
[INFO] [stdout]                ()
[INFO] [stdout]                StaticSystemInput<'a, I>
[INFO] [stdout]                input::In<T>
[INFO] [stdout]                input::InMut<'_, T>
[INFO] [stdout]                input::InRef<'_, T>
[INFO] [stdout]                observer::Trigger<'_, E, B>
[INFO] [stdout]      = note: cannot satisfy `for<'a> <In as input::SystemInput>::Param<'a> == _`
[INFO] [stdout]      = note: cannot satisfy `&mut Func: FnOnce(_, _, _, _, _, _, _, _, _, _, _, _, _, _)`
[INFO] [stdout]      = note: cannot satisfy `<In as input::SystemInput>::Inner<'_> == <In as input::SystemInput>::Inner<'_>`
[INFO] [stdout] note: required by a bound in `<Func as function_system::SystemParamFunction<(HasSystemInput, fn(In, F0, F1, F2, F3, F4, F5, F6, F7, F8, F9, F10, F11, F12) -> Out)>>::run::call_inner`
[INFO] [stdout]     --> /opt/rustwide/cargo-home/registry/src/index.crates.io-1949cf8c6b5b557f/bevy_ecs-0.15.1/src/system/function_system.rs:1025:35
[INFO] [stdout]      |
[INFO] [stdout] 1025 |                 fn call_inner<In: SystemInput, Out, $($param,)*>(
[INFO] [stdout]      |                                   ^^^^^^^^^^^ required by this bound in `call_inner`
[INFO] [stdout] ...
[INFO] [stdout] 1041 | all_tuples!(impl_system_function, 0, 16, F);
[INFO] [stdout]      | ------------------------------------------- in this macro invocation
[INFO] [stdout] note: required by a bound in `<Func as function_system::SystemParamFunction<(HasSystemInput, fn(In, F0, F1, F2, F3, F4, F5, F6, F7, F8, F9, F10, F11, F12) -> Out)>>::run::call_inner`
[INFO] [stdout]     --> /opt/rustwide/cargo-home/registry/src/index.crates.io-1949cf8c6b5b557f/bevy_ecs-0.15.1/src/system/function_system.rs:1026:68
[INFO] [stdout]      |
[INFO] [stdout] 1025 |                 fn call_inner<In: SystemInput, Out, $($param,)*>(
[INFO] [stdout] 1026 |                     mut f: impl FnMut(In::Param<'_>, $($param,)*)->Out,
[INFO] [stdout]      |                                                                    ^^^ required by this bound in `call_inner`
[INFO] [stdout] ...
[INFO] [stdout] 1041 | all_tuples!(impl_system_function, 0, 16, F);
[INFO] [stdout]      | ------------------------------------------- in this macro invocation
[INFO] [stdout]      = note: the full name for the type has been written to '/opt/rustwide/target/debug/build/bevy_ecs/c7564552461fb25d/out/bevy_ecs-c7564552461fb25d.long-type-6845028726276720835.txt'
[INFO] [stdout]      = note: consider using `--verbose` to print the full type name to the console
[INFO] [stdout] 
[INFO] [stdout] 
[INFO] [stdout] error[E0283]: type annotations needed
[INFO] [stdout]     --> /opt/rustwide/cargo-home/registry/src/index.crates.io-1949cf8c6b5b557f/bevy_ecs-0.15.1/src/system/function_system.rs:1033:17
[INFO] [stdout]      |
[INFO] [stdout]  978 | / macro_rules! impl_system_function {
[INFO] [stdout]  979 | |     ($($param: ident),*) => {
[INFO] [stdout]  980 | |         #[allow(non_snake_case)]
[INFO] [stdout]  981 | |         impl<Out, Func, $($param: SystemParam),*> SystemParamFunction<fn($($param,)*) -> Out> for Func
[INFO] [stdout] ...    |
[INFO] [stdout] 1033 | |                 call_inner(self, input, $($param),*)
[INFO] [stdout]      | |                 ^^^^^^^^^^^^^^^^^^^^^^^^^^^^^^^^^^^^ cannot infer type
[INFO] [stdout] ...    |
[INFO] [stdout] 1036 | |     };
[INFO] [stdout] 1037 | | }
[INFO] [stdout]      | |_- this error originates in the macro `impl_system_function` which comes from the expansion of the macro `all_tuples`
[INFO] [stdout] ...
[INFO] [stdout] 1041 |   all_tuples!(impl_system_function, 0, 16, F);
[INFO] [stdout]      |   ------------------------------------------- in this macro invocation
[INFO] [stdout]      |
[INFO] [stdout]      = note: the type must implement `input::SystemInput`
[INFO] [stdout]      = help: the following types implement trait `input::SystemInput`:
[INFO] [stdout]                ()
[INFO] [stdout]                StaticSystemInput<'a, I>
[INFO] [stdout]                input::In<T>
[INFO] [stdout]                input::InMut<'_, T>
[INFO] [stdout]                input::InRef<'_, T>
[INFO] [stdout]                observer::Trigger<'_, E, B>
[INFO] [stdout]      = note: cannot satisfy `for<'a> <In as input::SystemInput>::Param<'a> == _`
[INFO] [stdout]      = note: cannot satisfy `&mut Func: FnOnce(_, _, _, _, _, _, _, _, _, _, _, _, _, _, _)`
[INFO] [stdout]      = note: cannot satisfy `<In as input::SystemInput>::Inner<'_> == <In as input::SystemInput>::Inner<'_>`
[INFO] [stdout] note: required by a bound in `<Func as function_system::SystemParamFunction<(HasSystemInput, fn(In, F0, F1, F2, F3, F4, F5, F6, F7, F8, F9, F10, F11, F12, F13) -> Out)>>::run::call_inner`
[INFO] [stdout]     --> /opt/rustwide/cargo-home/registry/src/index.crates.io-1949cf8c6b5b557f/bevy_ecs-0.15.1/src/system/function_system.rs:1025:35
[INFO] [stdout]      |
[INFO] [stdout] 1025 |                 fn call_inner<In: SystemInput, Out, $($param,)*>(
[INFO] [stdout]      |                                   ^^^^^^^^^^^ required by this bound in `call_inner`
[INFO] [stdout] ...
[INFO] [stdout] 1041 | all_tuples!(impl_system_function, 0, 16, F);
[INFO] [stdout]      | ------------------------------------------- in this macro invocation
[INFO] [stdout] note: required by a bound in `<Func as function_system::SystemParamFunction<(HasSystemInput, fn(In, F0, F1, F2, F3, F4, F5, F6, F7, F8, F9, F10, F11, F12, F13) -> Out)>>::run::call_inner`
[INFO] [stdout]     --> /opt/rustwide/cargo-home/registry/src/index.crates.io-1949cf8c6b5b557f/bevy_ecs-0.15.1/src/system/function_system.rs:1026:68
[INFO] [stdout]      |
[INFO] [stdout] 1025 |                 fn call_inner<In: SystemInput, Out, $($param,)*>(
[INFO] [stdout] 1026 |                     mut f: impl FnMut(In::Param<'_>, $($param,)*)->Out,
[INFO] [stdout]      |                                                                    ^^^ required by this bound in `call_inner`
[INFO] [stdout] ...
[INFO] [stdout] 1041 | all_tuples!(impl_system_function, 0, 16, F);
[INFO] [stdout]      | ------------------------------------------- in this macro invocation
[INFO] [stdout]      = note: the full name for the type has been written to '/opt/rustwide/target/debug/build/bevy_ecs/c7564552461fb25d/out/bevy_ecs-c7564552461fb25d.long-type-14461188724425592828.txt'
[INFO] [stdout]      = note: consider using `--verbose` to print the full type name to the console
[INFO] [stdout] 
[INFO] [stdout] 
[INFO] [stdout] error[E0283]: type annotations needed
[INFO] [stdout]     --> /opt/rustwide/cargo-home/registry/src/index.crates.io-1949cf8c6b5b557f/bevy_ecs-0.15.1/src/system/function_system.rs:1033:17
[INFO] [stdout]      |
[INFO] [stdout]  978 | / macro_rules! impl_system_function {
[INFO] [stdout]  979 | |     ($($param: ident),*) => {
[INFO] [stdout]  980 | |         #[allow(non_snake_case)]
[INFO] [stdout]  981 | |         impl<Out, Func, $($param: SystemParam),*> SystemParamFunction<fn($($param,)*) -> Out> for Func
[INFO] [stdout] ...    |
[INFO] [stdout] 1033 | |                 call_inner(self, input, $($param),*)
[INFO] [stdout]      | |                 ^^^^^^^^^^^^^^^^^^^^^^^^^^^^^^^^^^^^ cannot infer type
[INFO] [stdout] ...    |
[INFO] [stdout] 1036 | |     };
[INFO] [stdout] 1037 | | }
[INFO] [stdout]      | |_- this error originates in the macro `impl_system_function` which comes from the expansion of the macro `all_tuples`
[INFO] [stdout] ...
[INFO] [stdout] 1041 |   all_tuples!(impl_system_function, 0, 16, F);
[INFO] [stdout]      |   ------------------------------------------- in this macro invocation
[INFO] [stdout]      |
[INFO] [stdout]      = note: the type must implement `input::SystemInput`
[INFO] [stdout]      = help: the following types implement trait `input::SystemInput`:
[INFO] [stdout]                ()
[INFO] [stdout]                StaticSystemInput<'a, I>
[INFO] [stdout]                input::In<T>
[INFO] [stdout]                input::InMut<'_, T>
[INFO] [stdout]                input::InRef<'_, T>
[INFO] [stdout]                observer::Trigger<'_, E, B>
[INFO] [stdout]      = note: cannot satisfy `for<'a> <In as input::SystemInput>::Param<'a> == _`
[INFO] [stdout]      = note: cannot satisfy `&mut Func: FnOnce(_, _, _, _, _, _, _, _, _, _, _, _, _, _, _, _)`
[INFO] [stdout]      = note: cannot satisfy `<In as input::SystemInput>::Inner<'_> == <In as input::SystemInput>::Inner<'_>`
[INFO] [stdout] note: required by a bound in `<Func as function_system::SystemParamFunction<(HasSystemInput, fn(In, F0, F1, F2, F3, F4, F5, F6, F7, F8, F9, F10, F11, F12, F13, F14) -> Out)>>::run::call_inner`
[INFO] [stdout]     --> /opt/rustwide/cargo-home/registry/src/index.crates.io-1949cf8c6b5b557f/bevy_ecs-0.15.1/src/system/function_system.rs:1025:35
[INFO] [stdout]      |
[INFO] [stdout] 1025 |                 fn call_inner<In: SystemInput, Out, $($param,)*>(
[INFO] [stdout]      |                                   ^^^^^^^^^^^ required by this bound in `call_inner`
[INFO] [stdout] ...
[INFO] [stdout] 1041 | all_tuples!(impl_system_function, 0, 16, F);
[INFO] [stdout]      | ------------------------------------------- in this macro invocation
[INFO] [stdout] note: required by a bound in `<Func as function_system::SystemParamFunction<(HasSystemInput, fn(In, F0, F1, F2, F3, F4, F5, F6, F7, F8, F9, F10, F11, F12, F13, F14) -> Out)>>::run::call_inner`
[INFO] [stdout]     --> /opt/rustwide/cargo-home/registry/src/index.crates.io-1949cf8c6b5b557f/bevy_ecs-0.15.1/src/system/function_system.rs:1026:68
[INFO] [stdout]      |
[INFO] [stdout] 1025 |                 fn call_inner<In: SystemInput, Out, $($param,)*>(
[INFO] [stdout] 1026 |                     mut f: impl FnMut(In::Param<'_>, $($param,)*)->Out,
[INFO] [stdout]      |                                                                    ^^^ required by this bound in `call_inner`
[INFO] [stdout] ...
[INFO] [stdout] 1041 | all_tuples!(impl_system_function, 0, 16, F);
[INFO] [stdout]      | ------------------------------------------- in this macro invocation
[INFO] [stdout]      = note: the full name for the type has been written to '/opt/rustwide/target/debug/build/bevy_ecs/c7564552461fb25d/out/bevy_ecs-c7564552461fb25d.long-type-8575987050347127515.txt'
[INFO] [stdout]      = note: consider using `--verbose` to print the full type name to the console
[INFO] [stdout] 
[INFO] [stdout] 
[INFO] [stdout] error[E0283]: type annotations needed
[INFO] [stdout]     --> /opt/rustwide/cargo-home/registry/src/index.crates.io-1949cf8c6b5b557f/bevy_ecs-0.15.1/src/system/function_system.rs:1033:17
[INFO] [stdout]      |
[INFO] [stdout]  978 | / macro_rules! impl_system_function {
[INFO] [stdout]  979 | |     ($($param: ident),*) => {
[INFO] [stdout]  980 | |         #[allow(non_snake_case)]
[INFO] [stdout]  981 | |         impl<Out, Func, $($param: SystemParam),*> SystemParamFunction<fn($($param,)*) -> Out> for Func
[INFO] [stdout] ...    |
[INFO] [stdout] 1033 | |                 call_inner(self, input, $($param),*)
[INFO] [stdout]      | |                 ^^^^^^^^^^^^^^^^^^^^^^^^^^^^^^^^^^^^ cannot infer type
[INFO] [stdout] ...    |
[INFO] [stdout] 1036 | |     };
[INFO] [stdout] 1037 | | }
[INFO] [stdout]      | |_- this error originates in the macro `impl_system_function` which comes from the expansion of the macro `all_tuples`
[INFO] [stdout] ...
[INFO] [stdout] 1041 |   all_tuples!(impl_system_function, 0, 16, F);
[INFO] [stdout]      |   ------------------------------------------- in this macro invocation
[INFO] [stdout]      |
[INFO] [stdout]      = note: the type must implement `input::SystemInput`
[INFO] [stdout]      = help: the following types implement trait `input::SystemInput`:
[INFO] [stdout]                ()
[INFO] [stdout]                StaticSystemInput<'a, I>
[INFO] [stdout]                input::In<T>
[INFO] [stdout]                input::InMut<'_, T>
[INFO] [stdout]                input::InRef<'_, T>
[INFO] [stdout]                observer::Trigger<'_, E, B>
[INFO] [stdout]      = note: cannot satisfy `for<'a> <In as input::SystemInput>::Param<'a> == _`
[INFO] [stdout]      = note: cannot satisfy `&mut Func: FnOnce(_, _, _, _, _, _, _, _, _, _, _, _, _, _, _, _, _)`
[INFO] [stdout]      = note: cannot satisfy `<In as input::SystemInput>::Inner<'_> == <In as input::SystemInput>::Inner<'_>`
[INFO] [stdout] note: required by a bound in `<Func as function_system::SystemParamFunction<(HasSystemInput, fn(In, F0, F1, F2, F3, F4, F5, F6, F7, F8, F9, F10, F11, F12, F13, F14, F15) -> Out)>>::run::call_inner`
[INFO] [stdout]     --> /opt/rustwide/cargo-home/registry/src/index.crates.io-1949cf8c6b5b557f/bevy_ecs-0.15.1/src/system/function_system.rs:1025:35
[INFO] [stdout]      |
[INFO] [stdout] 1025 |                 fn call_inner<In: SystemInput, Out, $($param,)*>(
[INFO] [stdout]      |                                   ^^^^^^^^^^^ required by this bound in `call_inner`
[INFO] [stdout] ...
[INFO] [stdout] 1041 | all_tuples!(impl_system_function, 0, 16, F);
[INFO] [stdout]      | ------------------------------------------- in this macro invocation
[INFO] [stdout] note: required by a bound in `<Func as function_system::SystemParamFunction<(HasSystemInput, fn(In, F0, F1, F2, F3, F4, F5, F6, F7, F8, F9, F10, F11, F12, F13, F14, F15) -> Out)>>::run::call_inner`
[INFO] [stdout]     --> /opt/rustwide/cargo-home/registry/src/index.crates.io-1949cf8c6b5b557f/bevy_ecs-0.15.1/src/system/function_system.rs:1026:68
[INFO] [stdout]      |
[INFO] [stdout] 1025 |                 fn call_inner<In: SystemInput, Out, $($param,)*>(
[INFO] [stdout] 1026 |                     mut f: impl FnMut(In::Param<'_>, $($param,)*)->Out,
[INFO] [stdout]      |                                                                    ^^^ required by this bound in `call_inner`
[INFO] [stdout] ...
[INFO] [stdout] 1041 | all_tuples!(impl_system_function, 0, 16, F);
[INFO] [stdout]      | ------------------------------------------- in this macro invocation
[INFO] [stdout]      = note: the full name for the type has been written to '/opt/rustwide/target/debug/build/bevy_ecs/c7564552461fb25d/out/bevy_ecs-c7564552461fb25d.long-type-12111570148834917280.txt'
[INFO] [stdout]      = note: consider using `--verbose` to print the full type name to the console
[INFO] [stdout] 
[INFO] [stdout] 
[INFO] [stderr]     Checking ecolor v0.30.0
[INFO] [stderr]     Checking usvg-tree v0.37.0
[INFO] [stderr]     Checking epaint v0.30.0
[INFO] [stderr]     Checking usvg-parser v0.37.0
[INFO] [stderr]     Checking swash v0.1.19
[INFO] [stderr]     Checking usvg v0.37.0
[INFO] [stderr]     Checking rustls-webpki v0.102.8
[INFO] [stderr]     Checking x11rb v0.13.1
[INFO] [stderr]     Checking egui v0.30.0
[INFO] [stderr]     Checking accesskit_winit v0.23.1
[INFO] [stderr]    Compiling enum-map-derive v0.17.0
[INFO] [stderr]     Checking resvg v0.37.0
[INFO] [stderr]     Checking arboard v3.4.1
[INFO] [stderr]     Checking webbrowser v1.0.3
[INFO] [stdout] For more information about this error, try `rustc --explain E0283`.
[INFO] [stdout] 
[INFO] [stderr] error: could not compile `bevy_ecs` (lib) due to 34 previous errors
[INFO] [stderr] warning: build failed, waiting for other jobs to finish...
[INFO] running `Command { std: "docker" "inspect" "c7a6bd383721107c9e16af6cf0a41da59ce1ccb6f11f0d8ec354ed051f781fa0", kill_on_drop: false }`
[INFO] running `Command { std: "docker" "rm" "-f" "c7a6bd383721107c9e16af6cf0a41da59ce1ccb6f11f0d8ec354ed051f781fa0", kill_on_drop: false }`
[INFO] [stdout] c7a6bd383721107c9e16af6cf0a41da59ce1ccb6f11f0d8ec354ed051f781fa0
