[INFO] cloning repository https://github.com/minicom365/ext4-bridge-windows
[INFO] running `Command { std: "git" "-c" "credential.helper=" "-c" "credential.helper=/workspace/cargo-home/bin/git-credential-null" "clone" "--bare" "https://github.com/minicom365/ext4-bridge-windows" "/workspace/cache/git-repos/https%3A%2F%2Fgithub.com%2Fminicom365%2Fext4-bridge-windows", kill_on_drop: false }`
[INFO] [stderr] Cloning into bare repository '/workspace/cache/git-repos/https%3A%2F%2Fgithub.com%2Fminicom365%2Fext4-bridge-windows'...
[INFO] running `Command { std: "git" "rev-parse" "HEAD", kill_on_drop: false }`
[INFO] [stdout] a5e753cc36ddbbbf2a1298875c4d5644ee84aae0
[INFO] checking minicom365/ext4-bridge-windows against 3154cc1a3e6424e44f438a95007d043ed5ceaaf6 for pr-133502-30
[INFO] running `Command { std: "git" "clone" "/workspace/cache/git-repos/https%3A%2F%2Fgithub.com%2Fminicom365%2Fext4-bridge-windows" "/workspace/builds/worker-7-tc2/source", kill_on_drop: false }`
[INFO] [stderr] Cloning into '/workspace/builds/worker-7-tc2/source'...
[INFO] [stderr] done.
[INFO] started tweaking git repo https://github.com/minicom365/ext4-bridge-windows
[INFO] finished tweaking git repo https://github.com/minicom365/ext4-bridge-windows
[INFO] tweaked toml for git repo https://github.com/minicom365/ext4-bridge-windows written to /workspace/builds/worker-7-tc2/source/Cargo.toml
[INFO] validating manifest of git repo https://github.com/minicom365/ext4-bridge-windows on toolchain 3154cc1a3e6424e44f438a95007d043ed5ceaaf6
[INFO] running `Command { std: CARGO_HOME="/workspace/cargo-home" RUSTUP_HOME="/workspace/rustup-home" "/workspace/cargo-home/bin/cargo" "+3154cc1a3e6424e44f438a95007d043ed5ceaaf6" "metadata" "--manifest-path" "Cargo.toml" "--no-deps", kill_on_drop: false }`
[INFO] crate git repo https://github.com/minicom365/ext4-bridge-windows already has a lockfile, it will not be regenerated
[INFO] running `Command { std: CARGO_HOME="/workspace/cargo-home" RUSTUP_HOME="/workspace/rustup-home" "/workspace/cargo-home/bin/cargo" "+3154cc1a3e6424e44f438a95007d043ed5ceaaf6" "fetch" "--manifest-path" "Cargo.toml", kill_on_drop: false }`
[INFO] [stderr]     Blocking waiting for file lock on package cache
[INFO] [stderr]     Updating crates.io index
[INFO] [stderr]     Blocking waiting for file lock on package cache
[ERROR] error running command: no output for 300 seconds
[INFO] checking minicom365/ext4-bridge-windows against 3154cc1a3e6424e44f438a95007d043ed5ceaaf6 for pr-133502-30
[INFO] running `Command { std: "git" "clone" "/workspace/cache/git-repos/https%3A%2F%2Fgithub.com%2Fminicom365%2Fext4-bridge-windows" "/workspace/builds/worker-7-tc2/source", kill_on_drop: false }`
[INFO] [stderr] Cloning into '/workspace/builds/worker-7-tc2/source'...
[INFO] [stderr] done.
[INFO] started tweaking git repo https://github.com/minicom365/ext4-bridge-windows
[INFO] finished tweaking git repo https://github.com/minicom365/ext4-bridge-windows
[INFO] tweaked toml for git repo https://github.com/minicom365/ext4-bridge-windows written to /workspace/builds/worker-7-tc2/source/Cargo.toml
[INFO] validating manifest of git repo https://github.com/minicom365/ext4-bridge-windows on toolchain 3154cc1a3e6424e44f438a95007d043ed5ceaaf6
[INFO] running `Command { std: CARGO_HOME="/workspace/cargo-home" RUSTUP_HOME="/workspace/rustup-home" "/workspace/cargo-home/bin/cargo" "+3154cc1a3e6424e44f438a95007d043ed5ceaaf6" "metadata" "--manifest-path" "Cargo.toml" "--no-deps", kill_on_drop: false }`
[INFO] crate git repo https://github.com/minicom365/ext4-bridge-windows already has a lockfile, it will not be regenerated
[INFO] running `Command { std: CARGO_HOME="/workspace/cargo-home" RUSTUP_HOME="/workspace/rustup-home" "/workspace/cargo-home/bin/cargo" "+3154cc1a3e6424e44f438a95007d043ed5ceaaf6" "fetch" "--manifest-path" "Cargo.toml", kill_on_drop: false }`
[INFO] [stderr]     Blocking waiting for file lock on package cache
[INFO] [stderr]     Blocking waiting for file lock on package cache
[INFO] [stderr]  Downloading crates ...
[INFO] [stderr]   Downloaded uniffi_checksum_derive v0.28.3
[INFO] [stderr]   Downloaded uniffi v0.28.3
[INFO] [stderr]   Downloaded uniffi_meta v0.28.3
[INFO] [stderr]   Downloaded uniffi_core v0.28.3
[INFO] [stderr]   Downloaded uniffi_macros v0.28.3
[INFO] [stderr]   Downloaded uniffi_testing v0.28.3
[INFO] [stderr]   Downloaded uniffi_build v0.28.3
[INFO] [stderr]   Downloaded uniffi_udl v0.28.3
[INFO] [stderr]   Downloaded ext4-lwext4 v0.1.2
[INFO] [stderr]   Downloaded ext4-lwext4-sys v0.1.2
[INFO] [stderr]   Downloaded uniffi_bindgen v0.28.3
[INFO] running `Command { std: "docker" "create" "-v" "/var/lib/crater-agent-workspace/builds/worker-7-tc2/source:/opt/rustwide/workdir:ro,Z" "-v" "/var/lib/crater-agent-workspace/builds/worker-7-tc2/target:/opt/rustwide/target:rw,Z" "-v" "/var/lib/crater-agent-workspace/cargo-home:/opt/rustwide/cargo-home:ro,Z" "-v" "/var/lib/crater-agent-workspace/rustup-home:/opt/rustwide/rustup-home:ro,Z" "-m" "1610612736" "--network" "none" "ghcr.io/rust-lang/crates-build-env/linux@sha256:77db811e55d90add9212f6832c23229e3de5f1c1f9905e8cb07319ea15df73ac" "sleep" "infinity", kill_on_drop: false }`
[INFO] [stdout] d023d36b26466dda2f63de390c284ef36640f292233062ad3e97d5f63520a66d
[INFO] running `Command { std: "docker" "start" "d023d36b26466dda2f63de390c284ef36640f292233062ad3e97d5f63520a66d", kill_on_drop: false }`
[INFO] running `Command { std: "docker" "inspect" "d023d36b26466dda2f63de390c284ef36640f292233062ad3e97d5f63520a66d", kill_on_drop: false }`
[INFO] running `Command { std: "docker" "exec" "-e" "SOURCE_DIR=/opt/rustwide/workdir" "-e" "CARGO_HOME=/opt/rustwide/cargo-home" "-e" "RUSTUP_HOME=/opt/rustwide/rustup-home" "-e" "CARGO_TARGET_DIR=/opt/rustwide/target" "-w" "/opt/rustwide/workdir" "--user" "0:0" "d023d36b26466dda2f63de390c284ef36640f292233062ad3e97d5f63520a66d" "/opt/rustwide/cargo-home/bin/cargo" "+3154cc1a3e6424e44f438a95007d043ed5ceaaf6" "metadata" "--no-deps" "--format-version=1", kill_on_drop: false }`
[INFO] running `Command { std: "docker" "inspect" "d023d36b26466dda2f63de390c284ef36640f292233062ad3e97d5f63520a66d", kill_on_drop: false }`
[INFO] running `Command { std: "docker" "exec" "-e" "SOURCE_DIR=/opt/rustwide/workdir" "-e" "CARGO_HOME=/opt/rustwide/cargo-home" "-e" "RUSTUP_HOME=/opt/rustwide/rustup-home" "-e" "CARGO_TARGET_DIR=/opt/rustwide/target" "-e" "CARGO_INCREMENTAL=0" "-e" "RUST_BACKTRACE=full" "-e" "RUSTFLAGS=--cap-lints=forbid" "-e" "RUSTDOCFLAGS=--cap-lints=forbid" "-w" "/opt/rustwide/workdir" "--user" "0:0" "d023d36b26466dda2f63de390c284ef36640f292233062ad3e97d5f63520a66d" "/opt/rustwide/cargo-home/bin/cargo" "+3154cc1a3e6424e44f438a95007d043ed5ceaaf6" "check" "--frozen" "--all" "--all-targets" "--message-format=json", kill_on_drop: false }`
[INFO] [stderr]    Compiling mime v0.3.17
[INFO] [stderr]    Compiling serde_core v1.0.229
[INFO] [stderr]    Compiling camino v1.2.5
[INFO] [stderr]    Compiling fs-err v2.11.0
[INFO] [stderr]    Compiling serde_json v1.0.151
[INFO] [stderr]    Compiling nom v7.1.3
[INFO] [stderr]    Compiling mime_guess v2.0.5
[INFO] [stderr]    Compiling smawk v0.3.3
[INFO] [stderr]    Compiling syn v2.0.119
[INFO] [stderr]    Compiling syn v3.0.3
[INFO] [stderr]    Compiling askama_escape v0.10.3
[INFO] [stderr]    Compiling find-msvc-tools v0.1.10
[INFO] [stderr]     Checking siphasher v0.3.11
[INFO] [stderr]    Compiling windows_x86_64_gnu v0.52.6
[INFO] [stderr]    Compiling uniffi_core v0.28.3
[INFO] [stderr]    Compiling nix v0.31.3
[INFO] [stderr]    Compiling textwrap v0.16.2
[INFO] [stderr]    Compiling cc v1.4.2
[INFO] [stderr]     Checking clap_builder v4.6.6
[INFO] [stderr]     Checking glob v0.3.4
[INFO] [stderr]     Checking windows-targets v0.52.6
[INFO] [stderr]     Checking windows-sys v0.52.0
[INFO] [stderr]     Checking ctrlc v3.5.2
[INFO] [stderr]    Compiling ext4-lwext4-sys v0.1.2
[INFO] [stderr]     Checking weedle2 v5.0.0
[INFO] [stderr]    Compiling askama_parser v0.2.1
[INFO] [stderr]     Checking semver v1.0.28
[INFO] [stderr]    Compiling thiserror-impl v1.0.69
[INFO] [stderr]    Compiling uniffi_checksum_derive v0.28.3
[INFO] [stderr]    Compiling scroll_derive v0.12.1
[INFO] [stderr]    Compiling serde_derive v1.0.229
[INFO] [stderr]    Compiling clap_derive v4.6.4
[INFO] [stderr]    Compiling uniffi_meta v0.28.3
[INFO] [stderr]    Compiling scroll v0.12.0
[INFO] [stderr]     Checking goblin v0.8.2
[INFO] [stderr]    Compiling thiserror v1.0.69
[INFO] [stderr]     Checking ext4-lwext4 v0.1.2
[INFO] [stderr]     Checking clap v4.6.6
[INFO] [stderr]    Compiling serde v1.0.229
[INFO] [stderr]     Checking cargo-platform v0.1.9
[INFO] [stderr]     Checking toml v0.5.11
[INFO] [stderr]    Compiling basic-toml v0.1.10
[INFO] [stderr]    Compiling bincode v1.3.3
[INFO] [stderr]     Checking cargo_metadata v0.15.4
[INFO] [stderr]    Compiling askama_derive v0.12.5
[INFO] [stderr]     Checking uniffi_testing v0.28.3
[INFO] [stderr]     Checking uniffi_udl v0.28.3
[INFO] [stderr]    Compiling uniffi_macros v0.28.3
[INFO] [stderr]    Compiling askama v0.12.1
[INFO] [stderr]     Checking uniffi_bindgen v0.28.3
[INFO] [stderr]     Checking uniffi v0.28.3
[INFO] [stderr]    Compiling uniffi_build v0.28.3
[INFO] [stderr]    Compiling ext4_bridge v0.1.0 (/opt/rustwide/workdir)
[INFO] [stdout] error[E0433]: cannot find `windows` in `os`
[INFO] [stdout]  --> src/disk_io.rs:2:14
[INFO] [stdout]   |
[INFO] [stdout] 2 | use std::os::windows::ffi::OsStrExt;
[INFO] [stdout]   |              ^^^^^^^ could not find `windows` in `os`
[INFO] [stdout]   |
[INFO] [stdout] note: found an item that was configured out
[INFO] [stdout]  --> /rustc/3154cc1a3e6424e44f438a95007d043ed5ceaaf6/library/std/src/os/mod.rs:62:4
[INFO] [stdout]   |
[INFO] [stdout]   = note: the item is gated behind the `windows` feature
[INFO] [stdout] 
[INFO] [stdout] 
[INFO] [stdout] error[E0433]: cannot find `windows` in `os`
[INFO] [stdout]  --> src/disk_io.rs:2:14
[INFO] [stdout]   |
[INFO] [stdout] 2 | use std::os::windows::ffi::OsStrExt;
[INFO] [stdout]   |              ^^^^^^^ could not find `windows` in `os`
[INFO] [stdout]   |
[INFO] [stdout] note: found an item that was configured out
[INFO] [stdout]  --> /rustc/3154cc1a3e6424e44f438a95007d043ed5ceaaf6/library/std/src/os/mod.rs:62:4
[INFO] [stdout]   |
[INFO] [stdout]   = note: the item is gated behind the `windows` feature
[INFO] [stdout] 
[INFO] [stdout] 
[INFO] [stdout] error[E0599]: no method named `encode_wide` found for reference `&OsStr` in the current scope
[INFO] [stdout]    --> src/disk_io.rs:105:14
[INFO] [stdout]     |
[INFO] [stdout] 104 |         let wide: Vec<u16> = OsStr::new(disk_path)
[INFO] [stdout] 105 |             .encode_wide()
[INFO] [stdout]     |              ^^^^^^^^^^^ method not found in `&OsStr`
[INFO] [stdout] 
[INFO] [stdout] 
[INFO] [stdout] error[E0599]: no method named `encode_wide` found for reference `&OsStr` in the current scope
[INFO] [stdout]    --> src/disk_io.rs:105:14
[INFO] [stdout]     |
[INFO] [stdout] 104 |         let wide: Vec<u16> = OsStr::new(disk_path)
[INFO] [stdout] 105 |             .encode_wide()
[INFO] [stdout]     |              ^^^^^^^^^^^ method not found in `&OsStr`
[INFO] [stdout] 
[INFO] [stdout] 
[INFO] [stdout] Some errors have detailed explanations: E0433, E0599.
[INFO] [stdout] 
[INFO] [stdout] For more information about an error, try `rustc --explain E0433`.
[INFO] [stdout] 
[INFO] [stdout] Some errors have detailed explanations: E0433, E0599.
[INFO] [stdout] 
[INFO] [stdout] For more information about an error, try `rustc --explain E0433`.
[INFO] [stdout] 
[INFO] [stderr] error: could not compile `ext4_bridge` (lib test) due to 2 previous errors
[INFO] [stderr] warning: build failed, waiting for other jobs to finish...
[INFO] [stderr] error: could not compile `ext4_bridge` (lib) due to 2 previous errors
[INFO] running `Command { std: "docker" "inspect" "d023d36b26466dda2f63de390c284ef36640f292233062ad3e97d5f63520a66d", kill_on_drop: false }`
[INFO] running `Command { std: "docker" "rm" "-f" "d023d36b26466dda2f63de390c284ef36640f292233062ad3e97d5f63520a66d", kill_on_drop: false }`
[INFO] [stdout] d023d36b26466dda2f63de390c284ef36640f292233062ad3e97d5f63520a66d
