[INFO] cloning repository https://github.com/ds8space-hub/VitalStead
[INFO] running `Command { std: "git" "-c" "credential.helper=" "-c" "credential.helper=/workspace/cargo-home/bin/git-credential-null" "clone" "--bare" "https://github.com/ds8space-hub/VitalStead" "/workspace/cache/git-repos/https%3A%2F%2Fgithub.com%2Fds8space-hub%2FVitalStead", kill_on_drop: false }`
[INFO] [stderr] Cloning into bare repository '/workspace/cache/git-repos/https%3A%2F%2Fgithub.com%2Fds8space-hub%2FVitalStead'...
[INFO] running `Command { std: "git" "rev-parse" "HEAD", kill_on_drop: false }`
[INFO] [stdout] 17a2899cf43aa8314746d806c031956f823ad6ac
[INFO] checking ds8space-hub/VitalStead/17a2899cf43aa8314746d806c031956f823ad6ac against 3154cc1a3e6424e44f438a95007d043ed5ceaaf6+rustflags=-Znext-solver=coherence for pr-133502-30
[INFO] running `Command { std: "git" "clone" "/workspace/cache/git-repos/https%3A%2F%2Fgithub.com%2Fds8space-hub%2FVitalStead" "/workspace/builds/worker-2-tc1/source", kill_on_drop: false }`
[INFO] [stderr] Cloning into '/workspace/builds/worker-2-tc1/source'...
[INFO] [stderr] done.
[INFO] started tweaking git repo https://github.com/ds8space-hub/VitalStead
[INFO] finished tweaking git repo https://github.com/ds8space-hub/VitalStead
[INFO] tweaked toml for git repo https://github.com/ds8space-hub/VitalStead written to /workspace/builds/worker-2-tc1/source/Cargo.toml
[INFO] validating manifest of git repo https://github.com/ds8space-hub/VitalStead on toolchain 3154cc1a3e6424e44f438a95007d043ed5ceaaf6
[INFO] running `Command { std: CARGO_HOME="/workspace/cargo-home" RUSTUP_HOME="/workspace/rustup-home" "/workspace/cargo-home/bin/cargo" "+3154cc1a3e6424e44f438a95007d043ed5ceaaf6" "metadata" "--manifest-path" "Cargo.toml" "--no-deps", kill_on_drop: false }`
[INFO] crate git repo https://github.com/ds8space-hub/VitalStead already has a lockfile, it will not be regenerated
[INFO] running `Command { std: CARGO_HOME="/workspace/cargo-home" RUSTUP_HOME="/workspace/rustup-home" "/workspace/cargo-home/bin/cargo" "+3154cc1a3e6424e44f438a95007d043ed5ceaaf6" "fetch" "--manifest-path" "Cargo.toml", kill_on_drop: false }`
[INFO] [stderr]  Downloading crates ...
[INFO] [stderr]   Downloaded uuid v1.23.5
[INFO] [stderr]   Downloaded regex-automata v0.4.15
[INFO] [stderr]   Downloaded zbus v5.17.0
[INFO] [stderr]   Downloaded zvariant_derive v5.13.0
[INFO] [stderr]   Downloaded zvariant v5.13.0
[INFO] [stderr]   Downloaded zbus_names v4.3.3
[INFO] [stderr]   Downloaded zbus_macros v5.17.0
[INFO] [stderr]   Downloaded regex v1.13.0
[INFO] running `Command { std: "docker" "create" "-v" "/var/lib/crater-agent-workspace/builds/worker-2-tc1/source:/opt/rustwide/workdir:ro,Z" "-v" "/var/lib/crater-agent-workspace/builds/worker-2-tc1/target:/opt/rustwide/target:rw,Z" "-v" "/var/lib/crater-agent-workspace/cargo-home:/opt/rustwide/cargo-home:ro,Z" "-v" "/var/lib/crater-agent-workspace/rustup-home:/opt/rustwide/rustup-home:ro,Z" "-m" "1610612736" "--network" "none" "ghcr.io/rust-lang/crates-build-env/linux@sha256:77db811e55d90add9212f6832c23229e3de5f1c1f9905e8cb07319ea15df73ac" "sleep" "infinity", kill_on_drop: false }`
[INFO] [stdout] 8e33e88a6c29c583d172fdc0a300c7ab00ed161366d7e4de2e7610f51f51a984
[INFO] running `Command { std: "docker" "start" "8e33e88a6c29c583d172fdc0a300c7ab00ed161366d7e4de2e7610f51f51a984", kill_on_drop: false }`
[INFO] running `Command { std: "docker" "inspect" "8e33e88a6c29c583d172fdc0a300c7ab00ed161366d7e4de2e7610f51f51a984", kill_on_drop: false }`
[INFO] running `Command { std: "docker" "exec" "-e" "SOURCE_DIR=/opt/rustwide/workdir" "-e" "CARGO_HOME=/opt/rustwide/cargo-home" "-e" "RUSTUP_HOME=/opt/rustwide/rustup-home" "-e" "CARGO_TARGET_DIR=/opt/rustwide/target" "-w" "/opt/rustwide/workdir" "--user" "0:0" "8e33e88a6c29c583d172fdc0a300c7ab00ed161366d7e4de2e7610f51f51a984" "/opt/rustwide/cargo-home/bin/cargo" "+3154cc1a3e6424e44f438a95007d043ed5ceaaf6" "metadata" "--no-deps" "--format-version=1", kill_on_drop: false }`
[INFO] running `Command { std: "docker" "inspect" "8e33e88a6c29c583d172fdc0a300c7ab00ed161366d7e4de2e7610f51f51a984", kill_on_drop: false }`
[INFO] running `Command { std: "docker" "exec" "-e" "SOURCE_DIR=/opt/rustwide/workdir" "-e" "CARGO_HOME=/opt/rustwide/cargo-home" "-e" "RUSTUP_HOME=/opt/rustwide/rustup-home" "-e" "CARGO_TARGET_DIR=/opt/rustwide/target" "-e" "CARGO_INCREMENTAL=0" "-e" "RUST_BACKTRACE=full" "-e" "RUSTFLAGS=--cap-lints=forbid -Znext-solver=coherence" "-e" "RUSTDOCFLAGS=--cap-lints=forbid" "-w" "/opt/rustwide/workdir" "--user" "0:0" "8e33e88a6c29c583d172fdc0a300c7ab00ed161366d7e4de2e7610f51f51a984" "/opt/rustwide/cargo-home/bin/cargo" "+3154cc1a3e6424e44f438a95007d043ed5ceaaf6" "check" "--frozen" "--all" "--all-targets" "--message-format=json", kill_on_drop: false }`
[INFO] [stderr]    Compiling quote v1.0.46
[INFO] [stderr]     Checking mio v1.2.1
[INFO] [stderr]     Checking socket2 v0.6.4
[INFO] [stderr]    Compiling cc v1.2.67
[INFO] [stderr]     Checking rustls-pki-types v1.15.0
[INFO] [stderr]     Checking getrandom v0.2.17
[INFO] [stderr]    Compiling num-traits v0.2.19
[INFO] [stderr]    Compiling serde_core v1.0.228
[INFO] [stderr]    Compiling serde_json v1.0.150
[INFO] [stderr]     Checking bitflags v2.13.0
[INFO] [stderr]     Checking regex-syntax v0.8.11
[INFO] [stderr]     Checking getrandom v0.4.3
[INFO] [stderr]     Checking webpki-roots v1.0.8
[INFO] [stderr]    Compiling syn v2.0.119
[INFO] [stderr]    Compiling rmcp v2.2.0
[INFO] [stderr]     Checking http-body-util v0.1.4
[INFO] [stderr]     Checking uuid v1.23.5
[INFO] [stderr]     Checking rustix v1.1.4
[INFO] [stderr]    Compiling ring v0.17.14
[INFO] [stderr]     Checking regex-automata v0.4.15
[INFO] [stderr]     Checking tempfile v3.27.0
[INFO] [stderr]     Checking matchers v0.2.0
[INFO] [stderr]    Compiling rustls v0.23.42
[INFO] [stderr]    Compiling synstructure v0.13.2
[INFO] [stderr]    Compiling darling_core v0.23.0
[INFO] [stderr]    Compiling serde_derive_internals v0.29.1
[INFO] [stderr]    Compiling zerofrom-derive v0.1.7
[INFO] [stderr]    Compiling yoke-derive v0.8.2
[INFO] [stderr]    Compiling zerovec-derive v0.11.3
[INFO] [stderr]    Compiling displaydoc v0.2.6
[INFO] [stderr]    Compiling tokio-macros v2.7.0
[INFO] [stderr]    Compiling futures-macro v0.3.32
[INFO] [stderr]    Compiling tracing-attributes v0.1.31
[INFO] [stderr]     Checking futures-util v0.3.32
[INFO] [stderr]     Checking tokio v1.52.3
[INFO] [stderr]    Compiling serde_derive v1.0.228
[INFO] [stderr]     Checking rustls-webpki v0.103.13
[INFO] [stderr]     Checking zerofrom v0.1.8
[INFO] [stderr]    Compiling ref-cast-impl v1.0.25
[INFO] [stderr]     Checking yoke v0.8.3
[INFO] [stderr]     Checking tracing v0.1.44
[INFO] [stderr]     Checking zerovec v0.11.6
[INFO] [stderr]     Checking zerotrie v0.2.4
[INFO] [stderr]     Checking ref-cast v1.0.25
[INFO] [stderr]    Compiling schemars_derive v1.2.1
[INFO] [stderr]    Compiling thiserror-impl v2.0.18
[INFO] [stderr]     Checking tinystr v0.8.3
[INFO] [stderr]     Checking icu_locale_core v2.2.0
[INFO] [stderr]     Checking potential_utf v0.1.5
[INFO] [stderr]     Checking icu_collections v2.2.0
[INFO] [stderr]     Checking icu_provider v2.2.0
[INFO] [stderr]    Compiling darling_macro v0.23.0
[INFO] [stderr]     Checking thiserror v2.0.18
[INFO] [stderr]    Compiling darling v0.23.0
[INFO] [stderr]    Compiling async-trait v0.1.89
[INFO] [stderr]    Compiling rmcp-macros v2.2.0
[INFO] [stderr]     Checking icu_normalizer v2.2.0
[INFO] [stderr]     Checking icu_properties v2.2.0
[INFO] [stderr]     Checking futures-executor v0.3.32
[INFO] [stderr]     Checking futures v0.3.32
[INFO] [stderr]     Checking tracing-subscriber v0.3.23
[INFO] [stderr]     Checking hyper v1.10.1
[INFO] [stderr]     Checking tower v0.5.3
[INFO] [stderr]     Checking tokio-util v0.7.18
[INFO] [stderr]     Checking serde v1.0.228
[INFO] [stderr]     Checking idna_adapter v1.2.2
[INFO] [stderr]     Checking idna v1.1.0
[INFO] [stderr]     Checking chrono v0.4.45
[INFO] [stderr]     Checking serde_urlencoded v0.7.1
[INFO] [stderr]     Checking tokio-rustls v0.26.4
[INFO] [stderr]     Checking url v2.5.8
[INFO] [stderr]     Checking hyper-util v0.1.20
[INFO] [stderr]     Checking tower-http v0.6.11
[INFO] [stderr]     Checking schemars v1.2.1
[INFO] [stderr]     Checking hyper-rustls v0.27.9
[INFO] [stderr]     Checking reqwest v0.12.28
[INFO] [stderr]     Checking vitalstead-mcp v0.1.0 (/opt/rustwide/workdir)
[INFO] [stdout] error[E0432]: unresolved imports `vitalstead_mcp::build_credential_vault`, `vitalstead_mcp::build_oauth_callback_handler`
[INFO] [stdout]   --> examples/whoop_manual_connect.rs:29:22
[INFO] [stdout]    |
[INFO] [stdout] 29 | use vitalstead_mcp::{build_credential_vault, build_oauth_callback_handler, build_token_exchange_client};
[INFO] [stdout]    |                      ^^^^^^^^^^^^^^^^^^^^^^  ^^^^^^^^^^^^^^^^^^^^^^^^^^^^ no `build_oauth_callback_handler` in the root
[INFO] [stdout]    |                      |
[INFO] [stdout]    |                      no `build_credential_vault` in the root
[INFO] [stdout]    |
[INFO] [stdout] note: found an item that was configured out
[INFO] [stdout]   --> src/lib.rs:27:8
[INFO] [stdout]    |
[INFO] [stdout] 26 | #[cfg(target_os = "macos")]
[INFO] [stdout]    |       ------------------- the item is gated behind the `macos` feature
[INFO] [stdout] 27 | pub fn build_credential_vault() -> Box<dyn adapters::CredentialVault> {
[INFO] [stdout]    |        ^^^^^^^^^^^^^^^^^^^^^^
[INFO] [stdout] note: found an item that was configured out
[INFO] [stdout]   --> src/lib.rs:36:8
[INFO] [stdout]    |
[INFO] [stdout] 35 | #[cfg(target_os = "macos")]
[INFO] [stdout]    |       ------------------- the item is gated behind the `macos` feature
[INFO] [stdout] 36 | pub fn build_oauth_callback_handler() -> Box<dyn adapters::OAuthCallbackHandler> {
[INFO] [stdout]    |        ^^^^^^^^^^^^^^^^^^^^^^^^^^^^
[INFO] [stdout] 
[INFO] [stdout] 
[INFO] [stdout] For more information about this error, try `rustc --explain E0432`.
[INFO] [stdout] 
[INFO] [stderr] error: could not compile `vitalstead-mcp` (example "whoop_manual_connect") due to 1 previous error
[INFO] [stderr] warning: build failed, waiting for other jobs to finish...
[INFO] [stdout] error[E0425]: cannot find function `build_oauth_callback_handler` in crate `vitalstead_mcp`
[INFO] [stdout]     --> src/main.rs:2079:35
[INFO] [stdout]      |
[INFO] [stdout] 2079 |         Arc::from(vitalstead_mcp::build_oauth_callback_handler());
[INFO] [stdout]      |                                   ^^^^^^^^^^^^^^^^^^^^^^^^^^^^ not found in `vitalstead_mcp`
[INFO] [stdout]      |
[INFO] [stdout] note: found an item that was configured out
[INFO] [stdout]     --> src/lib.rs:36:8
[INFO] [stdout]      |
[INFO] [stdout]   35 | #[cfg(target_os = "macos")]
[INFO] [stdout]      |       ------------------- the item is gated behind the `macos` feature
[INFO] [stdout]   36 | pub fn build_oauth_callback_handler() -> Box<dyn adapters::OAuthCallbackHandler> {
[INFO] [stdout]      |        ^^^^^^^^^^^^^^^^^^^^^^^^^^^^
[INFO] [stdout] 
[INFO] [stdout] 
[INFO] [stdout] error[E0425]: cannot find function `build_credential_vault` in crate `vitalstead_mcp`
[INFO] [stdout]     --> src/main.rs:2083:35
[INFO] [stdout]      |
[INFO] [stdout] 2083 |         Arc::from(vitalstead_mcp::build_credential_vault());
[INFO] [stdout]      |                                   ^^^^^^^^^^^^^^^^^^^^^^ not found in `vitalstead_mcp`
[INFO] [stdout]      |
[INFO] [stdout] note: found an item that was configured out
[INFO] [stdout]     --> src/lib.rs:27:8
[INFO] [stdout]      |
[INFO] [stdout]   26 | #[cfg(target_os = "macos")]
[INFO] [stdout]      |       ------------------- the item is gated behind the `macos` feature
[INFO] [stdout]   27 | pub fn build_credential_vault() -> Box<dyn adapters::CredentialVault> {
[INFO] [stdout]      |        ^^^^^^^^^^^^^^^^^^^^^^
[INFO] [stdout] 
[INFO] [stdout] 
[INFO] [stdout] error[E0425]: cannot find function `build_oauth_callback_handler` in crate `vitalstead_mcp`
[INFO] [stdout]     --> src/main.rs:2079:35
[INFO] [stdout]      |
[INFO] [stdout] 2079 |         Arc::from(vitalstead_mcp::build_oauth_callback_handler());
[INFO] [stdout]      |                                   ^^^^^^^^^^^^^^^^^^^^^^^^^^^^ not found in `vitalstead_mcp`
[INFO] [stdout]      |
[INFO] [stdout] note: found an item that was configured out
[INFO] [stdout]     --> src/lib.rs:36:8
[INFO] [stdout]      |
[INFO] [stdout]   35 | #[cfg(target_os = "macos")]
[INFO] [stdout]      |       ------------------- the item is gated behind the `macos` feature
[INFO] [stdout]   36 | pub fn build_oauth_callback_handler() -> Box<dyn adapters::OAuthCallbackHandler> {
[INFO] [stdout]      |        ^^^^^^^^^^^^^^^^^^^^^^^^^^^^
[INFO] [stdout] 
[INFO] [stdout] 
[INFO] [stdout] error[E0425]: cannot find function `build_credential_vault` in crate `vitalstead_mcp`
[INFO] [stdout]     --> src/main.rs:2083:35
[INFO] [stdout]      |
[INFO] [stdout] 2083 |         Arc::from(vitalstead_mcp::build_credential_vault());
[INFO] [stdout]      |                                   ^^^^^^^^^^^^^^^^^^^^^^ not found in `vitalstead_mcp`
[INFO] [stdout]      |
[INFO] [stdout] note: found an item that was configured out
[INFO] [stdout]     --> src/lib.rs:27:8
[INFO] [stdout]      |
[INFO] [stdout]   26 | #[cfg(target_os = "macos")]
[INFO] [stdout]      |       ------------------- the item is gated behind the `macos` feature
[INFO] [stdout]   27 | pub fn build_credential_vault() -> Box<dyn adapters::CredentialVault> {
[INFO] [stdout]      |        ^^^^^^^^^^^^^^^^^^^^^^
[INFO] [stdout] 
[INFO] [stdout] 
[INFO] [stdout] error[E0425]: cannot find function `build_oauth_callback_handler` in crate `vitalstead_mcp`
[INFO] [stdout]     --> src/main.rs:2187:39
[INFO] [stdout]      |
[INFO] [stdout] 2187 |             Arc::from(vitalstead_mcp::build_oauth_callback_handler());
[INFO] [stdout]      |                                       ^^^^^^^^^^^^^^^^^^^^^^^^^^^^ not found in `vitalstead_mcp`
[INFO] [stdout]      |
[INFO] [stdout] note: found an item that was configured out
[INFO] [stdout]     --> src/lib.rs:36:8
[INFO] [stdout]      |
[INFO] [stdout]   35 | #[cfg(target_os = "macos")]
[INFO] [stdout]      |       ------------------- the item is gated behind the `macos` feature
[INFO] [stdout]   36 | pub fn build_oauth_callback_handler() -> Box<dyn adapters::OAuthCallbackHandler> {
[INFO] [stdout]      |        ^^^^^^^^^^^^^^^^^^^^^^^^^^^^
[INFO] [stdout] 
[INFO] [stdout] 
[INFO] [stdout] error[E0425]: cannot find function `build_credential_vault` in crate `vitalstead_mcp`
[INFO] [stdout]     --> src/main.rs:2191:39
[INFO] [stdout]      |
[INFO] [stdout] 2191 |             Arc::from(vitalstead_mcp::build_credential_vault());
[INFO] [stdout]      |                                       ^^^^^^^^^^^^^^^^^^^^^^ not found in `vitalstead_mcp`
[INFO] [stdout]      |
[INFO] [stdout] note: found an item that was configured out
[INFO] [stdout]     --> src/lib.rs:27:8
[INFO] [stdout]      |
[INFO] [stdout]   26 | #[cfg(target_os = "macos")]
[INFO] [stdout]      |       ------------------- the item is gated behind the `macos` feature
[INFO] [stdout]   27 | pub fn build_credential_vault() -> Box<dyn adapters::CredentialVault> {
[INFO] [stdout]      |        ^^^^^^^^^^^^^^^^^^^^^^
[INFO] [stdout] 
[INFO] [stdout] 
[INFO] [stdout] error[E0425]: cannot find function `build_oauth_callback_handler` in crate `vitalstead_mcp`
[INFO] [stdout]     --> src/main.rs:2473:39
[INFO] [stdout]      |
[INFO] [stdout] 2473 |             Arc::from(vitalstead_mcp::build_oauth_callback_handler());
[INFO] [stdout]      |                                       ^^^^^^^^^^^^^^^^^^^^^^^^^^^^ not found in `vitalstead_mcp`
[INFO] [stdout]      |
[INFO] [stdout] note: found an item that was configured out
[INFO] [stdout]     --> src/lib.rs:36:8
[INFO] [stdout]      |
[INFO] [stdout]   35 | #[cfg(target_os = "macos")]
[INFO] [stdout]      |       ------------------- the item is gated behind the `macos` feature
[INFO] [stdout]   36 | pub fn build_oauth_callback_handler() -> Box<dyn adapters::OAuthCallbackHandler> {
[INFO] [stdout]      |        ^^^^^^^^^^^^^^^^^^^^^^^^^^^^
[INFO] [stdout] 
[INFO] [stdout] 
[INFO] [stdout] error[E0425]: cannot find function `build_credential_vault` in crate `vitalstead_mcp`
[INFO] [stdout]     --> src/main.rs:2477:39
[INFO] [stdout]      |
[INFO] [stdout] 2477 |             Arc::from(vitalstead_mcp::build_credential_vault());
[INFO] [stdout]      |                                       ^^^^^^^^^^^^^^^^^^^^^^ not found in `vitalstead_mcp`
[INFO] [stdout]      |
[INFO] [stdout] note: found an item that was configured out
[INFO] [stdout]     --> src/lib.rs:27:8
[INFO] [stdout]      |
[INFO] [stdout]   26 | #[cfg(target_os = "macos")]
[INFO] [stdout]      |       ------------------- the item is gated behind the `macos` feature
[INFO] [stdout]   27 | pub fn build_credential_vault() -> Box<dyn adapters::CredentialVault> {
[INFO] [stdout]      |        ^^^^^^^^^^^^^^^^^^^^^^
[INFO] [stdout] 
[INFO] [stdout] 
[INFO] [stdout] error[E0425]: cannot find function `build_oauth_callback_handler` in crate `vitalstead_mcp`
[INFO] [stdout]     --> src/main.rs:2664:39
[INFO] [stdout]      |
[INFO] [stdout] 2664 |             Arc::from(vitalstead_mcp::build_oauth_callback_handler());
[INFO] [stdout]      |                                       ^^^^^^^^^^^^^^^^^^^^^^^^^^^^ not found in `vitalstead_mcp`
[INFO] [stdout]      |
[INFO] [stdout] note: found an item that was configured out
[INFO] [stdout]     --> src/lib.rs:36:8
[INFO] [stdout]      |
[INFO] [stdout]   35 | #[cfg(target_os = "macos")]
[INFO] [stdout]      |       ------------------- the item is gated behind the `macos` feature
[INFO] [stdout]   36 | pub fn build_oauth_callback_handler() -> Box<dyn adapters::OAuthCallbackHandler> {
[INFO] [stdout]      |        ^^^^^^^^^^^^^^^^^^^^^^^^^^^^
[INFO] [stdout] 
[INFO] [stdout] 
[INFO] [stdout] error[E0425]: cannot find function `build_credential_vault` in crate `vitalstead_mcp`
[INFO] [stdout]     --> src/main.rs:2668:39
[INFO] [stdout]      |
[INFO] [stdout] 2668 |             Arc::from(vitalstead_mcp::build_credential_vault());
[INFO] [stdout]      |                                       ^^^^^^^^^^^^^^^^^^^^^^ not found in `vitalstead_mcp`
[INFO] [stdout]      |
[INFO] [stdout] note: found an item that was configured out
[INFO] [stdout]     --> src/lib.rs:27:8
[INFO] [stdout]      |
[INFO] [stdout]   26 | #[cfg(target_os = "macos")]
[INFO] [stdout]      |       ------------------- the item is gated behind the `macos` feature
[INFO] [stdout]   27 | pub fn build_credential_vault() -> Box<dyn adapters::CredentialVault> {
[INFO] [stdout]      |        ^^^^^^^^^^^^^^^^^^^^^^
[INFO] [stdout] 
[INFO] [stdout] 
[INFO] [stdout] error[E0425]: cannot find function `build_oauth_callback_handler` in crate `vitalstead_mcp`
[INFO] [stdout]     --> src/main.rs:2727:39
[INFO] [stdout]      |
[INFO] [stdout] 2727 |             Arc::from(vitalstead_mcp::build_oauth_callback_handler());
[INFO] [stdout]      |                                       ^^^^^^^^^^^^^^^^^^^^^^^^^^^^ not found in `vitalstead_mcp`
[INFO] [stdout]      |
[INFO] [stdout] note: found an item that was configured out
[INFO] [stdout]     --> src/lib.rs:36:8
[INFO] [stdout]      |
[INFO] [stdout]   35 | #[cfg(target_os = "macos")]
[INFO] [stdout]      |       ------------------- the item is gated behind the `macos` feature
[INFO] [stdout]   36 | pub fn build_oauth_callback_handler() -> Box<dyn adapters::OAuthCallbackHandler> {
[INFO] [stdout]      |        ^^^^^^^^^^^^^^^^^^^^^^^^^^^^
[INFO] [stdout] 
[INFO] [stdout] 
[INFO] [stdout] error[E0425]: cannot find function `build_credential_vault` in crate `vitalstead_mcp`
[INFO] [stdout]     --> src/main.rs:2731:39
[INFO] [stdout]      |
[INFO] [stdout] 2731 |             Arc::from(vitalstead_mcp::build_credential_vault());
[INFO] [stdout]      |                                       ^^^^^^^^^^^^^^^^^^^^^^ not found in `vitalstead_mcp`
[INFO] [stdout]      |
[INFO] [stdout] note: found an item that was configured out
[INFO] [stdout]     --> src/lib.rs:27:8
[INFO] [stdout]      |
[INFO] [stdout]   26 | #[cfg(target_os = "macos")]
[INFO] [stdout]      |       ------------------- the item is gated behind the `macos` feature
[INFO] [stdout]   27 | pub fn build_credential_vault() -> Box<dyn adapters::CredentialVault> {
[INFO] [stdout]      |        ^^^^^^^^^^^^^^^^^^^^^^
[INFO] [stdout] 
[INFO] [stdout] 
[INFO] [stdout] error[E0425]: cannot find function `build_oauth_callback_handler` in crate `vitalstead_mcp`
[INFO] [stdout]     --> src/main.rs:2782:39
[INFO] [stdout]      |
[INFO] [stdout] 2782 |             Arc::from(vitalstead_mcp::build_oauth_callback_handler());
[INFO] [stdout]      |                                       ^^^^^^^^^^^^^^^^^^^^^^^^^^^^ not found in `vitalstead_mcp`
[INFO] [stdout]      |
[INFO] [stdout] note: found an item that was configured out
[INFO] [stdout]     --> src/lib.rs:36:8
[INFO] [stdout]      |
[INFO] [stdout]   35 | #[cfg(target_os = "macos")]
[INFO] [stdout]      |       ------------------- the item is gated behind the `macos` feature
[INFO] [stdout]   36 | pub fn build_oauth_callback_handler() -> Box<dyn adapters::OAuthCallbackHandler> {
[INFO] [stdout]      |        ^^^^^^^^^^^^^^^^^^^^^^^^^^^^
[INFO] [stdout] 
[INFO] [stdout] 
[INFO] [stdout] error[E0425]: cannot find function `build_credential_vault` in crate `vitalstead_mcp`
[INFO] [stdout]     --> src/main.rs:2786:39
[INFO] [stdout]      |
[INFO] [stdout] 2786 |             Arc::from(vitalstead_mcp::build_credential_vault());
[INFO] [stdout]      |                                       ^^^^^^^^^^^^^^^^^^^^^^ not found in `vitalstead_mcp`
[INFO] [stdout]      |
[INFO] [stdout] note: found an item that was configured out
[INFO] [stdout]     --> src/lib.rs:27:8
[INFO] [stdout]      |
[INFO] [stdout]   26 | #[cfg(target_os = "macos")]
[INFO] [stdout]      |       ------------------- the item is gated behind the `macos` feature
[INFO] [stdout]   27 | pub fn build_credential_vault() -> Box<dyn adapters::CredentialVault> {
[INFO] [stdout]      |        ^^^^^^^^^^^^^^^^^^^^^^
[INFO] [stdout] 
[INFO] [stdout] 
[INFO] [stdout] error[E0425]: cannot find function `build_oauth_callback_handler` in crate `vitalstead_mcp`
[INFO] [stdout]     --> src/main.rs:3454:39
[INFO] [stdout]      |
[INFO] [stdout] 3454 |             Arc::from(vitalstead_mcp::build_oauth_callback_handler());
[INFO] [stdout]      |                                       ^^^^^^^^^^^^^^^^^^^^^^^^^^^^ not found in `vitalstead_mcp`
[INFO] [stdout]      |
[INFO] [stdout] note: found an item that was configured out
[INFO] [stdout]     --> src/lib.rs:36:8
[INFO] [stdout]      |
[INFO] [stdout]   35 | #[cfg(target_os = "macos")]
[INFO] [stdout]      |       ------------------- the item is gated behind the `macos` feature
[INFO] [stdout]   36 | pub fn build_oauth_callback_handler() -> Box<dyn adapters::OAuthCallbackHandler> {
[INFO] [stdout]      |        ^^^^^^^^^^^^^^^^^^^^^^^^^^^^
[INFO] [stdout] 
[INFO] [stdout] 
[INFO] [stdout] error[E0425]: cannot find function `build_oauth_callback_handler` in crate `vitalstead_mcp`
[INFO] [stdout]     --> src/main.rs:3515:39
[INFO] [stdout]      |
[INFO] [stdout] 3515 |             Arc::from(vitalstead_mcp::build_oauth_callback_handler());
[INFO] [stdout]      |                                       ^^^^^^^^^^^^^^^^^^^^^^^^^^^^ not found in `vitalstead_mcp`
[INFO] [stdout]      |
[INFO] [stdout] note: found an item that was configured out
[INFO] [stdout]     --> src/lib.rs:36:8
[INFO] [stdout]      |
[INFO] [stdout]   35 | #[cfg(target_os = "macos")]
[INFO] [stdout]      |       ------------------- the item is gated behind the `macos` feature
[INFO] [stdout]   36 | pub fn build_oauth_callback_handler() -> Box<dyn adapters::OAuthCallbackHandler> {
[INFO] [stdout]      |        ^^^^^^^^^^^^^^^^^^^^^^^^^^^^
[INFO] [stdout] 
[INFO] [stdout] 
[INFO] [stdout] error[E0425]: cannot find function `build_oauth_callback_handler` in crate `vitalstead_mcp`
[INFO] [stdout]     --> src/main.rs:3583:39
[INFO] [stdout]      |
[INFO] [stdout] 3583 |             Arc::from(vitalstead_mcp::build_oauth_callback_handler());
[INFO] [stdout]      |                                       ^^^^^^^^^^^^^^^^^^^^^^^^^^^^ not found in `vitalstead_mcp`
[INFO] [stdout]      |
[INFO] [stdout] note: found an item that was configured out
[INFO] [stdout]     --> src/lib.rs:36:8
[INFO] [stdout]      |
[INFO] [stdout]   35 | #[cfg(target_os = "macos")]
[INFO] [stdout]      |       ------------------- the item is gated behind the `macos` feature
[INFO] [stdout]   36 | pub fn build_oauth_callback_handler() -> Box<dyn adapters::OAuthCallbackHandler> {
[INFO] [stdout]      |        ^^^^^^^^^^^^^^^^^^^^^^^^^^^^
[INFO] [stdout] 
[INFO] [stdout] 
[INFO] [stdout] error[E0425]: cannot find function `build_oauth_callback_handler` in crate `vitalstead_mcp`
[INFO] [stdout]     --> src/main.rs:3624:39
[INFO] [stdout]      |
[INFO] [stdout] 3624 |             Arc::from(vitalstead_mcp::build_oauth_callback_handler());
[INFO] [stdout]      |                                       ^^^^^^^^^^^^^^^^^^^^^^^^^^^^ not found in `vitalstead_mcp`
[INFO] [stdout]      |
[INFO] [stdout] note: found an item that was configured out
[INFO] [stdout]     --> src/lib.rs:36:8
[INFO] [stdout]      |
[INFO] [stdout]   35 | #[cfg(target_os = "macos")]
[INFO] [stdout]      |       ------------------- the item is gated behind the `macos` feature
[INFO] [stdout]   36 | pub fn build_oauth_callback_handler() -> Box<dyn adapters::OAuthCallbackHandler> {
[INFO] [stdout]      |        ^^^^^^^^^^^^^^^^^^^^^^^^^^^^
[INFO] [stdout] 
[INFO] [stdout] 
[INFO] [stdout] error[E0425]: cannot find function `build_oauth_callback_handler` in crate `vitalstead_mcp`
[INFO] [stdout]     --> src/main.rs:3689:39
[INFO] [stdout]      |
[INFO] [stdout] 3689 |             Arc::from(vitalstead_mcp::build_oauth_callback_handler());
[INFO] [stdout]      |                                       ^^^^^^^^^^^^^^^^^^^^^^^^^^^^ not found in `vitalstead_mcp`
[INFO] [stdout]      |
[INFO] [stdout] note: found an item that was configured out
[INFO] [stdout]     --> src/lib.rs:36:8
[INFO] [stdout]      |
[INFO] [stdout]   35 | #[cfg(target_os = "macos")]
[INFO] [stdout]      |       ------------------- the item is gated behind the `macos` feature
[INFO] [stdout]   36 | pub fn build_oauth_callback_handler() -> Box<dyn adapters::OAuthCallbackHandler> {
[INFO] [stdout]      |        ^^^^^^^^^^^^^^^^^^^^^^^^^^^^
[INFO] [stdout] 
[INFO] [stdout] 
[INFO] [stdout] error[E0425]: cannot find function `build_oauth_callback_handler` in crate `vitalstead_mcp`
[INFO] [stdout]     --> src/main.rs:3734:39
[INFO] [stdout]      |
[INFO] [stdout] 3734 |             Arc::from(vitalstead_mcp::build_oauth_callback_handler());
[INFO] [stdout]      |                                       ^^^^^^^^^^^^^^^^^^^^^^^^^^^^ not found in `vitalstead_mcp`
[INFO] [stdout]      |
[INFO] [stdout] note: found an item that was configured out
[INFO] [stdout]     --> src/lib.rs:36:8
[INFO] [stdout]      |
[INFO] [stdout]   35 | #[cfg(target_os = "macos")]
[INFO] [stdout]      |       ------------------- the item is gated behind the `macos` feature
[INFO] [stdout]   36 | pub fn build_oauth_callback_handler() -> Box<dyn adapters::OAuthCallbackHandler> {
[INFO] [stdout]      |        ^^^^^^^^^^^^^^^^^^^^^^^^^^^^
[INFO] [stdout] 
[INFO] [stdout] 
[INFO] [stdout] error[E0425]: cannot find function `build_oauth_callback_handler` in crate `vitalstead_mcp`
[INFO] [stdout]     --> src/main.rs:3781:39
[INFO] [stdout]      |
[INFO] [stdout] 3781 |             Arc::from(vitalstead_mcp::build_oauth_callback_handler());
[INFO] [stdout]      |                                       ^^^^^^^^^^^^^^^^^^^^^^^^^^^^ not found in `vitalstead_mcp`
[INFO] [stdout]      |
[INFO] [stdout] note: found an item that was configured out
[INFO] [stdout]     --> src/lib.rs:36:8
[INFO] [stdout]      |
[INFO] [stdout]   35 | #[cfg(target_os = "macos")]
[INFO] [stdout]      |       ------------------- the item is gated behind the `macos` feature
[INFO] [stdout]   36 | pub fn build_oauth_callback_handler() -> Box<dyn adapters::OAuthCallbackHandler> {
[INFO] [stdout]      |        ^^^^^^^^^^^^^^^^^^^^^^^^^^^^
[INFO] [stdout] 
[INFO] [stdout] 
[INFO] [stdout] error[E0425]: cannot find function `build_oauth_callback_handler` in crate `vitalstead_mcp`
[INFO] [stdout]     --> src/main.rs:3821:39
[INFO] [stdout]      |
[INFO] [stdout] 3821 |             Arc::from(vitalstead_mcp::build_oauth_callback_handler());
[INFO] [stdout]      |                                       ^^^^^^^^^^^^^^^^^^^^^^^^^^^^ not found in `vitalstead_mcp`
[INFO] [stdout]      |
[INFO] [stdout] note: found an item that was configured out
[INFO] [stdout]     --> src/lib.rs:36:8
[INFO] [stdout]      |
[INFO] [stdout]   35 | #[cfg(target_os = "macos")]
[INFO] [stdout]      |       ------------------- the item is gated behind the `macos` feature
[INFO] [stdout]   36 | pub fn build_oauth_callback_handler() -> Box<dyn adapters::OAuthCallbackHandler> {
[INFO] [stdout]      |        ^^^^^^^^^^^^^^^^^^^^^^^^^^^^
[INFO] [stdout] 
[INFO] [stdout] 
[INFO] [stdout] error[E0425]: cannot find function `build_credential_vault` in crate `vitalstead_mcp`
[INFO] [stdout]     --> src/main.rs:3825:39
[INFO] [stdout]      |
[INFO] [stdout] 3825 |             Arc::from(vitalstead_mcp::build_credential_vault());
[INFO] [stdout]      |                                       ^^^^^^^^^^^^^^^^^^^^^^ not found in `vitalstead_mcp`
[INFO] [stdout]      |
[INFO] [stdout] note: found an item that was configured out
[INFO] [stdout]     --> src/lib.rs:27:8
[INFO] [stdout]      |
[INFO] [stdout]   26 | #[cfg(target_os = "macos")]
[INFO] [stdout]      |       ------------------- the item is gated behind the `macos` feature
[INFO] [stdout]   27 | pub fn build_credential_vault() -> Box<dyn adapters::CredentialVault> {
[INFO] [stdout]      |        ^^^^^^^^^^^^^^^^^^^^^^
[INFO] [stdout] 
[INFO] [stdout] 
[INFO] [stdout] error[E0425]: cannot find function `build_oauth_callback_handler` in crate `vitalstead_mcp`
[INFO] [stdout]     --> src/main.rs:3865:39
[INFO] [stdout]      |
[INFO] [stdout] 3865 |             Arc::from(vitalstead_mcp::build_oauth_callback_handler());
[INFO] [stdout]      |                                       ^^^^^^^^^^^^^^^^^^^^^^^^^^^^ not found in `vitalstead_mcp`
[INFO] [stdout]      |
[INFO] [stdout] note: found an item that was configured out
[INFO] [stdout]     --> src/lib.rs:36:8
[INFO] [stdout]      |
[INFO] [stdout]   35 | #[cfg(target_os = "macos")]
[INFO] [stdout]      |       ------------------- the item is gated behind the `macos` feature
[INFO] [stdout]   36 | pub fn build_oauth_callback_handler() -> Box<dyn adapters::OAuthCallbackHandler> {
[INFO] [stdout]      |        ^^^^^^^^^^^^^^^^^^^^^^^^^^^^
[INFO] [stdout] 
[INFO] [stdout] 
[INFO] [stdout] error[E0425]: cannot find function `build_credential_vault` in crate `vitalstead_mcp`
[INFO] [stdout]     --> src/main.rs:3869:39
[INFO] [stdout]      |
[INFO] [stdout] 3869 |             Arc::from(vitalstead_mcp::build_credential_vault());
[INFO] [stdout]      |                                       ^^^^^^^^^^^^^^^^^^^^^^ not found in `vitalstead_mcp`
[INFO] [stdout]      |
[INFO] [stdout] note: found an item that was configured out
[INFO] [stdout]     --> src/lib.rs:27:8
[INFO] [stdout]      |
[INFO] [stdout]   26 | #[cfg(target_os = "macos")]
[INFO] [stdout]      |       ------------------- the item is gated behind the `macos` feature
[INFO] [stdout]   27 | pub fn build_credential_vault() -> Box<dyn adapters::CredentialVault> {
[INFO] [stdout]      |        ^^^^^^^^^^^^^^^^^^^^^^
[INFO] [stdout] 
[INFO] [stdout] 
[INFO] [stdout] error[E0425]: cannot find function `build_oauth_callback_handler` in crate `vitalstead_mcp`
[INFO] [stdout]     --> src/main.rs:3908:39
[INFO] [stdout]      |
[INFO] [stdout] 3908 |             Arc::from(vitalstead_mcp::build_oauth_callback_handler());
[INFO] [stdout]      |                                       ^^^^^^^^^^^^^^^^^^^^^^^^^^^^ not found in `vitalstead_mcp`
[INFO] [stdout]      |
[INFO] [stdout] note: found an item that was configured out
[INFO] [stdout]     --> src/lib.rs:36:8
[INFO] [stdout]      |
[INFO] [stdout]   35 | #[cfg(target_os = "macos")]
[INFO] [stdout]      |       ------------------- the item is gated behind the `macos` feature
[INFO] [stdout]   36 | pub fn build_oauth_callback_handler() -> Box<dyn adapters::OAuthCallbackHandler> {
[INFO] [stdout]      |        ^^^^^^^^^^^^^^^^^^^^^^^^^^^^
[INFO] [stdout] 
[INFO] [stdout] 
[INFO] [stdout] error[E0425]: cannot find function `build_credential_vault` in crate `vitalstead_mcp`
[INFO] [stdout]     --> src/main.rs:3912:39
[INFO] [stdout]      |
[INFO] [stdout] 3912 |             Arc::from(vitalstead_mcp::build_credential_vault());
[INFO] [stdout]      |                                       ^^^^^^^^^^^^^^^^^^^^^^ not found in `vitalstead_mcp`
[INFO] [stdout]      |
[INFO] [stdout] note: found an item that was configured out
[INFO] [stdout]     --> src/lib.rs:27:8
[INFO] [stdout]      |
[INFO] [stdout]   26 | #[cfg(target_os = "macos")]
[INFO] [stdout]      |       ------------------- the item is gated behind the `macos` feature
[INFO] [stdout]   27 | pub fn build_credential_vault() -> Box<dyn adapters::CredentialVault> {
[INFO] [stdout]      |        ^^^^^^^^^^^^^^^^^^^^^^
[INFO] [stdout] 
[INFO] [stdout] 
[INFO] [stdout] error[E0425]: cannot find function `build_oauth_callback_handler` in crate `vitalstead_mcp`
[INFO] [stdout]     --> src/main.rs:3946:39
[INFO] [stdout]      |
[INFO] [stdout] 3946 |             Arc::from(vitalstead_mcp::build_oauth_callback_handler());
[INFO] [stdout]      |                                       ^^^^^^^^^^^^^^^^^^^^^^^^^^^^ not found in `vitalstead_mcp`
[INFO] [stdout]      |
[INFO] [stdout] note: found an item that was configured out
[INFO] [stdout]     --> src/lib.rs:36:8
[INFO] [stdout]      |
[INFO] [stdout]   35 | #[cfg(target_os = "macos")]
[INFO] [stdout]      |       ------------------- the item is gated behind the `macos` feature
[INFO] [stdout]   36 | pub fn build_oauth_callback_handler() -> Box<dyn adapters::OAuthCallbackHandler> {
[INFO] [stdout]      |        ^^^^^^^^^^^^^^^^^^^^^^^^^^^^
[INFO] [stdout] 
[INFO] [stdout] 
[INFO] [stdout] error[E0425]: cannot find function `build_credential_vault` in crate `vitalstead_mcp`
[INFO] [stdout]     --> src/main.rs:3950:39
[INFO] [stdout]      |
[INFO] [stdout] 3950 |             Arc::from(vitalstead_mcp::build_credential_vault());
[INFO] [stdout]      |                                       ^^^^^^^^^^^^^^^^^^^^^^ not found in `vitalstead_mcp`
[INFO] [stdout]      |
[INFO] [stdout] note: found an item that was configured out
[INFO] [stdout]     --> src/lib.rs:27:8
[INFO] [stdout]      |
[INFO] [stdout]   26 | #[cfg(target_os = "macos")]
[INFO] [stdout]      |       ------------------- the item is gated behind the `macos` feature
[INFO] [stdout]   27 | pub fn build_credential_vault() -> Box<dyn adapters::CredentialVault> {
[INFO] [stdout]      |        ^^^^^^^^^^^^^^^^^^^^^^
[INFO] [stdout] 
[INFO] [stdout] 
[INFO] [stdout] error[E0425]: cannot find function `build_oauth_callback_handler` in crate `vitalstead_mcp`
[INFO] [stdout]     --> src/main.rs:4001:39
[INFO] [stdout]      |
[INFO] [stdout] 4001 |             Arc::from(vitalstead_mcp::build_oauth_callback_handler());
[INFO] [stdout]      |                                       ^^^^^^^^^^^^^^^^^^^^^^^^^^^^ not found in `vitalstead_mcp`
[INFO] [stdout]      |
[INFO] [stdout] note: found an item that was configured out
[INFO] [stdout]     --> src/lib.rs:36:8
[INFO] [stdout]      |
[INFO] [stdout]   35 | #[cfg(target_os = "macos")]
[INFO] [stdout]      |       ------------------- the item is gated behind the `macos` feature
[INFO] [stdout]   36 | pub fn build_oauth_callback_handler() -> Box<dyn adapters::OAuthCallbackHandler> {
[INFO] [stdout]      |        ^^^^^^^^^^^^^^^^^^^^^^^^^^^^
[INFO] [stdout] 
[INFO] [stdout] 
[INFO] [stdout] error[E0425]: cannot find function `build_credential_vault` in crate `vitalstead_mcp`
[INFO] [stdout]     --> src/main.rs:4005:39
[INFO] [stdout]      |
[INFO] [stdout] 4005 |             Arc::from(vitalstead_mcp::build_credential_vault());
[INFO] [stdout]      |                                       ^^^^^^^^^^^^^^^^^^^^^^ not found in `vitalstead_mcp`
[INFO] [stdout]      |
[INFO] [stdout] note: found an item that was configured out
[INFO] [stdout]     --> src/lib.rs:27:8
[INFO] [stdout]      |
[INFO] [stdout]   26 | #[cfg(target_os = "macos")]
[INFO] [stdout]      |       ------------------- the item is gated behind the `macos` feature
[INFO] [stdout]   27 | pub fn build_credential_vault() -> Box<dyn adapters::CredentialVault> {
[INFO] [stdout]      |        ^^^^^^^^^^^^^^^^^^^^^^
[INFO] [stdout] 
[INFO] [stdout] 
[INFO] [stdout] error[E0425]: cannot find function `build_oauth_callback_handler` in crate `vitalstead_mcp`
[INFO] [stdout]     --> src/main.rs:4066:39
[INFO] [stdout]      |
[INFO] [stdout] 4066 |             Arc::from(vitalstead_mcp::build_oauth_callback_handler());
[INFO] [stdout]      |                                       ^^^^^^^^^^^^^^^^^^^^^^^^^^^^ not found in `vitalstead_mcp`
[INFO] [stdout]      |
[INFO] [stdout] note: found an item that was configured out
[INFO] [stdout]     --> src/lib.rs:36:8
[INFO] [stdout]      |
[INFO] [stdout]   35 | #[cfg(target_os = "macos")]
[INFO] [stdout]      |       ------------------- the item is gated behind the `macos` feature
[INFO] [stdout]   36 | pub fn build_oauth_callback_handler() -> Box<dyn adapters::OAuthCallbackHandler> {
[INFO] [stdout]      |        ^^^^^^^^^^^^^^^^^^^^^^^^^^^^
[INFO] [stdout] 
[INFO] [stdout] 
[INFO] [stdout] error[E0425]: cannot find function `build_credential_vault` in crate `vitalstead_mcp`
[INFO] [stdout]     --> src/main.rs:4070:39
[INFO] [stdout]      |
[INFO] [stdout] 4070 |             Arc::from(vitalstead_mcp::build_credential_vault());
[INFO] [stdout]      |                                       ^^^^^^^^^^^^^^^^^^^^^^ not found in `vitalstead_mcp`
[INFO] [stdout]      |
[INFO] [stdout] note: found an item that was configured out
[INFO] [stdout]     --> src/lib.rs:27:8
[INFO] [stdout]      |
[INFO] [stdout]   26 | #[cfg(target_os = "macos")]
[INFO] [stdout]      |       ------------------- the item is gated behind the `macos` feature
[INFO] [stdout]   27 | pub fn build_credential_vault() -> Box<dyn adapters::CredentialVault> {
[INFO] [stdout]      |        ^^^^^^^^^^^^^^^^^^^^^^
[INFO] [stdout] 
[INFO] [stdout] 
[INFO] [stdout] error[E0425]: cannot find function `build_oauth_callback_handler` in crate `vitalstead_mcp`
[INFO] [stdout]     --> src/main.rs:4115:39
[INFO] [stdout]      |
[INFO] [stdout] 4115 |             Arc::from(vitalstead_mcp::build_oauth_callback_handler());
[INFO] [stdout]      |                                       ^^^^^^^^^^^^^^^^^^^^^^^^^^^^ not found in `vitalstead_mcp`
[INFO] [stdout]      |
[INFO] [stdout] note: found an item that was configured out
[INFO] [stdout]     --> src/lib.rs:36:8
[INFO] [stdout]      |
[INFO] [stdout]   35 | #[cfg(target_os = "macos")]
[INFO] [stdout]      |       ------------------- the item is gated behind the `macos` feature
[INFO] [stdout]   36 | pub fn build_oauth_callback_handler() -> Box<dyn adapters::OAuthCallbackHandler> {
[INFO] [stdout]      |        ^^^^^^^^^^^^^^^^^^^^^^^^^^^^
[INFO] [stdout] 
[INFO] [stdout] 
[INFO] [stdout] error[E0425]: cannot find function `build_credential_vault` in crate `vitalstead_mcp`
[INFO] [stdout]     --> src/main.rs:4119:39
[INFO] [stdout]      |
[INFO] [stdout] 4119 |             Arc::from(vitalstead_mcp::build_credential_vault());
[INFO] [stdout]      |                                       ^^^^^^^^^^^^^^^^^^^^^^ not found in `vitalstead_mcp`
[INFO] [stdout]      |
[INFO] [stdout] note: found an item that was configured out
[INFO] [stdout]     --> src/lib.rs:27:8
[INFO] [stdout]      |
[INFO] [stdout]   26 | #[cfg(target_os = "macos")]
[INFO] [stdout]      |       ------------------- the item is gated behind the `macos` feature
[INFO] [stdout]   27 | pub fn build_credential_vault() -> Box<dyn adapters::CredentialVault> {
[INFO] [stdout]      |        ^^^^^^^^^^^^^^^^^^^^^^
[INFO] [stdout] 
[INFO] [stdout] 
[INFO] [stdout] error[E0425]: cannot find function `build_oauth_callback_handler` in crate `vitalstead_mcp`
[INFO] [stdout]     --> src/main.rs:4162:39
[INFO] [stdout]      |
[INFO] [stdout] 4162 |             Arc::from(vitalstead_mcp::build_oauth_callback_handler());
[INFO] [stdout]      |                                       ^^^^^^^^^^^^^^^^^^^^^^^^^^^^ not found in `vitalstead_mcp`
[INFO] [stdout]      |
[INFO] [stdout] note: found an item that was configured out
[INFO] [stdout]     --> src/lib.rs:36:8
[INFO] [stdout]      |
[INFO] [stdout]   35 | #[cfg(target_os = "macos")]
[INFO] [stdout]      |       ------------------- the item is gated behind the `macos` feature
[INFO] [stdout]   36 | pub fn build_oauth_callback_handler() -> Box<dyn adapters::OAuthCallbackHandler> {
[INFO] [stdout]      |        ^^^^^^^^^^^^^^^^^^^^^^^^^^^^
[INFO] [stdout] 
[INFO] [stdout] 
[INFO] [stdout] error[E0425]: cannot find function `build_credential_vault` in crate `vitalstead_mcp`
[INFO] [stdout]     --> src/main.rs:4166:39
[INFO] [stdout]      |
[INFO] [stdout] 4166 |             Arc::from(vitalstead_mcp::build_credential_vault());
[INFO] [stdout]      |                                       ^^^^^^^^^^^^^^^^^^^^^^ not found in `vitalstead_mcp`
[INFO] [stdout]      |
[INFO] [stdout] note: found an item that was configured out
[INFO] [stdout]     --> src/lib.rs:27:8
[INFO] [stdout]      |
[INFO] [stdout]   26 | #[cfg(target_os = "macos")]
[INFO] [stdout]      |       ------------------- the item is gated behind the `macos` feature
[INFO] [stdout]   27 | pub fn build_credential_vault() -> Box<dyn adapters::CredentialVault> {
[INFO] [stdout]      |        ^^^^^^^^^^^^^^^^^^^^^^
[INFO] [stdout] 
[INFO] [stdout] 
[INFO] [stdout] error[E0425]: cannot find function `build_oauth_callback_handler` in crate `vitalstead_mcp`
[INFO] [stdout]     --> src/main.rs:4206:39
[INFO] [stdout]      |
[INFO] [stdout] 4206 |             Arc::from(vitalstead_mcp::build_oauth_callback_handler());
[INFO] [stdout]      |                                       ^^^^^^^^^^^^^^^^^^^^^^^^^^^^ not found in `vitalstead_mcp`
[INFO] [stdout]      |
[INFO] [stdout] note: found an item that was configured out
[INFO] [stdout]     --> src/lib.rs:36:8
[INFO] [stdout]      |
[INFO] [stdout]   35 | #[cfg(target_os = "macos")]
[INFO] [stdout]      |       ------------------- the item is gated behind the `macos` feature
[INFO] [stdout]   36 | pub fn build_oauth_callback_handler() -> Box<dyn adapters::OAuthCallbackHandler> {
[INFO] [stdout]      |        ^^^^^^^^^^^^^^^^^^^^^^^^^^^^
[INFO] [stdout] 
[INFO] [stdout] 
[INFO] [stdout] error[E0425]: cannot find function `build_credential_vault` in crate `vitalstead_mcp`
[INFO] [stdout]     --> src/main.rs:4210:39
[INFO] [stdout]      |
[INFO] [stdout] 4210 |             Arc::from(vitalstead_mcp::build_credential_vault());
[INFO] [stdout]      |                                       ^^^^^^^^^^^^^^^^^^^^^^ not found in `vitalstead_mcp`
[INFO] [stdout]      |
[INFO] [stdout] note: found an item that was configured out
[INFO] [stdout]     --> src/lib.rs:27:8
[INFO] [stdout]      |
[INFO] [stdout]   26 | #[cfg(target_os = "macos")]
[INFO] [stdout]      |       ------------------- the item is gated behind the `macos` feature
[INFO] [stdout]   27 | pub fn build_credential_vault() -> Box<dyn adapters::CredentialVault> {
[INFO] [stdout]      |        ^^^^^^^^^^^^^^^^^^^^^^
[INFO] [stdout] 
[INFO] [stdout] 
[INFO] [stdout] error[E0425]: cannot find function `build_oauth_callback_handler` in crate `vitalstead_mcp`
[INFO] [stdout]     --> src/main.rs:4251:39
[INFO] [stdout]      |
[INFO] [stdout] 4251 |             Arc::from(vitalstead_mcp::build_oauth_callback_handler());
[INFO] [stdout]      |                                       ^^^^^^^^^^^^^^^^^^^^^^^^^^^^ not found in `vitalstead_mcp`
[INFO] [stdout]      |
[INFO] [stdout] note: found an item that was configured out
[INFO] [stdout]     --> src/lib.rs:36:8
[INFO] [stdout]      |
[INFO] [stdout]   35 | #[cfg(target_os = "macos")]
[INFO] [stdout]      |       ------------------- the item is gated behind the `macos` feature
[INFO] [stdout]   36 | pub fn build_oauth_callback_handler() -> Box<dyn adapters::OAuthCallbackHandler> {
[INFO] [stdout]      |        ^^^^^^^^^^^^^^^^^^^^^^^^^^^^
[INFO] [stdout] 
[INFO] [stdout] 
[INFO] [stdout] error[E0425]: cannot find function `build_credential_vault` in crate `vitalstead_mcp`
[INFO] [stdout]     --> src/main.rs:4255:39
[INFO] [stdout]      |
[INFO] [stdout] 4255 |             Arc::from(vitalstead_mcp::build_credential_vault());
[INFO] [stdout]      |                                       ^^^^^^^^^^^^^^^^^^^^^^ not found in `vitalstead_mcp`
[INFO] [stdout]      |
[INFO] [stdout] note: found an item that was configured out
[INFO] [stdout]     --> src/lib.rs:27:8
[INFO] [stdout]      |
[INFO] [stdout]   26 | #[cfg(target_os = "macos")]
[INFO] [stdout]      |       ------------------- the item is gated behind the `macos` feature
[INFO] [stdout]   27 | pub fn build_credential_vault() -> Box<dyn adapters::CredentialVault> {
[INFO] [stdout]      |        ^^^^^^^^^^^^^^^^^^^^^^
[INFO] [stdout] 
[INFO] [stdout] 
[INFO] [stdout] error[E0425]: cannot find function `build_oauth_callback_handler` in crate `vitalstead_mcp`
[INFO] [stdout]     --> src/main.rs:4309:39
[INFO] [stdout]      |
[INFO] [stdout] 4309 |             Arc::from(vitalstead_mcp::build_oauth_callback_handler());
[INFO] [stdout]      |                                       ^^^^^^^^^^^^^^^^^^^^^^^^^^^^ not found in `vitalstead_mcp`
[INFO] [stdout]      |
[INFO] [stdout] note: found an item that was configured out
[INFO] [stdout]     --> src/lib.rs:36:8
[INFO] [stdout]      |
[INFO] [stdout]   35 | #[cfg(target_os = "macos")]
[INFO] [stdout]      |       ------------------- the item is gated behind the `macos` feature
[INFO] [stdout]   36 | pub fn build_oauth_callback_handler() -> Box<dyn adapters::OAuthCallbackHandler> {
[INFO] [stdout]      |        ^^^^^^^^^^^^^^^^^^^^^^^^^^^^
[INFO] [stdout] 
[INFO] [stdout] 
[INFO] [stdout] error[E0425]: cannot find function `build_credential_vault` in crate `vitalstead_mcp`
[INFO] [stdout]     --> src/main.rs:4313:39
[INFO] [stdout]      |
[INFO] [stdout] 4313 |             Arc::from(vitalstead_mcp::build_credential_vault());
[INFO] [stdout]      |                                       ^^^^^^^^^^^^^^^^^^^^^^ not found in `vitalstead_mcp`
[INFO] [stdout]      |
[INFO] [stdout] note: found an item that was configured out
[INFO] [stdout]     --> src/lib.rs:27:8
[INFO] [stdout]      |
[INFO] [stdout]   26 | #[cfg(target_os = "macos")]
[INFO] [stdout]      |       ------------------- the item is gated behind the `macos` feature
[INFO] [stdout]   27 | pub fn build_credential_vault() -> Box<dyn adapters::CredentialVault> {
[INFO] [stdout]      |        ^^^^^^^^^^^^^^^^^^^^^^
[INFO] [stdout] 
[INFO] [stdout] 
[INFO] [stdout] error[E0425]: cannot find function `build_oauth_callback_handler` in crate `vitalstead_mcp`
[INFO] [stdout]     --> src/main.rs:4382:39
[INFO] [stdout]      |
[INFO] [stdout] 4382 |             Arc::from(vitalstead_mcp::build_oauth_callback_handler());
[INFO] [stdout]      |                                       ^^^^^^^^^^^^^^^^^^^^^^^^^^^^ not found in `vitalstead_mcp`
[INFO] [stdout]      |
[INFO] [stdout] note: found an item that was configured out
[INFO] [stdout]     --> src/lib.rs:36:8
[INFO] [stdout]      |
[INFO] [stdout]   35 | #[cfg(target_os = "macos")]
[INFO] [stdout]      |       ------------------- the item is gated behind the `macos` feature
[INFO] [stdout]   36 | pub fn build_oauth_callback_handler() -> Box<dyn adapters::OAuthCallbackHandler> {
[INFO] [stdout]      |        ^^^^^^^^^^^^^^^^^^^^^^^^^^^^
[INFO] [stdout] 
[INFO] [stdout] 
[INFO] [stdout] error[E0425]: cannot find function `build_credential_vault` in crate `vitalstead_mcp`
[INFO] [stdout]     --> src/main.rs:4386:39
[INFO] [stdout]      |
[INFO] [stdout] 4386 |             Arc::from(vitalstead_mcp::build_credential_vault());
[INFO] [stdout]      |                                       ^^^^^^^^^^^^^^^^^^^^^^ not found in `vitalstead_mcp`
[INFO] [stdout]      |
[INFO] [stdout] note: found an item that was configured out
[INFO] [stdout]     --> src/lib.rs:27:8
[INFO] [stdout]      |
[INFO] [stdout]   26 | #[cfg(target_os = "macos")]
[INFO] [stdout]      |       ------------------- the item is gated behind the `macos` feature
[INFO] [stdout]   27 | pub fn build_credential_vault() -> Box<dyn adapters::CredentialVault> {
[INFO] [stdout]      |        ^^^^^^^^^^^^^^^^^^^^^^
[INFO] [stdout] 
[INFO] [stdout] 
[INFO] [stdout] error[E0425]: cannot find function `build_oauth_callback_handler` in crate `vitalstead_mcp`
[INFO] [stdout]     --> src/main.rs:4445:39
[INFO] [stdout]      |
[INFO] [stdout] 4445 |             Arc::from(vitalstead_mcp::build_oauth_callback_handler());
[INFO] [stdout]      |                                       ^^^^^^^^^^^^^^^^^^^^^^^^^^^^ not found in `vitalstead_mcp`
[INFO] [stdout]      |
[INFO] [stdout] note: found an item that was configured out
[INFO] [stdout]     --> src/lib.rs:36:8
[INFO] [stdout]      |
[INFO] [stdout]   35 | #[cfg(target_os = "macos")]
[INFO] [stdout]      |       ------------------- the item is gated behind the `macos` feature
[INFO] [stdout]   36 | pub fn build_oauth_callback_handler() -> Box<dyn adapters::OAuthCallbackHandler> {
[INFO] [stdout]      |        ^^^^^^^^^^^^^^^^^^^^^^^^^^^^
[INFO] [stdout] 
[INFO] [stdout] 
[INFO] [stdout] error[E0425]: cannot find function `build_credential_vault` in crate `vitalstead_mcp`
[INFO] [stdout]     --> src/main.rs:4449:39
[INFO] [stdout]      |
[INFO] [stdout] 4449 |             Arc::from(vitalstead_mcp::build_credential_vault());
[INFO] [stdout]      |                                       ^^^^^^^^^^^^^^^^^^^^^^ not found in `vitalstead_mcp`
[INFO] [stdout]      |
[INFO] [stdout] note: found an item that was configured out
[INFO] [stdout]     --> src/lib.rs:27:8
[INFO] [stdout]      |
[INFO] [stdout]   26 | #[cfg(target_os = "macos")]
[INFO] [stdout]      |       ------------------- the item is gated behind the `macos` feature
[INFO] [stdout]   27 | pub fn build_credential_vault() -> Box<dyn adapters::CredentialVault> {
[INFO] [stdout]      |        ^^^^^^^^^^^^^^^^^^^^^^
[INFO] [stdout] 
[INFO] [stdout] 
[INFO] [stdout] error[E0425]: cannot find function `build_oauth_callback_handler` in crate `vitalstead_mcp`
[INFO] [stdout]     --> src/main.rs:4510:39
[INFO] [stdout]      |
[INFO] [stdout] 4510 |             Arc::from(vitalstead_mcp::build_oauth_callback_handler());
[INFO] [stdout]      |                                       ^^^^^^^^^^^^^^^^^^^^^^^^^^^^ not found in `vitalstead_mcp`
[INFO] [stdout]      |
[INFO] [stdout] note: found an item that was configured out
[INFO] [stdout]     --> src/lib.rs:36:8
[INFO] [stdout]      |
[INFO] [stdout]   35 | #[cfg(target_os = "macos")]
[INFO] [stdout]      |       ------------------- the item is gated behind the `macos` feature
[INFO] [stdout]   36 | pub fn build_oauth_callback_handler() -> Box<dyn adapters::OAuthCallbackHandler> {
[INFO] [stdout]      |        ^^^^^^^^^^^^^^^^^^^^^^^^^^^^
[INFO] [stdout] 
[INFO] [stdout] 
[INFO] [stdout] error[E0425]: cannot find function `build_credential_vault` in crate `vitalstead_mcp`
[INFO] [stdout]     --> src/main.rs:4514:39
[INFO] [stdout]      |
[INFO] [stdout] 4514 |             Arc::from(vitalstead_mcp::build_credential_vault());
[INFO] [stdout]      |                                       ^^^^^^^^^^^^^^^^^^^^^^ not found in `vitalstead_mcp`
[INFO] [stdout]      |
[INFO] [stdout] note: found an item that was configured out
[INFO] [stdout]     --> src/lib.rs:27:8
[INFO] [stdout]      |
[INFO] [stdout]   26 | #[cfg(target_os = "macos")]
[INFO] [stdout]      |       ------------------- the item is gated behind the `macos` feature
[INFO] [stdout]   27 | pub fn build_credential_vault() -> Box<dyn adapters::CredentialVault> {
[INFO] [stdout]      |        ^^^^^^^^^^^^^^^^^^^^^^
[INFO] [stdout] 
[INFO] [stdout] 
[INFO] [stdout] error[E0425]: cannot find function `build_oauth_callback_handler` in crate `vitalstead_mcp`
[INFO] [stdout]     --> src/main.rs:4594:39
[INFO] [stdout]      |
[INFO] [stdout] 4594 |             Arc::from(vitalstead_mcp::build_oauth_callback_handler());
[INFO] [stdout]      |                                       ^^^^^^^^^^^^^^^^^^^^^^^^^^^^ not found in `vitalstead_mcp`
[INFO] [stdout]      |
[INFO] [stdout] note: found an item that was configured out
[INFO] [stdout]     --> src/lib.rs:36:8
[INFO] [stdout]      |
[INFO] [stdout]   35 | #[cfg(target_os = "macos")]
[INFO] [stdout]      |       ------------------- the item is gated behind the `macos` feature
[INFO] [stdout]   36 | pub fn build_oauth_callback_handler() -> Box<dyn adapters::OAuthCallbackHandler> {
[INFO] [stdout]      |        ^^^^^^^^^^^^^^^^^^^^^^^^^^^^
[INFO] [stdout] 
[INFO] [stdout] 
[INFO] [stdout] error[E0425]: cannot find function `build_credential_vault` in crate `vitalstead_mcp`
[INFO] [stdout]     --> src/main.rs:4598:39
[INFO] [stdout]      |
[INFO] [stdout] 4598 |             Arc::from(vitalstead_mcp::build_credential_vault());
[INFO] [stdout]      |                                       ^^^^^^^^^^^^^^^^^^^^^^ not found in `vitalstead_mcp`
[INFO] [stdout]      |
[INFO] [stdout] note: found an item that was configured out
[INFO] [stdout]     --> src/lib.rs:27:8
[INFO] [stdout]      |
[INFO] [stdout]   26 | #[cfg(target_os = "macos")]
[INFO] [stdout]      |       ------------------- the item is gated behind the `macos` feature
[INFO] [stdout]   27 | pub fn build_credential_vault() -> Box<dyn adapters::CredentialVault> {
[INFO] [stdout]      |        ^^^^^^^^^^^^^^^^^^^^^^
[INFO] [stdout] 
[INFO] [stdout] 
[INFO] [stdout] error[E0425]: cannot find function `build_oauth_callback_handler` in crate `vitalstead_mcp`
[INFO] [stdout]     --> src/main.rs:4660:39
[INFO] [stdout]      |
[INFO] [stdout] 4660 |             Arc::from(vitalstead_mcp::build_oauth_callback_handler());
[INFO] [stdout]      |                                       ^^^^^^^^^^^^^^^^^^^^^^^^^^^^ not found in `vitalstead_mcp`
[INFO] [stdout]      |
[INFO] [stdout] note: found an item that was configured out
[INFO] [stdout]     --> src/lib.rs:36:8
[INFO] [stdout]      |
[INFO] [stdout]   35 | #[cfg(target_os = "macos")]
[INFO] [stdout]      |       ------------------- the item is gated behind the `macos` feature
[INFO] [stdout]   36 | pub fn build_oauth_callback_handler() -> Box<dyn adapters::OAuthCallbackHandler> {
[INFO] [stdout]      |        ^^^^^^^^^^^^^^^^^^^^^^^^^^^^
[INFO] [stdout] 
[INFO] [stdout] 
[INFO] [stdout] error[E0425]: cannot find function `build_credential_vault` in crate `vitalstead_mcp`
[INFO] [stdout]     --> src/main.rs:4664:39
[INFO] [stdout]      |
[INFO] [stdout] 4664 |             Arc::from(vitalstead_mcp::build_credential_vault());
[INFO] [stdout]      |                                       ^^^^^^^^^^^^^^^^^^^^^^ not found in `vitalstead_mcp`
[INFO] [stdout]      |
[INFO] [stdout] note: found an item that was configured out
[INFO] [stdout]     --> src/lib.rs:27:8
[INFO] [stdout]      |
[INFO] [stdout]   26 | #[cfg(target_os = "macos")]
[INFO] [stdout]      |       ------------------- the item is gated behind the `macos` feature
[INFO] [stdout]   27 | pub fn build_credential_vault() -> Box<dyn adapters::CredentialVault> {
[INFO] [stdout]      |        ^^^^^^^^^^^^^^^^^^^^^^
[INFO] [stdout] 
[INFO] [stdout] 
[INFO] [stdout] error[E0425]: cannot find function `build_oauth_callback_handler` in crate `vitalstead_mcp`
[INFO] [stdout]     --> src/main.rs:4801:39
[INFO] [stdout]      |
[INFO] [stdout] 4801 |             Arc::from(vitalstead_mcp::build_oauth_callback_handler());
[INFO] [stdout]      |                                       ^^^^^^^^^^^^^^^^^^^^^^^^^^^^ not found in `vitalstead_mcp`
[INFO] [stdout]      |
[INFO] [stdout] note: found an item that was configured out
[INFO] [stdout]     --> src/lib.rs:36:8
[INFO] [stdout]      |
[INFO] [stdout]   35 | #[cfg(target_os = "macos")]
[INFO] [stdout]      |       ------------------- the item is gated behind the `macos` feature
[INFO] [stdout]   36 | pub fn build_oauth_callback_handler() -> Box<dyn adapters::OAuthCallbackHandler> {
[INFO] [stdout]      |        ^^^^^^^^^^^^^^^^^^^^^^^^^^^^
[INFO] [stdout] 
[INFO] [stdout] 
[INFO] [stdout] error[E0425]: cannot find function `build_credential_vault` in crate `vitalstead_mcp`
[INFO] [stdout]     --> src/main.rs:4805:39
[INFO] [stdout]      |
[INFO] [stdout] 4805 |             Arc::from(vitalstead_mcp::build_credential_vault());
[INFO] [stdout]      |                                       ^^^^^^^^^^^^^^^^^^^^^^ not found in `vitalstead_mcp`
[INFO] [stdout]      |
[INFO] [stdout] note: found an item that was configured out
[INFO] [stdout]     --> src/lib.rs:27:8
[INFO] [stdout]      |
[INFO] [stdout]   26 | #[cfg(target_os = "macos")]
[INFO] [stdout]      |       ------------------- the item is gated behind the `macos` feature
[INFO] [stdout]   27 | pub fn build_credential_vault() -> Box<dyn adapters::CredentialVault> {
[INFO] [stdout]      |        ^^^^^^^^^^^^^^^^^^^^^^
[INFO] [stdout] 
[INFO] [stdout] 
[INFO] [stdout] error[E0425]: cannot find function `build_oauth_callback_handler` in crate `vitalstead_mcp`
[INFO] [stdout]     --> src/main.rs:4838:39
[INFO] [stdout]      |
[INFO] [stdout] 4838 |             Arc::from(vitalstead_mcp::build_oauth_callback_handler());
[INFO] [stdout]      |                                       ^^^^^^^^^^^^^^^^^^^^^^^^^^^^ not found in `vitalstead_mcp`
[INFO] [stdout]      |
[INFO] [stdout] note: found an item that was configured out
[INFO] [stdout]     --> src/lib.rs:36:8
[INFO] [stdout]      |
[INFO] [stdout]   35 | #[cfg(target_os = "macos")]
[INFO] [stdout]      |       ------------------- the item is gated behind the `macos` feature
[INFO] [stdout]   36 | pub fn build_oauth_callback_handler() -> Box<dyn adapters::OAuthCallbackHandler> {
[INFO] [stdout]      |        ^^^^^^^^^^^^^^^^^^^^^^^^^^^^
[INFO] [stdout] 
[INFO] [stdout] 
[INFO] [stdout] error[E0425]: cannot find function `build_credential_vault` in crate `vitalstead_mcp`
[INFO] [stdout]     --> src/main.rs:4842:39
[INFO] [stdout]      |
[INFO] [stdout] 4842 |             Arc::from(vitalstead_mcp::build_credential_vault());
[INFO] [stdout]      |                                       ^^^^^^^^^^^^^^^^^^^^^^ not found in `vitalstead_mcp`
[INFO] [stdout]      |
[INFO] [stdout] note: found an item that was configured out
[INFO] [stdout]     --> src/lib.rs:27:8
[INFO] [stdout]      |
[INFO] [stdout]   26 | #[cfg(target_os = "macos")]
[INFO] [stdout]      |       ------------------- the item is gated behind the `macos` feature
[INFO] [stdout]   27 | pub fn build_credential_vault() -> Box<dyn adapters::CredentialVault> {
[INFO] [stdout]      |        ^^^^^^^^^^^^^^^^^^^^^^
[INFO] [stdout] 
[INFO] [stdout] 
[INFO] [stdout] error[E0425]: cannot find function `build_oauth_callback_handler` in crate `vitalstead_mcp`
[INFO] [stdout]     --> src/main.rs:4904:39
[INFO] [stdout]      |
[INFO] [stdout] 4904 |             Arc::from(vitalstead_mcp::build_oauth_callback_handler());
[INFO] [stdout]      |                                       ^^^^^^^^^^^^^^^^^^^^^^^^^^^^ not found in `vitalstead_mcp`
[INFO] [stdout]      |
[INFO] [stdout] note: found an item that was configured out
[INFO] [stdout]     --> src/lib.rs:36:8
[INFO] [stdout]      |
[INFO] [stdout]   35 | #[cfg(target_os = "macos")]
[INFO] [stdout]      |       ------------------- the item is gated behind the `macos` feature
[INFO] [stdout]   36 | pub fn build_oauth_callback_handler() -> Box<dyn adapters::OAuthCallbackHandler> {
[INFO] [stdout]      |        ^^^^^^^^^^^^^^^^^^^^^^^^^^^^
[INFO] [stdout] 
[INFO] [stdout] 
[INFO] [stdout] error[E0425]: cannot find function `build_credential_vault` in crate `vitalstead_mcp`
[INFO] [stdout]     --> src/main.rs:4908:39
[INFO] [stdout]      |
[INFO] [stdout] 4908 |             Arc::from(vitalstead_mcp::build_credential_vault());
[INFO] [stdout]      |                                       ^^^^^^^^^^^^^^^^^^^^^^ not found in `vitalstead_mcp`
[INFO] [stdout]      |
[INFO] [stdout] note: found an item that was configured out
[INFO] [stdout]     --> src/lib.rs:27:8
[INFO] [stdout]      |
[INFO] [stdout]   26 | #[cfg(target_os = "macos")]
[INFO] [stdout]      |       ------------------- the item is gated behind the `macos` feature
[INFO] [stdout]   27 | pub fn build_credential_vault() -> Box<dyn adapters::CredentialVault> {
[INFO] [stdout]      |        ^^^^^^^^^^^^^^^^^^^^^^
[INFO] [stdout] 
[INFO] [stdout] 
[INFO] [stdout] For more information about this error, try `rustc --explain E0425`.
[INFO] [stdout] 
[INFO] [stderr] error: could not compile `vitalstead-mcp` (bin "vitalstead-mcp") due to 2 previous errors
[INFO] [stdout] For more information about this error, try `rustc --explain E0425`.
[INFO] [stdout] 
[INFO] [stderr] error: could not compile `vitalstead-mcp` (bin "vitalstead-mcp" test) due to 57 previous errors
[INFO] running `Command { std: "docker" "inspect" "8e33e88a6c29c583d172fdc0a300c7ab00ed161366d7e4de2e7610f51f51a984", kill_on_drop: false }`
[INFO] running `Command { std: "docker" "rm" "-f" "8e33e88a6c29c583d172fdc0a300c7ab00ed161366d7e4de2e7610f51f51a984", kill_on_drop: false }`
[INFO] [stdout] 8e33e88a6c29c583d172fdc0a300c7ab00ed161366d7e4de2e7610f51f51a984
