[INFO] cloning repository https://github.com/Xtreme-Light/HTTP-Client-Pro
[INFO] running `Command { std: "git" "-c" "credential.helper=" "-c" "credential.helper=/workspace/cargo-home/bin/git-credential-null" "clone" "--bare" "https://github.com/Xtreme-Light/HTTP-Client-Pro" "/workspace/cache/git-repos/https%3A%2F%2Fgithub.com%2FXtreme-Light%2FHTTP-Client-Pro", kill_on_drop: false }`
[INFO] [stderr] Cloning into bare repository '/workspace/cache/git-repos/https%3A%2F%2Fgithub.com%2FXtreme-Light%2FHTTP-Client-Pro'...
[INFO] running `Command { std: "git" "rev-parse" "HEAD", kill_on_drop: false }`
[INFO] [stdout] 408aeced8956e257275186f3a52875c413fd7ab5
[INFO] checking Xtreme-Light/HTTP-Client-Pro against 3154cc1a3e6424e44f438a95007d043ed5ceaaf6 for pr-133502-30
[INFO] running `Command { std: "git" "clone" "/workspace/cache/git-repos/https%3A%2F%2Fgithub.com%2FXtreme-Light%2FHTTP-Client-Pro" "/workspace/builds/worker-1-tc2/source", kill_on_drop: false }`
[INFO] [stderr] Cloning into '/workspace/builds/worker-1-tc2/source'...
[INFO] [stderr] done.
[INFO] started tweaking git repo https://github.com/Xtreme-Light/HTTP-Client-Pro
[INFO] finished tweaking git repo https://github.com/Xtreme-Light/HTTP-Client-Pro
[INFO] tweaked toml for git repo https://github.com/Xtreme-Light/HTTP-Client-Pro written to /workspace/builds/worker-1-tc2/source/Cargo.toml
[INFO] validating manifest of git repo https://github.com/Xtreme-Light/HTTP-Client-Pro on toolchain 3154cc1a3e6424e44f438a95007d043ed5ceaaf6
[INFO] running `Command { std: CARGO_HOME="/workspace/cargo-home" RUSTUP_HOME="/workspace/rustup-home" "/workspace/cargo-home/bin/cargo" "+3154cc1a3e6424e44f438a95007d043ed5ceaaf6" "metadata" "--manifest-path" "Cargo.toml" "--no-deps", kill_on_drop: false }`
[INFO] crate git repo https://github.com/Xtreme-Light/HTTP-Client-Pro already has a lockfile, it will not be regenerated
[INFO] running `Command { std: CARGO_HOME="/workspace/cargo-home" RUSTUP_HOME="/workspace/rustup-home" "/workspace/cargo-home/bin/cargo" "+3154cc1a3e6424e44f438a95007d043ed5ceaaf6" "fetch" "--manifest-path" "Cargo.toml", kill_on_drop: false }`
[INFO] [stderr] warning: unused workspace dependency `http`
[INFO] [stderr]   --> Cargo.toml:12:1
[INFO] [stderr]    |
[INFO] [stderr] 12 | http = "1"
[INFO] [stderr]    | ^^^^
[INFO] [stderr]    |
[INFO] [stderr]    = note: `cargo::unused_workspace_dependencies` is set to `warn` by default
[INFO] [stderr] help: consider removing the workspace dependency `http`
[INFO] [stderr] warning: workspace (manifest) generated 1 warning
[INFO] [stderr]     Blocking waiting for file lock on package cache
[INFO] [stderr]     Blocking waiting for file lock on package cache
[ERROR] error running command: no output for 300 seconds
[INFO] checking Xtreme-Light/HTTP-Client-Pro against 3154cc1a3e6424e44f438a95007d043ed5ceaaf6 for pr-133502-30
[INFO] running `Command { std: "git" "clone" "/workspace/cache/git-repos/https%3A%2F%2Fgithub.com%2FXtreme-Light%2FHTTP-Client-Pro" "/workspace/builds/worker-1-tc2/source", kill_on_drop: false }`
[INFO] [stderr] Cloning into '/workspace/builds/worker-1-tc2/source'...
[INFO] [stderr] done.
[INFO] started tweaking git repo https://github.com/Xtreme-Light/HTTP-Client-Pro
[INFO] finished tweaking git repo https://github.com/Xtreme-Light/HTTP-Client-Pro
[INFO] tweaked toml for git repo https://github.com/Xtreme-Light/HTTP-Client-Pro written to /workspace/builds/worker-1-tc2/source/Cargo.toml
[INFO] validating manifest of git repo https://github.com/Xtreme-Light/HTTP-Client-Pro on toolchain 3154cc1a3e6424e44f438a95007d043ed5ceaaf6
[INFO] running `Command { std: CARGO_HOME="/workspace/cargo-home" RUSTUP_HOME="/workspace/rustup-home" "/workspace/cargo-home/bin/cargo" "+3154cc1a3e6424e44f438a95007d043ed5ceaaf6" "metadata" "--manifest-path" "Cargo.toml" "--no-deps", kill_on_drop: false }`
[INFO] crate git repo https://github.com/Xtreme-Light/HTTP-Client-Pro already has a lockfile, it will not be regenerated
[INFO] running `Command { std: CARGO_HOME="/workspace/cargo-home" RUSTUP_HOME="/workspace/rustup-home" "/workspace/cargo-home/bin/cargo" "+3154cc1a3e6424e44f438a95007d043ed5ceaaf6" "fetch" "--manifest-path" "Cargo.toml", kill_on_drop: false }`
[INFO] [stderr] warning: unused workspace dependency `http`
[INFO] [stderr]   --> Cargo.toml:12:1
[INFO] [stderr]    |
[INFO] [stderr] 12 | http = "1"
[INFO] [stderr]    | ^^^^
[INFO] [stderr]    |
[INFO] [stderr]    = note: `cargo::unused_workspace_dependencies` is set to `warn` by default
[INFO] [stderr] help: consider removing the workspace dependency `http`
[INFO] [stderr] warning: workspace (manifest) generated 1 warning
[INFO] [stderr]     Blocking waiting for file lock on package cache
[INFO] [stderr]     Blocking waiting for file lock on package cache
[ERROR] error running command: no output for 300 seconds
[INFO] checking Xtreme-Light/HTTP-Client-Pro against 3154cc1a3e6424e44f438a95007d043ed5ceaaf6 for pr-133502-30
[INFO] running `Command { std: "git" "clone" "/workspace/cache/git-repos/https%3A%2F%2Fgithub.com%2FXtreme-Light%2FHTTP-Client-Pro" "/workspace/builds/worker-1-tc2/source", kill_on_drop: false }`
[INFO] [stderr] Cloning into '/workspace/builds/worker-1-tc2/source'...
[INFO] [stderr] done.
[INFO] started tweaking git repo https://github.com/Xtreme-Light/HTTP-Client-Pro
[INFO] finished tweaking git repo https://github.com/Xtreme-Light/HTTP-Client-Pro
[INFO] tweaked toml for git repo https://github.com/Xtreme-Light/HTTP-Client-Pro written to /workspace/builds/worker-1-tc2/source/Cargo.toml
[INFO] validating manifest of git repo https://github.com/Xtreme-Light/HTTP-Client-Pro on toolchain 3154cc1a3e6424e44f438a95007d043ed5ceaaf6
[INFO] running `Command { std: CARGO_HOME="/workspace/cargo-home" RUSTUP_HOME="/workspace/rustup-home" "/workspace/cargo-home/bin/cargo" "+3154cc1a3e6424e44f438a95007d043ed5ceaaf6" "metadata" "--manifest-path" "Cargo.toml" "--no-deps", kill_on_drop: false }`
[INFO] crate git repo https://github.com/Xtreme-Light/HTTP-Client-Pro already has a lockfile, it will not be regenerated
[INFO] running `Command { std: CARGO_HOME="/workspace/cargo-home" RUSTUP_HOME="/workspace/rustup-home" "/workspace/cargo-home/bin/cargo" "+3154cc1a3e6424e44f438a95007d043ed5ceaaf6" "fetch" "--manifest-path" "Cargo.toml", kill_on_drop: false }`
[INFO] [stderr] warning: unused workspace dependency `http`
[INFO] [stderr]   --> Cargo.toml:12:1
[INFO] [stderr]    |
[INFO] [stderr] 12 | http = "1"
[INFO] [stderr]    | ^^^^
[INFO] [stderr]    |
[INFO] [stderr]    = note: `cargo::unused_workspace_dependencies` is set to `warn` by default
[INFO] [stderr] help: consider removing the workspace dependency `http`
[INFO] [stderr] warning: workspace (manifest) generated 1 warning
[INFO] [stderr]     Blocking waiting for file lock on package cache
[ERROR] error running command: no output for 300 seconds
[INFO] checking Xtreme-Light/HTTP-Client-Pro against 3154cc1a3e6424e44f438a95007d043ed5ceaaf6 for pr-133502-30
[INFO] running `Command { std: "git" "clone" "/workspace/cache/git-repos/https%3A%2F%2Fgithub.com%2FXtreme-Light%2FHTTP-Client-Pro" "/workspace/builds/worker-1-tc2/source", kill_on_drop: false }`
[INFO] [stderr] Cloning into '/workspace/builds/worker-1-tc2/source'...
[INFO] [stderr] done.
[INFO] started tweaking git repo https://github.com/Xtreme-Light/HTTP-Client-Pro
[INFO] finished tweaking git repo https://github.com/Xtreme-Light/HTTP-Client-Pro
[INFO] tweaked toml for git repo https://github.com/Xtreme-Light/HTTP-Client-Pro written to /workspace/builds/worker-1-tc2/source/Cargo.toml
[INFO] validating manifest of git repo https://github.com/Xtreme-Light/HTTP-Client-Pro on toolchain 3154cc1a3e6424e44f438a95007d043ed5ceaaf6
[INFO] running `Command { std: CARGO_HOME="/workspace/cargo-home" RUSTUP_HOME="/workspace/rustup-home" "/workspace/cargo-home/bin/cargo" "+3154cc1a3e6424e44f438a95007d043ed5ceaaf6" "metadata" "--manifest-path" "Cargo.toml" "--no-deps", kill_on_drop: false }`
[INFO] crate git repo https://github.com/Xtreme-Light/HTTP-Client-Pro already has a lockfile, it will not be regenerated
[INFO] running `Command { std: CARGO_HOME="/workspace/cargo-home" RUSTUP_HOME="/workspace/rustup-home" "/workspace/cargo-home/bin/cargo" "+3154cc1a3e6424e44f438a95007d043ed5ceaaf6" "fetch" "--manifest-path" "Cargo.toml", kill_on_drop: false }`
[INFO] [stderr] warning: unused workspace dependency `http`
[INFO] [stderr]   --> Cargo.toml:12:1
[INFO] [stderr]    |
[INFO] [stderr] 12 | http = "1"
[INFO] [stderr]    | ^^^^
[INFO] [stderr]    |
[INFO] [stderr]    = note: `cargo::unused_workspace_dependencies` is set to `warn` by default
[INFO] [stderr] help: consider removing the workspace dependency `http`
[INFO] [stderr] warning: workspace (manifest) generated 1 warning
[INFO] [stderr]     Blocking waiting for file lock on package cache
[INFO] [stderr]     Blocking waiting for file lock on package cache
[ERROR] error running command: no output for 300 seconds
[INFO] checking Xtreme-Light/HTTP-Client-Pro against 3154cc1a3e6424e44f438a95007d043ed5ceaaf6 for pr-133502-30
[INFO] running `Command { std: "git" "clone" "/workspace/cache/git-repos/https%3A%2F%2Fgithub.com%2FXtreme-Light%2FHTTP-Client-Pro" "/workspace/builds/worker-1-tc2/source", kill_on_drop: false }`
[INFO] [stderr] Cloning into '/workspace/builds/worker-1-tc2/source'...
[INFO] [stderr] done.
[INFO] started tweaking git repo https://github.com/Xtreme-Light/HTTP-Client-Pro
[INFO] finished tweaking git repo https://github.com/Xtreme-Light/HTTP-Client-Pro
[INFO] tweaked toml for git repo https://github.com/Xtreme-Light/HTTP-Client-Pro written to /workspace/builds/worker-1-tc2/source/Cargo.toml
[INFO] validating manifest of git repo https://github.com/Xtreme-Light/HTTP-Client-Pro on toolchain 3154cc1a3e6424e44f438a95007d043ed5ceaaf6
[INFO] running `Command { std: CARGO_HOME="/workspace/cargo-home" RUSTUP_HOME="/workspace/rustup-home" "/workspace/cargo-home/bin/cargo" "+3154cc1a3e6424e44f438a95007d043ed5ceaaf6" "metadata" "--manifest-path" "Cargo.toml" "--no-deps", kill_on_drop: false }`
[INFO] crate git repo https://github.com/Xtreme-Light/HTTP-Client-Pro already has a lockfile, it will not be regenerated
[INFO] running `Command { std: CARGO_HOME="/workspace/cargo-home" RUSTUP_HOME="/workspace/rustup-home" "/workspace/cargo-home/bin/cargo" "+3154cc1a3e6424e44f438a95007d043ed5ceaaf6" "fetch" "--manifest-path" "Cargo.toml", kill_on_drop: false }`
[INFO] [stderr] warning: unused workspace dependency `http`
[INFO] [stderr]   --> Cargo.toml:12:1
[INFO] [stderr]    |
[INFO] [stderr] 12 | http = "1"
[INFO] [stderr]    | ^^^^
[INFO] [stderr]    |
[INFO] [stderr]    = note: `cargo::unused_workspace_dependencies` is set to `warn` by default
[INFO] [stderr] help: consider removing the workspace dependency `http`
[INFO] [stderr] warning: workspace (manifest) generated 1 warning
[INFO] [stderr]     Blocking waiting for file lock on package cache
[INFO] [stderr]     Blocking waiting for file lock on package cache
[INFO] [stderr]  Downloading crates ...
[INFO] [stderr]   Downloaded tauri-plugin-updater v2.11.0
[INFO] [stderr]   Downloaded tauri-plugin-dialog v2.7.2
[INFO] [stderr]   Downloaded rquickjs v0.12.2
[INFO] [stderr]   Downloaded rquickjs-macro v0.12.2
[INFO] [stderr]   Downloaded relative-path v2.0.1
[INFO] [stderr]   Downloaded rquickjs-core v0.12.2
[INFO] [stderr]   Downloaded httpmock v0.7.0
[INFO] [stderr]   Downloaded rmcp-macros v3.1.4
[INFO] [stderr]   Downloaded rquickjs-sys v0.12.2
[INFO] [stderr]   Downloaded rmcp v3.1.4
[INFO] running `Command { std: "docker" "create" "-v" "/var/lib/crater-agent-workspace/builds/worker-1-tc2/source:/opt/rustwide/workdir:ro,Z" "-v" "/var/lib/crater-agent-workspace/builds/worker-1-tc2/target:/opt/rustwide/target:rw,Z" "-v" "/var/lib/crater-agent-workspace/cargo-home:/opt/rustwide/cargo-home:ro,Z" "-v" "/var/lib/crater-agent-workspace/rustup-home:/opt/rustwide/rustup-home:ro,Z" "-m" "1610612736" "--network" "none" "ghcr.io/rust-lang/crates-build-env/linux@sha256:77db811e55d90add9212f6832c23229e3de5f1c1f9905e8cb07319ea15df73ac" "sleep" "infinity", kill_on_drop: false }`
[INFO] [stdout] 80284044d4c48d0b1c147ef0bb9b286f5bc837ad82b2313d01b1a9b6cfd87279
[INFO] running `Command { std: "docker" "start" "80284044d4c48d0b1c147ef0bb9b286f5bc837ad82b2313d01b1a9b6cfd87279", kill_on_drop: false }`
[INFO] running `Command { std: "docker" "inspect" "80284044d4c48d0b1c147ef0bb9b286f5bc837ad82b2313d01b1a9b6cfd87279", kill_on_drop: false }`
[INFO] running `Command { std: "docker" "exec" "-e" "SOURCE_DIR=/opt/rustwide/workdir" "-e" "CARGO_HOME=/opt/rustwide/cargo-home" "-e" "RUSTUP_HOME=/opt/rustwide/rustup-home" "-e" "CARGO_TARGET_DIR=/opt/rustwide/target" "-w" "/opt/rustwide/workdir" "--user" "0:0" "80284044d4c48d0b1c147ef0bb9b286f5bc837ad82b2313d01b1a9b6cfd87279" "/opt/rustwide/cargo-home/bin/cargo" "+3154cc1a3e6424e44f438a95007d043ed5ceaaf6" "metadata" "--no-deps" "--format-version=1", kill_on_drop: false }`
[INFO] running `Command { std: "docker" "inspect" "80284044d4c48d0b1c147ef0bb9b286f5bc837ad82b2313d01b1a9b6cfd87279", kill_on_drop: false }`
[INFO] running `Command { std: "docker" "exec" "-e" "SOURCE_DIR=/opt/rustwide/workdir" "-e" "CARGO_HOME=/opt/rustwide/cargo-home" "-e" "RUSTUP_HOME=/opt/rustwide/rustup-home" "-e" "CARGO_TARGET_DIR=/opt/rustwide/target" "-e" "CARGO_INCREMENTAL=0" "-e" "RUST_BACKTRACE=full" "-e" "RUSTFLAGS=--cap-lints=forbid" "-e" "RUSTDOCFLAGS=--cap-lints=forbid" "-w" "/opt/rustwide/workdir" "--user" "0:0" "80284044d4c48d0b1c147ef0bb9b286f5bc837ad82b2313d01b1a9b6cfd87279" "/opt/rustwide/cargo-home/bin/cargo" "+3154cc1a3e6424e44f438a95007d043ed5ceaaf6" "check" "--frozen" "--all" "--all-targets" "--message-format=json", kill_on_drop: false }`
[INFO] [stderr] warning: unused workspace dependency `http`
[INFO] [stderr]   --> Cargo.toml:12:1
[INFO] [stderr]    |
[INFO] [stderr] 12 | http = "1"
[INFO] [stderr]    | ^^^^
[INFO] [stderr]    |
[INFO] [stderr]    = note: `cargo::unused_workspace_dependencies` is set to `warn` by default
[INFO] [stderr] help: consider removing the workspace dependency `http`
[INFO] [stderr] warning: workspace (manifest) generated 1 warning
[INFO] [stderr]    Compiling hashbrown v0.17.1
[INFO] [stderr]    Compiling serde_core v1.0.229
[INFO] [stderr]    Compiling quote v1.0.47
[INFO] [stderr]     Checking futures-channel v0.3.34
[INFO] [stderr]    Compiling getrandom v0.4.3
[INFO] [stderr]    Compiling cfg-expr v0.15.8
[INFO] [stderr]    Compiling cc v1.4.4
[INFO] [stderr]     Checking log v0.4.34
[INFO] [stderr]     Checking parking_lot_core v0.9.12
[INFO] [stderr]    Compiling syn v3.0.3
[INFO] [stderr]    Compiling syn v2.0.119
[INFO] [stderr]    Compiling syn v1.0.109
[INFO] [stderr]     Checking parking_lot v0.12.5
[INFO] [stderr]     Checking regex-automata v0.4.18
[INFO] [stderr]    Compiling indexmap v2.14.0
[INFO] [stderr]    Compiling cookie v0.18.2
[INFO] [stderr]    Compiling clang-sys v1.9.1
[INFO] [stderr]    Compiling rustls v0.23.43
[INFO] [stderr]    Compiling ring v0.17.14
[INFO] [stderr]     Checking compression-codecs v0.4.38
[INFO] [stderr]    Compiling num-traits v0.2.19
[INFO] [stderr]    Compiling zerocopy v0.8.56
[INFO] [stderr]     Checking mime_guess v2.0.5
[INFO] [stderr]     Checking bitflags v2.13.1
[INFO] [stderr]     Checking serde_json v1.0.151
[INFO] [stderr]     Checking uuid v1.25.0
[INFO] [stderr]     Checking rustix v1.1.4
[INFO] [stderr]     Checking regex v1.13.1
[INFO] [stderr]     Checking http-range-header v0.4.2
[INFO] [stderr]    Compiling toml_edit v0.25.13+spec-1.1.0
[INFO] [stderr]    Compiling synstructure v0.13.2
[INFO] [stderr]    Compiling prettyplease v0.2.37
[INFO] [stderr]    Compiling bindgen v0.72.1
[INFO] [stderr]     Checking psl-types v2.0.11
[INFO] [stderr]    Compiling serde_derive v1.0.229
[INFO] [stderr]    Compiling zerovec-derive v0.11.6
[INFO] [stderr]    Compiling displaydoc v0.2.7
[INFO] [stderr]    Compiling zerofrom-derive v0.1.7
[INFO] [stderr]    Compiling yoke-derive v0.8.2
[INFO] [stderr]    Compiling futures-macro v0.3.34
[INFO] [stderr]    Compiling thiserror-impl v2.0.20
[INFO] [stderr]     Checking zerofrom v0.1.8
[INFO] [stderr]    Compiling tokio-macros v2.7.2
[INFO] [stderr]     Checking futures-util v0.3.34
[INFO] [stderr]     Checking yoke v0.8.3
[INFO] [stderr]     Checking tokio v1.53.1
[INFO] [stderr]     Checking zerovec v0.11.8
[INFO] [stderr]     Checking zerotrie v0.2.5
[INFO] [stderr]    Compiling tracing-attributes v0.1.31
[INFO] [stderr]    Compiling thiserror-impl v1.0.69
[INFO] [stderr]     Checking tinystr v0.8.4
[INFO] [stderr]     Checking icu_locale_core v2.3.0
[INFO] [stderr]     Checking potential_utf v0.1.6
[INFO] [stderr]     Checking icu_provider v2.3.1
[INFO] [stderr]     Checking icu_collections v2.3.0
[INFO] [stderr]    Compiling serde v1.0.229
[INFO] [stderr]     Checking tracing v0.1.44
[INFO] [stderr]     Checking thiserror v2.0.20
[INFO] [stderr]     Checking rustls-webpki v0.103.15
[INFO] [stderr]     Checking icu_normalizer v2.3.0
[INFO] [stderr]     Checking icu_properties v2.3.0
[INFO] [stderr]    Compiling toml_datetime v0.6.3
[INFO] [stderr]    Compiling serde_spanned v0.6.9
[INFO] [stderr]    Compiling phf_macros v0.13.1
[INFO] [stderr]    Compiling toml_edit v0.20.2
[INFO] [stderr]    Compiling relative-path v2.0.1
[INFO] [stderr]     Checking serde_urlencoded v0.7.1
[INFO] [stderr]     Checking chrono v0.4.45
[INFO] [stderr]     Checking idna_adapter v1.2.2
[INFO] [stderr]     Checking idna v1.1.0
[INFO] [stderr]     Checking ppv-lite86 v0.2.21
[INFO] [stderr]     Checking url v2.5.8
[INFO] [stderr]     Checking publicsuffix v2.3.0
[INFO] [stderr]    Compiling convert_case v0.11.0
[INFO] [stderr]    Compiling proc-macro-crate v3.5.0
[INFO] [stderr]    Compiling darling_core v0.23.0
[INFO] [stderr]     Checking tokio-util v0.7.19
[INFO] [stderr]     Checking tower v0.5.3
[INFO] [stderr]     Checking async-compression v0.4.43
[INFO] [stderr]    Compiling toml v0.8.2
[INFO] [stderr]    Compiling rquickjs-sys v0.12.2
[INFO] [stderr]     Checking h2 v0.4.19
[INFO] [stderr]     Checking tower-http v0.6.11
[INFO] [stderr]    Compiling system-deps v6.2.2
[INFO] [stderr]     Checking tokio-rustls v0.26.4
[INFO] [stderr]     Checking rand_chacha v0.3.1
[INFO] [stderr]     Checking cookie_store v0.22.1
[INFO] [stderr]     Checking futures-executor v0.3.34
[INFO] [stderr]     Checking rand v0.8.8
[INFO] [stderr]     Checking sha1 v0.10.7
[INFO] [stderr]     Checking sha2 v0.10.9
[INFO] [stderr]    Compiling glib-sys v0.18.1
[INFO] [stderr]    Compiling gobject-sys v0.18.0
[INFO] [stderr]    Compiling gio-sys v0.18.1
[INFO] [stderr]    Compiling phf v0.13.1
[INFO] [stderr]     Checking hmac v0.12.1
[INFO] [stderr]     Checking md-5 v0.10.6
[INFO] [stderr]    Compiling string_cache_codegen v0.6.1
[INFO] [stderr]    Compiling web_atoms v0.2.6
[INFO] [stderr]    Compiling gdk-sys v0.18.2
[INFO] [stderr]    Compiling string_cache v0.9.0
[INFO] [stderr]     Checking polling v3.11.0
[INFO] [stderr]     Checking async-io v2.6.0
[INFO] [stderr]    Compiling darling_macro v0.23.0
[INFO] [stderr]    Compiling proc-macro-error-attr v1.0.4
[INFO] [stderr]    Compiling darling v0.23.0
[INFO] [stderr]     Checking async-channel v2.5.0
[INFO] [stderr]    Compiling serde_with_macros v3.22.0
[INFO] [stderr]    Compiling cssparser-macros v0.6.1
[INFO] [stderr]    Compiling derive_more-impl v2.1.1
[INFO] [stderr]    Compiling proc-macro-error v1.0.4
[INFO] [stderr]    Compiling cssparser v0.36.0
[INFO] [stderr]    Compiling markup5ever v0.38.0
[INFO] [stderr]    Compiling toml v1.1.4+spec-1.1.0
[INFO] [stderr]     Checking thiserror v1.0.69
[INFO] [stderr]    Compiling derive_more v2.1.1
[INFO] [stderr]    Compiling serde_derive_internals v0.29.1
[INFO] [stderr]    Compiling indexmap v1.9.3
[INFO] [stderr]     Checking blocking v1.6.2
[INFO] [stderr]    Compiling html5ever v0.38.0
[INFO] [stderr]    Compiling selectors v0.36.1
[INFO] [stderr]    Compiling cfb v0.7.3
[INFO] [stderr]     Checking async-signal v0.2.14
[INFO] [stderr]     Checking async-executor v1.14.0
[INFO] [stderr]    Compiling pango-sys v0.18.0
[INFO] [stderr]     Checking hyper v1.11.0
[INFO] [stderr]    Compiling cairo-sys-rs v0.18.2
[INFO] [stderr]    Compiling schemars_derive v0.8.22
[INFO] [stderr]    Compiling atk-sys v0.18.2
[INFO] [stderr]    Compiling gdk-pixbuf-sys v0.18.0
[INFO] [stderr]    Compiling proc-macro-crate v2.0.2
[INFO] [stderr]    Compiling jsonptr v0.6.3
[INFO] [stderr]    Compiling cargo-platform v0.1.9
[INFO] [stderr]    Compiling plist v1.10.0
[INFO] [stderr]    Compiling cargo_metadata v0.19.2
[INFO] [stderr]    Compiling glib-macros v0.18.5
[INFO] [stderr]    Compiling json-patch v3.0.1
[INFO] [stderr]    Compiling dom_query v0.27.0
[INFO] [stderr]     Checking async-channel v1.9.0
[INFO] [stderr]    Compiling infer v0.19.0
[INFO] [stderr]     Checking hyper-util v0.1.20
[INFO] [stderr]    Compiling schemars v0.8.22
[INFO] [stderr]     Checking async-global-executor v2.4.1
[INFO] [stderr]     Checking async-process v2.5.0
[INFO] [stderr]    Compiling urlpattern v0.3.0
[INFO] [stderr]    Compiling serde_with v3.22.0
[INFO] [stderr]    Compiling async-attributes v1.1.2
[INFO] [stderr]     Checking kv-log-macro v1.0.7
[INFO] [stderr]     Checking async-std v1.13.2
[INFO] [stderr]     Checking similar v2.7.0
[INFO] [stderr]    Compiling rquickjs-core v0.12.2
[INFO] [stderr]     Checking hyper v0.14.32
[INFO] [stderr]     Checking hyper-rustls v0.27.9
[INFO] [stderr]     Checking reqwest v0.12.28
[INFO] [stderr]    Compiling gtk-sys v0.18.2
[INFO] [stderr]     Checking assert-json-diff v2.0.2
[INFO] [stderr]     Checking serde_regex v1.2.0
[INFO] [stderr]     Checking tempfile v3.27.0
[INFO] [stderr]    Compiling async-trait v0.1.92
[INFO] [stderr]     Checking glib v0.18.5
[INFO] [stderr]    Compiling tauri-utils v2.9.3
[INFO] [stderr]    Compiling dirs-sys v0.5.0
[INFO] [stderr]    Compiling embed-resource v3.0.11
[INFO] [stderr]    Compiling dirs v6.0.0
[INFO] [stderr]    Compiling tauri-winres v0.3.6
[INFO] [stderr]    Compiling cargo_toml v0.22.3
[INFO] [stderr]    Compiling toml_edit v0.19.15
[INFO] [stderr]     Checking matchers v0.2.0
[INFO] [stderr]     Checking tracing-log v0.2.0
[INFO] [stderr]     Checking thread_local v1.1.10
[INFO] [stderr]     Checking async-object-pool v0.1.5
[INFO] [stderr]     Checking httpmock v0.7.0
[INFO] [stderr]     Checking tracing-subscriber v0.3.23
[INFO] [stderr]    Compiling rquickjs-macro v0.12.2
[INFO] [stderr]    Compiling javascriptcore-rs-sys v1.1.1
[INFO] [stderr]    Compiling soup3-sys v0.5.0
[INFO] [stderr]    Compiling gtk v0.18.2
[INFO] [stderr]    Compiling webkit2gtk-sys v2.0.2
[INFO] [stderr]    Compiling gdkx11-sys v0.18.2
[INFO] [stderr]     Checking console v0.16.4
[INFO] [stderr]    Compiling proc-macro-crate v1.3.1
[INFO] [stderr]     Checking x11 v2.21.0
[INFO] [stderr]     Checking insta v1.48.0
[INFO] [stderr]     Checking dpi v0.1.2
[INFO] [stderr]    Compiling crc32fast v1.5.0
[INFO] [stderr]    Compiling flate2 v1.1.9
[INFO] [stderr]     Checking erased-serde v0.4.10
[INFO] [stderr]    Compiling gtk3-macros v0.18.2
[INFO] [stderr]     Checking toml_datetime v1.1.1+spec-1.1.0
[INFO] [stderr]     Checking serde_spanned v1.1.1
[INFO] [stderr]    Compiling png v0.17.16
[INFO] [stderr]     Checking serde-untagged v0.1.9
[INFO] [stderr]     Checking rquickjs v0.12.2
[INFO] [stderr]     Checking http-core v0.5.1 (/opt/rustwide/workdir/crates/http-core)
[INFO] [stderr]     Checking x11-dl v2.21.0
[INFO] [stderr]     Checking ctor v0.8.0
[INFO] [stderr]    Compiling dlopen2_derive v0.4.3
[INFO] [stderr]     Checking semver v1.0.28
[INFO] [stderr]     Checking crossbeam-channel v0.5.16
[INFO] [stderr]    Compiling tauri-runtime v2.11.3
[INFO] [stderr]     Checking glob v0.3.4
[INFO] [stderr]    Compiling wry v0.55.1
[INFO] [stderr]     Checking dlopen2 v0.8.2
[INFO] [stderr]    Compiling ico v0.5.0
[INFO] [stderr]     Checking dbus v0.9.12
[INFO] [stderr]     Checking gdkwayland-sys v0.18.2
[INFO] [stderr]    Compiling darling_core v0.24.1
[INFO] [stderr]    Compiling ref-cast v1.0.27
[INFO] [stderr]    Compiling tauri-runtime-wry v2.11.4
[INFO] [stderr]     Checking keyboard-types v0.7.0
[INFO] [stderr]    Compiling serialize-to-javascript-impl v0.1.2
[INFO] [stderr]     Checking gio v0.18.4
[INFO] [stderr]     Checking cairo-rs v0.18.5
[INFO] [stderr]     Checking atk v0.18.2
[INFO] [stderr]     Checking javascriptcore-rs v1.1.2
[INFO] [stderr]    Compiling ref-cast-impl v1.0.27
[INFO] [stderr]    Compiling serde_derive_internals v0.30.0
[INFO] [stderr]     Checking serialize-to-javascript v0.1.2
[INFO] [stderr]     Checking getrandom v0.3.4
[INFO] [stderr]    Compiling serde_repr v0.1.21
[INFO] [stderr]    Compiling signal-hook v0.3.18
[INFO] [stderr]     Checking heck v0.5.0
[INFO] [stderr]    Compiling rmcp v3.1.4
[INFO] [stderr]     Checking futures v0.3.34
[INFO] [stderr]     Checking axum-core v0.5.6
[INFO] [stderr]    Compiling async-stream-impl v0.3.6
[INFO] [stderr]    Compiling schemars_derive v1.2.2
[INFO] [stderr]     Checking serde_path_to_error v0.1.20
[INFO] [stderr]     Checking async-stream v0.3.6
[INFO] [stderr]     Checking tokio-stream v0.1.19
[INFO] [stderr]     Checking os_pipe v1.2.3
[INFO] [stderr]    Compiling rfd v0.16.0
[INFO] [stderr]     Checking sigchld v0.2.4
[INFO] [stderr]     Checking rustls-platform-verifier v0.7.0
[INFO] [stderr]    Compiling darling_macro v0.24.1
[INFO] [stderr]     Checking xattr v1.6.1
[INFO] [stderr]     Checking reqwest v0.13.4
[INFO] [stderr]     Checking tar v0.4.46
[INFO] [stderr]    Compiling darling v0.24.1
[INFO] [stderr]    Compiling rmcp-macros v3.1.4
[INFO] [stderr]    Compiling tauri-plugin v2.6.3
[INFO] [stderr]    Compiling tauri-build v2.6.3
[INFO] [stderr]    Compiling tauri-codegen v2.6.3
[INFO] [stderr]     Checking schemars v1.2.2
[INFO] [stderr]     Checking axum v0.8.9
[INFO] [stderr]     Checking open v5.4.1
[INFO] [stderr]     Checking shared_child v1.1.1
[INFO] [stderr]     Checking http-cli v0.5.1 (/opt/rustwide/workdir/crates/http-cli)
[INFO] [stderr]     Checking minisign-verify v0.2.5
[INFO] [stderr]    Compiling tauri v2.11.5
[INFO] [stderr]    Compiling tauri-plugin-fs v2.5.1
[INFO] [stderr]    Compiling tauri-macros v2.6.3
[INFO] [stderr]    Compiling tauri-plugin-shell v2.3.5
[INFO] [stderr]    Compiling tauri-plugin-updater v2.11.0
[INFO] [stderr]    Compiling tauri-plugin-dialog v2.7.2
[INFO] [stderr]    Compiling http-client-pro-desktop v0.5.1 (/opt/rustwide/workdir/apps/desktop/src-tauri)
[INFO] [stderr]     Checking http-web v0.5.1 (/opt/rustwide/workdir/crates/http-web)
[INFO] [stderr]     Checking pango v0.18.3
[INFO] [stderr]     Checking gdk-pixbuf v0.18.5
[INFO] [stderr]     Checking soup3 v0.5.0
[INFO] [stderr]     Checking gdk v0.18.2
[INFO] [stderr]     Checking http-mcp v0.5.1 (/opt/rustwide/workdir/crates/http-mcp)
[INFO] [stderr]     Checking gdkx11 v0.18.2
[INFO] [stderr]     Checking webkit2gtk v2.0.2
[INFO] [stderr]     Checking tao v0.35.3
[INFO] [stderr]     Checking muda v0.19.3
[INFO] [stdout] error: proc macro panicked
[INFO] [stdout]    --> apps/desktop/src-tauri/src/main.rs:418:14
[INFO] [stdout]     |
[INFO] [stdout] 418 |         .run(tauri::generate_context!())
[INFO] [stdout]     |              ^^^^^^^^^^^^^^^^^^^^^^^^^^
[INFO] [stdout]     |
[INFO] [stdout]     = help: message: The `frontendDist` configuration is set to `"../dist"` but this path doesn't exist
[INFO] [stdout] 
[INFO] [stdout] 
[INFO] [stdout] error: proc macro panicked
[INFO] [stdout]    --> apps/desktop/src-tauri/src/main.rs:418:14
[INFO] [stdout]     |
[INFO] [stdout] 418 |         .run(tauri::generate_context!())
[INFO] [stdout]     |              ^^^^^^^^^^^^^^^^^^^^^^^^^^
[INFO] [stdout]     |
[INFO] [stdout]     = help: message: The `frontendDist` configuration is set to `"../dist"` but this path doesn't exist
[INFO] [stdout] 
[INFO] [stdout] 
[INFO] [stderr] error: could not compile `http-client-pro-desktop` (bin "http-client-pro-desktop" test) due to 1 previous error
[INFO] [stderr] warning: build failed, waiting for other jobs to finish...
[INFO] [stderr] error: could not compile `http-client-pro-desktop` (bin "http-client-pro-desktop") due to 1 previous error
[INFO] [stderr] warning: unused dependency `tracing-subscriber`
[INFO] [stderr]   --> crates/http-cli/Cargo.toml:23:1
[INFO] [stderr]    |
[INFO] [stderr] 23 | tracing-subscriber = { workspace = true }
[INFO] [stderr]    | ^^^^^^^^^^^^^^^^^^^^^^^^^^^^^^^^^^^^^^^^^
[INFO] [stderr]    |
[INFO] [stderr]    = note: `cargo::unused_dependencies` is set to `warn` by default
[INFO] [stderr] help: consider removing the dependency on `tracing-subscriber`
[INFO] [stderr] warning: `http-cli` (manifest) generated 1 warning
[INFO] [stderr] warning: unused dependency `tokio-stream`
[INFO] [stderr]   --> crates/http-web/Cargo.toml:29:1
[INFO] [stderr]    |
[INFO] [stderr] 29 | tokio-stream = { workspace = true }
[INFO] [stderr]    | ^^^^^^^^^^^^^^^^^^^^^^^^^^^^^^^^^^^
[INFO] [stderr]    |
[INFO] [stderr]    = note: `cargo::unused_dependencies` is set to `warn` by default
[INFO] [stderr] help: consider removing the dependency on `tokio-stream`
[INFO] [stderr] warning: `http-web` (manifest) generated 1 warning
[INFO] running `Command { std: "docker" "inspect" "80284044d4c48d0b1c147ef0bb9b286f5bc837ad82b2313d01b1a9b6cfd87279", kill_on_drop: false }`
[INFO] running `Command { std: "docker" "rm" "-f" "80284044d4c48d0b1c147ef0bb9b286f5bc837ad82b2313d01b1a9b6cfd87279", kill_on_drop: false }`
[INFO] [stdout] 80284044d4c48d0b1c147ef0bb9b286f5bc837ad82b2313d01b1a9b6cfd87279
