[INFO] fetching crate rivet-rtos 0.2.0...
[INFO] checking rivet-rtos-0.2.0 against 3154cc1a3e6424e44f438a95007d043ed5ceaaf6 for pr-133502-30
[INFO] extracting crate rivet-rtos 0.2.0 into /workspace/builds/worker-3-tc2/source
[INFO] started tweaking crates.io crate rivet-rtos 0.2.0
[INFO] removed 0 missing tests
[INFO] finished tweaking crates.io crate rivet-rtos 0.2.0
[INFO] tweaked toml for crates.io crate rivet-rtos 0.2.0 written to /workspace/builds/worker-3-tc2/source/Cargo.toml
[INFO] validating manifest of crates.io crate rivet-rtos 0.2.0 on toolchain 3154cc1a3e6424e44f438a95007d043ed5ceaaf6
[INFO] running `Command { std: CARGO_HOME="/workspace/cargo-home" RUSTUP_HOME="/workspace/rustup-home" "/workspace/cargo-home/bin/cargo" "+3154cc1a3e6424e44f438a95007d043ed5ceaaf6" "metadata" "--manifest-path" "Cargo.toml" "--no-deps", kill_on_drop: false }`
[INFO] crate crates.io crate rivet-rtos 0.2.0 already has a lockfile, it will not be regenerated
[INFO] running `Command { std: CARGO_HOME="/workspace/cargo-home" RUSTUP_HOME="/workspace/rustup-home" "/workspace/cargo-home/bin/cargo" "+3154cc1a3e6424e44f438a95007d043ed5ceaaf6" "fetch" "--manifest-path" "Cargo.toml", kill_on_drop: false }`
[INFO] [stderr]     Blocking waiting for file lock on package cache
[INFO] [stderr]     Blocking waiting for file lock on package cache
[INFO] running `Command { std: "docker" "create" "-v" "/var/lib/crater-agent-workspace/builds/worker-3-tc2/source:/opt/rustwide/workdir:ro,Z" "-v" "/var/lib/crater-agent-workspace/builds/worker-3-tc2/target:/opt/rustwide/target:rw,Z" "-v" "/var/lib/crater-agent-workspace/cargo-home:/opt/rustwide/cargo-home:ro,Z" "-v" "/var/lib/crater-agent-workspace/rustup-home:/opt/rustwide/rustup-home:ro,Z" "-m" "1610612736" "--network" "none" "ghcr.io/rust-lang/crates-build-env/linux@sha256:77db811e55d90add9212f6832c23229e3de5f1c1f9905e8cb07319ea15df73ac" "sleep" "infinity", kill_on_drop: false }`
[INFO] [stdout] 069559d5e486d8d42c997051a4b261ff6c3ab1699902da656276ee7d7276826a
[INFO] running `Command { std: "docker" "start" "069559d5e486d8d42c997051a4b261ff6c3ab1699902da656276ee7d7276826a", kill_on_drop: false }`
[INFO] running `Command { std: "docker" "inspect" "069559d5e486d8d42c997051a4b261ff6c3ab1699902da656276ee7d7276826a", kill_on_drop: false }`
[INFO] running `Command { std: "docker" "exec" "-e" "SOURCE_DIR=/opt/rustwide/workdir" "-e" "CARGO_HOME=/opt/rustwide/cargo-home" "-e" "RUSTUP_HOME=/opt/rustwide/rustup-home" "-e" "CARGO_TARGET_DIR=/opt/rustwide/target" "-w" "/opt/rustwide/workdir" "--user" "0:0" "069559d5e486d8d42c997051a4b261ff6c3ab1699902da656276ee7d7276826a" "/opt/rustwide/cargo-home/bin/cargo" "+3154cc1a3e6424e44f438a95007d043ed5ceaaf6" "metadata" "--no-deps" "--format-version=1", kill_on_drop: false }`
[INFO] running `Command { std: "docker" "inspect" "069559d5e486d8d42c997051a4b261ff6c3ab1699902da656276ee7d7276826a", kill_on_drop: false }`
[INFO] running `Command { std: "docker" "exec" "-e" "SOURCE_DIR=/opt/rustwide/workdir" "-e" "CARGO_HOME=/opt/rustwide/cargo-home" "-e" "RUSTUP_HOME=/opt/rustwide/rustup-home" "-e" "CARGO_TARGET_DIR=/opt/rustwide/target" "-e" "CARGO_INCREMENTAL=0" "-e" "RUST_BACKTRACE=full" "-e" "RUSTFLAGS=--cap-lints=forbid" "-e" "RUSTDOCFLAGS=--cap-lints=forbid" "-w" "/opt/rustwide/workdir" "--user" "0:0" "069559d5e486d8d42c997051a4b261ff6c3ab1699902da656276ee7d7276826a" "/opt/rustwide/cargo-home/bin/cargo" "+3154cc1a3e6424e44f438a95007d043ed5ceaaf6" "check" "--frozen" "--all" "--all-targets" "--message-format=json", kill_on_drop: false }`
[INFO] [stderr]     Checking once_cell v1.21.4
[INFO] [stderr]    Compiling rivet-rtos v0.2.0 (/opt/rustwide/workdir)
[INFO] [stderr]     Checking getrandom v0.4.3
[INFO] [stderr]     Checking rustix v1.1.4
[INFO] [stderr]     Checking wait-timeout v0.2.1
[INFO] [stderr]     Checking rand_core v0.9.5
[INFO] [stderr]    Compiling rivet-macros v0.2.0
[INFO] [stderr]     Checking rand v0.9.5
[INFO] [stderr]     Checking rand_chacha v0.9.0
[INFO] [stderr]     Checking rand_xorshift v0.4.0
[INFO] [stderr]     Checking tempfile v3.27.0
[INFO] [stderr]     Checking rusty-fork v0.3.1
[INFO] [stderr]     Checking proptest v1.11.0
[INFO] [stdout] error[E0433]: cannot find `kernel_test` in `rivet`
[INFO] [stdout]    --> tests/proptest_sched.rs:113:12
[INFO] [stdout]     |
[INFO] [stdout] 113 |     rivet::kernel_test! {
[INFO] [stdout]     |            ^^^^^^^^^^^ could not find `kernel_test` in `rivet`
[INFO] [stdout]     |
[INFO] [stdout] note: found an item that was configured out
[INFO] [stdout]    --> src/lib.rs:118:14
[INFO] [stdout]     |
[INFO] [stdout] 116 | #[cfg(feature = "test-support")]
[INFO] [stdout]     |       ------------------------ the item is gated behind the `test-support` feature
[INFO] [stdout] 117 | #[macro_export]
[INFO] [stdout] 118 | macro_rules! kernel_test {
[INFO] [stdout]     |              ^^^^^^^^^^^
[INFO] [stdout] 
[INFO] [stdout] 
[INFO] [stdout] error[E0433]: cannot find `kernel_test` in `rivet`
[INFO] [stdout]    --> tests/proptest_timer.rs:40:12
[INFO] [stdout]     |
[INFO] [stdout]  40 |     rivet::kernel_test! {
[INFO] [stdout]     |            ^^^^^^^^^^^ could not find `kernel_test` in `rivet`
[INFO] [stdout]     |
[INFO] [stdout] note: found an item that was configured out
[INFO] [stdout]    --> src/lib.rs:118:14
[INFO] [stdout]     |
[INFO] [stdout] 116 | #[cfg(feature = "test-support")]
[INFO] [stdout]     |       ------------------------ the item is gated behind the `test-support` feature
[INFO] [stdout] 117 | #[macro_export]
[INFO] [stdout] 118 | macro_rules! kernel_test {
[INFO] [stdout]     |              ^^^^^^^^^^^
[INFO] [stdout] 
[INFO] [stdout] 
[INFO] [stdout] error[E0433]: cannot find `kernel_test` in `rivet`
[INFO] [stdout]    --> tests/proptest_sched.rs:217:12
[INFO] [stdout]     |
[INFO] [stdout] 217 |     rivet::kernel_test! {
[INFO] [stdout]     |            ^^^^^^^^^^^ could not find `kernel_test` in `rivet`
[INFO] [stdout]     |
[INFO] [stdout] note: found an item that was configured out
[INFO] [stdout]    --> src/lib.rs:118:14
[INFO] [stdout]     |
[INFO] [stdout] 116 | #[cfg(feature = "test-support")]
[INFO] [stdout]     |       ------------------------ the item is gated behind the `test-support` feature
[INFO] [stdout] 117 | #[macro_export]
[INFO] [stdout] 118 | macro_rules! kernel_test {
[INFO] [stdout]     |              ^^^^^^^^^^^
[INFO] [stdout] 
[INFO] [stdout] 
[INFO] [stdout] warning: unused import: `std::collections::HashMap`
[INFO] [stdout]   --> tests/proptest_timer.rs:16:5
[INFO] [stdout]    |
[INFO] [stdout] 16 | use std::collections::HashMap;
[INFO] [stdout]    |     ^^^^^^^^^^^^^^^^^^^^^^^^^
[INFO] [stdout]    |
[INFO] [stdout]    = note: `#[warn(unused_imports)]` (part of `#[warn(unused)]`) on by default
[INFO] [stdout] 
[INFO] [stdout] 
[INFO] [stdout] warning: unused import: `rivet::preempt::sched`
[INFO] [stdout]   --> tests/proptest_sched.rs:19:5
[INFO] [stdout]    |
[INFO] [stdout] 19 | use rivet::preempt::sched;
[INFO] [stdout]    |     ^^^^^^^^^^^^^^^^^^^^^
[INFO] [stdout]    |
[INFO] [stdout]    = note: `#[warn(unused_imports)]` (part of `#[warn(unused)]`) on by default
[INFO] [stdout] 
[INFO] [stdout] 
[INFO] [stdout] For more information about this error, try `rustc --explain E0433`.
[INFO] [stdout] 
[INFO] [stderr] error: could not compile `rivet-rtos` (test "proptest_timer") due to 1 previous error; 1 warning emitted
[INFO] [stderr] warning: build failed, waiting for other jobs to finish...
[INFO] [stdout] error[E0433]: cannot find `kernel_test` in `rivet`
[INFO] [stdout]    --> tests/integration.rs:16:12
[INFO] [stdout]     |
[INFO] [stdout]  16 |     rivet::kernel_test! {
[INFO] [stdout]     |            ^^^^^^^^^^^ could not find `kernel_test` in `rivet`
[INFO] [stdout]     |
[INFO] [stdout] note: found an item that was configured out
[INFO] [stdout]    --> src/lib.rs:118:14
[INFO] [stdout]     |
[INFO] [stdout] 116 | #[cfg(feature = "test-support")]
[INFO] [stdout]     |       ------------------------ the item is gated behind the `test-support` feature
[INFO] [stdout] 117 | #[macro_export]
[INFO] [stdout] 118 | macro_rules! kernel_test {
[INFO] [stdout]     |              ^^^^^^^^^^^
[INFO] [stdout] 
[INFO] [stdout] 
[INFO] [stdout] error[E0433]: cannot find `kernel_test` in `rivet`
[INFO] [stdout]    --> tests/integration.rs:30:12
[INFO] [stdout]     |
[INFO] [stdout]  30 |     rivet::kernel_test! {
[INFO] [stdout]     |            ^^^^^^^^^^^ could not find `kernel_test` in `rivet`
[INFO] [stdout]     |
[INFO] [stdout] note: found an item that was configured out
[INFO] [stdout]    --> src/lib.rs:118:14
[INFO] [stdout]     |
[INFO] [stdout] 116 | #[cfg(feature = "test-support")]
[INFO] [stdout]     |       ------------------------ the item is gated behind the `test-support` feature
[INFO] [stdout] 117 | #[macro_export]
[INFO] [stdout] 118 | macro_rules! kernel_test {
[INFO] [stdout]     |              ^^^^^^^^^^^
[INFO] [stdout] 
[INFO] [stdout] 
[INFO] [stdout] error[E0433]: cannot find `kernel_test` in `rivet`
[INFO] [stdout]    --> tests/integration.rs:41:12
[INFO] [stdout]     |
[INFO] [stdout]  41 |     rivet::kernel_test! {
[INFO] [stdout]     |            ^^^^^^^^^^^ could not find `kernel_test` in `rivet`
[INFO] [stdout]     |
[INFO] [stdout] note: found an item that was configured out
[INFO] [stdout]    --> src/lib.rs:118:14
[INFO] [stdout]     |
[INFO] [stdout] 116 | #[cfg(feature = "test-support")]
[INFO] [stdout]     |       ------------------------ the item is gated behind the `test-support` feature
[INFO] [stdout] 117 | #[macro_export]
[INFO] [stdout] 118 | macro_rules! kernel_test {
[INFO] [stdout]     |              ^^^^^^^^^^^
[INFO] [stdout] 
[INFO] [stdout] 
[INFO] [stdout] error[E0433]: cannot find `kernel_test` in `rivet`
[INFO] [stdout]    --> tests/integration.rs:68:12
[INFO] [stdout]     |
[INFO] [stdout]  68 |     rivet::kernel_test! {
[INFO] [stdout]     |            ^^^^^^^^^^^ could not find `kernel_test` in `rivet`
[INFO] [stdout]     |
[INFO] [stdout] note: found an item that was configured out
[INFO] [stdout]    --> src/lib.rs:118:14
[INFO] [stdout]     |
[INFO] [stdout] 116 | #[cfg(feature = "test-support")]
[INFO] [stdout]     |       ------------------------ the item is gated behind the `test-support` feature
[INFO] [stdout] 117 | #[macro_export]
[INFO] [stdout] 118 | macro_rules! kernel_test {
[INFO] [stdout]     |              ^^^^^^^^^^^
[INFO] [stdout] 
[INFO] [stdout] 
[INFO] [stdout] error[E0433]: cannot find `kernel_test` in `rivet`
[INFO] [stdout]    --> tests/integration.rs:80:12
[INFO] [stdout]     |
[INFO] [stdout]  80 |     rivet::kernel_test! {
[INFO] [stdout]     |            ^^^^^^^^^^^ could not find `kernel_test` in `rivet`
[INFO] [stdout]     |
[INFO] [stdout] note: found an item that was configured out
[INFO] [stdout]    --> src/lib.rs:118:14
[INFO] [stdout]     |
[INFO] [stdout] 116 | #[cfg(feature = "test-support")]
[INFO] [stdout]     |       ------------------------ the item is gated behind the `test-support` feature
[INFO] [stdout] 117 | #[macro_export]
[INFO] [stdout] 118 | macro_rules! kernel_test {
[INFO] [stdout]     |              ^^^^^^^^^^^
[INFO] [stdout] 
[INFO] [stdout] 
[INFO] [stdout] error[E0433]: cannot find `kernel_test` in `rivet`
[INFO] [stdout]    --> tests/integration.rs:148:12
[INFO] [stdout]     |
[INFO] [stdout] 148 |     rivet::kernel_test! {
[INFO] [stdout]     |            ^^^^^^^^^^^ could not find `kernel_test` in `rivet`
[INFO] [stdout]     |
[INFO] [stdout] note: found an item that was configured out
[INFO] [stdout]    --> src/lib.rs:118:14
[INFO] [stdout]     |
[INFO] [stdout] 116 | #[cfg(feature = "test-support")]
[INFO] [stdout]     |       ------------------------ the item is gated behind the `test-support` feature
[INFO] [stdout] 117 | #[macro_export]
[INFO] [stdout] 118 | macro_rules! kernel_test {
[INFO] [stdout]     |              ^^^^^^^^^^^
[INFO] [stdout] 
[INFO] [stdout] 
[INFO] [stdout] warning: unused import: `core::pin::Pin`
[INFO] [stdout]  --> tests/integration.rs:8:5
[INFO] [stdout]   |
[INFO] [stdout] 8 | use core::pin::Pin;
[INFO] [stdout]   |     ^^^^^^^^^^^^^^
[INFO] [stdout]   |
[INFO] [stdout]   = note: `#[warn(unused_imports)]` (part of `#[warn(unused)]`) on by default
[INFO] [stdout] 
[INFO] [stdout] 
[INFO] [stdout] warning: unused import: `Context`
[INFO] [stdout]  --> tests/integration.rs:9:18
[INFO] [stdout]   |
[INFO] [stdout] 9 | use core::task::{Context, Poll};
[INFO] [stdout]   |                  ^^^^^^^
[INFO] [stdout] 
[INFO] [stdout] 
[INFO] [stdout] warning: unused import: `Semaphore`
[INFO] [stdout]   --> tests/integration.rs:10:28
[INFO] [stdout]    |
[INFO] [stdout] 10 | use rivet::sync::{Channel, Semaphore};
[INFO] [stdout]    |                            ^^^^^^^^^
[INFO] [stdout] 
[INFO] [stdout] 
[INFO] [stdout] For more information about this error, try `rustc --explain E0433`.
[INFO] [stdout] 
[INFO] [stdout] For more information about this error, try `rustc --explain E0433`.
[INFO] [stdout] 
[INFO] [stderr] error: could not compile `rivet-rtos` (test "integration") due to 6 previous errors; 3 warnings emitted
[INFO] [stderr] error: could not compile `rivet-rtos` (test "proptest_sched") due to 2 previous errors; 1 warning emitted
[INFO] [stdout] error[E0433]: cannot find `kernel_test` in the crate root
[INFO] [stdout]    --> src/deadlines.rs:167:16
[INFO] [stdout]     |
[INFO] [stdout] 167 |         crate::kernel_test! {
[INFO] [stdout]     |                ^^^^^^^^^^^ could not find `kernel_test` in the crate root
[INFO] [stdout]     |
[INFO] [stdout] note: found an item that was configured out
[INFO] [stdout]    --> src/lib.rs:118:14
[INFO] [stdout]     |
[INFO] [stdout] 116 | #[cfg(feature = "test-support")]
[INFO] [stdout]     |       ------------------------ the item is gated behind the `test-support` feature
[INFO] [stdout] 117 | #[macro_export]
[INFO] [stdout] 118 | macro_rules! kernel_test {
[INFO] [stdout]     |              ^^^^^^^^^^^
[INFO] [stdout] 
[INFO] [stdout] 
[INFO] [stdout] error[E0433]: cannot find `kernel_test` in the crate root
[INFO] [stdout]    --> src/deadlines.rs:175:16
[INFO] [stdout]     |
[INFO] [stdout] 175 |         crate::kernel_test! {
[INFO] [stdout]     |                ^^^^^^^^^^^ could not find `kernel_test` in the crate root
[INFO] [stdout]     |
[INFO] [stdout] note: found an item that was configured out
[INFO] [stdout]    --> src/lib.rs:118:14
[INFO] [stdout]     |
[INFO] [stdout] 116 | #[cfg(feature = "test-support")]
[INFO] [stdout]     |       ------------------------ the item is gated behind the `test-support` feature
[INFO] [stdout] 117 | #[macro_export]
[INFO] [stdout] 118 | macro_rules! kernel_test {
[INFO] [stdout]     |              ^^^^^^^^^^^
[INFO] [stdout] 
[INFO] [stdout] 
[INFO] [stdout] error[E0433]: cannot find `kernel_test` in the crate root
[INFO] [stdout]    --> src/deadlines.rs:182:16
[INFO] [stdout]     |
[INFO] [stdout] 182 |         crate::kernel_test! {
[INFO] [stdout]     |                ^^^^^^^^^^^ could not find `kernel_test` in the crate root
[INFO] [stdout]     |
[INFO] [stdout] note: found an item that was configured out
[INFO] [stdout]    --> src/lib.rs:118:14
[INFO] [stdout]     |
[INFO] [stdout] 116 | #[cfg(feature = "test-support")]
[INFO] [stdout]     |       ------------------------ the item is gated behind the `test-support` feature
[INFO] [stdout] 117 | #[macro_export]
[INFO] [stdout] 118 | macro_rules! kernel_test {
[INFO] [stdout]     |              ^^^^^^^^^^^
[INFO] [stdout] 
[INFO] [stdout] 
[INFO] [stdout] error[E0433]: cannot find `kernel_test` in the crate root
[INFO] [stdout]    --> src/exec_time.rs:189:16
[INFO] [stdout]     |
[INFO] [stdout] 189 |         crate::kernel_test! {
[INFO] [stdout]     |                ^^^^^^^^^^^ could not find `kernel_test` in the crate root
[INFO] [stdout]     |
[INFO] [stdout] note: found an item that was configured out
[INFO] [stdout]    --> src/lib.rs:118:14
[INFO] [stdout]     |
[INFO] [stdout] 116 | #[cfg(feature = "test-support")]
[INFO] [stdout]     |       ------------------------ the item is gated behind the `test-support` feature
[INFO] [stdout] 117 | #[macro_export]
[INFO] [stdout] 118 | macro_rules! kernel_test {
[INFO] [stdout]     |              ^^^^^^^^^^^
[INFO] [stdout] 
[INFO] [stdout] 
[INFO] [stdout] error[E0433]: cannot find `kernel_test` in the crate root
[INFO] [stdout]    --> src/exec_time.rs:196:16
[INFO] [stdout]     |
[INFO] [stdout] 196 |         crate::kernel_test! {
[INFO] [stdout]     |                ^^^^^^^^^^^ could not find `kernel_test` in the crate root
[INFO] [stdout]     |
[INFO] [stdout] note: found an item that was configured out
[INFO] [stdout]    --> src/lib.rs:118:14
[INFO] [stdout]     |
[INFO] [stdout] 116 | #[cfg(feature = "test-support")]
[INFO] [stdout]     |       ------------------------ the item is gated behind the `test-support` feature
[INFO] [stdout] 117 | #[macro_export]
[INFO] [stdout] 118 | macro_rules! kernel_test {
[INFO] [stdout]     |              ^^^^^^^^^^^
[INFO] [stdout] 
[INFO] [stdout] 
[INFO] [stdout] error[E0433]: cannot find `kernel_test` in the crate root
[INFO] [stdout]    --> src/irq.rs:168:16
[INFO] [stdout]     |
[INFO] [stdout] 168 |         crate::kernel_test! {
[INFO] [stdout]     |                ^^^^^^^^^^^ could not find `kernel_test` in the crate root
[INFO] [stdout]     |
[INFO] [stdout] note: found an item that was configured out
[INFO] [stdout]    --> src/lib.rs:118:14
[INFO] [stdout]     |
[INFO] [stdout] 116 | #[cfg(feature = "test-support")]
[INFO] [stdout]     |       ------------------------ the item is gated behind the `test-support` feature
[INFO] [stdout] 117 | #[macro_export]
[INFO] [stdout] 118 | macro_rules! kernel_test {
[INFO] [stdout]     |              ^^^^^^^^^^^
[INFO] [stdout] 
[INFO] [stdout] 
[INFO] [stdout] error[E0433]: cannot find `kernel_test` in the crate root
[INFO] [stdout]    --> src/irq.rs:178:16
[INFO] [stdout]     |
[INFO] [stdout] 178 |         crate::kernel_test! {
[INFO] [stdout]     |                ^^^^^^^^^^^ could not find `kernel_test` in the crate root
[INFO] [stdout]     |
[INFO] [stdout] note: found an item that was configured out
[INFO] [stdout]    --> src/lib.rs:118:14
[INFO] [stdout]     |
[INFO] [stdout] 116 | #[cfg(feature = "test-support")]
[INFO] [stdout]     |       ------------------------ the item is gated behind the `test-support` feature
[INFO] [stdout] 117 | #[macro_export]
[INFO] [stdout] 118 | macro_rules! kernel_test {
[INFO] [stdout]     |              ^^^^^^^^^^^
[INFO] [stdout] 
[INFO] [stdout] 
[INFO] [stdout] error[E0433]: cannot find `kernel_test` in the crate root
[INFO] [stdout]    --> src/irq.rs:186:16
[INFO] [stdout]     |
[INFO] [stdout] 186 |         crate::kernel_test! {
[INFO] [stdout]     |                ^^^^^^^^^^^ could not find `kernel_test` in the crate root
[INFO] [stdout]     |
[INFO] [stdout] note: found an item that was configured out
[INFO] [stdout]    --> src/lib.rs:118:14
[INFO] [stdout]     |
[INFO] [stdout] 116 | #[cfg(feature = "test-support")]
[INFO] [stdout]     |       ------------------------ the item is gated behind the `test-support` feature
[INFO] [stdout] 117 | #[macro_export]
[INFO] [stdout] 118 | macro_rules! kernel_test {
[INFO] [stdout]     |              ^^^^^^^^^^^
[INFO] [stdout] 
[INFO] [stdout] 
[INFO] [stdout] error[E0433]: cannot find `kernel_test` in the crate root
[INFO] [stdout]    --> src/irq.rs:193:16
[INFO] [stdout]     |
[INFO] [stdout] 193 |         crate::kernel_test! {
[INFO] [stdout]     |                ^^^^^^^^^^^ could not find `kernel_test` in the crate root
[INFO] [stdout]     |
[INFO] [stdout] note: found an item that was configured out
[INFO] [stdout]    --> src/lib.rs:118:14
[INFO] [stdout]     |
[INFO] [stdout] 116 | #[cfg(feature = "test-support")]
[INFO] [stdout]     |       ------------------------ the item is gated behind the `test-support` feature
[INFO] [stdout] 117 | #[macro_export]
[INFO] [stdout] 118 | macro_rules! kernel_test {
[INFO] [stdout]     |              ^^^^^^^^^^^
[INFO] [stdout] 
[INFO] [stdout] 
[INFO] [stdout] error[E0433]: cannot find `kernel_test` in the crate root
[INFO] [stdout]    --> src/preempt/mutex.rs:445:16
[INFO] [stdout]     |
[INFO] [stdout] 445 |         crate::kernel_test! {
[INFO] [stdout]     |                ^^^^^^^^^^^ could not find `kernel_test` in the crate root
[INFO] [stdout]     |
[INFO] [stdout] note: found an item that was configured out
[INFO] [stdout]    --> src/lib.rs:118:14
[INFO] [stdout]     |
[INFO] [stdout] 116 | #[cfg(feature = "test-support")]
[INFO] [stdout]     |       ------------------------ the item is gated behind the `test-support` feature
[INFO] [stdout] 117 | #[macro_export]
[INFO] [stdout] 118 | macro_rules! kernel_test {
[INFO] [stdout]     |              ^^^^^^^^^^^
[INFO] [stdout] 
[INFO] [stdout] 
[INFO] [stdout] error[E0433]: cannot find `kernel_test` in the crate root
[INFO] [stdout]    --> src/preempt/mutex.rs:460:16
[INFO] [stdout]     |
[INFO] [stdout] 460 |         crate::kernel_test! {
[INFO] [stdout]     |                ^^^^^^^^^^^ could not find `kernel_test` in the crate root
[INFO] [stdout]     |
[INFO] [stdout] note: found an item that was configured out
[INFO] [stdout]    --> src/lib.rs:118:14
[INFO] [stdout]     |
[INFO] [stdout] 116 | #[cfg(feature = "test-support")]
[INFO] [stdout]     |       ------------------------ the item is gated behind the `test-support` feature
[INFO] [stdout] 117 | #[macro_export]
[INFO] [stdout] 118 | macro_rules! kernel_test {
[INFO] [stdout]     |              ^^^^^^^^^^^
[INFO] [stdout] 
[INFO] [stdout] 
[INFO] [stdout] error[E0433]: cannot find `kernel_test` in the crate root
[INFO] [stdout]    --> src/preempt/mutex.rs:475:16
[INFO] [stdout]     |
[INFO] [stdout] 475 |         crate::kernel_test! {
[INFO] [stdout]     |                ^^^^^^^^^^^ could not find `kernel_test` in the crate root
[INFO] [stdout]     |
[INFO] [stdout] note: found an item that was configured out
[INFO] [stdout]    --> src/lib.rs:118:14
[INFO] [stdout]     |
[INFO] [stdout] 116 | #[cfg(feature = "test-support")]
[INFO] [stdout]     |       ------------------------ the item is gated behind the `test-support` feature
[INFO] [stdout] 117 | #[macro_export]
[INFO] [stdout] 118 | macro_rules! kernel_test {
[INFO] [stdout]     |              ^^^^^^^^^^^
[INFO] [stdout] 
[INFO] [stdout] 
[INFO] [stdout] error[E0433]: cannot find `kernel_test` in the crate root
[INFO] [stdout]    --> src/preempt/mutex.rs:487:16
[INFO] [stdout]     |
[INFO] [stdout] 487 |         crate::kernel_test! {
[INFO] [stdout]     |                ^^^^^^^^^^^ could not find `kernel_test` in the crate root
[INFO] [stdout]     |
[INFO] [stdout] note: found an item that was configured out
[INFO] [stdout]    --> src/lib.rs:118:14
[INFO] [stdout]     |
[INFO] [stdout] 116 | #[cfg(feature = "test-support")]
[INFO] [stdout]     |       ------------------------ the item is gated behind the `test-support` feature
[INFO] [stdout] 117 | #[macro_export]
[INFO] [stdout] 118 | macro_rules! kernel_test {
[INFO] [stdout]     |              ^^^^^^^^^^^
[INFO] [stdout] 
[INFO] [stdout] 
[INFO] [stdout] error[E0433]: cannot find `kernel_test` in the crate root
[INFO] [stdout]    --> src/preempt/mutex.rs:529:16
[INFO] [stdout]     |
[INFO] [stdout] 529 |         crate::kernel_test! {
[INFO] [stdout]     |                ^^^^^^^^^^^ could not find `kernel_test` in the crate root
[INFO] [stdout]     |
[INFO] [stdout] note: found an item that was configured out
[INFO] [stdout]    --> src/lib.rs:118:14
[INFO] [stdout]     |
[INFO] [stdout] 116 | #[cfg(feature = "test-support")]
[INFO] [stdout]     |       ------------------------ the item is gated behind the `test-support` feature
[INFO] [stdout] 117 | #[macro_export]
[INFO] [stdout] 118 | macro_rules! kernel_test {
[INFO] [stdout]     |              ^^^^^^^^^^^
[INFO] [stdout] 
[INFO] [stdout] 
[INFO] [stdout] error[E0433]: cannot find `kernel_test` in the crate root
[INFO] [stdout]    --> src/preempt/mutex.rs:577:16
[INFO] [stdout]     |
[INFO] [stdout] 577 |         crate::kernel_test! {
[INFO] [stdout]     |                ^^^^^^^^^^^ could not find `kernel_test` in the crate root
[INFO] [stdout]     |
[INFO] [stdout] note: found an item that was configured out
[INFO] [stdout]    --> src/lib.rs:118:14
[INFO] [stdout]     |
[INFO] [stdout] 116 | #[cfg(feature = "test-support")]
[INFO] [stdout]     |       ------------------------ the item is gated behind the `test-support` feature
[INFO] [stdout] 117 | #[macro_export]
[INFO] [stdout] 118 | macro_rules! kernel_test {
[INFO] [stdout]     |              ^^^^^^^^^^^
[INFO] [stdout] 
[INFO] [stdout] 
[INFO] [stdout] error[E0433]: cannot find `kernel_test` in the crate root
[INFO] [stdout]    --> src/preempt/sched.rs:378:16
[INFO] [stdout]     |
[INFO] [stdout] 378 |         crate::kernel_test! {
[INFO] [stdout]     |                ^^^^^^^^^^^ could not find `kernel_test` in the crate root
[INFO] [stdout]     |
[INFO] [stdout] note: found an item that was configured out
[INFO] [stdout]    --> src/lib.rs:118:14
[INFO] [stdout]     |
[INFO] [stdout] 116 | #[cfg(feature = "test-support")]
[INFO] [stdout]     |       ------------------------ the item is gated behind the `test-support` feature
[INFO] [stdout] 117 | #[macro_export]
[INFO] [stdout] 118 | macro_rules! kernel_test {
[INFO] [stdout]     |              ^^^^^^^^^^^
[INFO] [stdout] 
[INFO] [stdout] 
[INFO] [stdout] error[E0433]: cannot find `kernel_test` in the crate root
[INFO] [stdout]    --> src/preempt/sched.rs:388:16
[INFO] [stdout]     |
[INFO] [stdout] 388 |         crate::kernel_test! {
[INFO] [stdout]     |                ^^^^^^^^^^^ could not find `kernel_test` in the crate root
[INFO] [stdout]     |
[INFO] [stdout] note: found an item that was configured out
[INFO] [stdout]    --> src/lib.rs:118:14
[INFO] [stdout]     |
[INFO] [stdout] 116 | #[cfg(feature = "test-support")]
[INFO] [stdout]     |       ------------------------ the item is gated behind the `test-support` feature
[INFO] [stdout] 117 | #[macro_export]
[INFO] [stdout] 118 | macro_rules! kernel_test {
[INFO] [stdout]     |              ^^^^^^^^^^^
[INFO] [stdout] 
[INFO] [stdout] 
[INFO] [stdout] error[E0433]: cannot find `kernel_test` in the crate root
[INFO] [stdout]    --> src/preempt/sched.rs:409:16
[INFO] [stdout]     |
[INFO] [stdout] 409 |         crate::kernel_test! {
[INFO] [stdout]     |                ^^^^^^^^^^^ could not find `kernel_test` in the crate root
[INFO] [stdout]     |
[INFO] [stdout] note: found an item that was configured out
[INFO] [stdout]    --> src/lib.rs:118:14
[INFO] [stdout]     |
[INFO] [stdout] 116 | #[cfg(feature = "test-support")]
[INFO] [stdout]     |       ------------------------ the item is gated behind the `test-support` feature
[INFO] [stdout] 117 | #[macro_export]
[INFO] [stdout] 118 | macro_rules! kernel_test {
[INFO] [stdout]     |              ^^^^^^^^^^^
[INFO] [stdout] 
[INFO] [stdout] 
[INFO] [stdout] error[E0433]: cannot find `kernel_test` in the crate root
[INFO] [stdout]    --> src/preempt/sched.rs:428:16
[INFO] [stdout]     |
[INFO] [stdout] 428 |         crate::kernel_test! {
[INFO] [stdout]     |                ^^^^^^^^^^^ could not find `kernel_test` in the crate root
[INFO] [stdout]     |
[INFO] [stdout] note: found an item that was configured out
[INFO] [stdout]    --> src/lib.rs:118:14
[INFO] [stdout]     |
[INFO] [stdout] 116 | #[cfg(feature = "test-support")]
[INFO] [stdout]     |       ------------------------ the item is gated behind the `test-support` feature
[INFO] [stdout] 117 | #[macro_export]
[INFO] [stdout] 118 | macro_rules! kernel_test {
[INFO] [stdout]     |              ^^^^^^^^^^^
[INFO] [stdout] 
[INFO] [stdout] 
[INFO] [stdout] error[E0433]: cannot find `kernel_test` in the crate root
[INFO] [stdout]    --> src/preempt/sched.rs:438:16
[INFO] [stdout]     |
[INFO] [stdout] 438 |         crate::kernel_test! {
[INFO] [stdout]     |                ^^^^^^^^^^^ could not find `kernel_test` in the crate root
[INFO] [stdout]     |
[INFO] [stdout] note: found an item that was configured out
[INFO] [stdout]    --> src/lib.rs:118:14
[INFO] [stdout]     |
[INFO] [stdout] 116 | #[cfg(feature = "test-support")]
[INFO] [stdout]     |       ------------------------ the item is gated behind the `test-support` feature
[INFO] [stdout] 117 | #[macro_export]
[INFO] [stdout] 118 | macro_rules! kernel_test {
[INFO] [stdout]     |              ^^^^^^^^^^^
[INFO] [stdout] 
[INFO] [stdout] 
[INFO] [stdout] error[E0433]: cannot find `kernel_test` in the crate root
[INFO] [stdout]    --> src/preempt/sched.rs:449:16
[INFO] [stdout]     |
[INFO] [stdout] 449 |         crate::kernel_test! {
[INFO] [stdout]     |                ^^^^^^^^^^^ could not find `kernel_test` in the crate root
[INFO] [stdout]     |
[INFO] [stdout] note: found an item that was configured out
[INFO] [stdout]    --> src/lib.rs:118:14
[INFO] [stdout]     |
[INFO] [stdout] 116 | #[cfg(feature = "test-support")]
[INFO] [stdout]     |       ------------------------ the item is gated behind the `test-support` feature
[INFO] [stdout] 117 | #[macro_export]
[INFO] [stdout] 118 | macro_rules! kernel_test {
[INFO] [stdout]     |              ^^^^^^^^^^^
[INFO] [stdout] 
[INFO] [stdout] 
[INFO] [stdout] error[E0433]: cannot find `kernel_test` in the crate root
[INFO] [stdout]    --> src/preempt/sched.rs:463:16
[INFO] [stdout]     |
[INFO] [stdout] 463 |         crate::kernel_test! {
[INFO] [stdout]     |                ^^^^^^^^^^^ could not find `kernel_test` in the crate root
[INFO] [stdout]     |
[INFO] [stdout] note: found an item that was configured out
[INFO] [stdout]    --> src/lib.rs:118:14
[INFO] [stdout]     |
[INFO] [stdout] 116 | #[cfg(feature = "test-support")]
[INFO] [stdout]     |       ------------------------ the item is gated behind the `test-support` feature
[INFO] [stdout] 117 | #[macro_export]
[INFO] [stdout] 118 | macro_rules! kernel_test {
[INFO] [stdout]     |              ^^^^^^^^^^^
[INFO] [stdout] 
[INFO] [stdout] 
[INFO] [stdout] error[E0433]: cannot find `kernel_test` in the crate root
[INFO] [stdout]    --> src/preempt/tcb.rs:422:16
[INFO] [stdout]     |
[INFO] [stdout] 422 |         crate::kernel_test! {
[INFO] [stdout]     |                ^^^^^^^^^^^ could not find `kernel_test` in the crate root
[INFO] [stdout]     |
[INFO] [stdout] note: found an item that was configured out
[INFO] [stdout]    --> src/lib.rs:118:14
[INFO] [stdout]     |
[INFO] [stdout] 116 | #[cfg(feature = "test-support")]
[INFO] [stdout]     |       ------------------------ the item is gated behind the `test-support` feature
[INFO] [stdout] 117 | #[macro_export]
[INFO] [stdout] 118 | macro_rules! kernel_test {
[INFO] [stdout]     |              ^^^^^^^^^^^
[INFO] [stdout] 
[INFO] [stdout] 
[INFO] [stdout] error[E0433]: cannot find `kernel_test` in the crate root
[INFO] [stdout]    --> src/preempt/tcb.rs:439:16
[INFO] [stdout]     |
[INFO] [stdout] 439 |         crate::kernel_test! {
[INFO] [stdout]     |                ^^^^^^^^^^^ could not find `kernel_test` in the crate root
[INFO] [stdout]     |
[INFO] [stdout] note: found an item that was configured out
[INFO] [stdout]    --> src/lib.rs:118:14
[INFO] [stdout]     |
[INFO] [stdout] 116 | #[cfg(feature = "test-support")]
[INFO] [stdout]     |       ------------------------ the item is gated behind the `test-support` feature
[INFO] [stdout] 117 | #[macro_export]
[INFO] [stdout] 118 | macro_rules! kernel_test {
[INFO] [stdout]     |              ^^^^^^^^^^^
[INFO] [stdout] 
[INFO] [stdout] 
[INFO] [stdout] error[E0433]: cannot find `kernel_test` in the crate root
[INFO] [stdout]    --> src/preempt/mod.rs:812:16
[INFO] [stdout]     |
[INFO] [stdout] 812 |         crate::kernel_test! {
[INFO] [stdout]     |                ^^^^^^^^^^^ could not find `kernel_test` in the crate root
[INFO] [stdout]     |
[INFO] [stdout] note: found an item that was configured out
[INFO] [stdout]    --> src/lib.rs:118:14
[INFO] [stdout]     |
[INFO] [stdout] 116 | #[cfg(feature = "test-support")]
[INFO] [stdout]     |       ------------------------ the item is gated behind the `test-support` feature
[INFO] [stdout] 117 | #[macro_export]
[INFO] [stdout] 118 | macro_rules! kernel_test {
[INFO] [stdout]     |              ^^^^^^^^^^^
[INFO] [stdout] 
[INFO] [stdout] 
[INFO] [stdout] error[E0433]: cannot find `kernel_test` in the crate root
[INFO] [stdout]    --> src/sync/channel.rs:331:16
[INFO] [stdout]     |
[INFO] [stdout] 331 |         crate::kernel_test! {
[INFO] [stdout]     |                ^^^^^^^^^^^ could not find `kernel_test` in the crate root
[INFO] [stdout]     |
[INFO] [stdout] note: found an item that was configured out
[INFO] [stdout]    --> src/lib.rs:118:14
[INFO] [stdout]     |
[INFO] [stdout] 116 | #[cfg(feature = "test-support")]
[INFO] [stdout]     |       ------------------------ the item is gated behind the `test-support` feature
[INFO] [stdout] 117 | #[macro_export]
[INFO] [stdout] 118 | macro_rules! kernel_test {
[INFO] [stdout]     |              ^^^^^^^^^^^
[INFO] [stdout] 
[INFO] [stdout] 
[INFO] [stdout] error[E0433]: cannot find `kernel_test` in the crate root
[INFO] [stdout]    --> src/sync/channel.rs:343:16
[INFO] [stdout]     |
[INFO] [stdout] 343 |         crate::kernel_test! {
[INFO] [stdout]     |                ^^^^^^^^^^^ could not find `kernel_test` in the crate root
[INFO] [stdout]     |
[INFO] [stdout] note: found an item that was configured out
[INFO] [stdout]    --> src/lib.rs:118:14
[INFO] [stdout]     |
[INFO] [stdout] 116 | #[cfg(feature = "test-support")]
[INFO] [stdout]     |       ------------------------ the item is gated behind the `test-support` feature
[INFO] [stdout] 117 | #[macro_export]
[INFO] [stdout] 118 | macro_rules! kernel_test {
[INFO] [stdout]     |              ^^^^^^^^^^^
[INFO] [stdout] 
[INFO] [stdout] 
[INFO] [stdout] error[E0433]: cannot find `kernel_test` in the crate root
[INFO] [stdout]    --> src/sync/channel.rs:360:16
[INFO] [stdout]     |
[INFO] [stdout] 360 |         crate::kernel_test! {
[INFO] [stdout]     |                ^^^^^^^^^^^ could not find `kernel_test` in the crate root
[INFO] [stdout]     |
[INFO] [stdout] note: found an item that was configured out
[INFO] [stdout]    --> src/lib.rs:118:14
[INFO] [stdout]     |
[INFO] [stdout] 116 | #[cfg(feature = "test-support")]
[INFO] [stdout]     |       ------------------------ the item is gated behind the `test-support` feature
[INFO] [stdout] 117 | #[macro_export]
[INFO] [stdout] 118 | macro_rules! kernel_test {
[INFO] [stdout]     |              ^^^^^^^^^^^
[INFO] [stdout] 
[INFO] [stdout] 
[INFO] [stdout] error[E0433]: cannot find `kernel_test` in the crate root
[INFO] [stdout]    --> src/sync/channel.rs:369:16
[INFO] [stdout]     |
[INFO] [stdout] 369 |         crate::kernel_test! {
[INFO] [stdout]     |                ^^^^^^^^^^^ could not find `kernel_test` in the crate root
[INFO] [stdout]     |
[INFO] [stdout] note: found an item that was configured out
[INFO] [stdout]    --> src/lib.rs:118:14
[INFO] [stdout]     |
[INFO] [stdout] 116 | #[cfg(feature = "test-support")]
[INFO] [stdout]     |       ------------------------ the item is gated behind the `test-support` feature
[INFO] [stdout] 117 | #[macro_export]
[INFO] [stdout] 118 | macro_rules! kernel_test {
[INFO] [stdout]     |              ^^^^^^^^^^^
[INFO] [stdout] 
[INFO] [stdout] 
[INFO] [stdout] error[E0433]: cannot find `kernel_test` in the crate root
[INFO] [stdout]    --> src/sync/channel.rs:388:16
[INFO] [stdout]     |
[INFO] [stdout] 388 |         crate::kernel_test! {
[INFO] [stdout]     |                ^^^^^^^^^^^ could not find `kernel_test` in the crate root
[INFO] [stdout]     |
[INFO] [stdout] note: found an item that was configured out
[INFO] [stdout]    --> src/lib.rs:118:14
[INFO] [stdout]     |
[INFO] [stdout] 116 | #[cfg(feature = "test-support")]
[INFO] [stdout]     |       ------------------------ the item is gated behind the `test-support` feature
[INFO] [stdout] 117 | #[macro_export]
[INFO] [stdout] 118 | macro_rules! kernel_test {
[INFO] [stdout]     |              ^^^^^^^^^^^
[INFO] [stdout] 
[INFO] [stdout] 
[INFO] [stdout] error[E0433]: cannot find `kernel_test` in the crate root
[INFO] [stdout]    --> src/sync/semaphore.rs:234:16
[INFO] [stdout]     |
[INFO] [stdout] 234 |         crate::kernel_test! {
[INFO] [stdout]     |                ^^^^^^^^^^^ could not find `kernel_test` in the crate root
[INFO] [stdout]     |
[INFO] [stdout] note: found an item that was configured out
[INFO] [stdout]    --> src/lib.rs:118:14
[INFO] [stdout]     |
[INFO] [stdout] 116 | #[cfg(feature = "test-support")]
[INFO] [stdout]     |       ------------------------ the item is gated behind the `test-support` feature
[INFO] [stdout] 117 | #[macro_export]
[INFO] [stdout] 118 | macro_rules! kernel_test {
[INFO] [stdout]     |              ^^^^^^^^^^^
[INFO] [stdout] 
[INFO] [stdout] 
[INFO] [stdout] error[E0433]: cannot find `kernel_test` in the crate root
[INFO] [stdout]    --> src/sync/semaphore.rs:245:16
[INFO] [stdout]     |
[INFO] [stdout] 245 |         crate::kernel_test! {
[INFO] [stdout]     |                ^^^^^^^^^^^ could not find `kernel_test` in the crate root
[INFO] [stdout]     |
[INFO] [stdout] note: found an item that was configured out
[INFO] [stdout]    --> src/lib.rs:118:14
[INFO] [stdout]     |
[INFO] [stdout] 116 | #[cfg(feature = "test-support")]
[INFO] [stdout]     |       ------------------------ the item is gated behind the `test-support` feature
[INFO] [stdout] 117 | #[macro_export]
[INFO] [stdout] 118 | macro_rules! kernel_test {
[INFO] [stdout]     |              ^^^^^^^^^^^
[INFO] [stdout] 
[INFO] [stdout] 
[INFO] [stdout] error[E0433]: cannot find `kernel_test` in the crate root
[INFO] [stdout]    --> src/sync/semaphore.rs:258:16
[INFO] [stdout]     |
[INFO] [stdout] 258 |         crate::kernel_test! {
[INFO] [stdout]     |                ^^^^^^^^^^^ could not find `kernel_test` in the crate root
[INFO] [stdout]     |
[INFO] [stdout] note: found an item that was configured out
[INFO] [stdout]    --> src/lib.rs:118:14
[INFO] [stdout]     |
[INFO] [stdout] 116 | #[cfg(feature = "test-support")]
[INFO] [stdout]     |       ------------------------ the item is gated behind the `test-support` feature
[INFO] [stdout] 117 | #[macro_export]
[INFO] [stdout] 118 | macro_rules! kernel_test {
[INFO] [stdout]     |              ^^^^^^^^^^^
[INFO] [stdout] 
[INFO] [stdout] 
[INFO] [stdout] error[E0433]: cannot find `kernel_test` in the crate root
[INFO] [stdout]    --> src/sync/semaphore.rs:273:16
[INFO] [stdout]     |
[INFO] [stdout] 273 |         crate::kernel_test! {
[INFO] [stdout]     |                ^^^^^^^^^^^ could not find `kernel_test` in the crate root
[INFO] [stdout]     |
[INFO] [stdout] note: found an item that was configured out
[INFO] [stdout]    --> src/lib.rs:118:14
[INFO] [stdout]     |
[INFO] [stdout] 116 | #[cfg(feature = "test-support")]
[INFO] [stdout]     |       ------------------------ the item is gated behind the `test-support` feature
[INFO] [stdout] 117 | #[macro_export]
[INFO] [stdout] 118 | macro_rules! kernel_test {
[INFO] [stdout]     |              ^^^^^^^^^^^
[INFO] [stdout] 
[INFO] [stdout] 
[INFO] [stdout] error[E0433]: cannot find `kernel_test` in the crate root
[INFO] [stdout]    --> src/sync/semaphore.rs:292:16
[INFO] [stdout]     |
[INFO] [stdout] 292 |         crate::kernel_test! {
[INFO] [stdout]     |                ^^^^^^^^^^^ could not find `kernel_test` in the crate root
[INFO] [stdout]     |
[INFO] [stdout] note: found an item that was configured out
[INFO] [stdout]    --> src/lib.rs:118:14
[INFO] [stdout]     |
[INFO] [stdout] 116 | #[cfg(feature = "test-support")]
[INFO] [stdout]     |       ------------------------ the item is gated behind the `test-support` feature
[INFO] [stdout] 117 | #[macro_export]
[INFO] [stdout] 118 | macro_rules! kernel_test {
[INFO] [stdout]     |              ^^^^^^^^^^^
[INFO] [stdout] 
[INFO] [stdout] 
[INFO] [stdout] error[E0433]: cannot find `kernel_test` in the crate root
[INFO] [stdout]    --> src/sync/semaphore.rs:315:16
[INFO] [stdout]     |
[INFO] [stdout] 315 |         crate::kernel_test! {
[INFO] [stdout]     |                ^^^^^^^^^^^ could not find `kernel_test` in the crate root
[INFO] [stdout]     |
[INFO] [stdout] note: found an item that was configured out
[INFO] [stdout]    --> src/lib.rs:118:14
[INFO] [stdout]     |
[INFO] [stdout] 116 | #[cfg(feature = "test-support")]
[INFO] [stdout]     |       ------------------------ the item is gated behind the `test-support` feature
[INFO] [stdout] 117 | #[macro_export]
[INFO] [stdout] 118 | macro_rules! kernel_test {
[INFO] [stdout]     |              ^^^^^^^^^^^
[INFO] [stdout] 
[INFO] [stdout] 
[INFO] [stdout] error[E0433]: cannot find `kernel_test` in the crate root
[INFO] [stdout]    --> src/sync/signal.rs:192:16
[INFO] [stdout]     |
[INFO] [stdout] 192 |         crate::kernel_test! {
[INFO] [stdout]     |                ^^^^^^^^^^^ could not find `kernel_test` in the crate root
[INFO] [stdout]     |
[INFO] [stdout] note: found an item that was configured out
[INFO] [stdout]    --> src/lib.rs:118:14
[INFO] [stdout]     |
[INFO] [stdout] 116 | #[cfg(feature = "test-support")]
[INFO] [stdout]     |       ------------------------ the item is gated behind the `test-support` feature
[INFO] [stdout] 117 | #[macro_export]
[INFO] [stdout] 118 | macro_rules! kernel_test {
[INFO] [stdout]     |              ^^^^^^^^^^^
[INFO] [stdout] 
[INFO] [stdout] 
[INFO] [stdout] error[E0433]: cannot find `kernel_test` in the crate root
[INFO] [stdout]    --> src/sync/signal.rs:200:16
[INFO] [stdout]     |
[INFO] [stdout] 200 |         crate::kernel_test! {
[INFO] [stdout]     |                ^^^^^^^^^^^ could not find `kernel_test` in the crate root
[INFO] [stdout]     |
[INFO] [stdout] note: found an item that was configured out
[INFO] [stdout]    --> src/lib.rs:118:14
[INFO] [stdout]     |
[INFO] [stdout] 116 | #[cfg(feature = "test-support")]
[INFO] [stdout]     |       ------------------------ the item is gated behind the `test-support` feature
[INFO] [stdout] 117 | #[macro_export]
[INFO] [stdout] 118 | macro_rules! kernel_test {
[INFO] [stdout]     |              ^^^^^^^^^^^
[INFO] [stdout] 
[INFO] [stdout] 
[INFO] [stdout] error[E0433]: cannot find `kernel_test` in the crate root
[INFO] [stdout]    --> src/sync/signal.rs:210:16
[INFO] [stdout]     |
[INFO] [stdout] 210 |         crate::kernel_test! {
[INFO] [stdout]     |                ^^^^^^^^^^^ could not find `kernel_test` in the crate root
[INFO] [stdout]     |
[INFO] [stdout] note: found an item that was configured out
[INFO] [stdout]    --> src/lib.rs:118:14
[INFO] [stdout]     |
[INFO] [stdout] 116 | #[cfg(feature = "test-support")]
[INFO] [stdout]     |       ------------------------ the item is gated behind the `test-support` feature
[INFO] [stdout] 117 | #[macro_export]
[INFO] [stdout] 118 | macro_rules! kernel_test {
[INFO] [stdout]     |              ^^^^^^^^^^^
[INFO] [stdout] 
[INFO] [stdout] 
[INFO] [stdout] error[E0433]: cannot find `kernel_test` in the crate root
[INFO] [stdout]    --> src/sync/signal.rs:220:16
[INFO] [stdout]     |
[INFO] [stdout] 220 |         crate::kernel_test! {
[INFO] [stdout]     |                ^^^^^^^^^^^ could not find `kernel_test` in the crate root
[INFO] [stdout]     |
[INFO] [stdout] note: found an item that was configured out
[INFO] [stdout]    --> src/lib.rs:118:14
[INFO] [stdout]     |
[INFO] [stdout] 116 | #[cfg(feature = "test-support")]
[INFO] [stdout]     |       ------------------------ the item is gated behind the `test-support` feature
[INFO] [stdout] 117 | #[macro_export]
[INFO] [stdout] 118 | macro_rules! kernel_test {
[INFO] [stdout]     |              ^^^^^^^^^^^
[INFO] [stdout] 
[INFO] [stdout] 
[INFO] [stdout] error[E0433]: cannot find `kernel_test` in the crate root
[INFO] [stdout]    --> src/sync/signal.rs:236:16
[INFO] [stdout]     |
[INFO] [stdout] 236 |         crate::kernel_test! {
[INFO] [stdout]     |                ^^^^^^^^^^^ could not find `kernel_test` in the crate root
[INFO] [stdout]     |
[INFO] [stdout] note: found an item that was configured out
[INFO] [stdout]    --> src/lib.rs:118:14
[INFO] [stdout]     |
[INFO] [stdout] 116 | #[cfg(feature = "test-support")]
[INFO] [stdout]     |       ------------------------ the item is gated behind the `test-support` feature
[INFO] [stdout] 117 | #[macro_export]
[INFO] [stdout] 118 | macro_rules! kernel_test {
[INFO] [stdout]     |              ^^^^^^^^^^^
[INFO] [stdout] 
[INFO] [stdout] 
[INFO] [stdout] error[E0433]: cannot find `kernel_test` in the crate root
[INFO] [stdout]    --> src/sync/signal.rs:250:16
[INFO] [stdout]     |
[INFO] [stdout] 250 |         crate::kernel_test! {
[INFO] [stdout]     |                ^^^^^^^^^^^ could not find `kernel_test` in the crate root
[INFO] [stdout]     |
[INFO] [stdout] note: found an item that was configured out
[INFO] [stdout]    --> src/lib.rs:118:14
[INFO] [stdout]     |
[INFO] [stdout] 116 | #[cfg(feature = "test-support")]
[INFO] [stdout]     |       ------------------------ the item is gated behind the `test-support` feature
[INFO] [stdout] 117 | #[macro_export]
[INFO] [stdout] 118 | macro_rules! kernel_test {
[INFO] [stdout]     |              ^^^^^^^^^^^
[INFO] [stdout] 
[INFO] [stdout] 
[INFO] [stdout] error[E0433]: cannot find `kernel_test` in the crate root
[INFO] [stdout]    --> src/sync/signal.rs:270:16
[INFO] [stdout]     |
[INFO] [stdout] 270 |         crate::kernel_test! {
[INFO] [stdout]     |                ^^^^^^^^^^^ could not find `kernel_test` in the crate root
[INFO] [stdout]     |
[INFO] [stdout] note: found an item that was configured out
[INFO] [stdout]    --> src/lib.rs:118:14
[INFO] [stdout]     |
[INFO] [stdout] 116 | #[cfg(feature = "test-support")]
[INFO] [stdout]     |       ------------------------ the item is gated behind the `test-support` feature
[INFO] [stdout] 117 | #[macro_export]
[INFO] [stdout] 118 | macro_rules! kernel_test {
[INFO] [stdout]     |              ^^^^^^^^^^^
[INFO] [stdout] 
[INFO] [stdout] 
[INFO] [stdout] error[E0433]: cannot find `kernel_test` in the crate root
[INFO] [stdout]    --> src/sync/signal.rs:291:16
[INFO] [stdout]     |
[INFO] [stdout] 291 |         crate::kernel_test! {
[INFO] [stdout]     |                ^^^^^^^^^^^ could not find `kernel_test` in the crate root
[INFO] [stdout]     |
[INFO] [stdout] note: found an item that was configured out
[INFO] [stdout]    --> src/lib.rs:118:14
[INFO] [stdout]     |
[INFO] [stdout] 116 | #[cfg(feature = "test-support")]
[INFO] [stdout]     |       ------------------------ the item is gated behind the `test-support` feature
[INFO] [stdout] 117 | #[macro_export]
[INFO] [stdout] 118 | macro_rules! kernel_test {
[INFO] [stdout]     |              ^^^^^^^^^^^
[INFO] [stdout] 
[INFO] [stdout] 
[INFO] [stdout] error[E0433]: cannot find `kernel_test` in the crate root
[INFO] [stdout]    --> src/task.rs:315:16
[INFO] [stdout]     |
[INFO] [stdout] 315 |         crate::kernel_test! {
[INFO] [stdout]     |                ^^^^^^^^^^^ could not find `kernel_test` in the crate root
[INFO] [stdout]     |
[INFO] [stdout] note: found an item that was configured out
[INFO] [stdout]    --> src/lib.rs:118:14
[INFO] [stdout]     |
[INFO] [stdout] 116 | #[cfg(feature = "test-support")]
[INFO] [stdout]     |       ------------------------ the item is gated behind the `test-support` feature
[INFO] [stdout] 117 | #[macro_export]
[INFO] [stdout] 118 | macro_rules! kernel_test {
[INFO] [stdout]     |              ^^^^^^^^^^^
[INFO] [stdout] 
[INFO] [stdout] 
[INFO] [stdout] error[E0433]: cannot find `kernel_test` in the crate root
[INFO] [stdout]    --> src/task.rs:338:16
[INFO] [stdout]     |
[INFO] [stdout] 338 |         crate::kernel_test! {
[INFO] [stdout]     |                ^^^^^^^^^^^ could not find `kernel_test` in the crate root
[INFO] [stdout]     |
[INFO] [stdout] note: found an item that was configured out
[INFO] [stdout]    --> src/lib.rs:118:14
[INFO] [stdout]     |
[INFO] [stdout] 116 | #[cfg(feature = "test-support")]
[INFO] [stdout]     |       ------------------------ the item is gated behind the `test-support` feature
[INFO] [stdout] 117 | #[macro_export]
[INFO] [stdout] 118 | macro_rules! kernel_test {
[INFO] [stdout]     |              ^^^^^^^^^^^
[INFO] [stdout] 
[INFO] [stdout] 
[INFO] [stdout] error[E0433]: cannot find `kernel_test` in the crate root
[INFO] [stdout]    --> src/timer.rs:292:16
[INFO] [stdout]     |
[INFO] [stdout] 292 |         crate::kernel_test! {
[INFO] [stdout]     |                ^^^^^^^^^^^ could not find `kernel_test` in the crate root
[INFO] [stdout]     |
[INFO] [stdout] note: found an item that was configured out
[INFO] [stdout]    --> src/lib.rs:118:14
[INFO] [stdout]     |
[INFO] [stdout] 116 | #[cfg(feature = "test-support")]
[INFO] [stdout]     |       ------------------------ the item is gated behind the `test-support` feature
[INFO] [stdout] 117 | #[macro_export]
[INFO] [stdout] 118 | macro_rules! kernel_test {
[INFO] [stdout]     |              ^^^^^^^^^^^
[INFO] [stdout] 
[INFO] [stdout] 
[INFO] [stdout] error[E0433]: cannot find `kernel_test` in the crate root
[INFO] [stdout]    --> src/timer.rs:304:16
[INFO] [stdout]     |
[INFO] [stdout] 304 |         crate::kernel_test! {
[INFO] [stdout]     |                ^^^^^^^^^^^ could not find `kernel_test` in the crate root
[INFO] [stdout]     |
[INFO] [stdout] note: found an item that was configured out
[INFO] [stdout]    --> src/lib.rs:118:14
[INFO] [stdout]     |
[INFO] [stdout] 116 | #[cfg(feature = "test-support")]
[INFO] [stdout]     |       ------------------------ the item is gated behind the `test-support` feature
[INFO] [stdout] 117 | #[macro_export]
[INFO] [stdout] 118 | macro_rules! kernel_test {
[INFO] [stdout]     |              ^^^^^^^^^^^
[INFO] [stdout] 
[INFO] [stdout] 
[INFO] [stdout] error[E0433]: cannot find `kernel_test` in the crate root
[INFO] [stdout]    --> src/waker.rs:269:16
[INFO] [stdout]     |
[INFO] [stdout] 269 |         crate::kernel_test! {
[INFO] [stdout]     |                ^^^^^^^^^^^ could not find `kernel_test` in the crate root
[INFO] [stdout]     |
[INFO] [stdout] note: found an item that was configured out
[INFO] [stdout]    --> src/lib.rs:118:14
[INFO] [stdout]     |
[INFO] [stdout] 116 | #[cfg(feature = "test-support")]
[INFO] [stdout]     |       ------------------------ the item is gated behind the `test-support` feature
[INFO] [stdout] 117 | #[macro_export]
[INFO] [stdout] 118 | macro_rules! kernel_test {
[INFO] [stdout]     |              ^^^^^^^^^^^
[INFO] [stdout] 
[INFO] [stdout] 
[INFO] [stdout] error[E0433]: cannot find `kernel_test` in the crate root
[INFO] [stdout]    --> src/waker.rs:279:16
[INFO] [stdout]     |
[INFO] [stdout] 279 |         crate::kernel_test! {
[INFO] [stdout]     |                ^^^^^^^^^^^ could not find `kernel_test` in the crate root
[INFO] [stdout]     |
[INFO] [stdout] note: found an item that was configured out
[INFO] [stdout]    --> src/lib.rs:118:14
[INFO] [stdout]     |
[INFO] [stdout] 116 | #[cfg(feature = "test-support")]
[INFO] [stdout]     |       ------------------------ the item is gated behind the `test-support` feature
[INFO] [stdout] 117 | #[macro_export]
[INFO] [stdout] 118 | macro_rules! kernel_test {
[INFO] [stdout]     |              ^^^^^^^^^^^
[INFO] [stdout] 
[INFO] [stdout] 
[INFO] [stdout] error[E0433]: cannot find `kernel_test` in the crate root
[INFO] [stdout]    --> src/waker.rs:288:16
[INFO] [stdout]     |
[INFO] [stdout] 288 |         crate::kernel_test! {
[INFO] [stdout]     |                ^^^^^^^^^^^ could not find `kernel_test` in the crate root
[INFO] [stdout]     |
[INFO] [stdout] note: found an item that was configured out
[INFO] [stdout]    --> src/lib.rs:118:14
[INFO] [stdout]     |
[INFO] [stdout] 116 | #[cfg(feature = "test-support")]
[INFO] [stdout]     |       ------------------------ the item is gated behind the `test-support` feature
[INFO] [stdout] 117 | #[macro_export]
[INFO] [stdout] 118 | macro_rules! kernel_test {
[INFO] [stdout]     |              ^^^^^^^^^^^
[INFO] [stdout] 
[INFO] [stdout] 
[INFO] [stdout] error[E0433]: cannot find `kernel_test` in the crate root
[INFO] [stdout]    --> src/waker.rs:301:16
[INFO] [stdout]     |
[INFO] [stdout] 301 |         crate::kernel_test! {
[INFO] [stdout]     |                ^^^^^^^^^^^ could not find `kernel_test` in the crate root
[INFO] [stdout]     |
[INFO] [stdout] note: found an item that was configured out
[INFO] [stdout]    --> src/lib.rs:118:14
[INFO] [stdout]     |
[INFO] [stdout] 116 | #[cfg(feature = "test-support")]
[INFO] [stdout]     |       ------------------------ the item is gated behind the `test-support` feature
[INFO] [stdout] 117 | #[macro_export]
[INFO] [stdout] 118 | macro_rules! kernel_test {
[INFO] [stdout]     |              ^^^^^^^^^^^
[INFO] [stdout] 
[INFO] [stdout] 
[INFO] [stdout] error[E0433]: cannot find `kernel_test` in the crate root
[INFO] [stdout]    --> src/waker.rs:314:16
[INFO] [stdout]     |
[INFO] [stdout] 314 |         crate::kernel_test! {
[INFO] [stdout]     |                ^^^^^^^^^^^ could not find `kernel_test` in the crate root
[INFO] [stdout]     |
[INFO] [stdout] note: found an item that was configured out
[INFO] [stdout]    --> src/lib.rs:118:14
[INFO] [stdout]     |
[INFO] [stdout] 116 | #[cfg(feature = "test-support")]
[INFO] [stdout]     |       ------------------------ the item is gated behind the `test-support` feature
[INFO] [stdout] 117 | #[macro_export]
[INFO] [stdout] 118 | macro_rules! kernel_test {
[INFO] [stdout]     |              ^^^^^^^^^^^
[INFO] [stdout] 
[INFO] [stdout] 
[INFO] [stdout] error[E0433]: cannot find `kernel_test` in the crate root
[INFO] [stdout]    --> src/waker.rs:328:16
[INFO] [stdout]     |
[INFO] [stdout] 328 |         crate::kernel_test! {
[INFO] [stdout]     |                ^^^^^^^^^^^ could not find `kernel_test` in the crate root
[INFO] [stdout]     |
[INFO] [stdout] note: found an item that was configured out
[INFO] [stdout]    --> src/lib.rs:118:14
[INFO] [stdout]     |
[INFO] [stdout] 116 | #[cfg(feature = "test-support")]
[INFO] [stdout]     |       ------------------------ the item is gated behind the `test-support` feature
[INFO] [stdout] 117 | #[macro_export]
[INFO] [stdout] 118 | macro_rules! kernel_test {
[INFO] [stdout]     |              ^^^^^^^^^^^
[INFO] [stdout] 
[INFO] [stdout] 
[INFO] [stdout] warning: unused import: `super::*`
[INFO] [stdout]    --> src/deadlines.rs:163:9
[INFO] [stdout]     |
[INFO] [stdout] 163 |     use super::*;
[INFO] [stdout]     |         ^^^^^^^^
[INFO] [stdout]     |
[INFO] [stdout]     = note: `#[warn(unused_imports)]` (part of `#[warn(unused)]`) on by default
[INFO] [stdout] 
[INFO] [stdout] 
[INFO] [stdout] warning: unused import: `super::*`
[INFO] [stdout]    --> src/exec_time.rs:185:9
[INFO] [stdout]     |
[INFO] [stdout] 185 |     use super::*;
[INFO] [stdout]     |         ^^^^^^^^
[INFO] [stdout] 
[INFO] [stdout] 
[INFO] [stdout] warning: unused import: `super::*`
[INFO] [stdout]    --> src/irq.rs:158:9
[INFO] [stdout]     |
[INFO] [stdout] 158 |     use super::*;
[INFO] [stdout]     |         ^^^^^^^^
[INFO] [stdout] 
[INFO] [stdout] 
[INFO] [stdout] warning: unused import: `super::*`
[INFO] [stdout]    --> src/preempt/mutex.rs:440:9
[INFO] [stdout]     |
[INFO] [stdout] 440 |     use super::*;
[INFO] [stdout]     |         ^^^^^^^^
[INFO] [stdout] 
[INFO] [stdout] 
[INFO] [stdout] warning: unused import: `crate::preempt::tcb as tcbmod`
[INFO] [stdout]    --> src/preempt/mutex.rs:441:9
[INFO] [stdout]     |
[INFO] [stdout] 441 |     use crate::preempt::tcb as tcbmod;
[INFO] [stdout]     |         ^^^^^^^^^^^^^^^^^^^^^^^^^^^^^
[INFO] [stdout] 
[INFO] [stdout] 
[INFO] [stdout] warning: unused import: `super::*`
[INFO] [stdout]    --> src/preempt/sched.rs:373:9
[INFO] [stdout]     |
[INFO] [stdout] 373 |     use super::*;
[INFO] [stdout]     |         ^^^^^^^^
[INFO] [stdout] 
[INFO] [stdout] 
[INFO] [stdout] warning: unused import: `crate::preempt::tcb`
[INFO] [stdout]    --> src/preempt/sched.rs:374:9
[INFO] [stdout]     |
[INFO] [stdout] 374 |     use crate::preempt::tcb;
[INFO] [stdout]     |         ^^^^^^^^^^^^^^^^^^^
[INFO] [stdout] 
[INFO] [stdout] 
[INFO] [stdout] warning: unused import: `super::*`
[INFO] [stdout]    --> src/preempt/tcb.rs:418:9
[INFO] [stdout]     |
[INFO] [stdout] 418 |     use super::*;
[INFO] [stdout]     |         ^^^^^^^^
[INFO] [stdout] 
[INFO] [stdout] 
[INFO] [stdout] warning: unused import: `super::*`
[INFO] [stdout]    --> src/sync/channel.rs:327:9
[INFO] [stdout]     |
[INFO] [stdout] 327 |     use super::*;
[INFO] [stdout]     |         ^^^^^^^^
[INFO] [stdout] 
[INFO] [stdout] 
[INFO] [stdout] warning: unused import: `super::*`
[INFO] [stdout]    --> src/sync/semaphore.rs:230:9
[INFO] [stdout]     |
[INFO] [stdout] 230 |     use super::*;
[INFO] [stdout]     |         ^^^^^^^^
[INFO] [stdout] 
[INFO] [stdout] 
[INFO] [stdout] warning: unused import: `super::*`
[INFO] [stdout]    --> src/sync/semaphore.rs:288:9
[INFO] [stdout]     |
[INFO] [stdout] 288 |     use super::*;
[INFO] [stdout]     |         ^^^^^^^^
[INFO] [stdout] 
[INFO] [stdout] 
[INFO] [stdout] warning: unused import: `super::*`
[INFO] [stdout]    --> src/sync/signal.rs:188:9
[INFO] [stdout]     |
[INFO] [stdout] 188 |     use super::*;
[INFO] [stdout]     |         ^^^^^^^^
[INFO] [stdout] 
[INFO] [stdout] 
[INFO] [stdout] warning: unused import: `super::*`
[INFO] [stdout]    --> src/timer.rs:288:9
[INFO] [stdout]     |
[INFO] [stdout] 288 |     use super::*;
[INFO] [stdout]     |         ^^^^^^^^
[INFO] [stdout] 
[INFO] [stdout] 
[INFO] [stdout] warning: unused import: `super::*`
[INFO] [stdout]    --> src/waker.rs:265:9
[INFO] [stdout]     |
[INFO] [stdout] 265 |     use super::*;
[INFO] [stdout]     |         ^^^^^^^^
[INFO] [stdout] 
[INFO] [stdout] 
[INFO] [stdout] For more information about this error, try `rustc --explain E0433`.
[INFO] [stdout] 
[INFO] [stderr] error: could not compile `rivet-rtos` (lib test) due to 54 previous errors; 14 warnings emitted
[INFO] running `Command { std: "docker" "inspect" "069559d5e486d8d42c997051a4b261ff6c3ab1699902da656276ee7d7276826a", kill_on_drop: false }`
[INFO] running `Command { std: "docker" "rm" "-f" "069559d5e486d8d42c997051a4b261ff6c3ab1699902da656276ee7d7276826a", kill_on_drop: false }`
[INFO] [stdout] 069559d5e486d8d42c997051a4b261ff6c3ab1699902da656276ee7d7276826a
