[INFO] fetching crate ring_publish 0.1.0...
[INFO] checking ring_publish-0.1.0 against 3154cc1a3e6424e44f438a95007d043ed5ceaaf6+rustflags=-Znext-solver=coherence for pr-133502-30
[INFO] extracting crate ring_publish 0.1.0 into /workspace/builds/worker-7-tc1/source
[INFO] started tweaking crates.io crate ring_publish 0.1.0
[INFO] removed 0 missing tests
[INFO] finished tweaking crates.io crate ring_publish 0.1.0
[INFO] tweaked toml for crates.io crate ring_publish 0.1.0 written to /workspace/builds/worker-7-tc1/source/Cargo.toml
[INFO] validating manifest of crates.io crate ring_publish 0.1.0 on toolchain 3154cc1a3e6424e44f438a95007d043ed5ceaaf6
[INFO] running `Command { std: CARGO_HOME="/workspace/cargo-home" RUSTUP_HOME="/workspace/rustup-home" "/workspace/cargo-home/bin/cargo" "+3154cc1a3e6424e44f438a95007d043ed5ceaaf6" "metadata" "--manifest-path" "Cargo.toml" "--no-deps", kill_on_drop: false }`
[INFO] crate crates.io crate ring_publish 0.1.0 already has a lockfile, it will not be regenerated
[INFO] running `Command { std: CARGO_HOME="/workspace/cargo-home" RUSTUP_HOME="/workspace/rustup-home" "/workspace/cargo-home/bin/cargo" "+3154cc1a3e6424e44f438a95007d043ed5ceaaf6" "fetch" "--manifest-path" "Cargo.toml", kill_on_drop: false }`
[INFO] [stderr] warning: Cargo.toml: `lints.rust.unsafe-code` is deprecated in favor of `lints.rust.unsafe_code` and will not work in a future edition
[INFO] [stderr] warning: `ring_publish` (manifest) generated 1 warning
[INFO] [stderr]     Updating crates.io index
[INFO] [stderr]  Downloading crates ...
[INFO] [stderr]   Downloaded ring_atomic v0.1.0
[INFO] [stderr]   Downloaded ring_align v0.1.0
[INFO] [stderr]   Downloaded ring_seqno v0.1.0
[INFO] [stderr]   Downloaded ring_cursor v0.1.0
[INFO] [stderr]   Downloaded ring_types v0.1.0
[INFO] running `Command { std: "docker" "create" "-v" "/var/lib/crater-agent-workspace/builds/worker-7-tc1/source:/opt/rustwide/workdir:ro,Z" "-v" "/var/lib/crater-agent-workspace/builds/worker-7-tc1/target:/opt/rustwide/target:rw,Z" "-v" "/var/lib/crater-agent-workspace/cargo-home:/opt/rustwide/cargo-home:ro,Z" "-v" "/var/lib/crater-agent-workspace/rustup-home:/opt/rustwide/rustup-home:ro,Z" "-m" "1610612736" "--network" "none" "ghcr.io/rust-lang/crates-build-env/linux@sha256:77db811e55d90add9212f6832c23229e3de5f1c1f9905e8cb07319ea15df73ac" "sleep" "infinity", kill_on_drop: false }`
[INFO] [stdout] c80190da251bcff7b92d3d4dea874cbed25895a8e84849bbfa477eb4a80b1fb6
[INFO] running `Command { std: "docker" "start" "c80190da251bcff7b92d3d4dea874cbed25895a8e84849bbfa477eb4a80b1fb6", kill_on_drop: false }`
[INFO] running `Command { std: "docker" "inspect" "c80190da251bcff7b92d3d4dea874cbed25895a8e84849bbfa477eb4a80b1fb6", kill_on_drop: false }`
[INFO] running `Command { std: "docker" "exec" "-e" "SOURCE_DIR=/opt/rustwide/workdir" "-e" "CARGO_HOME=/opt/rustwide/cargo-home" "-e" "RUSTUP_HOME=/opt/rustwide/rustup-home" "-e" "CARGO_TARGET_DIR=/opt/rustwide/target" "-w" "/opt/rustwide/workdir" "--user" "0:0" "c80190da251bcff7b92d3d4dea874cbed25895a8e84849bbfa477eb4a80b1fb6" "/opt/rustwide/cargo-home/bin/cargo" "+3154cc1a3e6424e44f438a95007d043ed5ceaaf6" "metadata" "--no-deps" "--format-version=1", kill_on_drop: false }`
[INFO] running `Command { std: "docker" "inspect" "c80190da251bcff7b92d3d4dea874cbed25895a8e84849bbfa477eb4a80b1fb6", kill_on_drop: false }`
[INFO] running `Command { std: "docker" "exec" "-e" "SOURCE_DIR=/opt/rustwide/workdir" "-e" "CARGO_HOME=/opt/rustwide/cargo-home" "-e" "RUSTUP_HOME=/opt/rustwide/rustup-home" "-e" "CARGO_TARGET_DIR=/opt/rustwide/target" "-e" "CARGO_INCREMENTAL=0" "-e" "RUST_BACKTRACE=full" "-e" "RUSTFLAGS=--cap-lints=forbid -Znext-solver=coherence" "-e" "RUSTDOCFLAGS=--cap-lints=forbid" "-w" "/opt/rustwide/workdir" "--user" "0:0" "c80190da251bcff7b92d3d4dea874cbed25895a8e84849bbfa477eb4a80b1fb6" "/opt/rustwide/cargo-home/bin/cargo" "+3154cc1a3e6424e44f438a95007d043ed5ceaaf6" "check" "--frozen" "--all" "--all-targets" "--message-format=json", kill_on_drop: false }`
[INFO] [stderr] warning: Cargo.toml: `lints.rust.unsafe-code` is deprecated in favor of `lints.rust.unsafe_code` and will not work in a future edition
[INFO] [stderr] warning: `ring_publish` (manifest) generated 1 warning
[INFO] [stderr]     Checking ring_types v0.1.0
[INFO] [stderr]     Checking ring_align v0.1.0
[INFO] [stderr]     Checking ring_atomic v0.1.0
[INFO] [stderr]     Checking ring_seqno v0.1.0
[INFO] [stderr]     Checking ring_cursor v0.1.0
[INFO] [stderr]     Checking ring_publish v0.1.0 (/opt/rustwide/workdir)
[INFO] [stdout] error[E0432]: unresolved import `ring_barrier`
[INFO] [stdout]    --> tests/handshake_test.rs:225:7
[INFO] [stdout]     |
[INFO] [stdout] 225 |   use ring_barrier::Barrier;
[INFO] [stdout]     |       ^^^^^^^^^^^^ use of unresolved module or unlinked crate `ring_barrier`
[INFO] [stdout]     |
[INFO] [stdout]     = help: if you wanted to use a crate named `ring_barrier`, use `cargo add ring_barrier` to add it to your `Cargo.toml`
[INFO] [stdout] 
[INFO] [stdout] 
[INFO] [stdout] error[E0432]: unresolved import `ring_claim`
[INFO] [stdout]    --> tests/handshake_test.rs:226:7
[INFO] [stdout]     |
[INFO] [stdout] 226 |   use ring_claim::Claimer;
[INFO] [stdout]     |       ^^^^^^^^^^ use of unresolved module or unlinked crate `ring_claim`
[INFO] [stdout]     |
[INFO] [stdout]     = help: if you wanted to use a crate named `ring_claim`, use `cargo add ring_claim` to add it to your `Cargo.toml`
[INFO] [stdout] 
[INFO] [stdout] 
[INFO] [stdout] error[E0432]: unresolved import `ring_consume`
[INFO] [stdout]    --> tests/handshake_test.rs:227:7
[INFO] [stdout]     |
[INFO] [stdout] 227 |   use ring_consume::Consumer;
[INFO] [stdout]     |       ^^^^^^^^^^^^ use of unresolved module or unlinked crate `ring_consume`
[INFO] [stdout]     |
[INFO] [stdout]     = help: if you wanted to use a crate named `ring_consume`, use `cargo add ring_consume` to add it to your `Cargo.toml`
[INFO] [stdout] 
[INFO] [stdout] 
[INFO] [stdout] error[E0432]: unresolved import `ring_gating`
[INFO] [stdout]    --> tests/handshake_test.rs:228:7
[INFO] [stdout]     |
[INFO] [stdout] 228 |   use ring_gating::GatingSet;
[INFO] [stdout]     |       ^^^^^^^^^^^ use of unresolved module or unlinked crate `ring_gating`
[INFO] [stdout]     |
[INFO] [stdout]     = help: if you wanted to use a crate named `ring_gating`, use `cargo add ring_gating` to add it to your `Cargo.toml`
[INFO] [stdout] 
[INFO] [stdout] 
[INFO] [stdout] For more information about this error, try `rustc --explain E0432`.
[INFO] [stdout] 
[INFO] [stderr] error: could not compile `ring_publish` (test "handshake_test") due to 4 previous errors
[INFO] [stderr] warning: build failed, waiting for other jobs to finish...
[INFO] running `Command { std: "docker" "inspect" "c80190da251bcff7b92d3d4dea874cbed25895a8e84849bbfa477eb4a80b1fb6", kill_on_drop: false }`
[INFO] running `Command { std: "docker" "rm" "-f" "c80190da251bcff7b92d3d4dea874cbed25895a8e84849bbfa477eb4a80b1fb6", kill_on_drop: false }`
[INFO] [stdout] c80190da251bcff7b92d3d4dea874cbed25895a8e84849bbfa477eb4a80b1fb6
