[INFO] fetching crate rimap-imap 0.2.0...
[INFO] checking rimap-imap-0.2.0 against 3154cc1a3e6424e44f438a95007d043ed5ceaaf6+rustflags=-Znext-solver=coherence for pr-133502-30
[INFO] extracting crate rimap-imap 0.2.0 into /workspace/builds/worker-2-tc1/source
[INFO] started tweaking crates.io crate rimap-imap 0.2.0
[INFO] removed 0 missing tests
[INFO] finished tweaking crates.io crate rimap-imap 0.2.0
[INFO] tweaked toml for crates.io crate rimap-imap 0.2.0 written to /workspace/builds/worker-2-tc1/source/Cargo.toml
[INFO] validating manifest of crates.io crate rimap-imap 0.2.0 on toolchain 3154cc1a3e6424e44f438a95007d043ed5ceaaf6
[INFO] running `Command { std: CARGO_HOME="/workspace/cargo-home" RUSTUP_HOME="/workspace/rustup-home" "/workspace/cargo-home/bin/cargo" "+3154cc1a3e6424e44f438a95007d043ed5ceaaf6" "metadata" "--manifest-path" "Cargo.toml" "--no-deps", kill_on_drop: false }`
[INFO] crate crates.io crate rimap-imap 0.2.0 already has a lockfile, it will not be regenerated
[INFO] running `Command { std: CARGO_HOME="/workspace/cargo-home" RUSTUP_HOME="/workspace/rustup-home" "/workspace/cargo-home/bin/cargo" "+3154cc1a3e6424e44f438a95007d043ed5ceaaf6" "fetch" "--manifest-path" "Cargo.toml", kill_on_drop: false }`
[INFO] [stderr]     Updating crates.io index
[INFO] [stderr]  Downloading crates ...
[INFO] [stderr]   Downloaded utf7-imap v0.3.2
[INFO] [stderr]   Downloaded linux-keyutils v0.2.5
[INFO] [stderr]   Downloaded keyring v3.6.3
[INFO] [stderr]   Downloaded dbus-secret-service v4.1.0
[INFO] [stderr]   Downloaded dbus v0.9.10
[INFO] [stderr]   Downloaded ulid v3.0.0
[INFO] [stderr]   Downloaded stop-token v0.7.0
[INFO] [stderr]   Downloaded imap-proto v0.16.6
[INFO] [stderr]   Downloaded async-imap v0.11.3
[INFO] [stderr]   Downloaded rimap-core v0.2.0
[INFO] [stderr]   Downloaded rimap-config v0.2.0
[INFO] [stderr]   Downloaded rimap-audit v0.2.0
[INFO] running `Command { std: "docker" "create" "-v" "/var/lib/crater-agent-workspace/builds/worker-2-tc1/source:/opt/rustwide/workdir:ro,Z" "-v" "/var/lib/crater-agent-workspace/builds/worker-2-tc1/target:/opt/rustwide/target:rw,Z" "-v" "/var/lib/crater-agent-workspace/cargo-home:/opt/rustwide/cargo-home:ro,Z" "-v" "/var/lib/crater-agent-workspace/rustup-home:/opt/rustwide/rustup-home:ro,Z" "-m" "1610612736" "--network" "none" "ghcr.io/rust-lang/crates-build-env/linux@sha256:77db811e55d90add9212f6832c23229e3de5f1c1f9905e8cb07319ea15df73ac" "sleep" "infinity", kill_on_drop: false }`
[INFO] [stdout] e69312ab821219dd4bc62284c152ca0a6eb9b4e2041cbb5489685a57f7a89b72
[INFO] running `Command { std: "docker" "start" "e69312ab821219dd4bc62284c152ca0a6eb9b4e2041cbb5489685a57f7a89b72", kill_on_drop: false }`
[INFO] running `Command { std: "docker" "inspect" "e69312ab821219dd4bc62284c152ca0a6eb9b4e2041cbb5489685a57f7a89b72", kill_on_drop: false }`
[INFO] running `Command { std: "docker" "exec" "-e" "SOURCE_DIR=/opt/rustwide/workdir" "-e" "CARGO_HOME=/opt/rustwide/cargo-home" "-e" "RUSTUP_HOME=/opt/rustwide/rustup-home" "-e" "CARGO_TARGET_DIR=/opt/rustwide/target" "-w" "/opt/rustwide/workdir" "--user" "0:0" "e69312ab821219dd4bc62284c152ca0a6eb9b4e2041cbb5489685a57f7a89b72" "/opt/rustwide/cargo-home/bin/cargo" "+3154cc1a3e6424e44f438a95007d043ed5ceaaf6" "metadata" "--no-deps" "--format-version=1", kill_on_drop: false }`
[INFO] running `Command { std: "docker" "inspect" "e69312ab821219dd4bc62284c152ca0a6eb9b4e2041cbb5489685a57f7a89b72", kill_on_drop: false }`
[INFO] running `Command { std: "docker" "exec" "-e" "SOURCE_DIR=/opt/rustwide/workdir" "-e" "CARGO_HOME=/opt/rustwide/cargo-home" "-e" "RUSTUP_HOME=/opt/rustwide/rustup-home" "-e" "CARGO_TARGET_DIR=/opt/rustwide/target" "-e" "CARGO_INCREMENTAL=0" "-e" "RUST_BACKTRACE=full" "-e" "RUSTFLAGS=--cap-lints=forbid -Znext-solver=coherence" "-e" "RUSTDOCFLAGS=--cap-lints=forbid" "-w" "/opt/rustwide/workdir" "--user" "0:0" "e69312ab821219dd4bc62284c152ca0a6eb9b4e2041cbb5489685a57f7a89b72" "/opt/rustwide/cargo-home/bin/cargo" "+3154cc1a3e6424e44f438a95007d043ed5ceaaf6" "check" "--frozen" "--all" "--all-targets" "--message-format=json", kill_on_drop: false }`
[INFO] [stderr]    Compiling crossbeam-utils v0.8.21
[INFO] [stderr]     Checking bitflags v2.11.1
[INFO] [stderr]     Checking typenum v1.20.0
[INFO] [stderr]    Compiling serde_core v1.0.228
[INFO] [stderr]    Compiling cc v1.2.60
[INFO] [stderr]     Checking log v0.4.29
[INFO] [stderr]    Compiling getrandom v0.4.2
[INFO] [stderr]     Checking regex-syntax v0.8.10
[INFO] [stderr]    Compiling serde v1.0.228
[INFO] [stderr]    Compiling serde_json v1.0.151
[INFO] [stderr]    Compiling num-traits v0.2.19
[INFO] [stderr]    Compiling syn v2.0.117
[INFO] [stderr]    Compiling syn v3.0.3
[INFO] [stderr]    Compiling libdbus-sys v0.2.7
[INFO] [stderr]     Checking aho-corasick v1.1.4
[INFO] [stderr]     Checking futures-sink v0.3.32
[INFO] [stderr]     Checking socket2 v0.6.3
[INFO] [stderr]     Checking futures-channel v0.3.32
[INFO] [stderr]    Compiling zerocopy v0.8.48
[INFO] [stderr]    Compiling rimap-core v0.2.0
[INFO] [stderr]     Checking bytes v1.11.1
[INFO] [stderr]     Checking rustix v1.1.4
[INFO] [stderr]    Compiling rustls v0.23.42
[INFO] [stderr]     Checking nom v7.1.3
[INFO] [stderr]     Checking dbus v0.9.10
[INFO] [stderr]     Checking chacha20 v0.10.0
[INFO] [stderr]     Checking winnow v1.0.2
[INFO] [stderr]     Checking concurrent-queue v2.5.0
[INFO] [stderr]     Checking rand v0.10.1
[INFO] [stderr]     Checking linux-keyutils v0.2.5
[INFO] [stderr]     Checking event-listener v5.4.1
[INFO] [stderr]     Checking async-channel v1.9.0
[INFO] [stderr]     Checking stop-token v0.7.0
[INFO] [stderr]     Checking toml_parser v1.1.3+spec-1.1.0
[INFO] [stderr]     Checking event-listener-strategy v0.5.4
[INFO] [stderr]     Checking rtoolbox v0.0.5
[INFO] [stderr]     Checking async-channel v2.5.0
[INFO] [stderr]     Checking base64 v0.13.1
[INFO] [stderr]     Checking self_cell v1.2.2
[INFO] [stderr]     Checking rpassword v7.5.4
[INFO] [stderr]     Checking chrono v0.4.44
[INFO] [stderr]     Checking directories v6.0.0
[INFO] [stderr]     Checking rand v0.9.4
[INFO] [stderr]     Checking tracing-log v0.2.0
[INFO] [stderr]     Checking nu-ansi-term v0.50.3
[INFO] [stderr]     Checking hybrid-array v0.4.11
[INFO] [stderr]     Checking unicode-segmentation v1.13.3
[INFO] [stderr]     Checking smallvec v1.15.1
[INFO] [stderr]     Checking tempfile v3.27.0
[INFO] [stderr]     Checking fs4 v1.1.0
[INFO] [stderr]     Checking rusty-fork v0.3.1
[INFO] [stderr]    Compiling ring v0.17.14
[INFO] [stderr]     Checking crypto-common v0.2.1
[INFO] [stderr]     Checking block-buffer v0.12.0
[INFO] [stderr]    Compiling serde_derive_internals v0.30.0
[INFO] [stderr]     Checking regex-automata v0.4.18
[INFO] [stderr]    Compiling thiserror-impl v2.0.19
[INFO] [stderr]     Checking imap-proto v0.16.6
[INFO] [stderr]     Checking digest v0.11.2
[INFO] [stderr]     Checking sha2 v0.11.0
[INFO] [stderr]    Compiling schemars_derive v1.2.2
[INFO] [stderr]     Checking deranged v0.5.8
[INFO] [stderr]     Checking serde_spanned v1.1.1
[INFO] [stderr]     Checking toml_datetime v1.1.1+spec-1.1.0
[INFO] [stderr]     Checking toml v1.1.4+spec-1.1.0
[INFO] [stderr]     Checking thiserror v2.0.19
[INFO] [stderr]     Checking time v0.3.54
[INFO] [stderr]    Compiling zeroize_derive v1.4.3
[INFO] [stderr]    Compiling serde_derive v1.0.228
[INFO] [stderr]    Compiling ref-cast-impl v1.0.25
[INFO] [stderr]    Compiling tracing-attributes v0.1.31
[INFO] [stderr]    Compiling futures-macro v0.3.32
[INFO] [stderr]    Compiling tokio-macros v2.7.0
[INFO] [stderr]    Compiling strum_macros v0.28.0
[INFO] [stderr]    Compiling pin-project-internal v1.1.11
[INFO] [stderr]    Compiling thiserror-impl v1.0.69
[INFO] [stderr]     Checking ppv-lite86 v0.2.21
[INFO] [stderr]     Checking regex v1.12.3
[INFO] [stderr]     Checking matchers v0.2.0
[INFO] [stderr]     Checking zeroize v1.8.2
[INFO] [stderr]     Checking tokio v1.53.1
[INFO] [stderr]     Checking ref-cast v1.0.25
[INFO] [stderr]     Checking utf7-imap v0.3.2
[INFO] [stderr]     Checking rustls-pki-types v1.14.0
[INFO] [stderr]     Checking secrecy v0.10.3
[INFO] [stderr]     Checking dbus-secret-service v4.1.0
[INFO] [stderr]     Checking rand_chacha v0.9.0
[INFO] [stderr]     Checking futures-util v0.3.32
[INFO] [stderr]     Checking proptest v1.11.0
[INFO] [stderr]     Checking keyring v3.6.3
[INFO] [stderr]     Checking pin-project v1.1.11
[INFO] [stderr]     Checking thiserror v1.0.69
[INFO] [stderr]     Checking webpki-roots v1.0.9
[INFO] [stderr]     Checking tracing v0.1.44
[INFO] [stderr]     Checking tracing-subscriber v0.3.23
[INFO] [stderr]     Checking rustls-webpki v0.103.13
[INFO] [stderr]     Checking strum v0.28.0
[INFO] [stderr]     Checking schemars v1.2.2
[INFO] [stderr]     Checking ulid v3.0.0
[INFO] [stderr]     Checking futures-executor v0.3.32
[INFO] [stderr]     Checking futures v0.3.32
[INFO] [stderr]     Checking async-imap v0.11.3
[INFO] [stderr]     Checking rimap-audit v0.2.0
[INFO] [stderr]     Checking rimap-config v0.2.0
[INFO] [stderr]     Checking tokio-rustls v0.26.4
[INFO] [stderr]     Checking rimap-imap v0.2.0 (/opt/rustwide/workdir)
[INFO] [stdout] error[E0433]: cannot find module or crate `rimap_fake_imap` in this scope
[INFO] [stdout]   --> tests/connect_auth_record.rs:28:5
[INFO] [stdout]    |
[INFO] [stdout] 28 | use rimap_fake_imap::fake_imap::{FakeImapServer, StaticResolver, Step, login_preamble};
[INFO] [stdout]    |     ^^^^^^^^^^^^^^^ use of unresolved module or unlinked crate `rimap_fake_imap`
[INFO] [stdout]    |
[INFO] [stdout] help: there is a crate or module with a similar name
[INFO] [stdout]    |
[INFO] [stdout] 28 - use rimap_fake_imap::fake_imap::{FakeImapServer, StaticResolver, Step, login_preamble};
[INFO] [stdout] 28 + use rimap_imap::fake_imap::{FakeImapServer, StaticResolver, Step, login_preamble};
[INFO] [stdout]    |
[INFO] [stdout] 
[INFO] [stdout] 
[INFO] [stdout] For more information about this error, try `rustc --explain E0433`.
[INFO] [stdout] 
[INFO] [stderr] error: could not compile `rimap-imap` (test "connect_auth_record") due to 1 previous error
[INFO] [stderr] warning: build failed, waiting for other jobs to finish...
[INFO] [stdout] error[E0433]: cannot find module or crate `rimap_fake_imap` in this scope
[INFO] [stdout]   --> tests/capability_unknown_refusal.rs:45:5
[INFO] [stdout]    |
[INFO] [stdout] 45 | use rimap_fake_imap::fake_imap::{FakeImapServer, Step, login_preamble};
[INFO] [stdout]    |     ^^^^^^^^^^^^^^^ use of unresolved module or unlinked crate `rimap_fake_imap`
[INFO] [stdout]    |
[INFO] [stdout] help: there is a crate or module with a similar name
[INFO] [stdout]    |
[INFO] [stdout] 45 - use rimap_fake_imap::fake_imap::{FakeImapServer, Step, login_preamble};
[INFO] [stdout] 45 + use rimap_imap::fake_imap::{FakeImapServer, Step, login_preamble};
[INFO] [stdout]    |
[INFO] [stdout] 
[INFO] [stdout] 
[INFO] [stdout] error[E0433]: cannot find module or crate `rimap_fake_imap` in this scope
[INFO] [stdout]   --> tests/mutating_no_retry.rs:24:5
[INFO] [stdout]    |
[INFO] [stdout] 24 | use rimap_fake_imap::fake_imap::{FakeImapServer, Step, login_preamble};
[INFO] [stdout]    |     ^^^^^^^^^^^^^^^ use of unresolved module or unlinked crate `rimap_fake_imap`
[INFO] [stdout]    |
[INFO] [stdout] help: there is a crate or module with a similar name
[INFO] [stdout]    |
[INFO] [stdout] 24 - use rimap_fake_imap::fake_imap::{FakeImapServer, Step, login_preamble};
[INFO] [stdout] 24 + use rimap_imap::fake_imap::{FakeImapServer, Step, login_preamble};
[INFO] [stdout]    |
[INFO] [stdout] 
[INFO] [stdout] 
[INFO] [stdout] error[E0433]: cannot find module or crate `rimap_fake_imap` in this scope
[INFO] [stdout]   --> tests/cancel_poison.rs:51:5
[INFO] [stdout]    |
[INFO] [stdout] 51 | use rimap_fake_imap::fake_imap::{FakeImapServer, Step, login_preamble};
[INFO] [stdout]    |     ^^^^^^^^^^^^^^^ use of unresolved module or unlinked crate `rimap_fake_imap`
[INFO] [stdout]    |
[INFO] [stdout] help: there is a crate or module with a similar name
[INFO] [stdout]    |
[INFO] [stdout] 51 - use rimap_fake_imap::fake_imap::{FakeImapServer, Step, login_preamble};
[INFO] [stdout] 51 + use rimap_imap::fake_imap::{FakeImapServer, Step, login_preamble};
[INFO] [stdout]    |
[INFO] [stdout] 
[INFO] [stdout] 
[INFO] [stdout] error[E0433]: cannot find module or crate `rimap_fake_imap` in this scope
[INFO] [stdout]   --> tests/reconnect_recovery.rs:28:5
[INFO] [stdout]    |
[INFO] [stdout] 28 | use rimap_fake_imap::fake_imap::{FakeImapServer, Step, login_preamble};
[INFO] [stdout]    |     ^^^^^^^^^^^^^^^ use of unresolved module or unlinked crate `rimap_fake_imap`
[INFO] [stdout]    |
[INFO] [stdout] help: there is a crate or module with a similar name
[INFO] [stdout]    |
[INFO] [stdout] 28 - use rimap_fake_imap::fake_imap::{FakeImapServer, Step, login_preamble};
[INFO] [stdout] 28 + use rimap_imap::fake_imap::{FakeImapServer, Step, login_preamble};
[INFO] [stdout]    |
[INFO] [stdout] 
[INFO] [stdout] 
[INFO] [stdout] error[E0433]: cannot find module or crate `rimap_fake_imap` in this scope
[INFO] [stdout]   --> tests/adversarial_imap.rs:23:5
[INFO] [stdout]    |
[INFO] [stdout] 23 | use rimap_fake_imap::fake_imap::{FakeImapServer, NoopAudit, PanicResolver, Step, login_preamble};
[INFO] [stdout]    |     ^^^^^^^^^^^^^^^ use of unresolved module or unlinked crate `rimap_fake_imap`
[INFO] [stdout]    |
[INFO] [stdout] help: there is a crate or module with a similar name
[INFO] [stdout]    |
[INFO] [stdout] 23 - use rimap_fake_imap::fake_imap::{FakeImapServer, NoopAudit, PanicResolver, Step, login_preamble};
[INFO] [stdout] 23 + use rimap_imap::fake_imap::{FakeImapServer, NoopAudit, PanicResolver, Step, login_preamble};
[INFO] [stdout]    |
[INFO] [stdout] 
[INFO] [stdout] 
[INFO] [stdout] error[E0433]: cannot find module or crate `rimap_fake_imap` in this scope
[INFO] [stdout]   --> tests/expunge_folder_wide_gap.rs:25:5
[INFO] [stdout]    |
[INFO] [stdout] 25 | use rimap_fake_imap::fake_imap::{FakeImapServer, Step, login_preamble};
[INFO] [stdout]    |     ^^^^^^^^^^^^^^^ use of unresolved module or unlinked crate `rimap_fake_imap`
[INFO] [stdout]    |
[INFO] [stdout] help: there is a crate or module with a similar name
[INFO] [stdout]    |
[INFO] [stdout] 25 - use rimap_fake_imap::fake_imap::{FakeImapServer, Step, login_preamble};
[INFO] [stdout] 25 + use rimap_imap::fake_imap::{FakeImapServer, Step, login_preamble};
[INFO] [stdout]    |
[INFO] [stdout] 
[INFO] [stdout] 
[INFO] [stdout] error[E0433]: cannot find module or crate `rimap_fake_imap` in this scope
[INFO] [stdout]   --> tests/transport_failure_poison.rs:44:5
[INFO] [stdout]    |
[INFO] [stdout] 44 | use rimap_fake_imap::fake_imap::{FakeImapServer, Step, login_preamble};
[INFO] [stdout]    |     ^^^^^^^^^^^^^^^ use of unresolved module or unlinked crate `rimap_fake_imap`
[INFO] [stdout]    |
[INFO] [stdout] help: there is a crate or module with a similar name
[INFO] [stdout]    |
[INFO] [stdout] 44 - use rimap_fake_imap::fake_imap::{FakeImapServer, Step, login_preamble};
[INFO] [stdout] 44 + use rimap_imap::fake_imap::{FakeImapServer, Step, login_preamble};
[INFO] [stdout]    |
[INFO] [stdout] 
[INFO] [stdout] 
[INFO] [stdout] error[E0433]: cannot find module or crate `rimap_fake_imap` in this scope
[INFO] [stdout]   --> tests/login_handshake_rejection.rs:26:5
[INFO] [stdout]    |
[INFO] [stdout] 26 | use rimap_fake_imap::fake_imap::{FakeImapServer, NoopAudit, PanicResolver, Step};
[INFO] [stdout]    |     ^^^^^^^^^^^^^^^ use of unresolved module or unlinked crate `rimap_fake_imap`
[INFO] [stdout]    |
[INFO] [stdout] help: there is a crate or module with a similar name
[INFO] [stdout]    |
[INFO] [stdout] 26 - use rimap_fake_imap::fake_imap::{FakeImapServer, NoopAudit, PanicResolver, Step};
[INFO] [stdout] 26 + use rimap_imap::fake_imap::{FakeImapServer, NoopAudit, PanicResolver, Step};
[INFO] [stdout]    |
[INFO] [stdout] 
[INFO] [stdout] 
[INFO] [stdout] For more information about this error, try `rustc --explain E0433`.
[INFO] [stdout] 
[INFO] [stdout] error[E0433]: cannot find module or crate `rimap_fake_imap` in this scope
[INFO] [stdout]   --> tests/capability_slot_ownership.rs:31:5
[INFO] [stdout]    |
[INFO] [stdout] 31 | use rimap_fake_imap::fake_imap::{FakeImapServer, Step, login_preamble};
[INFO] [stdout]    |     ^^^^^^^^^^^^^^^ use of unresolved module or unlinked crate `rimap_fake_imap`
[INFO] [stdout]    |
[INFO] [stdout] help: there is a crate or module with a similar name
[INFO] [stdout]    |
[INFO] [stdout] 31 - use rimap_fake_imap::fake_imap::{FakeImapServer, Step, login_preamble};
[INFO] [stdout] 31 + use rimap_imap::fake_imap::{FakeImapServer, Step, login_preamble};
[INFO] [stdout]    |
[INFO] [stdout] 
[INFO] [stdout] 
[INFO] [stderr] error: could not compile `rimap-imap` (test "mutating_no_retry") due to 1 previous error
[INFO] [stdout] For more information about this error, try `rustc --explain E0433`.
[INFO] [stdout] 
[INFO] [stdout] error[E0432]: unresolved import `rimap_container_gate`
[INFO] [stdout]   --> tests/integration/support/container.rs:18:5
[INFO] [stdout]    |
[INFO] [stdout] 18 | use rimap_container_gate::{
[INFO] [stdout]    |     ^^^^^^^^^^^^^^^^^^^^ use of unresolved module or unlinked crate `rimap_container_gate`
[INFO] [stdout]    |
[INFO] [stdout]    = help: if you wanted to use a crate named `rimap_container_gate`, use `cargo add rimap_container_gate` to add it to your `Cargo.toml`
[INFO] [stdout] 
[INFO] [stdout] 
[INFO] [stdout] For more information about this error, try `rustc --explain E0433`.
[INFO] [stdout] 
[INFO] [stdout] For more information about this error, try `rustc --explain E0433`.
[INFO] [stdout] 
[INFO] [stderr] error: could not compile `rimap-imap` (test "expunge_folder_wide_gap") due to 1 previous error
[INFO] [stderr] error: could not compile `rimap-imap` (test "adversarial_imap") due to 1 previous error
[INFO] [stdout] error[E0433]: cannot find module or crate `rimap_fake_imap` in this scope
[INFO] [stdout]   --> tests/capability_reconnect_freshness.rs:33:5
[INFO] [stdout]    |
[INFO] [stdout] 33 | use rimap_fake_imap::fake_imap::{FakeImapServer, Step, login_preamble};
[INFO] [stdout]    |     ^^^^^^^^^^^^^^^ use of unresolved module or unlinked crate `rimap_fake_imap`
[INFO] [stdout]    |
[INFO] [stdout] help: there is a crate or module with a similar name
[INFO] [stdout]    |
[INFO] [stdout] 33 - use rimap_fake_imap::fake_imap::{FakeImapServer, Step, login_preamble};
[INFO] [stdout] 33 + use rimap_imap::fake_imap::{FakeImapServer, Step, login_preamble};
[INFO] [stdout]    |
[INFO] [stdout] 
[INFO] [stdout] 
[INFO] [stderr] error: could not compile `rimap-imap` (test "reconnect_recovery") due to 1 previous error
[INFO] [stdout] error[E0432]: unresolved import `rimap_container_gate`
[INFO] [stdout]   --> tests/integration/support/container.rs:18:5
[INFO] [stdout]    |
[INFO] [stdout] 18 | use rimap_container_gate::{
[INFO] [stdout]    |     ^^^^^^^^^^^^^^^^^^^^ use of unresolved module or unlinked crate `rimap_container_gate`
[INFO] [stdout]    |
[INFO] [stdout]    = help: if you wanted to use a crate named `rimap_container_gate`, use `cargo add rimap_container_gate` to add it to your `Cargo.toml`
[INFO] [stdout] 
[INFO] [stdout] 
[INFO] [stdout] For more information about this error, try `rustc --explain E0433`.
[INFO] [stdout] 
[INFO] [stdout] For more information about this error, try `rustc --explain E0433`.
[INFO] [stdout] 
[INFO] [stdout] For more information about this error, try `rustc --explain E0433`.
[INFO] [stdout] 
[INFO] [stderr] error: could not compile `rimap-imap` (test "cancel_poison") due to 1 previous error
[INFO] [stderr] error: could not compile `rimap-imap` (test "login_handshake_rejection") due to 1 previous error
[INFO] [stderr] error: could not compile `rimap-imap` (test "capability_unknown_refusal") due to 1 previous error
[INFO] [stdout] For more information about this error, try `rustc --explain E0433`.
[INFO] [stdout] 
[INFO] [stderr] error: could not compile `rimap-imap` (test "capability_reconnect_freshness") due to 1 previous error
[INFO] [stdout] error[E0433]: cannot find module or crate `rimap_fake_imap` in this scope
[INFO] [stdout]   --> tests/capability_slot_ownership.rs:81:18
[INFO] [stdout]    |
[INFO] [stdout] 81 |         Arc::new(rimap_fake_imap::fake_imap::StaticResolver),
[INFO] [stdout]    |                  ^^^^^^^^^^^^^^^ use of unresolved module or unlinked crate `rimap_fake_imap`
[INFO] [stdout]    |
[INFO] [stdout] help: there is a crate or module with a similar name
[INFO] [stdout]    |
[INFO] [stdout] 81 -         Arc::new(rimap_fake_imap::fake_imap::StaticResolver),
[INFO] [stdout] 81 +         Arc::new(rimap_imap::fake_imap::StaticResolver),
[INFO] [stdout]    |
[INFO] [stdout] 
[INFO] [stdout] 
[INFO] [stdout] For more information about this error, try `rustc --explain E0433`.
[INFO] [stdout] 
[INFO] [stdout] For more information about this error, try `rustc --explain E0433`.
[INFO] [stdout] 
[INFO] [stderr] error: could not compile `rimap-imap` (test "capability_slot_ownership") due to 2 previous errors
[INFO] [stderr] error: could not compile `rimap-imap` (test "transport_failure_poison") due to 1 previous error
[INFO] [stdout] error[E0433]: cannot find module or crate `rimap_container_gate` in this scope
[INFO] [stdout]    --> tests/integration/support/container.rs:271:23
[INFO] [stdout]     |
[INFO] [stdout] 271 |     let Some(image) = rimap_container_gate::pinned_image(&compose_dir.join(COMPOSE_FILE), service)
[INFO] [stdout]     |                       ^^^^^^^^^^^^^^^^^^^^ use of unresolved module or unlinked crate `rimap_container_gate`
[INFO] [stdout]     |
[INFO] [stdout]     = help: if you wanted to use a crate named `rimap_container_gate`, use `cargo add rimap_container_gate` to add it to your `Cargo.toml`
[INFO] [stdout] 
[INFO] [stdout] 
[INFO] [stdout] error[E0433]: cannot find module or crate `rimap_container_gate` in this scope
[INFO] [stdout]    --> tests/integration/support/container.rs:281:9
[INFO] [stdout]     |
[INFO] [stdout] 281 |         rimap_container_gate::image_arch(runtime(), &image),
[INFO] [stdout]     |         ^^^^^^^^^^^^^^^^^^^^ use of unresolved module or unlinked crate `rimap_container_gate`
[INFO] [stdout]     |
[INFO] [stdout]     = help: if you wanted to use a crate named `rimap_container_gate`, use `cargo add rimap_container_gate` to add it to your `Cargo.toml`
[INFO] [stdout] 
[INFO] [stdout] 
[INFO] [stdout] error[E0433]: cannot find module or crate `rimap_container_gate` in this scope
[INFO] [stdout]    --> tests/integration/support/container.rs:282:9
[INFO] [stdout]     |
[INFO] [stdout] 282 |         rimap_container_gate::host_arch(),
[INFO] [stdout]     |         ^^^^^^^^^^^^^^^^^^^^ use of unresolved module or unlinked crate `rimap_container_gate`
[INFO] [stdout]     |
[INFO] [stdout]     = help: if you wanted to use a crate named `rimap_container_gate`, use `cargo add rimap_container_gate` to add it to your `Cargo.toml`
[INFO] [stdout] 
[INFO] [stdout] 
[INFO] [stdout] error[E0433]: cannot find module or crate `rimap_container_gate` in this scope
[INFO] [stdout]    --> tests/integration/support/container.rs:286:27
[INFO] [stdout]     |
[INFO] [stdout] 286 |     if let Some(reason) = rimap_container_gate::arch_mismatch_reason(&image, &arch, host) {
[INFO] [stdout]     |                           ^^^^^^^^^^^^^^^^^^^^ use of unresolved module or unlinked crate `rimap_container_gate`
[INFO] [stdout]     |
[INFO] [stdout]     = help: if you wanted to use a crate named `rimap_container_gate`, use `cargo add rimap_container_gate` to add it to your `Cargo.toml`
[INFO] [stdout] 
[INFO] [stdout] 
[INFO] [stdout] error[E0433]: cannot find module or crate `rimap_container_gate` in this scope
[INFO] [stdout]    --> tests/integration/support/container.rs:271:23
[INFO] [stdout]     |
[INFO] [stdout] 271 |     let Some(image) = rimap_container_gate::pinned_image(&compose_dir.join(COMPOSE_FILE), service)
[INFO] [stdout]     |                       ^^^^^^^^^^^^^^^^^^^^ use of unresolved module or unlinked crate `rimap_container_gate`
[INFO] [stdout]     |
[INFO] [stdout]     = help: if you wanted to use a crate named `rimap_container_gate`, use `cargo add rimap_container_gate` to add it to your `Cargo.toml`
[INFO] [stdout] 
[INFO] [stdout] 
[INFO] [stdout] error[E0433]: cannot find module or crate `rimap_container_gate` in this scope
[INFO] [stdout]    --> tests/integration/support/container.rs:281:9
[INFO] [stdout]     |
[INFO] [stdout] 281 |         rimap_container_gate::image_arch(runtime(), &image),
[INFO] [stdout]     |         ^^^^^^^^^^^^^^^^^^^^ use of unresolved module or unlinked crate `rimap_container_gate`
[INFO] [stdout]     |
[INFO] [stdout]     = help: if you wanted to use a crate named `rimap_container_gate`, use `cargo add rimap_container_gate` to add it to your `Cargo.toml`
[INFO] [stdout] 
[INFO] [stdout] 
[INFO] [stdout] error[E0433]: cannot find module or crate `rimap_container_gate` in this scope
[INFO] [stdout]    --> tests/integration/support/container.rs:282:9
[INFO] [stdout]     |
[INFO] [stdout] 282 |         rimap_container_gate::host_arch(),
[INFO] [stdout]     |         ^^^^^^^^^^^^^^^^^^^^ use of unresolved module or unlinked crate `rimap_container_gate`
[INFO] [stdout]     |
[INFO] [stdout]     = help: if you wanted to use a crate named `rimap_container_gate`, use `cargo add rimap_container_gate` to add it to your `Cargo.toml`
[INFO] [stdout] 
[INFO] [stdout] 
[INFO] [stdout] error[E0433]: cannot find module or crate `rimap_container_gate` in this scope
[INFO] [stdout]    --> tests/integration/support/container.rs:286:27
[INFO] [stdout]     |
[INFO] [stdout] 286 |     if let Some(reason) = rimap_container_gate::arch_mismatch_reason(&image, &arch, host) {
[INFO] [stdout]     |                           ^^^^^^^^^^^^^^^^^^^^ use of unresolved module or unlinked crate `rimap_container_gate`
[INFO] [stdout]     |
[INFO] [stdout]     = help: if you wanted to use a crate named `rimap_container_gate`, use `cargo add rimap_container_gate` to add it to your `Cargo.toml`
[INFO] [stdout] 
[INFO] [stdout] 
[INFO] [stdout] Some errors have detailed explanations: E0432, E0433.
[INFO] [stdout] 
[INFO] [stdout] For more information about an error, try `rustc --explain E0432`.
[INFO] [stdout] 
[INFO] [stderr] error: could not compile `rimap-imap` (test "proton") due to 5 previous errors
[INFO] [stdout] Some errors have detailed explanations: E0432, E0433.
[INFO] [stdout] 
[INFO] [stdout] For more information about an error, try `rustc --explain E0432`.
[INFO] [stdout] 
[INFO] [stderr] error: could not compile `rimap-imap` (test "dovecot") due to 5 previous errors
[INFO] running `Command { std: "docker" "inspect" "e69312ab821219dd4bc62284c152ca0a6eb9b4e2041cbb5489685a57f7a89b72", kill_on_drop: false }`
[INFO] running `Command { std: "docker" "rm" "-f" "e69312ab821219dd4bc62284c152ca0a6eb9b4e2041cbb5489685a57f7a89b72", kill_on_drop: false }`
[INFO] [stdout] e69312ab821219dd4bc62284c152ca0a6eb9b4e2041cbb5489685a57f7a89b72
