[INFO] fetching crate rimap-config 0.2.0...
[INFO] checking rimap-config-0.2.0 against 3154cc1a3e6424e44f438a95007d043ed5ceaaf6 for pr-133502-30
[INFO] extracting crate rimap-config 0.2.0 into /workspace/builds/worker-7-tc2/source
[INFO] started tweaking crates.io crate rimap-config 0.2.0
[INFO] removed 0 missing tests
[INFO] finished tweaking crates.io crate rimap-config 0.2.0
[INFO] tweaked toml for crates.io crate rimap-config 0.2.0 written to /workspace/builds/worker-7-tc2/source/Cargo.toml
[INFO] validating manifest of crates.io crate rimap-config 0.2.0 on toolchain 3154cc1a3e6424e44f438a95007d043ed5ceaaf6
[INFO] running `Command { std: CARGO_HOME="/workspace/cargo-home" RUSTUP_HOME="/workspace/rustup-home" "/workspace/cargo-home/bin/cargo" "+3154cc1a3e6424e44f438a95007d043ed5ceaaf6" "metadata" "--manifest-path" "Cargo.toml" "--no-deps", kill_on_drop: false }`
[INFO] crate crates.io crate rimap-config 0.2.0 already has a lockfile, it will not be regenerated
[INFO] running `Command { std: CARGO_HOME="/workspace/cargo-home" RUSTUP_HOME="/workspace/rustup-home" "/workspace/cargo-home/bin/cargo" "+3154cc1a3e6424e44f438a95007d043ed5ceaaf6" "fetch" "--manifest-path" "Cargo.toml", kill_on_drop: false }`
[INFO] running `Command { std: "docker" "create" "-v" "/var/lib/crater-agent-workspace/builds/worker-7-tc2/source:/opt/rustwide/workdir:ro,Z" "-v" "/var/lib/crater-agent-workspace/builds/worker-7-tc2/target:/opt/rustwide/target:rw,Z" "-v" "/var/lib/crater-agent-workspace/cargo-home:/opt/rustwide/cargo-home:ro,Z" "-v" "/var/lib/crater-agent-workspace/rustup-home:/opt/rustwide/rustup-home:ro,Z" "-m" "1610612736" "--network" "none" "ghcr.io/rust-lang/crates-build-env/linux@sha256:77db811e55d90add9212f6832c23229e3de5f1c1f9905e8cb07319ea15df73ac" "sleep" "infinity", kill_on_drop: false }`
[INFO] [stdout] 109453bb96c6ef1b3f9c0db7fc3f9e1463a62278896d595db39fdc68ff751343
[INFO] running `Command { std: "docker" "start" "109453bb96c6ef1b3f9c0db7fc3f9e1463a62278896d595db39fdc68ff751343", kill_on_drop: false }`
[INFO] running `Command { std: "docker" "inspect" "109453bb96c6ef1b3f9c0db7fc3f9e1463a62278896d595db39fdc68ff751343", kill_on_drop: false }`
[INFO] running `Command { std: "docker" "exec" "-e" "SOURCE_DIR=/opt/rustwide/workdir" "-e" "CARGO_HOME=/opt/rustwide/cargo-home" "-e" "RUSTUP_HOME=/opt/rustwide/rustup-home" "-e" "CARGO_TARGET_DIR=/opt/rustwide/target" "-w" "/opt/rustwide/workdir" "--user" "0:0" "109453bb96c6ef1b3f9c0db7fc3f9e1463a62278896d595db39fdc68ff751343" "/opt/rustwide/cargo-home/bin/cargo" "+3154cc1a3e6424e44f438a95007d043ed5ceaaf6" "metadata" "--no-deps" "--format-version=1", kill_on_drop: false }`
[INFO] running `Command { std: "docker" "inspect" "109453bb96c6ef1b3f9c0db7fc3f9e1463a62278896d595db39fdc68ff751343", kill_on_drop: false }`
[INFO] running `Command { std: "docker" "exec" "-e" "SOURCE_DIR=/opt/rustwide/workdir" "-e" "CARGO_HOME=/opt/rustwide/cargo-home" "-e" "RUSTUP_HOME=/opt/rustwide/rustup-home" "-e" "CARGO_TARGET_DIR=/opt/rustwide/target" "-e" "CARGO_INCREMENTAL=0" "-e" "RUST_BACKTRACE=full" "-e" "RUSTFLAGS=--cap-lints=forbid" "-e" "RUSTDOCFLAGS=--cap-lints=forbid" "-w" "/opt/rustwide/workdir" "--user" "0:0" "109453bb96c6ef1b3f9c0db7fc3f9e1463a62278896d595db39fdc68ff751343" "/opt/rustwide/cargo-home/bin/cargo" "+3154cc1a3e6424e44f438a95007d043ed5ceaaf6" "check" "--frozen" "--all" "--all-targets" "--message-format=json", kill_on_drop: false }`
[INFO] [stderr]     Checking memchr v2.8.0
[INFO] [stderr]     Checking typenum v1.20.0
[INFO] [stderr]    Compiling serde_json v1.0.151
[INFO] [stderr]    Compiling libdbus-sys v0.2.7
[INFO] [stderr]    Compiling thiserror v2.0.19
[INFO] [stderr]    Compiling rimap-core v0.2.0
[INFO] [stderr]     Checking winnow v1.0.2
[INFO] [stderr]    Compiling syn v2.0.117
[INFO] [stderr]    Compiling syn v3.0.3
[INFO] [stderr]     Checking dyn-clone v1.0.20
[INFO] [stderr]     Checking linux-keyutils v0.2.5
[INFO] [stderr]     Checking rtoolbox v0.0.5
[INFO] [stderr]     Checking parking_lot_core v0.9.12
[INFO] [stderr]     Checking dirs-sys v0.5.0
[INFO] [stderr]     Checking base64 v0.13.1
[INFO] [stderr]     Checking log v0.4.29
[INFO] [stderr]     Checking getrandom v0.4.2
[INFO] [stderr]     Checking rpassword v7.5.4
[INFO] [stderr]     Checking directories v6.0.0
[INFO] [stderr]     Checking dbus v0.9.10
[INFO] [stderr]     Checking tempfile v3.27.0
[INFO] [stderr]     Checking parking_lot v0.12.5
[INFO] [stderr]     Checking toml_parser v1.1.3+spec-1.1.0
[INFO] [stderr]     Checking temp-env v0.3.6
[INFO] [stderr]     Checking aho-corasick v1.1.4
[INFO] [stderr]     Checking toml v1.1.4+spec-1.1.0
[INFO] [stderr]     Checking regex-automata v0.4.18
[INFO] [stderr]     Checking hybrid-array v0.4.11
[INFO] [stderr]    Compiling serde_derive_internals v0.30.0
[INFO] [stderr]    Compiling thiserror-impl v2.0.19
[INFO] [stderr]     Checking crypto-common v0.2.1
[INFO] [stderr]     Checking block-buffer v0.12.0
[INFO] [stderr]    Compiling schemars_derive v1.2.2
[INFO] [stderr]     Checking digest v0.11.2
[INFO] [stderr]     Checking sha2 v0.11.0
[INFO] [stderr]    Compiling zeroize_derive v1.4.3
[INFO] [stderr]    Compiling ref-cast-impl v1.0.25
[INFO] [stderr]    Compiling serde_derive v1.0.228
[INFO] [stderr]    Compiling strum_macros v0.28.0
[INFO] [stderr]    Compiling tracing-attributes v0.1.31
[INFO] [stderr]     Checking ref-cast v1.0.25
[INFO] [stderr]     Checking zeroize v1.8.2
[INFO] [stderr]     Checking dbus-secret-service v4.1.0
[INFO] [stderr]     Checking secrecy v0.10.3
[INFO] [stderr]     Checking keyring v3.6.3
[INFO] [stderr]     Checking regex v1.12.3
[INFO] [stderr]     Checking tracing v0.1.44
[INFO] [stderr]     Checking utf7-imap v0.3.2
[INFO] [stderr]     Checking strum v0.28.0
[INFO] [stderr]     Checking serde v1.0.228
[INFO] [stderr]     Checking schemars v1.2.2
[INFO] [stderr]     Checking rimap-config v0.2.0 (/opt/rustwide/workdir)
[INFO] [stdout] warning: unused import: `serde::Serialize`
[INFO] [stdout]    --> src/model.rs:877:9
[INFO] [stdout]     |
[INFO] [stdout] 877 |     use serde::Serialize as _;
[INFO] [stdout]     |         ^^^^^^^^^^^^^^^^
[INFO] [stdout]     |
[INFO] [stdout]     = note: `#[warn(unused_imports)]` (part of `#[warn(unused)]`) on by default
[INFO] [stdout] 
[INFO] [stdout] 
[INFO] [stdout] warning: unused import: `serde::Deserialize`
[INFO] [stdout]    --> src/model.rs:876:9
[INFO] [stdout]     |
[INFO] [stdout] 876 |     use serde::Deserialize as _;
[INFO] [stdout]     |         ^^^^^^^^^^^^^^^^^^
[INFO] [stdout] 
[INFO] [stdout] 
[INFO] [stdout] error[E0599]: no associated function or constant named `new_for_tests` found for struct `ValidatedAccountConfig` in the current scope
[INFO] [stdout]   --> tests/non_exhaustive_validate.rs:79:41
[INFO] [stdout]    |
[INFO] [stdout] 79 |     let built = ValidatedAccountConfig::new_for_tests(loaded.id.clone(), loaded.imap.clone());
[INFO] [stdout]    |                                         ^^^^^^^^^^^^^ associated function or constant not found in `ValidatedAccountConfig`
[INFO] [stdout] 
[INFO] [stdout] 
[INFO] [stdout] error[E0599]: no associated function or constant named `new_for_tests` found for struct `ValidatedMultiConfig` in the current scope
[INFO] [stdout]   --> tests/non_exhaustive_validate.rs:99:31
[INFO] [stdout]    |
[INFO] [stdout] 99 |         ValidatedMultiConfig::new_for_tests(validated.audit.clone(), validated.attachments.clone());
[INFO] [stdout]    |                               ^^^^^^^^^^^^^ associated function or constant not found in `ValidatedMultiConfig`
[INFO] [stdout] 
[INFO] [stdout] 
[INFO] [stdout] error[E0599]: no associated function or constant named `new_for_tests` found for struct `ValidatedAccountConfig` in the current scope
[INFO] [stdout]    --> tests/non_exhaustive_validate.rs:125:47
[INFO] [stdout]     |
[INFO] [stdout] 125 |     let mut account = ValidatedAccountConfig::new_for_tests(loaded.id.clone(), loaded.imap.clone());
[INFO] [stdout]     |                                               ^^^^^^^^^^^^^ associated function or constant not found in `ValidatedAccountConfig`
[INFO] [stdout] 
[INFO] [stdout] 
[INFO] [stdout] error[E0599]: no associated function or constant named `new_for_tests` found for struct `ValidatedMultiConfig` in the current scope
[INFO] [stdout]    --> tests/non_exhaustive_validate.rs:135:31
[INFO] [stdout]     |
[INFO] [stdout] 135 |         ValidatedMultiConfig::new_for_tests(validated.audit.clone(), validated.attachments.clone());
[INFO] [stdout]     |                               ^^^^^^^^^^^^^ associated function or constant not found in `ValidatedMultiConfig`
[INFO] [stdout] 
[INFO] [stdout] 
[INFO] [stdout] For more information about this error, try `rustc --explain E0599`.
[INFO] [stdout] 
[INFO] [stderr] error: could not compile `rimap-config` (test "non_exhaustive_validate") due to 4 previous errors
[INFO] [stderr] warning: build failed, waiting for other jobs to finish...
[INFO] running `Command { std: "docker" "inspect" "109453bb96c6ef1b3f9c0db7fc3f9e1463a62278896d595db39fdc68ff751343", kill_on_drop: false }`
[INFO] running `Command { std: "docker" "rm" "-f" "109453bb96c6ef1b3f9c0db7fc3f9e1463a62278896d595db39fdc68ff751343", kill_on_drop: false }`
[INFO] [stdout] 109453bb96c6ef1b3f9c0db7fc3f9e1463a62278896d595db39fdc68ff751343
