[INFO] fetching crate rightsize-forge 0.1.1...
[INFO] checking rightsize-forge-0.1.1 against 3154cc1a3e6424e44f438a95007d043ed5ceaaf6 for pr-133502-30
[INFO] extracting crate rightsize-forge 0.1.1 into /workspace/builds/worker-1-tc2/source
[INFO] started tweaking crates.io crate rightsize-forge 0.1.1
[INFO] finished tweaking crates.io crate rightsize-forge 0.1.1
[INFO] tweaked toml for crates.io crate rightsize-forge 0.1.1 written to /workspace/builds/worker-1-tc2/source/Cargo.toml
[INFO] validating manifest of crates.io crate rightsize-forge 0.1.1 on toolchain 3154cc1a3e6424e44f438a95007d043ed5ceaaf6
[INFO] running `Command { std: CARGO_HOME="/workspace/cargo-home" RUSTUP_HOME="/workspace/rustup-home" "/workspace/cargo-home/bin/cargo" "+3154cc1a3e6424e44f438a95007d043ed5ceaaf6" "metadata" "--manifest-path" "Cargo.toml" "--no-deps", kill_on_drop: false }`
[INFO] crate crates.io crate rightsize-forge 0.1.1 already has a lockfile, it will not be regenerated
[INFO] running `Command { std: CARGO_HOME="/workspace/cargo-home" RUSTUP_HOME="/workspace/rustup-home" "/workspace/cargo-home/bin/cargo" "+3154cc1a3e6424e44f438a95007d043ed5ceaaf6" "fetch" "--manifest-path" "Cargo.toml", kill_on_drop: false }`
[INFO] running `Command { std: "docker" "create" "-v" "/var/lib/crater-agent-workspace/builds/worker-1-tc2/source:/opt/rustwide/workdir:ro,Z" "-v" "/var/lib/crater-agent-workspace/builds/worker-1-tc2/target:/opt/rustwide/target:rw,Z" "-v" "/var/lib/crater-agent-workspace/cargo-home:/opt/rustwide/cargo-home:ro,Z" "-v" "/var/lib/crater-agent-workspace/rustup-home:/opt/rustwide/rustup-home:ro,Z" "-m" "1610612736" "--network" "none" "ghcr.io/rust-lang/crates-build-env/linux@sha256:77db811e55d90add9212f6832c23229e3de5f1c1f9905e8cb07319ea15df73ac" "sleep" "infinity", kill_on_drop: false }`
[INFO] [stdout] be2c0d1179562f5268cba013060b83ae6d64a13e3ae672ae8c0ac17d4c453030
[INFO] running `Command { std: "docker" "start" "be2c0d1179562f5268cba013060b83ae6d64a13e3ae672ae8c0ac17d4c453030", kill_on_drop: false }`
[INFO] running `Command { std: "docker" "inspect" "be2c0d1179562f5268cba013060b83ae6d64a13e3ae672ae8c0ac17d4c453030", kill_on_drop: false }`
[INFO] running `Command { std: "docker" "exec" "-e" "SOURCE_DIR=/opt/rustwide/workdir" "-e" "CARGO_HOME=/opt/rustwide/cargo-home" "-e" "RUSTUP_HOME=/opt/rustwide/rustup-home" "-e" "CARGO_TARGET_DIR=/opt/rustwide/target" "-w" "/opt/rustwide/workdir" "--user" "0:0" "be2c0d1179562f5268cba013060b83ae6d64a13e3ae672ae8c0ac17d4c453030" "/opt/rustwide/cargo-home/bin/cargo" "+3154cc1a3e6424e44f438a95007d043ed5ceaaf6" "metadata" "--no-deps" "--format-version=1", kill_on_drop: false }`
[INFO] running `Command { std: "docker" "inspect" "be2c0d1179562f5268cba013060b83ae6d64a13e3ae672ae8c0ac17d4c453030", kill_on_drop: false }`
[INFO] running `Command { std: "docker" "exec" "-e" "SOURCE_DIR=/opt/rustwide/workdir" "-e" "CARGO_HOME=/opt/rustwide/cargo-home" "-e" "RUSTUP_HOME=/opt/rustwide/rustup-home" "-e" "CARGO_TARGET_DIR=/opt/rustwide/target" "-e" "CARGO_INCREMENTAL=0" "-e" "RUST_BACKTRACE=full" "-e" "RUSTFLAGS=--cap-lints=forbid" "-e" "RUSTDOCFLAGS=--cap-lints=forbid" "-w" "/opt/rustwide/workdir" "--user" "0:0" "be2c0d1179562f5268cba013060b83ae6d64a13e3ae672ae8c0ac17d4c453030" "/opt/rustwide/cargo-home/bin/cargo" "+3154cc1a3e6424e44f438a95007d043ed5ceaaf6" "check" "--frozen" "--all" "--all-targets" "--message-format=json", kill_on_drop: false }`
[INFO] [stderr]    Compiling syn v3.0.3
[INFO] [stderr]    Compiling serde_core v1.0.229
[INFO] [stderr]    Compiling syn v2.0.119
[INFO] [stderr]     Checking regex-syntax v0.8.11
[INFO] [stderr]    Compiling serde v1.0.229
[INFO] [stderr]    Compiling libc v0.2.189
[INFO] [stderr]     Checking log v0.4.33
[INFO] [stderr]     Checking clap_builder v4.6.5
[INFO] [stderr]     Checking thread_local v1.1.10
[INFO] [stderr]     Checking unsafe-libyaml v0.2.11
[INFO] [stderr]     Checking smallvec v1.15.2
[INFO] [stderr]     Checking pleme-io-forge-core v0.1.1
[INFO] [stderr]     Checking tracing-log v0.2.0
[INFO] [stderr]     Checking regex-automata v0.4.16
[INFO] [stderr]     Checking getrandom v0.4.3
[INFO] [stderr]     Checking tempfile v3.27.0
[INFO] [stderr]     Checking matchers v0.2.0
[INFO] [stderr]     Checking serde_json v1.0.151
[INFO] [stderr]    Compiling serde_derive v1.0.229
[INFO] [stderr]    Compiling clap_derive v4.6.4
[INFO] [stderr]    Compiling tracing-attributes v0.1.31
[INFO] [stderr]     Checking clap v4.6.5
[INFO] [stderr]     Checking tracing v0.1.44
[INFO] [stderr]     Checking tracing-subscriber v0.3.23
[INFO] [stderr]     Checking chrono v0.4.45
[INFO] [stderr]     Checking serde_yaml v0.9.34+deprecated
[INFO] [stderr]     Checking rightsize-forge v0.1.1 (/opt/rustwide/workdir)
[INFO] [stdout] warning: unused import: `Resource`
[INFO] [stdout]  --> src/analyze.rs:8:41
[INFO] [stdout]   |
[INFO] [stdout] 8 | use crate::inventory::{InventoryConfig, Resource};
[INFO] [stdout]   |                                         ^^^^^^^^
[INFO] [stdout]   |
[INFO] [stdout]   = note: `#[warn(unused_imports)]` (part of `#[warn(unused)]`) on by default
[INFO] [stdout] 
[INFO] [stdout] 
[INFO] [stdout] error[E0422]: cannot find struct, variant or union type `Shape` in this scope
[INFO] [stdout]    --> src/analyze.rs:267:17
[INFO] [stdout]     |
[INFO] [stdout] 267 |                 Shape {
[INFO] [stdout]     |                 ^^^^^ not found in this scope
[INFO] [stdout]     |
[INFO] [stdout] help: consider importing this struct
[INFO] [stdout]     |
[INFO] [stdout] 250 +     use crate::catalog::Shape;
[INFO] [stdout]     |
[INFO] [stdout] 
[INFO] [stdout] 
[INFO] [stdout] error[E0422]: cannot find struct, variant or union type `Shape` in this scope
[INFO] [stdout]    --> src/analyze.rs:273:17
[INFO] [stdout]     |
[INFO] [stdout] 273 |                 Shape {
[INFO] [stdout]     |                 ^^^^^ not found in this scope
[INFO] [stdout]     |
[INFO] [stdout] help: consider importing this struct
[INFO] [stdout]     |
[INFO] [stdout] 250 +     use crate::catalog::Shape;
[INFO] [stdout]     |
[INFO] [stdout] 
[INFO] [stdout] 
[INFO] [stdout] error[E0422]: cannot find struct, variant or union type `Shape` in this scope
[INFO] [stdout]    --> src/analyze.rs:279:17
[INFO] [stdout]     |
[INFO] [stdout] 279 |                 Shape {
[INFO] [stdout]     |                 ^^^^^ not found in this scope
[INFO] [stdout]     |
[INFO] [stdout] help: consider importing this struct
[INFO] [stdout]     |
[INFO] [stdout] 250 +     use crate::catalog::Shape;
[INFO] [stdout]     |
[INFO] [stdout] 
[INFO] [stdout] 
[INFO] [stdout] error[E0422]: cannot find struct, variant or union type `Shape` in this scope
[INFO] [stdout]    --> src/analyze.rs:285:17
[INFO] [stdout]     |
[INFO] [stdout] 285 |                 Shape {
[INFO] [stdout]     |                 ^^^^^ not found in this scope
[INFO] [stdout]     |
[INFO] [stdout] help: consider importing this struct
[INFO] [stdout]     |
[INFO] [stdout] 250 +     use crate::catalog::Shape;
[INFO] [stdout]     |
[INFO] [stdout] 
[INFO] [stdout] 
[INFO] [stdout] warning: fields `ts`, `io_pct`, and `cache_hit_pct` are never read
[INFO] [stdout]   --> src/observation.rs:15:9
[INFO] [stdout]    |
[INFO] [stdout] 14 | pub struct Observation {
[INFO] [stdout]    |            ----------- fields in this struct
[INFO] [stdout] 15 |     pub ts: DateTime<Utc>,
[INFO] [stdout]    |         ^^
[INFO] [stdout] ...
[INFO] [stdout] 23 |     pub io_pct: Option<f64>,
[INFO] [stdout]    |         ^^^^^^
[INFO] [stdout] ...
[INFO] [stdout] 27 |     pub cache_hit_pct: Option<f64>,
[INFO] [stdout]    |         ^^^^^^^^^^^^^
[INFO] [stdout]    |
[INFO] [stdout]    = note: `Observation` has derived impls for the traits `Clone` and `Debug`, but these are intentionally ignored during dead code analysis
[INFO] [stdout]    = note: `#[warn(dead_code)]` (part of `#[warn(unused)]`) on by default
[INFO] [stdout] 
[INFO] [stdout] 
[INFO] [stdout] For more information about this error, try `rustc --explain E0422`.
[INFO] [stdout] 
[INFO] [stderr] error: could not compile `rightsize-forge` (bin "rightsize-forge" test) due to 4 previous errors
[INFO] [stderr] warning: unused dependency `pleme-io-forge-core`
[INFO] [stderr]   --> Cargo.toml:16:15
[INFO] [stderr]    |
[INFO] [stderr] 16 | [dependencies.pleme-io-forge-core]
[INFO] [stderr]    |               ^^^^^^^^^^^^^^^^^^^^
[INFO] [stderr]    |
[INFO] [stderr]    = note: `cargo::unused_dependencies` is set to `warn` by default
[INFO] [stderr] help: consider removing the dependency on `pleme-io-forge-core`
[INFO] [stderr] warning: `rightsize-forge` (manifest) generated 1 warning
[INFO] running `Command { std: "docker" "inspect" "be2c0d1179562f5268cba013060b83ae6d64a13e3ae672ae8c0ac17d4c453030", kill_on_drop: false }`
[INFO] running `Command { std: "docker" "rm" "-f" "be2c0d1179562f5268cba013060b83ae6d64a13e3ae672ae8c0ac17d4c453030", kill_on_drop: false }`
[INFO] [stdout] be2c0d1179562f5268cba013060b83ae6d64a13e3ae672ae8c0ac17d4c453030
