[INFO] fetching crate ridl-backend-ts 0.6.0...
[INFO] checking ridl-backend-ts-0.6.0 against 3154cc1a3e6424e44f438a95007d043ed5ceaaf6+rustflags=-Znext-solver=coherence for pr-133502-30
[INFO] extracting crate ridl-backend-ts 0.6.0 into /workspace/builds/worker-1-tc1/source
[INFO] started tweaking crates.io crate ridl-backend-ts 0.6.0
[INFO] removed 0 missing tests
[INFO] finished tweaking crates.io crate ridl-backend-ts 0.6.0
[INFO] tweaked toml for crates.io crate ridl-backend-ts 0.6.0 written to /workspace/builds/worker-1-tc1/source/Cargo.toml
[INFO] validating manifest of crates.io crate ridl-backend-ts 0.6.0 on toolchain 3154cc1a3e6424e44f438a95007d043ed5ceaaf6
[INFO] running `Command { std: CARGO_HOME="/workspace/cargo-home" RUSTUP_HOME="/workspace/rustup-home" "/workspace/cargo-home/bin/cargo" "+3154cc1a3e6424e44f438a95007d043ed5ceaaf6" "metadata" "--manifest-path" "Cargo.toml" "--no-deps", kill_on_drop: false }`
[INFO] crate crates.io crate ridl-backend-ts 0.6.0 already has a lockfile, it will not be regenerated
[INFO] running `Command { std: CARGO_HOME="/workspace/cargo-home" RUSTUP_HOME="/workspace/rustup-home" "/workspace/cargo-home/bin/cargo" "+3154cc1a3e6424e44f438a95007d043ed5ceaaf6" "fetch" "--manifest-path" "Cargo.toml", kill_on_drop: false }`
[INFO] [stderr]     Updating crates.io index
[INFO] [stderr]  Downloading crates ...
[INFO] [stderr]   Downloaded pbjson-build v0.9.0
[INFO] [stderr]   Downloaded pbjson v0.9.0
[INFO] [stderr]   Downloaded ridl-ir v0.6.0
[INFO] [stderr]   Downloaded insta v1.48.0
[INFO] running `Command { std: "docker" "create" "-v" "/var/lib/crater-agent-workspace/builds/worker-1-tc1/source:/opt/rustwide/workdir:ro,Z" "-v" "/var/lib/crater-agent-workspace/builds/worker-1-tc1/target:/opt/rustwide/target:rw,Z" "-v" "/var/lib/crater-agent-workspace/cargo-home:/opt/rustwide/cargo-home:ro,Z" "-v" "/var/lib/crater-agent-workspace/rustup-home:/opt/rustwide/rustup-home:ro,Z" "-m" "1610612736" "--network" "none" "ghcr.io/rust-lang/crates-build-env/linux@sha256:77db811e55d90add9212f6832c23229e3de5f1c1f9905e8cb07319ea15df73ac" "sleep" "infinity", kill_on_drop: false }`
[INFO] [stdout] b77657079a9266d85b31cb19e484339c4e44665db311219bf3015f12691ae9fa
[INFO] running `Command { std: "docker" "start" "b77657079a9266d85b31cb19e484339c4e44665db311219bf3015f12691ae9fa", kill_on_drop: false }`
[INFO] running `Command { std: "docker" "inspect" "b77657079a9266d85b31cb19e484339c4e44665db311219bf3015f12691ae9fa", kill_on_drop: false }`
[INFO] running `Command { std: "docker" "exec" "-e" "SOURCE_DIR=/opt/rustwide/workdir" "-e" "CARGO_HOME=/opt/rustwide/cargo-home" "-e" "RUSTUP_HOME=/opt/rustwide/rustup-home" "-e" "CARGO_TARGET_DIR=/opt/rustwide/target" "-w" "/opt/rustwide/workdir" "--user" "0:0" "b77657079a9266d85b31cb19e484339c4e44665db311219bf3015f12691ae9fa" "/opt/rustwide/cargo-home/bin/cargo" "+3154cc1a3e6424e44f438a95007d043ed5ceaaf6" "metadata" "--no-deps" "--format-version=1", kill_on_drop: false }`
[INFO] running `Command { std: "docker" "inspect" "b77657079a9266d85b31cb19e484339c4e44665db311219bf3015f12691ae9fa", kill_on_drop: false }`
[INFO] running `Command { std: "docker" "exec" "-e" "SOURCE_DIR=/opt/rustwide/workdir" "-e" "CARGO_HOME=/opt/rustwide/cargo-home" "-e" "RUSTUP_HOME=/opt/rustwide/rustup-home" "-e" "CARGO_TARGET_DIR=/opt/rustwide/target" "-e" "CARGO_INCREMENTAL=0" "-e" "RUST_BACKTRACE=full" "-e" "RUSTFLAGS=--cap-lints=forbid -Znext-solver=coherence" "-e" "RUSTDOCFLAGS=--cap-lints=forbid" "-w" "/opt/rustwide/workdir" "--user" "0:0" "b77657079a9266d85b31cb19e484339c4e44665db311219bf3015f12691ae9fa" "/opt/rustwide/cargo-home/bin/cargo" "+3154cc1a3e6424e44f438a95007d043ed5ceaaf6" "check" "--frozen" "--all" "--all-targets" "--message-format=json", kill_on_drop: false }`
[INFO] [stderr]    Compiling regex-syntax v0.8.11
[INFO] [stderr]    Compiling anyhow v1.0.103
[INFO] [stderr]    Compiling either v1.16.0
[INFO] [stderr]    Compiling memchr v2.8.3
[INFO] [stderr]    Compiling bytes v1.12.1
[INFO] [stderr]    Compiling beef v0.5.2
[INFO] [stderr]    Compiling unicode-width v0.1.14
[INFO] [stderr]    Compiling logos-codegen v0.15.1
[INFO] [stderr]    Compiling thiserror v2.0.18
[INFO] [stderr]    Compiling serde_core v1.0.228
[INFO] [stderr]    Compiling foldhash v0.1.5
[INFO] [stderr]    Compiling linux-raw-sys v0.12.1
[INFO] [stderr]    Compiling bitflags v2.13.1
[INFO] [stderr]    Compiling syn v2.0.119
[INFO] [stderr]    Compiling hashbrown v0.17.1
[INFO] [stderr]    Compiling fixedbitset v0.5.7
[INFO] [stderr]    Compiling once_cell v1.21.4
[INFO] [stderr]    Compiling hashbrown v0.15.5
[INFO] [stderr]    Compiling fastrand v2.4.1
[INFO] [stderr]    Compiling itertools v0.14.0
[INFO] [stderr]    Compiling serde v1.0.228
[INFO] [stderr]    Compiling multimap v0.10.1
[INFO] [stderr]    Compiling log v0.4.33
[INFO] [stderr]    Compiling getrandom v0.4.3
[INFO] [stderr]    Compiling serde_json v1.0.150
[INFO] [stderr]    Compiling rustix v1.1.4
[INFO] [stderr]     Checking sha2 v0.10.9
[INFO] [stderr]     Checking console v0.16.4
[INFO] [stderr]    Compiling aho-corasick v1.1.4
[INFO] [stderr]    Compiling indexmap v2.14.0
[INFO] [stderr]    Compiling petgraph v0.8.3
[INFO] [stderr]    Compiling regex-automata v0.4.16
[INFO] [stderr]    Compiling tempfile v3.27.0
[INFO] [stderr]    Compiling prettyplease v0.2.37
[INFO] [stderr]    Compiling prost-derive v0.14.4
[INFO] [stderr]    Compiling miette-derive v7.6.0
[INFO] [stderr]    Compiling thiserror-impl v2.0.18
[INFO] [stderr]    Compiling serde_derive v1.0.228
[INFO] [stderr]    Compiling miette v7.6.0
[INFO] [stderr]    Compiling logos-derive v0.15.1
[INFO] [stderr]    Compiling logos v0.15.1
[INFO] [stderr]    Compiling prost v0.14.4
[INFO] [stderr]    Compiling logos-codegen v0.16.1
[INFO] [stderr]    Compiling regex v1.13.1
[INFO] [stderr]    Compiling prost-types v0.14.4
[INFO] [stderr]    Compiling logos-derive v0.16.1
[INFO] [stderr]    Compiling logos v0.16.1
[INFO] [stderr]    Compiling protox-parse v0.9.0
[INFO] [stderr]    Compiling prost-reflect v0.16.5
[INFO] [stderr]    Compiling prost-build v0.14.4
[INFO] [stderr]    Compiling pbjson-build v0.9.0
[INFO] [stderr]     Checking pbjson v0.9.0
[INFO] [stderr]     Checking insta v1.48.0
[INFO] [stderr]    Compiling protox v0.9.1
[INFO] [stderr]    Compiling ridl-ir v0.6.0
[INFO] [stderr]     Checking ridl-backend-ts v0.6.0 (/opt/rustwide/workdir)
[INFO] [stdout] error[E0433]: cannot find module or crate `ridl_core` in this scope
[INFO] [stdout]    --> tests/model_drift.rs:247:32
[INFO] [stdout]     |
[INFO] [stdout] 247 |             diagnostic.code != ridl_core::lint::lint_by_name("missing-docs").unwrap().code
[INFO] [stdout]     |                                ^^^^^^^^^ use of unresolved module or unlinked crate `ridl_core`
[INFO] [stdout]     |
[INFO] [stdout] help: there is a crate or module with a similar name
[INFO] [stdout]     |
[INFO] [stdout] 247 -             diagnostic.code != ridl_core::lint::lint_by_name("missing-docs").unwrap().code
[INFO] [stdout] 247 +             diagnostic.code != ridl_ir::lint::lint_by_name("missing-docs").unwrap().code
[INFO] [stdout]     |
[INFO] [stdout] 
[INFO] [stdout] 
[INFO] [stdout] error[E0433]: cannot find module or crate `ridl_core` in this scope
[INFO] [stdout]    --> tests/model_drift.rs:272:18
[INFO] [stdout]     |
[INFO] [stdout] 272 |     let mut db = ridl_core::RidlDatabase::default();
[INFO] [stdout]     |                  ^^^^^^^^^ use of unresolved module or unlinked crate `ridl_core`
[INFO] [stdout]     |
[INFO] [stdout] help: there is a crate or module with a similar name
[INFO] [stdout]     |
[INFO] [stdout] 272 -     let mut db = ridl_core::RidlDatabase::default();
[INFO] [stdout] 272 +     let mut db = ridl_ir::RidlDatabase::default();
[INFO] [stdout]     |
[INFO] [stdout] 
[INFO] [stdout] 
[INFO] [stdout] error[E0433]: cannot find module or crate `ridlc` in this scope
[INFO] [stdout]    --> tests/model_drift.rs:241:18
[INFO] [stdout]     |
[INFO] [stdout] 241 |     let output = ridlc::compile(&path.display().to_string(), &text);
[INFO] [stdout]     |                  ^^^^^ use of unresolved module or unlinked crate `ridlc`
[INFO] [stdout]     |
[INFO] [stdout]     = help: if you wanted to use a crate named `ridlc`, use `cargo add ridlc` to add it to your `Cargo.toml`
[INFO] [stdout] 
[INFO] [stdout] 
[INFO] [stdout] error[E0433]: cannot find module or crate `ridlc` in this scope
[INFO] [stdout]    --> tests/model_drift.rs:275:18
[INFO] [stdout]     |
[INFO] [stdout] 275 |     let output = ridlc::compile_workspace(&mut db, &entry)
[INFO] [stdout]     |                  ^^^^^ use of unresolved module or unlinked crate `ridlc`
[INFO] [stdout]     |
[INFO] [stdout]     = help: if you wanted to use a crate named `ridlc`, use `cargo add ridlc` to add it to your `Cargo.toml`
[INFO] [stdout] 
[INFO] [stdout] 
[INFO] [stdout] For more information about this error, try `rustc --explain E0433`.
[INFO] [stdout] 
[INFO] [stderr] error: could not compile `ridl-backend-ts` (test "model_drift") due to 4 previous errors
[INFO] [stderr] warning: build failed, waiting for other jobs to finish...
[INFO] running `Command { std: "docker" "inspect" "b77657079a9266d85b31cb19e484339c4e44665db311219bf3015f12691ae9fa", kill_on_drop: false }`
[INFO] running `Command { std: "docker" "rm" "-f" "b77657079a9266d85b31cb19e484339c4e44665db311219bf3015f12691ae9fa", kill_on_drop: false }`
[INFO] [stdout] b77657079a9266d85b31cb19e484339c4e44665db311219bf3015f12691ae9fa
