[INFO] fetching crate revenuecat-rs 1.2.5...
[INFO] checking revenuecat-rs-1.2.5 against 3154cc1a3e6424e44f438a95007d043ed5ceaaf6+rustflags=-Znext-solver=coherence for pr-133502-30
[INFO] extracting crate revenuecat-rs 1.2.5 into /workspace/builds/worker-5-tc1/source
[INFO] started tweaking crates.io crate revenuecat-rs 1.2.5
[INFO] removed 0 missing examples
[INFO] removed 0 missing tests
[INFO] finished tweaking crates.io crate revenuecat-rs 1.2.5
[INFO] tweaked toml for crates.io crate revenuecat-rs 1.2.5 written to /workspace/builds/worker-5-tc1/source/Cargo.toml
[INFO] validating manifest of crates.io crate revenuecat-rs 1.2.5 on toolchain 3154cc1a3e6424e44f438a95007d043ed5ceaaf6
[INFO] running `Command { std: CARGO_HOME="/workspace/cargo-home" RUSTUP_HOME="/workspace/rustup-home" "/workspace/cargo-home/bin/cargo" "+3154cc1a3e6424e44f438a95007d043ed5ceaaf6" "metadata" "--manifest-path" "Cargo.toml" "--no-deps", kill_on_drop: false }`
[INFO] crate crates.io crate revenuecat-rs 1.2.5 already has a lockfile, it will not be regenerated
[INFO] running `Command { std: CARGO_HOME="/workspace/cargo-home" RUSTUP_HOME="/workspace/rustup-home" "/workspace/cargo-home/bin/cargo" "+3154cc1a3e6424e44f438a95007d043ed5ceaaf6" "fetch" "--manifest-path" "Cargo.toml", kill_on_drop: false }`
[INFO] [stderr] warning: `package.homepage` is redundant with `package.repository`
[INFO] [stderr]   --> Cargo.toml:90:12
[INFO] [stderr]    |
[INFO] [stderr] 90 | homepage = "https://github.com/1eedaegon/revenuecat-rs"
[INFO] [stderr]    |            ^^^^^^^^^^^^^^^^^^^^^^^^^^^^^^^^^^^^^^^^^^^^
[INFO] [stderr] ...
[INFO] [stderr] 95 | repository = "https://github.com/1eedaegon/revenuecat-rs"
[INFO] [stderr]    |              --------------------------------------------
[INFO] [stderr]    |
[INFO] [stderr]    = note: `cargo::redundant_homepage` is set to `warn` by default
[INFO] [stderr] help: consider removing `package.homepage`
[INFO] [stderr] warning: `revenuecat-rs` (manifest) generated 1 warning
[INFO] [stderr]     Blocking waiting for file lock on package cache
[INFO] running `Command { std: "docker" "create" "-v" "/var/lib/crater-agent-workspace/builds/worker-5-tc1/source:/opt/rustwide/workdir:ro,Z" "-v" "/var/lib/crater-agent-workspace/builds/worker-5-tc1/target:/opt/rustwide/target:rw,Z" "-v" "/var/lib/crater-agent-workspace/cargo-home:/opt/rustwide/cargo-home:ro,Z" "-v" "/var/lib/crater-agent-workspace/rustup-home:/opt/rustwide/rustup-home:ro,Z" "-m" "1610612736" "--network" "none" "ghcr.io/rust-lang/crates-build-env/linux@sha256:77db811e55d90add9212f6832c23229e3de5f1c1f9905e8cb07319ea15df73ac" "sleep" "infinity", kill_on_drop: false }`
[INFO] [stdout] be60383b2e79e8ebd2699f663d4c64db059b060eecc2257f168dcb63e1fd9818
[INFO] running `Command { std: "docker" "start" "be60383b2e79e8ebd2699f663d4c64db059b060eecc2257f168dcb63e1fd9818", kill_on_drop: false }`
[INFO] running `Command { std: "docker" "inspect" "be60383b2e79e8ebd2699f663d4c64db059b060eecc2257f168dcb63e1fd9818", kill_on_drop: false }`
[INFO] running `Command { std: "docker" "exec" "-e" "SOURCE_DIR=/opt/rustwide/workdir" "-e" "CARGO_HOME=/opt/rustwide/cargo-home" "-e" "RUSTUP_HOME=/opt/rustwide/rustup-home" "-e" "CARGO_TARGET_DIR=/opt/rustwide/target" "-w" "/opt/rustwide/workdir" "--user" "0:0" "be60383b2e79e8ebd2699f663d4c64db059b060eecc2257f168dcb63e1fd9818" "/opt/rustwide/cargo-home/bin/cargo" "+3154cc1a3e6424e44f438a95007d043ed5ceaaf6" "metadata" "--no-deps" "--format-version=1", kill_on_drop: false }`
[INFO] running `Command { std: "docker" "inspect" "be60383b2e79e8ebd2699f663d4c64db059b060eecc2257f168dcb63e1fd9818", kill_on_drop: false }`
[INFO] running `Command { std: "docker" "exec" "-e" "SOURCE_DIR=/opt/rustwide/workdir" "-e" "CARGO_HOME=/opt/rustwide/cargo-home" "-e" "RUSTUP_HOME=/opt/rustwide/rustup-home" "-e" "CARGO_TARGET_DIR=/opt/rustwide/target" "-e" "CARGO_INCREMENTAL=0" "-e" "RUST_BACKTRACE=full" "-e" "RUSTFLAGS=--cap-lints=forbid -Znext-solver=coherence" "-e" "RUSTDOCFLAGS=--cap-lints=forbid" "-w" "/opt/rustwide/workdir" "--user" "0:0" "be60383b2e79e8ebd2699f663d4c64db059b060eecc2257f168dcb63e1fd9818" "/opt/rustwide/cargo-home/bin/cargo" "+3154cc1a3e6424e44f438a95007d043ed5ceaaf6" "check" "--frozen" "--all" "--all-targets" "--message-format=json", kill_on_drop: false }`
[INFO] [stderr] warning: `package.homepage` is redundant with `package.repository`
[INFO] [stderr]   --> Cargo.toml:90:12
[INFO] [stderr]    |
[INFO] [stderr] 90 | homepage = "https://github.com/1eedaegon/revenuecat-rs"
[INFO] [stderr]    |            ^^^^^^^^^^^^^^^^^^^^^^^^^^^^^^^^^^^^^^^^^^^^
[INFO] [stderr] ...
[INFO] [stderr] 95 | repository = "https://github.com/1eedaegon/revenuecat-rs"
[INFO] [stderr]    |              --------------------------------------------
[INFO] [stderr]    |
[INFO] [stderr]    = note: `cargo::redundant_homepage` is set to `warn` by default
[INFO] [stderr] help: consider removing `package.homepage`
[INFO] [stderr] warning: `revenuecat-rs` (manifest) generated 1 warning
[INFO] [stderr]    Compiling syn v2.0.119
[INFO] [stderr]    Compiling libc v0.2.189
[INFO] [stderr]    Compiling find-msvc-tools v0.1.10
[INFO] [stderr]    Compiling displaydoc v0.2.7
[INFO] [stderr]    Compiling aws-lc-rs v1.18.0
[INFO] [stderr]    Compiling tokio-macros v2.7.2
[INFO] [stderr]     Checking subtle v2.6.1
[INFO] [stderr]     Checking futures-task v0.3.33
[INFO] [stderr]     Checking slab v0.4.12
[INFO] [stderr]    Compiling rustls v0.23.43
[INFO] [stderr]     Checking futures-channel v0.3.33
[INFO] [stderr]     Checking digest v0.11.3
[INFO] [stderr]    Compiling curve25519-dalek v5.0.0
[INFO] [stderr]     Checking sync_wrapper v1.0.2
[INFO] [stderr]    Compiling serde_derive v1.0.229
[INFO] [stderr]     Checking ipnet v2.12.1
[INFO] [stderr]     Checking memchr v2.8.3
[INFO] [stderr]     Checking bitflags v2.13.1
[INFO] [stderr]     Checking signature v3.0.0
[INFO] [stderr]     Checking http-body-util v0.1.4
[INFO] [stderr]    Compiling thiserror-impl v2.0.20
[INFO] [stderr]     Checking sha2 v0.11.0
[INFO] [stderr]     Checking futures-util v0.3.33
[INFO] [stderr]     Checking rand v0.10.2
[INFO] [stderr]     Checking uuid v1.24.0
[INFO] [stderr]     Checking ed25519 v3.0.0
[INFO] [stderr]    Compiling async-trait v0.1.92
[INFO] [stderr]     Checking tokio v1.53.1
[INFO] [stderr]     Checking serde_json v1.0.151
[INFO] [stderr]     Checking thiserror v2.0.20
[INFO] [stderr]    Compiling jobserver v0.1.35
[INFO] [stderr]    Compiling cc v1.4.2
[INFO] [stderr]    Compiling cmake v0.1.58
[INFO] [stderr]     Checking serde v1.0.229
[INFO] [stderr]    Compiling aws-lc-sys v0.44.0
[INFO] [stderr]     Checking chrono v0.4.45
[INFO] [stderr]    Compiling synstructure v0.13.2
[INFO] [stderr]    Compiling zerovec-derive v0.11.3
[INFO] [stderr]    Compiling curve25519-dalek-derive v0.1.1
[INFO] [stderr]    Compiling zerofrom-derive v0.1.7
[INFO] [stderr]    Compiling yoke-derive v0.8.2
[INFO] [stderr]     Checking zerofrom v0.1.8
[INFO] [stderr]     Checking hyper v1.11.0
[INFO] [stderr]     Checking tower v0.5.3
[INFO] [stderr]     Checking yoke v0.8.3
[INFO] [stderr]     Checking zerovec v0.11.6
[INFO] [stderr]     Checking zerotrie v0.2.4
[INFO] [stderr]     Checking hyper-util v0.1.20
[INFO] [stderr]     Checking tinystr v0.8.3
[INFO] [stderr]     Checking potential_utf v0.1.5
[INFO] [stderr]     Checking ed25519-dalek v3.0.0
[INFO] [stderr]     Checking icu_collections v2.2.0
[INFO] [stderr]     Checking icu_locale_core v2.2.0
[INFO] [stderr]     Checking icu_provider v2.2.0
[INFO] [stderr]     Checking icu_normalizer v2.2.0
[INFO] [stderr]     Checking icu_properties v2.2.0
[INFO] [stderr]     Checking idna_adapter v1.2.2
[INFO] [stderr]     Checking idna v1.1.0
[INFO] [stderr]     Checking url v2.5.8
[INFO] [stderr]     Checking tower-http v0.6.11
[INFO] [stderr]     Checking rustls-webpki v0.103.13
[INFO] [stderr]     Checking tokio-rustls v0.26.4
[INFO] [stderr]     Checking rustls-platform-verifier v0.7.0
[INFO] [stderr]     Checking hyper-rustls v0.27.9
[INFO] [stderr]     Checking reqwest v0.13.4
[INFO] [stderr]     Checking revenuecat-rs v1.2.5 (/opt/rustwide/workdir)
[INFO] [stdout] error[E0432]: unresolved import `revenuecat_mock`
[INFO] [stdout]   --> tests/integration.rs:14:5
[INFO] [stdout]    |
[INFO] [stdout] 14 | use revenuecat_mock::{MockRevenueCat, MockServerHandle};
[INFO] [stdout]    |     ^^^^^^^^^^^^^^^ use of unresolved module or unlinked crate `revenuecat_mock`
[INFO] [stdout]    |
[INFO] [stdout] help: there is a crate or module with a similar name
[INFO] [stdout]    |
[INFO] [stdout] 14 - use revenuecat_mock::{MockRevenueCat, MockServerHandle};
[INFO] [stdout] 14 + use revenuecat::{MockRevenueCat, MockServerHandle};
[INFO] [stdout]    |
[INFO] [stdout] 
[INFO] [stdout] 
[INFO] [stdout] error[E0432]: unresolved import `revenuecat_mock`
[INFO] [stdout]   --> examples/test_store_flow.rs:13:5
[INFO] [stdout]    |
[INFO] [stdout] 13 | use revenuecat_mock::MockRevenueCat;
[INFO] [stdout]    |     ^^^^^^^^^^^^^^^ use of unresolved module or unlinked crate `revenuecat_mock`
[INFO] [stdout]    |
[INFO] [stdout] help: there is a crate or module with a similar name
[INFO] [stdout]    |
[INFO] [stdout] 13 - use revenuecat_mock::MockRevenueCat;
[INFO] [stdout] 13 + use revenuecat::MockRevenueCat;
[INFO] [stdout]    |
[INFO] [stdout] 
[INFO] [stdout] 
[INFO] [stdout] For more information about this error, try `rustc --explain E0432`.
[INFO] [stdout] 
[INFO] [stdout] error[E0432]: unresolved import `revenuecat_mock`
[INFO] [stdout]   --> tests/native_billing.rs:19:5
[INFO] [stdout]    |
[INFO] [stdout] 19 | use revenuecat_mock::MockRevenueCat;
[INFO] [stdout]    |     ^^^^^^^^^^^^^^^ use of unresolved module or unlinked crate `revenuecat_mock`
[INFO] [stdout]    |
[INFO] [stdout] help: there is a crate or module with a similar name
[INFO] [stdout]    |
[INFO] [stdout] 19 - use revenuecat_mock::MockRevenueCat;
[INFO] [stdout] 19 + use revenuecat::MockRevenueCat;
[INFO] [stdout]    |
[INFO] [stdout] 
[INFO] [stdout] 
[INFO] [stderr] error: could not compile `revenuecat-rs` (example "test_store_flow") due to 1 previous error
[INFO] [stderr] warning: build failed, waiting for other jobs to finish...
[INFO] [stdout] error[E0432]: unresolved import `revenuecat_mock`
[INFO] [stdout]  --> tests/diagnostics.rs:7:5
[INFO] [stdout]   |
[INFO] [stdout] 7 | use revenuecat_mock::{test_root_public_key_b64, MockRevenueCat};
[INFO] [stdout]   |     ^^^^^^^^^^^^^^^ use of unresolved module or unlinked crate `revenuecat_mock`
[INFO] [stdout]   |
[INFO] [stdout] help: there is a crate or module with a similar name
[INFO] [stdout]   |
[INFO] [stdout] 7 - use revenuecat_mock::{test_root_public_key_b64, MockRevenueCat};
[INFO] [stdout] 7 + use revenuecat::{test_root_public_key_b64, MockRevenueCat};
[INFO] [stdout]   |
[INFO] [stdout] 
[INFO] [stdout] 
[INFO] [stdout] For more information about this error, try `rustc --explain E0432`.
[INFO] [stdout] 
[INFO] [stderr] error: could not compile `revenuecat-rs` (test "native_billing") due to 1 previous error
[INFO] [stdout] For more information about this error, try `rustc --explain E0432`.
[INFO] [stdout] 
[INFO] [stdout] error[E0432]: unresolved import `revenuecat_mock`
[INFO] [stdout]   --> tests/verification.rs:14:5
[INFO] [stdout]    |
[INFO] [stdout] 14 | use revenuecat_mock::{test_root_public_key_b64, MockRevenueCat, MockServerHandle};
[INFO] [stdout]    |     ^^^^^^^^^^^^^^^ use of unresolved module or unlinked crate `revenuecat_mock`
[INFO] [stdout]    |
[INFO] [stdout] help: there is a crate or module with a similar name
[INFO] [stdout]    |
[INFO] [stdout] 14 - use revenuecat_mock::{test_root_public_key_b64, MockRevenueCat, MockServerHandle};
[INFO] [stdout] 14 + use revenuecat::{test_root_public_key_b64, MockRevenueCat, MockServerHandle};
[INFO] [stdout]    |
[INFO] [stdout] 
[INFO] [stdout] 
[INFO] [stderr] error: could not compile `revenuecat-rs` (test "diagnostics") due to 1 previous error
[INFO] [stdout] For more information about this error, try `rustc --explain E0432`.
[INFO] [stdout] 
[INFO] [stderr] error: could not compile `revenuecat-rs` (test "integration") due to 1 previous error
[INFO] [stdout] For more information about this error, try `rustc --explain E0432`.
[INFO] [stdout] 
[INFO] [stderr] error: could not compile `revenuecat-rs` (test "verification") due to 1 previous error
[INFO] running `Command { std: "docker" "inspect" "be60383b2e79e8ebd2699f663d4c64db059b060eecc2257f168dcb63e1fd9818", kill_on_drop: false }`
[INFO] running `Command { std: "docker" "rm" "-f" "be60383b2e79e8ebd2699f663d4c64db059b060eecc2257f168dcb63e1fd9818", kill_on_drop: false }`
[INFO] [stdout] be60383b2e79e8ebd2699f663d4c64db059b060eecc2257f168dcb63e1fd9818
