[INFO] fetching crate retroglyph-terminal-wasm 0.3.4...
[INFO] checking retroglyph-terminal-wasm-0.3.4 against 3154cc1a3e6424e44f438a95007d043ed5ceaaf6+rustflags=-Znext-solver=coherence for pr-133502-30
[INFO] extracting crate retroglyph-terminal-wasm 0.3.4 into /workspace/builds/worker-1-tc1/source
[INFO] started tweaking crates.io crate retroglyph-terminal-wasm 0.3.4
[INFO] removed 0 missing tests
[INFO] finished tweaking crates.io crate retroglyph-terminal-wasm 0.3.4
[INFO] tweaked toml for crates.io crate retroglyph-terminal-wasm 0.3.4 written to /workspace/builds/worker-1-tc1/source/Cargo.toml
[INFO] validating manifest of crates.io crate retroglyph-terminal-wasm 0.3.4 on toolchain 3154cc1a3e6424e44f438a95007d043ed5ceaaf6
[INFO] running `Command { std: CARGO_HOME="/workspace/cargo-home" RUSTUP_HOME="/workspace/rustup-home" "/workspace/cargo-home/bin/cargo" "+3154cc1a3e6424e44f438a95007d043ed5ceaaf6" "metadata" "--manifest-path" "Cargo.toml" "--no-deps", kill_on_drop: false }`
[INFO] crate crates.io crate retroglyph-terminal-wasm 0.3.4 already has a lockfile, it will not be regenerated
[INFO] running `Command { std: CARGO_HOME="/workspace/cargo-home" RUSTUP_HOME="/workspace/rustup-home" "/workspace/cargo-home/bin/cargo" "+3154cc1a3e6424e44f438a95007d043ed5ceaaf6" "fetch" "--manifest-path" "Cargo.toml", kill_on_drop: false }`
[INFO] [stderr]     Blocking waiting for file lock on package cache
[INFO] [stderr]     Updating crates.io index
[INFO] [stderr]     Blocking waiting for file lock on package cache
[INFO] [stderr]  Downloading crates ...
[INFO] [stderr]   Downloaded wasm-bindgen-test-shared v0.2.127
[INFO] [stderr]   Downloaded minicov v0.3.9
[INFO] [stderr]   Downloaded retroglyph-terminal v0.1.11
[INFO] [stderr]   Downloaded wasm-bindgen-test-macro v0.3.77
[INFO] [stderr]   Downloaded wasm-bindgen-test v0.3.77
[INFO] [stderr]   Downloaded alpha-blend v0.3.0
[INFO] [stderr]   Downloaded ixy v0.8.0
[INFO] [stderr]   Downloaded ixy v0.7.1
[INFO] [stderr]   Downloaded grixy v0.7.0
[INFO] [stderr]   Downloaded gem v0.2.2
[INFO] [stderr]   Downloaded retroglyph-core v0.8.1
[INFO] running `Command { std: "docker" "create" "-v" "/var/lib/crater-agent-workspace/builds/worker-1-tc1/source:/opt/rustwide/workdir:ro,Z" "-v" "/var/lib/crater-agent-workspace/builds/worker-1-tc1/target:/opt/rustwide/target:rw,Z" "-v" "/var/lib/crater-agent-workspace/cargo-home:/opt/rustwide/cargo-home:ro,Z" "-v" "/var/lib/crater-agent-workspace/rustup-home:/opt/rustwide/rustup-home:ro,Z" "-m" "1610612736" "--network" "none" "ghcr.io/rust-lang/crates-build-env/linux@sha256:77db811e55d90add9212f6832c23229e3de5f1c1f9905e8cb07319ea15df73ac" "sleep" "infinity", kill_on_drop: false }`
[INFO] [stdout] 5a9fb2c308b188efe94cb95f9f579169fd128d1d55cf3006db9d4ac05796ecb0
[INFO] running `Command { std: "docker" "start" "5a9fb2c308b188efe94cb95f9f579169fd128d1d55cf3006db9d4ac05796ecb0", kill_on_drop: false }`
[INFO] running `Command { std: "docker" "inspect" "5a9fb2c308b188efe94cb95f9f579169fd128d1d55cf3006db9d4ac05796ecb0", kill_on_drop: false }`
[INFO] running `Command { std: "docker" "exec" "-e" "SOURCE_DIR=/opt/rustwide/workdir" "-e" "CARGO_HOME=/opt/rustwide/cargo-home" "-e" "RUSTUP_HOME=/opt/rustwide/rustup-home" "-e" "CARGO_TARGET_DIR=/opt/rustwide/target" "-w" "/opt/rustwide/workdir" "--user" "0:0" "5a9fb2c308b188efe94cb95f9f579169fd128d1d55cf3006db9d4ac05796ecb0" "/opt/rustwide/cargo-home/bin/cargo" "+3154cc1a3e6424e44f438a95007d043ed5ceaaf6" "metadata" "--no-deps" "--format-version=1", kill_on_drop: false }`
[INFO] running `Command { std: "docker" "inspect" "5a9fb2c308b188efe94cb95f9f579169fd128d1d55cf3006db9d4ac05796ecb0", kill_on_drop: false }`
[INFO] running `Command { std: "docker" "exec" "-e" "SOURCE_DIR=/opt/rustwide/workdir" "-e" "CARGO_HOME=/opt/rustwide/cargo-home" "-e" "RUSTUP_HOME=/opt/rustwide/rustup-home" "-e" "CARGO_TARGET_DIR=/opt/rustwide/target" "-e" "CARGO_INCREMENTAL=0" "-e" "RUST_BACKTRACE=full" "-e" "RUSTFLAGS=--cap-lints=forbid -Znext-solver=coherence" "-e" "RUSTDOCFLAGS=--cap-lints=forbid" "-w" "/opt/rustwide/workdir" "--user" "0:0" "5a9fb2c308b188efe94cb95f9f579169fd128d1d55cf3006db9d4ac05796ecb0" "/opt/rustwide/cargo-home/bin/cargo" "+3154cc1a3e6424e44f438a95007d043ed5ceaaf6" "check" "--frozen" "--all" "--all-targets" "--message-format=json", kill_on_drop: false }`
[INFO] [stderr]    Compiling crossbeam-utils v0.8.22
[INFO] [stderr]    Compiling ixy v0.7.1
[INFO] [stderr]    Compiling ixy v0.8.0
[INFO] [stderr]    Compiling crossbeam-deque v0.8.7
[INFO] [stderr]    Compiling syn v2.0.119
[INFO] [stderr]    Compiling syn v3.0.3
[INFO] [stderr]    Compiling alloca v0.4.0
[INFO] [stderr]     Checking memchr v2.8.3
[INFO] [stderr]     Checking gem v0.2.2
[INFO] [stderr]     Checking alpha-blend v0.3.0
[INFO] [stderr]     Checking ciborium-io v0.2.2
[INFO] [stderr]     Checking plotters-backend v0.3.7
[INFO] [stderr]     Checking clap_builder v4.6.6
[INFO] [stderr]     Checking tempfile v3.27.0
[INFO] [stderr]     Checking regex-automata v0.4.18
[INFO] [stderr]     Checking wait-timeout v0.2.1
[INFO] [stderr]     Checking itertools v0.13.0
[INFO] [stderr]     Checking plotters-svg v0.3.7
[INFO] [stderr]     Checking bit-vec v0.8.0
[INFO] [stderr]     Checking quick-error v1.2.3
[INFO] [stderr]     Checking cast v0.3.0
[INFO] [stderr]     Checking rand_xorshift v0.4.0
[INFO] [stderr]     Checking rusty-fork v0.3.1
[INFO] [stderr]     Checking bit-set v0.8.0
[INFO] [stderr]     Checking rand v0.9.5
[INFO] [stderr]     Checking page_size v0.6.0
[INFO] [stderr]     Checking plotters v0.3.7
[INFO] [stderr]     Checking unarray v0.1.4
[INFO] [stderr]     Checking oorandom v11.1.5
[INFO] [stderr]     Checking anes v0.1.6
[INFO] [stderr]     Checking grixy v0.7.0
[INFO] [stderr]     Checking crossbeam-epoch v0.9.20
[INFO] [stderr]     Checking serde_json v1.0.151
[INFO] [stderr]     Checking retroglyph-core v0.8.1
[INFO] [stderr]     Checking rayon-core v1.13.0
[INFO] [stderr]     Checking rayon v1.12.0
[INFO] [stderr]     Checking regex v1.13.1
[INFO] [stderr]     Checking retroglyph-terminal v0.1.11
[INFO] [stderr]     Checking retroglyph-terminal-wasm v0.3.4 (/opt/rustwide/workdir)
[INFO] [stderr]     Checking criterion-plot v0.8.2
[INFO] [stderr]     Checking clap v4.6.6
[INFO] [stderr]    Compiling serde_derive v1.0.229
[INFO] [stderr]    Compiling zerocopy-derive v0.8.56
[INFO] [stderr]     Checking zerocopy v0.8.56
[INFO] [stderr]     Checking serde v1.0.229
[INFO] [stderr]     Checking tinytemplate v1.2.1
[INFO] [stderr]     Checking half v2.7.1
[INFO] [stderr]     Checking ppv-lite86 v0.2.21
[INFO] [stderr]     Checking rand_chacha v0.9.0
[INFO] [stderr]     Checking ciborium-ll v0.2.2
[INFO] [stderr]     Checking ciborium v0.2.2
[INFO] [stderr]     Checking proptest v1.11.0
[INFO] [stderr]     Checking criterion v0.8.2
[INFO] [stdout] error[E0433]: cannot find `testing` in `retroglyph_core`
[INFO] [stdout]     --> src/lib.rs:1455:27
[INFO] [stdout]      |
[INFO] [stdout] 1455 |     impl retroglyph_core::testing::conformance::Observable for TerminalWasm {
[INFO] [stdout]      |                           ^^^^^^^ could not find `testing` in `retroglyph_core`
[INFO] [stdout]      |
[INFO] [stdout] note: found an item that was configured out
[INFO] [stdout]     --> /opt/rustwide/cargo-home/registry/src/index.crates.io-1949cf8c6b5b557f/retroglyph-core-0.8.1/src/lib.rs:173:9
[INFO] [stdout]      |
[INFO] [stdout]  172 | #[cfg(feature = "testing")]
[INFO] [stdout]      |       ------------------- the item is gated behind the `testing` feature
[INFO] [stdout]  173 | pub mod testing;
[INFO] [stdout]      |         ^^^^^^^
[INFO] [stdout] 
[INFO] [stdout] 
[INFO] [stdout] error[E0433]: cannot find `testing` in `retroglyph_core`
[INFO] [stdout]     --> src/lib.rs:1457:30
[INFO] [stdout]      |
[INFO] [stdout] 1457 |             retroglyph_core::testing::conformance::fnv1a(self.take_output().as_bytes())
[INFO] [stdout]      |                              ^^^^^^^ could not find `testing` in `retroglyph_core`
[INFO] [stdout]      |
[INFO] [stdout] note: found an item that was configured out
[INFO] [stdout]     --> /opt/rustwide/cargo-home/registry/src/index.crates.io-1949cf8c6b5b557f/retroglyph-core-0.8.1/src/lib.rs:173:9
[INFO] [stdout]      |
[INFO] [stdout]  172 | #[cfg(feature = "testing")]
[INFO] [stdout]      |       ------------------- the item is gated behind the `testing` feature
[INFO] [stdout]  173 | pub mod testing;
[INFO] [stdout]      |         ^^^^^^^
[INFO] [stdout] 
[INFO] [stdout] 
[INFO] [stdout] error[E0433]: cannot find `testing` in `retroglyph_core`
[INFO] [stdout]     --> src/lib.rs:1463:26
[INFO] [stdout]      |
[INFO] [stdout] 1463 |         retroglyph_core::testing::conformance::assert_output_contract(|size| {
[INFO] [stdout]      |                          ^^^^^^^ could not find `testing` in `retroglyph_core`
[INFO] [stdout]      |
[INFO] [stdout] note: found an item that was configured out
[INFO] [stdout]     --> /opt/rustwide/cargo-home/registry/src/index.crates.io-1949cf8c6b5b557f/retroglyph-core-0.8.1/src/lib.rs:173:9
[INFO] [stdout]      |
[INFO] [stdout]  172 | #[cfg(feature = "testing")]
[INFO] [stdout]      |       ------------------- the item is gated behind the `testing` feature
[INFO] [stdout]  173 | pub mod testing;
[INFO] [stdout]      |         ^^^^^^^
[INFO] [stdout] 
[INFO] [stdout] 
[INFO] [stdout] error[E0433]: cannot find `testing` in `retroglyph_core`
[INFO] [stdout]     --> src/lib.rs:1470:26
[INFO] [stdout]      |
[INFO] [stdout] 1470 |         retroglyph_core::testing::conformance::assert_input_contract(|| TerminalWasm::new(10, 10));
[INFO] [stdout]      |                          ^^^^^^^ could not find `testing` in `retroglyph_core`
[INFO] [stdout]      |
[INFO] [stdout] note: found an item that was configured out
[INFO] [stdout]     --> /opt/rustwide/cargo-home/registry/src/index.crates.io-1949cf8c6b5b557f/retroglyph-core-0.8.1/src/lib.rs:173:9
[INFO] [stdout]      |
[INFO] [stdout]  172 | #[cfg(feature = "testing")]
[INFO] [stdout]      |       ------------------- the item is gated behind the `testing` feature
[INFO] [stdout]  173 | pub mod testing;
[INFO] [stdout]      |         ^^^^^^^
[INFO] [stdout] 
[INFO] [stdout] 
[INFO] [stdout] error[E0433]: cannot find `testing` in `retroglyph_core`
[INFO] [stdout]     --> src/lib.rs:1475:26
[INFO] [stdout]      |
[INFO] [stdout] 1475 |         retroglyph_core::testing::conformance::assert_cursor_contract(|size| {
[INFO] [stdout]      |                          ^^^^^^^ could not find `testing` in `retroglyph_core`
[INFO] [stdout]      |
[INFO] [stdout] note: found an item that was configured out
[INFO] [stdout]     --> /opt/rustwide/cargo-home/registry/src/index.crates.io-1949cf8c6b5b557f/retroglyph-core-0.8.1/src/lib.rs:173:9
[INFO] [stdout]      |
[INFO] [stdout]  172 | #[cfg(feature = "testing")]
[INFO] [stdout]      |       ------------------- the item is gated behind the `testing` feature
[INFO] [stdout]  173 | pub mod testing;
[INFO] [stdout]      |         ^^^^^^^
[INFO] [stdout] 
[INFO] [stdout] 
[INFO] [stdout] error[E0433]: cannot find `testing` in `retroglyph_core`
[INFO] [stdout]     --> src/lib.rs:1482:26
[INFO] [stdout]      |
[INFO] [stdout] 1482 |         retroglyph_core::testing::conformance::assert_cursor_style_contract(|size| {
[INFO] [stdout]      |                          ^^^^^^^ could not find `testing` in `retroglyph_core`
[INFO] [stdout]      |
[INFO] [stdout] note: found an item that was configured out
[INFO] [stdout]     --> /opt/rustwide/cargo-home/registry/src/index.crates.io-1949cf8c6b5b557f/retroglyph-core-0.8.1/src/lib.rs:173:9
[INFO] [stdout]      |
[INFO] [stdout]  172 | #[cfg(feature = "testing")]
[INFO] [stdout]      |       ------------------- the item is gated behind the `testing` feature
[INFO] [stdout]  173 | pub mod testing;
[INFO] [stdout]      |         ^^^^^^^
[INFO] [stdout] 
[INFO] [stdout] 
[INFO] [stdout] For more information about this error, try `rustc --explain E0433`.
[INFO] [stdout] 
[INFO] [stderr] error: could not compile `retroglyph-terminal-wasm` (lib test) due to 6 previous errors
[INFO] running `Command { std: "docker" "inspect" "5a9fb2c308b188efe94cb95f9f579169fd128d1d55cf3006db9d4ac05796ecb0", kill_on_drop: false }`
[INFO] running `Command { std: "docker" "rm" "-f" "5a9fb2c308b188efe94cb95f9f579169fd128d1d55cf3006db9d4ac05796ecb0", kill_on_drop: false }`
[INFO] [stdout] 5a9fb2c308b188efe94cb95f9f579169fd128d1d55cf3006db9d4ac05796ecb0
