[INFO] fetching crate retroglyph-crossterm 0.4.3...
[INFO] checking retroglyph-crossterm-0.4.3 against 3154cc1a3e6424e44f438a95007d043ed5ceaaf6+rustflags=-Znext-solver=coherence for pr-133502-30
[INFO] extracting crate retroglyph-crossterm 0.4.3 into /workspace/builds/worker-2-tc1/source
[INFO] started tweaking crates.io crate retroglyph-crossterm 0.4.3
[INFO] removed 0 missing tests
[INFO] finished tweaking crates.io crate retroglyph-crossterm 0.4.3
[INFO] tweaked toml for crates.io crate retroglyph-crossterm 0.4.3 written to /workspace/builds/worker-2-tc1/source/Cargo.toml
[INFO] validating manifest of crates.io crate retroglyph-crossterm 0.4.3 on toolchain 3154cc1a3e6424e44f438a95007d043ed5ceaaf6
[INFO] running `Command { std: CARGO_HOME="/workspace/cargo-home" RUSTUP_HOME="/workspace/rustup-home" "/workspace/cargo-home/bin/cargo" "+3154cc1a3e6424e44f438a95007d043ed5ceaaf6" "metadata" "--manifest-path" "Cargo.toml" "--no-deps", kill_on_drop: false }`
[INFO] crate crates.io crate retroglyph-crossterm 0.4.3 already has a lockfile, it will not be regenerated
[INFO] running `Command { std: CARGO_HOME="/workspace/cargo-home" RUSTUP_HOME="/workspace/rustup-home" "/workspace/cargo-home/bin/cargo" "+3154cc1a3e6424e44f438a95007d043ed5ceaaf6" "fetch" "--manifest-path" "Cargo.toml", kill_on_drop: false }`
[INFO] [stderr]     Updating crates.io index
[INFO] [stderr]  Downloading crates ...
[INFO] [stderr]   Downloaded ixy v0.8.0
[INFO] [stderr]   Downloaded ixy v0.7.1
[INFO] [stderr]   Downloaded retroglyph-terminal v0.1.11
[INFO] [stderr]   Downloaded alpha-blend v0.3.0
[INFO] [stderr]   Downloaded grixy v0.7.0
[INFO] [stderr]   Downloaded gem v0.2.2
[INFO] [stderr]   Downloaded retroglyph-core v0.8.1
[INFO] running `Command { std: "docker" "create" "-v" "/var/lib/crater-agent-workspace/builds/worker-2-tc1/source:/opt/rustwide/workdir:ro,Z" "-v" "/var/lib/crater-agent-workspace/builds/worker-2-tc1/target:/opt/rustwide/target:rw,Z" "-v" "/var/lib/crater-agent-workspace/cargo-home:/opt/rustwide/cargo-home:ro,Z" "-v" "/var/lib/crater-agent-workspace/rustup-home:/opt/rustwide/rustup-home:ro,Z" "-m" "1610612736" "--network" "none" "ghcr.io/rust-lang/crates-build-env/linux@sha256:77db811e55d90add9212f6832c23229e3de5f1c1f9905e8cb07319ea15df73ac" "sleep" "infinity", kill_on_drop: false }`
[INFO] [stdout] 04fb2fcaf3ea3ee78d010988d919cf578c258386883121906c955e99ed7bdc44
[INFO] running `Command { std: "docker" "start" "04fb2fcaf3ea3ee78d010988d919cf578c258386883121906c955e99ed7bdc44", kill_on_drop: false }`
[INFO] running `Command { std: "docker" "inspect" "04fb2fcaf3ea3ee78d010988d919cf578c258386883121906c955e99ed7bdc44", kill_on_drop: false }`
[INFO] running `Command { std: "docker" "exec" "-e" "SOURCE_DIR=/opt/rustwide/workdir" "-e" "CARGO_HOME=/opt/rustwide/cargo-home" "-e" "RUSTUP_HOME=/opt/rustwide/rustup-home" "-e" "CARGO_TARGET_DIR=/opt/rustwide/target" "-w" "/opt/rustwide/workdir" "--user" "0:0" "04fb2fcaf3ea3ee78d010988d919cf578c258386883121906c955e99ed7bdc44" "/opt/rustwide/cargo-home/bin/cargo" "+3154cc1a3e6424e44f438a95007d043ed5ceaaf6" "metadata" "--no-deps" "--format-version=1", kill_on_drop: false }`
[INFO] running `Command { std: "docker" "inspect" "04fb2fcaf3ea3ee78d010988d919cf578c258386883121906c955e99ed7bdc44", kill_on_drop: false }`
[INFO] running `Command { std: "docker" "exec" "-e" "SOURCE_DIR=/opt/rustwide/workdir" "-e" "CARGO_HOME=/opt/rustwide/cargo-home" "-e" "RUSTUP_HOME=/opt/rustwide/rustup-home" "-e" "CARGO_TARGET_DIR=/opt/rustwide/target" "-e" "CARGO_INCREMENTAL=0" "-e" "RUST_BACKTRACE=full" "-e" "RUSTFLAGS=--cap-lints=forbid -Znext-solver=coherence" "-e" "RUSTDOCFLAGS=--cap-lints=forbid" "-w" "/opt/rustwide/workdir" "--user" "0:0" "04fb2fcaf3ea3ee78d010988d919cf578c258386883121906c955e99ed7bdc44" "/opt/rustwide/cargo-home/bin/cargo" "+3154cc1a3e6424e44f438a95007d043ed5ceaaf6" "check" "--frozen" "--all" "--all-targets" "--message-format=json", kill_on_drop: false }`
[INFO] [stderr]    Compiling crossbeam-utils v0.8.22
[INFO] [stderr]    Compiling serde_core v1.0.229
[INFO] [stderr]    Compiling ixy v0.7.1
[INFO] [stderr]    Compiling zerocopy v0.8.56
[INFO] [stderr]    Compiling ixy v0.8.0
[INFO] [stderr]    Compiling serde v1.0.229
[INFO] [stderr]    Compiling crossbeam-deque v0.8.7
[INFO] [stderr]    Compiling unicode-segmentation v1.13.3
[INFO] [stderr]     Checking bitflags v2.13.1
[INFO] [stderr]    Compiling find-msvc-tools v0.1.11
[INFO] [stderr]    Compiling serde_json v1.0.151
[INFO] [stderr]    Compiling syn v2.0.119
[INFO] [stderr]    Compiling syn v3.0.3
[INFO] [stderr]    Compiling rustix v1.1.4
[INFO] [stderr]     Checking either v1.18.0
[INFO] [stderr]     Checking log v0.4.34
[INFO] [stderr]     Checking smallvec v1.15.2
[INFO] [stderr]     Checking signal-hook v0.3.18
[INFO] [stderr]     Checking gem v0.2.2
[INFO] [stderr]     Checking mio v1.2.2
[INFO] [stderr]     Checking regex-syntax v0.8.11
[INFO] [stderr]    Compiling convert_case v0.10.0
[INFO] [stderr]    Compiling cc v1.4.4
[INFO] [stderr]     Checking grixy v0.7.0
[INFO] [stderr]     Checking memchr v2.8.3
[INFO] [stderr]     Checking alpha-blend v0.3.0
[INFO] [stderr]     Checking itertools v0.13.0
[INFO] [stderr]     Checking clap_builder v4.6.6
[INFO] [stderr]     Checking page_size v0.6.0
[INFO] [stderr]     Checking fastrand v2.5.0
[INFO] [stderr]     Checking parking_lot_core v0.9.12
[INFO] [stderr]     Checking signal-hook-mio v0.2.5
[INFO] [stderr]     Checking retroglyph-core v0.8.1
[INFO] [stderr]     Checking crossbeam-epoch v0.9.20
[INFO] [stderr]     Checking parking_lot v0.12.5
[INFO] [stderr]     Checking retroglyph-terminal v0.1.11
[INFO] [stderr]     Checking rayon-core v1.13.0
[INFO] [stderr]    Compiling alloca v0.4.0
[INFO] [stderr]     Checking rayon v1.12.0
[INFO] [stderr]     Checking regex-automata v0.4.18
[INFO] [stderr]     Checking criterion-plot v0.8.2
[INFO] [stderr]     Checking clap v4.6.6
[INFO] [stderr]    Compiling serde_derive v1.0.229
[INFO] [stderr]     Checking regex v1.13.1
[INFO] [stderr]    Compiling zerocopy-derive v0.8.56
[INFO] [stderr]    Compiling derive_more-impl v2.1.1
[INFO] [stderr]     Checking derive_more v2.1.1
[INFO] [stderr]     Checking crossterm v0.29.0
[INFO] [stderr]     Checking retroglyph-crossterm v0.4.3 (/opt/rustwide/workdir)
[INFO] [stderr]     Checking tinytemplate v1.2.1
[INFO] [stderr]     Checking half v2.7.1
[INFO] [stderr]     Checking ciborium-ll v0.2.2
[INFO] [stderr]     Checking ciborium v0.2.2
[INFO] [stderr]     Checking criterion v0.8.2
[INFO] [stdout] error[E0433]: cannot find `testing` in `retroglyph_core`
[INFO] [stdout]     --> src/lib.rs:2357:27
[INFO] [stdout]      |
[INFO] [stdout] 2357 |     impl retroglyph_core::testing::conformance::Observable for CrosstermObserver {
[INFO] [stdout]      |                           ^^^^^^^ could not find `testing` in `retroglyph_core`
[INFO] [stdout]      |
[INFO] [stdout] note: found an item that was configured out
[INFO] [stdout]     --> /opt/rustwide/cargo-home/registry/src/index.crates.io-1949cf8c6b5b557f/retroglyph-core-0.8.1/src/lib.rs:173:9
[INFO] [stdout]      |
[INFO] [stdout]  172 | #[cfg(feature = "testing")]
[INFO] [stdout]      |       ------------------- the item is gated behind the `testing` feature
[INFO] [stdout]  173 | pub mod testing;
[INFO] [stdout]      |         ^^^^^^^
[INFO] [stdout] 
[INFO] [stdout] 
[INFO] [stdout] error[E0433]: cannot find `testing` in `retroglyph_core`
[INFO] [stdout]     --> src/lib.rs:2361:41
[INFO] [stdout]      |
[INFO] [stdout] 2361 |             let hash = retroglyph_core::testing::conformance::fnv1a(delta);
[INFO] [stdout]      |                                         ^^^^^^^ could not find `testing` in `retroglyph_core`
[INFO] [stdout]      |
[INFO] [stdout] note: found an item that was configured out
[INFO] [stdout]     --> /opt/rustwide/cargo-home/registry/src/index.crates.io-1949cf8c6b5b557f/retroglyph-core-0.8.1/src/lib.rs:173:9
[INFO] [stdout]      |
[INFO] [stdout]  172 | #[cfg(feature = "testing")]
[INFO] [stdout]      |       ------------------- the item is gated behind the `testing` feature
[INFO] [stdout]  173 | pub mod testing;
[INFO] [stdout]      |         ^^^^^^^
[INFO] [stdout] 
[INFO] [stdout] 
[INFO] [stdout] error[E0433]: cannot find `testing` in `retroglyph_core`
[INFO] [stdout]     --> src/lib.rs:2372:26
[INFO] [stdout]      |
[INFO] [stdout] 2372 |         retroglyph_core::testing::conformance::assert_output_contract(CrosstermObserver::new);
[INFO] [stdout]      |                          ^^^^^^^ could not find `testing` in `retroglyph_core`
[INFO] [stdout]      |
[INFO] [stdout] note: found an item that was configured out
[INFO] [stdout]     --> /opt/rustwide/cargo-home/registry/src/index.crates.io-1949cf8c6b5b557f/retroglyph-core-0.8.1/src/lib.rs:173:9
[INFO] [stdout]      |
[INFO] [stdout]  172 | #[cfg(feature = "testing")]
[INFO] [stdout]      |       ------------------- the item is gated behind the `testing` feature
[INFO] [stdout]  173 | pub mod testing;
[INFO] [stdout]      |         ^^^^^^^
[INFO] [stdout] 
[INFO] [stdout] 
[INFO] [stdout] error[E0433]: cannot find `testing` in `retroglyph_core`
[INFO] [stdout]     --> src/lib.rs:2380:26
[INFO] [stdout]      |
[INFO] [stdout] 2380 |         retroglyph_core::testing::conformance::assert_cursor_contract(CrosstermObserver::new);
[INFO] [stdout]      |                          ^^^^^^^ could not find `testing` in `retroglyph_core`
[INFO] [stdout]      |
[INFO] [stdout] note: found an item that was configured out
[INFO] [stdout]     --> /opt/rustwide/cargo-home/registry/src/index.crates.io-1949cf8c6b5b557f/retroglyph-core-0.8.1/src/lib.rs:173:9
[INFO] [stdout]      |
[INFO] [stdout]  172 | #[cfg(feature = "testing")]
[INFO] [stdout]      |       ------------------- the item is gated behind the `testing` feature
[INFO] [stdout]  173 | pub mod testing;
[INFO] [stdout]      |         ^^^^^^^
[INFO] [stdout] 
[INFO] [stdout] 
[INFO] [stdout] error[E0433]: cannot find `testing` in `retroglyph_core`
[INFO] [stdout]     --> src/lib.rs:2388:26
[INFO] [stdout]      |
[INFO] [stdout] 2388 |         retroglyph_core::testing::conformance::assert_cursor_style_contract(CrosstermObserver::new);
[INFO] [stdout]      |                          ^^^^^^^ could not find `testing` in `retroglyph_core`
[INFO] [stdout]      |
[INFO] [stdout] note: found an item that was configured out
[INFO] [stdout]     --> /opt/rustwide/cargo-home/registry/src/index.crates.io-1949cf8c6b5b557f/retroglyph-core-0.8.1/src/lib.rs:173:9
[INFO] [stdout]      |
[INFO] [stdout]  172 | #[cfg(feature = "testing")]
[INFO] [stdout]      |       ------------------- the item is gated behind the `testing` feature
[INFO] [stdout]  173 | pub mod testing;
[INFO] [stdout]      |         ^^^^^^^
[INFO] [stdout] 
[INFO] [stdout] 
[INFO] [stdout] For more information about this error, try `rustc --explain E0433`.
[INFO] [stdout] 
[INFO] [stderr] error: could not compile `retroglyph-crossterm` (lib test) due to 5 previous errors
[INFO] running `Command { std: "docker" "inspect" "04fb2fcaf3ea3ee78d010988d919cf578c258386883121906c955e99ed7bdc44", kill_on_drop: false }`
[INFO] running `Command { std: "docker" "rm" "-f" "04fb2fcaf3ea3ee78d010988d919cf578c258386883121906c955e99ed7bdc44", kill_on_drop: false }`
[INFO] [stdout] 04fb2fcaf3ea3ee78d010988d919cf578c258386883121906c955e99ed7bdc44
