[INFO] fetching crate renew-rhi 0.1.1...
[INFO] checking renew-rhi-0.1.1 against 3154cc1a3e6424e44f438a95007d043ed5ceaaf6 for pr-133502-30
[INFO] extracting crate renew-rhi 0.1.1 into /workspace/builds/worker-7-tc2/source
[INFO] started tweaking crates.io crate renew-rhi 0.1.1
[INFO] removed 0 missing tests
[INFO] finished tweaking crates.io crate renew-rhi 0.1.1
[INFO] tweaked toml for crates.io crate renew-rhi 0.1.1 written to /workspace/builds/worker-7-tc2/source/Cargo.toml
[INFO] validating manifest of crates.io crate renew-rhi 0.1.1 on toolchain 3154cc1a3e6424e44f438a95007d043ed5ceaaf6
[INFO] running `Command { std: CARGO_HOME="/workspace/cargo-home" RUSTUP_HOME="/workspace/rustup-home" "/workspace/cargo-home/bin/cargo" "+3154cc1a3e6424e44f438a95007d043ed5ceaaf6" "metadata" "--manifest-path" "Cargo.toml" "--no-deps", kill_on_drop: false }`
[INFO] crate crates.io crate renew-rhi 0.1.1 already has a lockfile, it will not be regenerated
[INFO] running `Command { std: CARGO_HOME="/workspace/cargo-home" RUSTUP_HOME="/workspace/rustup-home" "/workspace/cargo-home/bin/cargo" "+3154cc1a3e6424e44f438a95007d043ed5ceaaf6" "fetch" "--manifest-path" "Cargo.toml", kill_on_drop: false }`
[INFO] running `Command { std: "docker" "create" "-v" "/var/lib/crater-agent-workspace/builds/worker-7-tc2/source:/opt/rustwide/workdir:ro,Z" "-v" "/var/lib/crater-agent-workspace/builds/worker-7-tc2/target:/opt/rustwide/target:rw,Z" "-v" "/var/lib/crater-agent-workspace/cargo-home:/opt/rustwide/cargo-home:ro,Z" "-v" "/var/lib/crater-agent-workspace/rustup-home:/opt/rustwide/rustup-home:ro,Z" "-m" "1610612736" "--network" "none" "ghcr.io/rust-lang/crates-build-env/linux@sha256:77db811e55d90add9212f6832c23229e3de5f1c1f9905e8cb07319ea15df73ac" "sleep" "infinity", kill_on_drop: false }`
[INFO] [stdout] 6c2f7fa58f86bfecc5ce18c9b3805dee0aa9ca03a0ac9334a2f1e8c0d039dfbd
[INFO] running `Command { std: "docker" "start" "6c2f7fa58f86bfecc5ce18c9b3805dee0aa9ca03a0ac9334a2f1e8c0d039dfbd", kill_on_drop: false }`
[INFO] running `Command { std: "docker" "inspect" "6c2f7fa58f86bfecc5ce18c9b3805dee0aa9ca03a0ac9334a2f1e8c0d039dfbd", kill_on_drop: false }`
[INFO] running `Command { std: "docker" "exec" "-e" "SOURCE_DIR=/opt/rustwide/workdir" "-e" "CARGO_HOME=/opt/rustwide/cargo-home" "-e" "RUSTUP_HOME=/opt/rustwide/rustup-home" "-e" "CARGO_TARGET_DIR=/opt/rustwide/target" "-w" "/opt/rustwide/workdir" "--user" "0:0" "6c2f7fa58f86bfecc5ce18c9b3805dee0aa9ca03a0ac9334a2f1e8c0d039dfbd" "/opt/rustwide/cargo-home/bin/cargo" "+3154cc1a3e6424e44f438a95007d043ed5ceaaf6" "metadata" "--no-deps" "--format-version=1", kill_on_drop: false }`
[INFO] running `Command { std: "docker" "inspect" "6c2f7fa58f86bfecc5ce18c9b3805dee0aa9ca03a0ac9334a2f1e8c0d039dfbd", kill_on_drop: false }`
[INFO] running `Command { std: "docker" "exec" "-e" "SOURCE_DIR=/opt/rustwide/workdir" "-e" "CARGO_HOME=/opt/rustwide/cargo-home" "-e" "RUSTUP_HOME=/opt/rustwide/rustup-home" "-e" "CARGO_TARGET_DIR=/opt/rustwide/target" "-e" "CARGO_INCREMENTAL=0" "-e" "RUST_BACKTRACE=full" "-e" "RUSTFLAGS=--cap-lints=forbid" "-e" "RUSTDOCFLAGS=--cap-lints=forbid" "-w" "/opt/rustwide/workdir" "--user" "0:0" "6c2f7fa58f86bfecc5ce18c9b3805dee0aa9ca03a0ac9334a2f1e8c0d039dfbd" "/opt/rustwide/cargo-home/bin/cargo" "+3154cc1a3e6424e44f438a95007d043ed5ceaaf6" "check" "--frozen" "--all" "--all-targets" "--message-format=json", kill_on_drop: false }`
[INFO] [stderr]    Compiling libc v0.2.189
[INFO] [stderr]    Compiling zerocopy v0.8.55
[INFO] [stderr]    Compiling rustix v1.1.4
[INFO] [stderr]     Checking bitflags v2.13.1
[INFO] [stderr]     Checking linux-raw-sys v0.12.1
[INFO] [stderr]    Compiling ash v0.38.0+1.3.281
[INFO] [stderr]     Checking libloading v0.8.9
[INFO] [stderr]     Checking once_cell v1.21.4
[INFO] [stderr]     Checking fastrand v2.5.0
[INFO] [stderr]     Checking bit-vec v0.8.0
[INFO] [stderr]     Checking fnv v1.0.7
[INFO] [stderr]     Checking quick-error v1.2.3
[INFO] [stderr]     Checking raw-window-handle v0.6.2
[INFO] [stderr]    Compiling num-traits v0.2.19
[INFO] [stderr]     Checking renew-diag v0.1.1
[INFO] [stderr]     Checking unarray v0.1.4
[INFO] [stderr]     Checking bit-set v0.8.0
[INFO] [stderr]     Checking getrandom v0.3.4
[INFO] [stderr]     Checking getrandom v0.4.3
[INFO] [stderr]     Checking wait-timeout v0.2.1
[INFO] [stderr]     Checking rand_core v0.9.5
[INFO] [stderr]     Checking rand v0.9.5
[INFO] [stderr]     Checking rand_xorshift v0.4.0
[INFO] [stderr]     Checking tempfile v3.27.0
[INFO] [stderr]     Checking rusty-fork v0.3.1
[INFO] [stderr]     Checking ppv-lite86 v0.2.21
[INFO] [stderr]     Checking rand_chacha v0.9.0
[INFO] [stderr]     Checking proptest v1.11.0
[INFO] [stderr]     Checking ash-window v0.13.0
[INFO] [stderr]     Checking renew-rhi v0.1.1 (/opt/rustwide/workdir)
[INFO] [stdout] error[E0433]: cannot find module or crate `renew_platform` in this scope
[INFO] [stdout]   --> tests/present_zero_alloc.rs:29:5
[INFO] [stdout]    |
[INFO] [stdout] 29 | use renew_platform::window::{
[INFO] [stdout]    |     ^^^^^^^^^^^^^^ use of unresolved module or unlinked crate `renew_platform`
[INFO] [stdout]    |
[INFO] [stdout]    = help: if you wanted to use a crate named `renew_platform`, use `cargo add renew_platform` to add it to your `Cargo.toml`
[INFO] [stdout] 
[INFO] [stdout] 
[INFO] [stdout] error[E0432]: unresolved import `renew_memory`
[INFO] [stdout]   --> tests/present_zero_alloc.rs:28:5
[INFO] [stdout]    |
[INFO] [stdout] 28 | use renew_memory::{CountingAllocator, counters};
[INFO] [stdout]    |     ^^^^^^^^^^^^ use of unresolved module or unlinked crate `renew_memory`
[INFO] [stdout]    |
[INFO] [stdout]    = help: if you wanted to use a crate named `renew_memory`, use `cargo add renew_memory` to add it to your `Cargo.toml`
[INFO] [stdout] 
[INFO] [stdout] 
[INFO] [stdout] error[E0433]: cannot find module or crate `renew_platform` in this scope
[INFO] [stdout]   --> tests/present_smoke.rs:10:5
[INFO] [stdout]    |
[INFO] [stdout] 10 | use renew_platform::window::{
[INFO] [stdout]    |     ^^^^^^^^^^^^^^ use of unresolved module or unlinked crate `renew_platform`
[INFO] [stdout]    |
[INFO] [stdout]    = help: if you wanted to use a crate named `renew_platform`, use `cargo add renew_platform` to add it to your `Cargo.toml`
[INFO] [stdout] 
[INFO] [stdout] 
[INFO] [stdout] Some errors have detailed explanations: E0432, E0433.
[INFO] [stdout] 
[INFO] [stdout] For more information about an error, try `rustc --explain E0432`.
[INFO] [stdout] 
[INFO] [stderr] error: could not compile `renew-rhi` (test "present_zero_alloc") due to 2 previous errors
[INFO] [stdout] For more information about this error, try `rustc --explain E0433`.
[INFO] [stdout] 
[INFO] [stderr] warning: build failed, waiting for other jobs to finish...
[INFO] [stderr] error: could not compile `renew-rhi` (test "present_smoke") due to 1 previous error
[INFO] [stdout] error[E0433]: cannot find module or crate `renew_platform` in this scope
[INFO] [stdout]   --> tests/fault_present.rs:40:5
[INFO] [stdout]    |
[INFO] [stdout] 40 | use renew_platform::window::{
[INFO] [stdout]    |     ^^^^^^^^^^^^^^ use of unresolved module or unlinked crate `renew_platform`
[INFO] [stdout]    |
[INFO] [stdout]    = help: if you wanted to use a crate named `renew_platform`, use `cargo add renew_platform` to add it to your `Cargo.toml`
[INFO] [stdout] 
[INFO] [stdout] 
[INFO] [stdout] error[E0432]: unresolved import `renew_memory`
[INFO] [stdout]   --> tests/zero_alloc.rs:11:5
[INFO] [stdout]    |
[INFO] [stdout] 11 | use renew_memory::{CountingAllocator, counters};
[INFO] [stdout]    |     ^^^^^^^^^^^^ use of unresolved module or unlinked crate `renew_memory`
[INFO] [stdout]    |
[INFO] [stdout]    = help: if you wanted to use a crate named `renew_memory`, use `cargo add renew_memory` to add it to your `Cargo.toml`
[INFO] [stdout] 
[INFO] [stdout] 
[INFO] [stdout] For more information about this error, try `rustc --explain E0433`.
[INFO] [stdout] 
[INFO] [stderr] error: could not compile `renew-rhi` (test "fault_present") due to 1 previous error
[INFO] [stdout] For more information about this error, try `rustc --explain E0432`.
[INFO] [stdout] 
[INFO] [stderr] error: could not compile `renew-rhi` (test "zero_alloc") due to 1 previous error
[INFO] running `Command { std: "docker" "inspect" "6c2f7fa58f86bfecc5ce18c9b3805dee0aa9ca03a0ac9334a2f1e8c0d039dfbd", kill_on_drop: false }`
[INFO] running `Command { std: "docker" "rm" "-f" "6c2f7fa58f86bfecc5ce18c9b3805dee0aa9ca03a0ac9334a2f1e8c0d039dfbd", kill_on_drop: false }`
[INFO] [stdout] 6c2f7fa58f86bfecc5ce18c9b3805dee0aa9ca03a0ac9334a2f1e8c0d039dfbd
