[INFO] fetching crate render25 1.0.1...
[INFO] checking render25-1.0.1 against 3154cc1a3e6424e44f438a95007d043ed5ceaaf6 for pr-133502-30
[INFO] extracting crate render25 1.0.1 into /workspace/builds/worker-4-tc2/source
[INFO] started tweaking crates.io crate render25 1.0.1
[INFO] removed 0 missing examples
[INFO] finished tweaking crates.io crate render25 1.0.1
[INFO] tweaked toml for crates.io crate render25 1.0.1 written to /workspace/builds/worker-4-tc2/source/Cargo.toml
[INFO] validating manifest of crates.io crate render25 1.0.1 on toolchain 3154cc1a3e6424e44f438a95007d043ed5ceaaf6
[INFO] running `Command { std: CARGO_HOME="/workspace/cargo-home" RUSTUP_HOME="/workspace/rustup-home" "/workspace/cargo-home/bin/cargo" "+3154cc1a3e6424e44f438a95007d043ed5ceaaf6" "metadata" "--manifest-path" "Cargo.toml" "--no-deps", kill_on_drop: false }`
[INFO] crate crates.io crate render25 1.0.1 already has a lockfile, it will not be regenerated
[INFO] running `Command { std: CARGO_HOME="/workspace/cargo-home" RUSTUP_HOME="/workspace/rustup-home" "/workspace/cargo-home/bin/cargo" "+3154cc1a3e6424e44f438a95007d043ed5ceaaf6" "fetch" "--manifest-path" "Cargo.toml", kill_on_drop: false }`
[INFO] running `Command { std: "docker" "create" "-v" "/var/lib/crater-agent-workspace/builds/worker-4-tc2/source:/opt/rustwide/workdir:ro,Z" "-v" "/var/lib/crater-agent-workspace/builds/worker-4-tc2/target:/opt/rustwide/target:rw,Z" "-v" "/var/lib/crater-agent-workspace/cargo-home:/opt/rustwide/cargo-home:ro,Z" "-v" "/var/lib/crater-agent-workspace/rustup-home:/opt/rustwide/rustup-home:ro,Z" "-m" "1610612736" "--network" "none" "ghcr.io/rust-lang/crates-build-env/linux@sha256:77db811e55d90add9212f6832c23229e3de5f1c1f9905e8cb07319ea15df73ac" "sleep" "infinity", kill_on_drop: false }`
[INFO] [stdout] 194b942c2e8610f6d313a6429b33439722e15fde419a118a0324d6f8483c25a1
[INFO] running `Command { std: "docker" "start" "194b942c2e8610f6d313a6429b33439722e15fde419a118a0324d6f8483c25a1", kill_on_drop: false }`
[INFO] running `Command { std: "docker" "inspect" "194b942c2e8610f6d313a6429b33439722e15fde419a118a0324d6f8483c25a1", kill_on_drop: false }`
[INFO] running `Command { std: "docker" "exec" "-e" "SOURCE_DIR=/opt/rustwide/workdir" "-e" "CARGO_HOME=/opt/rustwide/cargo-home" "-e" "RUSTUP_HOME=/opt/rustwide/rustup-home" "-e" "CARGO_TARGET_DIR=/opt/rustwide/target" "-w" "/opt/rustwide/workdir" "--user" "0:0" "194b942c2e8610f6d313a6429b33439722e15fde419a118a0324d6f8483c25a1" "/opt/rustwide/cargo-home/bin/cargo" "+3154cc1a3e6424e44f438a95007d043ed5ceaaf6" "metadata" "--no-deps" "--format-version=1", kill_on_drop: false }`
[INFO] running `Command { std: "docker" "inspect" "194b942c2e8610f6d313a6429b33439722e15fde419a118a0324d6f8483c25a1", kill_on_drop: false }`
[INFO] running `Command { std: "docker" "exec" "-e" "SOURCE_DIR=/opt/rustwide/workdir" "-e" "CARGO_HOME=/opt/rustwide/cargo-home" "-e" "RUSTUP_HOME=/opt/rustwide/rustup-home" "-e" "CARGO_TARGET_DIR=/opt/rustwide/target" "-e" "CARGO_INCREMENTAL=0" "-e" "RUST_BACKTRACE=full" "-e" "RUSTFLAGS=--cap-lints=forbid" "-e" "RUSTDOCFLAGS=--cap-lints=forbid" "-w" "/opt/rustwide/workdir" "--user" "0:0" "194b942c2e8610f6d313a6429b33439722e15fde419a118a0324d6f8483c25a1" "/opt/rustwide/cargo-home/bin/cargo" "+3154cc1a3e6424e44f438a95007d043ed5ceaaf6" "check" "--frozen" "--all" "--all-targets" "--message-format=json", kill_on_drop: false }`
[INFO] [stderr]    Compiling quote v1.0.46
[INFO] [stderr]    Compiling libc v0.2.186
[INFO] [stderr]    Compiling shlex v2.0.1
[INFO] [stderr]     Checking smallvec v1.15.2
[INFO] [stderr]     Checking zeroize v1.9.0
[INFO] [stderr]     Checking futures-task v0.3.32
[INFO] [stderr]     Checking slab v0.4.12
[INFO] [stderr]     Checking http-body v1.1.0
[INFO] [stderr]    Compiling serde_core v1.0.228
[INFO] [stderr]    Compiling rustls v0.23.43
[INFO] [stderr]     Checking futures-channel v0.3.32
[INFO] [stderr]    Compiling serde v1.0.228
[INFO] [stderr]     Checking tracing v0.1.44
[INFO] [stderr]    Compiling serde_json v1.0.150
[INFO] [stderr]     Checking memchr v2.8.3
[INFO] [stderr]     Checking bitflags v2.13.0
[INFO] [stderr]     Checking http-body-util v0.1.4
[INFO] [stderr]    Compiling cc v1.2.67
[INFO] [stderr]     Checking log v0.4.33
[INFO] [stderr]     Checking rustls-pki-types v1.15.1
[INFO] [stderr]     Checking futures-util v0.3.32
[INFO] [stderr]    Compiling syn v2.0.118
[INFO] [stderr]     Checking webpki-roots v1.0.9
[INFO] [stderr]     Checking socket2 v0.6.5
[INFO] [stderr]     Checking mio v1.2.2
[INFO] [stderr]     Checking getrandom v0.2.17
[INFO] [stderr]    Compiling ring v0.17.14
[INFO] [stderr]     Checking tokio v1.52.3
[INFO] [stderr]    Compiling synstructure v0.13.2
[INFO] [stderr]    Compiling zerovec-derive v0.11.3
[INFO] [stderr]    Compiling displaydoc v0.2.6
[INFO] [stderr]    Compiling serde_derive v1.0.228
[INFO] [stderr]    Compiling zerofrom-derive v0.1.7
[INFO] [stderr]    Compiling yoke-derive v0.8.2
[INFO] [stderr]     Checking zerofrom v0.1.8
[INFO] [stderr]     Checking yoke v0.8.3
[INFO] [stderr]     Checking zerotrie v0.2.4
[INFO] [stderr]     Checking zerovec v0.11.6
[INFO] [stderr]     Checking tinystr v0.8.3
[INFO] [stderr]     Checking potential_utf v0.1.5
[INFO] [stderr]     Checking icu_collections v2.2.0
[INFO] [stderr]     Checking icu_locale_core v2.2.0
[INFO] [stderr]     Checking icu_provider v2.2.0
[INFO] [stderr]     Checking rustls-webpki v0.103.14
[INFO] [stderr]     Checking icu_normalizer v2.2.0
[INFO] [stderr]     Checking icu_properties v2.2.0
[INFO] [stderr]     Checking serde_urlencoded v0.7.1
[INFO] [stderr]     Checking hyper v1.11.0
[INFO] [stderr]     Checking tower v0.5.3
[INFO] [stderr]     Checking idna_adapter v1.2.2
[INFO] [stderr]     Checking idna v1.1.0
[INFO] [stderr]     Checking url v2.5.8
[INFO] [stderr]     Checking hyper-util v0.1.20
[INFO] [stderr]     Checking tower-http v0.6.11
[INFO] [stderr]     Checking tokio-rustls v0.26.4
[INFO] [stderr]     Checking hyper-rustls v0.27.9
[INFO] [stderr]     Checking reqwest v0.12.28
[INFO] [stderr]     Checking render25 v1.0.1 (/opt/rustwide/workdir)
[INFO] [stdout] error[E0433]: cannot find module or crate `axum` in this scope
[INFO] [stdout]  --> examples/with-axum/main.rs:1:5
[INFO] [stdout]   |
[INFO] [stdout] 1 | use axum::{routing::post, Json, Router};
[INFO] [stdout]   |     ^^^^ use of unresolved module or unlinked crate `axum`
[INFO] [stdout]   |
[INFO] [stdout]   = help: if you wanted to use a crate named `axum`, use `cargo add axum` to add it to your `Cargo.toml`
[INFO] [stdout] 
[INFO] [stdout] 
[INFO] [stdout] error[E0432]: unresolved import `axum`
[INFO] [stdout]  --> examples/with-axum/main.rs:1:5
[INFO] [stdout]   |
[INFO] [stdout] 1 | use axum::{routing::post, Json, Router};
[INFO] [stdout]   |     ^^^^ use of unresolved module or unlinked crate `axum`
[INFO] [stdout]   |
[INFO] [stdout]   = help: if you wanted to use a crate named `axum`, use `cargo add axum` to add it to your `Cargo.toml`
[INFO] [stdout] 
[INFO] [stdout] 
[INFO] [stdout] error[E0433]: cannot find module or crate `tokio` in this scope
[INFO] [stdout]   --> examples/with-axum/main.rs:18:3
[INFO] [stdout]    |
[INFO] [stdout] 18 | #[tokio::main]
[INFO] [stdout]    |   ^^^^^ use of unresolved module or unlinked crate `tokio`
[INFO] [stdout] 
[INFO] [stdout] 
[INFO] [stdout] error[E0433]: cannot find module or crate `tokio` in this scope
[INFO] [stdout]   --> examples/with-axum/main.rs:50:20
[INFO] [stdout]    |
[INFO] [stdout] 50 |     let listener = tokio::net::TcpListener::bind("0.0.0.0:3000").await.unwrap();
[INFO] [stdout]    |                    ^^^^^ use of unresolved module or unlinked crate `tokio`
[INFO] [stdout]    |
[INFO] [stdout]    = help: if you wanted to use a crate named `tokio`, use `cargo add tokio` to add it to your `Cargo.toml`
[INFO] [stdout] help: consider importing this struct
[INFO] [stdout]    |
[INFO] [stdout]  1 + use std::net::TcpListener;
[INFO] [stdout]    |
[INFO] [stdout] help: if you import `TcpListener`, refer to it directly
[INFO] [stdout]    |
[INFO] [stdout] 50 -     let listener = tokio::net::TcpListener::bind("0.0.0.0:3000").await.unwrap();
[INFO] [stdout] 50 +     let listener = TcpListener::bind("0.0.0.0:3000").await.unwrap();
[INFO] [stdout]    |
[INFO] [stdout] 
[INFO] [stdout] 
[INFO] [stdout] error[E0433]: cannot find module or crate `axum` in this scope
[INFO] [stdout]   --> examples/with-axum/main.rs:52:5
[INFO] [stdout]    |
[INFO] [stdout] 52 |     axum::serve(listener, app).await.unwrap();
[INFO] [stdout]    |     ^^^^ use of unresolved module or unlinked crate `axum`
[INFO] [stdout]    |
[INFO] [stdout]    = help: if you wanted to use a crate named `axum`, use `cargo add axum` to add it to your `Cargo.toml`
[INFO] [stdout] 
[INFO] [stdout] 
[INFO] [stdout] error[E0752]: `main` function is not allowed to be `async`
[INFO] [stdout]   --> examples/with-axum/main.rs:19:1
[INFO] [stdout]    |
[INFO] [stdout] 19 | async fn main() {
[INFO] [stdout]    | ^^^^^^^^^^^^^^^ `main` function is not allowed to be `async`
[INFO] [stdout] 
[INFO] [stdout] 
[INFO] [stdout] Some errors have detailed explanations: E0432, E0433, E0752.
[INFO] [stdout] 
[INFO] [stdout] For more information about an error, try `rustc --explain E0432`.
[INFO] [stdout] 
[INFO] [stderr] error: could not compile `render25` (example "with-axum") due to 6 previous errors
[INFO] running `Command { std: "docker" "inspect" "194b942c2e8610f6d313a6429b33439722e15fde419a118a0324d6f8483c25a1", kill_on_drop: false }`
[INFO] running `Command { std: "docker" "rm" "-f" "194b942c2e8610f6d313a6429b33439722e15fde419a118a0324d6f8483c25a1", kill_on_drop: false }`
[INFO] [stdout] 194b942c2e8610f6d313a6429b33439722e15fde419a118a0324d6f8483c25a1
