[INFO] fetching crate rememhq-api 0.1.18...
[INFO] checking rememhq-api-0.1.18 against 3154cc1a3e6424e44f438a95007d043ed5ceaaf6+rustflags=-Znext-solver=coherence for pr-133502-30
[INFO] extracting crate rememhq-api 0.1.18 into /workspace/builds/worker-3-tc1/source
[INFO] started tweaking crates.io crate rememhq-api 0.1.18
[INFO] finished tweaking crates.io crate rememhq-api 0.1.18
[INFO] tweaked toml for crates.io crate rememhq-api 0.1.18 written to /workspace/builds/worker-3-tc1/source/Cargo.toml
[INFO] validating manifest of crates.io crate rememhq-api 0.1.18 on toolchain 3154cc1a3e6424e44f438a95007d043ed5ceaaf6
[INFO] running `Command { std: CARGO_HOME="/workspace/cargo-home" RUSTUP_HOME="/workspace/rustup-home" "/workspace/cargo-home/bin/cargo" "+3154cc1a3e6424e44f438a95007d043ed5ceaaf6" "metadata" "--manifest-path" "Cargo.toml" "--no-deps", kill_on_drop: false }`
[INFO] crate crates.io crate rememhq-api 0.1.18 already has a lockfile, it will not be regenerated
[INFO] running `Command { std: CARGO_HOME="/workspace/cargo-home" RUSTUP_HOME="/workspace/rustup-home" "/workspace/cargo-home/bin/cargo" "+3154cc1a3e6424e44f438a95007d043ed5ceaaf6" "fetch" "--manifest-path" "Cargo.toml", kill_on_drop: false }`
[INFO] [stderr]     Updating crates.io index
[INFO] [stderr]  Downloading crates ...
[INFO] [stderr]   Downloaded validator v0.20.0
[INFO] [stderr]   Downloaded utoipa-axum v0.2.0
[INFO] [stderr]   Downloaded proc-macro-error-attr2 v2.0.0
[INFO] [stderr]   Downloaded validator_derive v0.20.0
[INFO] [stderr]   Downloaded proc-macro-error2 v2.0.1
[INFO] [stderr]   Downloaded inotify-sys v0.1.8
[INFO] [stderr]   Downloaded kqueue-sys v1.1.2
[INFO] [stderr]   Downloaded thiserror v2.0.20
[INFO] [stderr]   Downloaded rsqlite-vfs v0.1.1
[INFO] [stderr]   Downloaded find-msvc-tools v0.1.11
[INFO] [stderr]   Downloaded thiserror-impl v2.0.20
[INFO] [stderr]   Downloaded libremem-sys v0.1.18
[INFO] [stderr]   Downloaded notify-types v2.1.0
[INFO] [stderr]   Downloaded kqueue v1.2.0
[INFO] [stderr]   Downloaded hybrid-array v0.4.13
[INFO] [stderr]   Downloaded clap_derive v4.6.4
[INFO] [stderr]   Downloaded chacha20 v0.10.1
[INFO] [stderr]   Downloaded hashlink v0.12.1
[INFO] [stderr]   Downloaded notify v8.2.0
[INFO] [stderr]   Downloaded inotify v0.11.4
[INFO] [stderr]   Downloaded toml v1.1.4+spec-1.1.0
[INFO] [stderr]   Downloaded uuid v1.26.0
[INFO] [stderr]   Downloaded clap v4.6.6
[INFO] [stderr]   Downloaded cc v1.4.4
[INFO] [stderr]   Downloaded rememhq-core v0.1.18
[INFO] [stderr]   Downloaded clap_builder v4.6.6
[INFO] [stderr]   Downloaded rusqlite v0.40.2
[INFO] [stderr]   Downloaded tower-http v0.7.0
[INFO] [stderr]   Downloaded hdrhistogram v7.5.4
[INFO] [stderr]   Downloaded libsqlite3-sys v0.38.2
[INFO] [stderr]   Downloaded sqlite-wasm-rs v0.5.5
[INFO] running `Command { std: "docker" "create" "-v" "/var/lib/crater-agent-workspace/builds/worker-3-tc1/source:/opt/rustwide/workdir:ro,Z" "-v" "/var/lib/crater-agent-workspace/builds/worker-3-tc1/target:/opt/rustwide/target:rw,Z" "-v" "/var/lib/crater-agent-workspace/cargo-home:/opt/rustwide/cargo-home:ro,Z" "-v" "/var/lib/crater-agent-workspace/rustup-home:/opt/rustwide/rustup-home:ro,Z" "-m" "1610612736" "--network" "none" "ghcr.io/rust-lang/crates-build-env/linux@sha256:77db811e55d90add9212f6832c23229e3de5f1c1f9905e8cb07319ea15df73ac" "sleep" "infinity", kill_on_drop: false }`
[INFO] [stdout] d38da9fed399e5e147c4790ac570693b2c77a4c44d5f685417feb195347e4950
[INFO] running `Command { std: "docker" "start" "d38da9fed399e5e147c4790ac570693b2c77a4c44d5f685417feb195347e4950", kill_on_drop: false }`
[INFO] running `Command { std: "docker" "inspect" "d38da9fed399e5e147c4790ac570693b2c77a4c44d5f685417feb195347e4950", kill_on_drop: false }`
[INFO] running `Command { std: "docker" "exec" "-e" "SOURCE_DIR=/opt/rustwide/workdir" "-e" "CARGO_HOME=/opt/rustwide/cargo-home" "-e" "RUSTUP_HOME=/opt/rustwide/rustup-home" "-e" "CARGO_TARGET_DIR=/opt/rustwide/target" "-w" "/opt/rustwide/workdir" "--user" "0:0" "d38da9fed399e5e147c4790ac570693b2c77a4c44d5f685417feb195347e4950" "/opt/rustwide/cargo-home/bin/cargo" "+3154cc1a3e6424e44f438a95007d043ed5ceaaf6" "metadata" "--no-deps" "--format-version=1", kill_on_drop: false }`
[INFO] running `Command { std: "docker" "inspect" "d38da9fed399e5e147c4790ac570693b2c77a4c44d5f685417feb195347e4950", kill_on_drop: false }`
[INFO] running `Command { std: "docker" "exec" "-e" "SOURCE_DIR=/opt/rustwide/workdir" "-e" "CARGO_HOME=/opt/rustwide/cargo-home" "-e" "RUSTUP_HOME=/opt/rustwide/rustup-home" "-e" "CARGO_TARGET_DIR=/opt/rustwide/target" "-e" "CARGO_INCREMENTAL=0" "-e" "RUST_BACKTRACE=full" "-e" "RUSTFLAGS=--cap-lints=forbid -Znext-solver=coherence" "-e" "RUSTDOCFLAGS=--cap-lints=forbid" "-w" "/opt/rustwide/workdir" "--user" "0:0" "d38da9fed399e5e147c4790ac570693b2c77a4c44d5f685417feb195347e4950" "/opt/rustwide/cargo-home/bin/cargo" "+3154cc1a3e6424e44f438a95007d043ed5ceaaf6" "check" "--frozen" "--all" "--all-targets" "--message-format=json", kill_on_drop: false }`
[INFO] [stderr]    Compiling quote v1.0.46
[INFO] [stderr]    Compiling libc v0.2.186
[INFO] [stderr]    Compiling find-msvc-tools v0.1.11
[INFO] [stderr]     Checking smallvec v1.15.2
[INFO] [stderr]    Compiling serde_core v1.0.228
[INFO] [stderr]     Checking bytes v1.12.1
[INFO] [stderr]     Checking futures-core v0.3.34
[INFO] [stderr]    Compiling fs_extra v1.3.0
[INFO] [stderr]    Compiling dunce v1.0.5
[INFO] [stderr]     Checking typenum v1.20.1
[INFO] [stderr]     Checking memchr v2.8.3
[INFO] [stderr]    Compiling num-traits v0.2.19
[INFO] [stderr]    Compiling serde v1.0.228
[INFO] [stderr]     Checking hashbrown v0.17.1
[INFO] [stderr]    Compiling aws-lc-rs v1.17.1
[INFO] [stderr]     Checking futures-task v0.3.34
[INFO] [stderr]     Checking bitflags v2.13.0
[INFO] [stderr]     Checking sync_wrapper v1.0.2
[INFO] [stderr]     Checking futures-channel v0.3.32
[INFO] [stderr]    Compiling rustls v0.23.41
[INFO] [stderr]     Checking futures-sink v0.3.34
[INFO] [stderr]    Compiling regex-syntax v0.8.11
[INFO] [stderr]    Compiling inotify-sys v0.1.8
[INFO] [stderr]    Compiling fnv v1.0.7
[INFO] [stderr]    Compiling matrixmultiply v0.3.10
[INFO] [stderr]    Compiling syn v2.0.118
[INFO] [stderr]    Compiling syn v3.0.3
[INFO] [stderr]     Checking utf8parse v0.2.2
[INFO] [stderr]    Compiling proc-macro-error-attr2 v2.0.0
[INFO] [stderr]     Checking anstyle-parse v1.0.0
[INFO] [stderr]     Checking aho-corasick v1.1.4
[INFO] [stderr]     Checking rustls-native-certs v0.8.4
[INFO] [stderr]     Checking is_terminal_polyfill v1.70.2
[INFO] [stderr]     Checking const-oid v0.10.2
[INFO] [stderr]     Checking anstyle v1.0.14
[INFO] [stderr]     Checking anstyle-query v1.1.5
[INFO] [stderr]     Checking option-ext v0.2.0
[INFO] [stderr]     Checking http v1.4.2
[INFO] [stderr]    Compiling anyhow v1.0.104
[INFO] [stderr]     Checking colorchoice v1.0.5
[INFO] [stderr]    Compiling thiserror v2.0.20
[INFO] [stderr]     Checking winnow v1.0.3
[INFO] [stderr]     Checking anstream v1.0.0
[INFO] [stderr]     Checking hashlink v0.12.1
[INFO] [stderr]     Checking toml_parser v1.1.3+spec-1.1.0
[INFO] [stderr]     Checking notify-types v2.1.0
[INFO] [stderr]     Checking hdrhistogram v7.5.4
[INFO] [stderr]     Checking num-integer v0.1.46
[INFO] [stderr]     Checking hybrid-array v0.4.13
[INFO] [stderr]     Checking generic-array v0.14.7
[INFO] [stderr]     Checking num-complex v0.4.6
[INFO] [stderr]     Checking matchit v0.8.4
[INFO] [stderr]     Checking http-body v1.0.1
[INFO] [stderr]     Checking toml_writer v1.1.2+spec-1.1.0
[INFO] [stderr]     Checking lazy_static v1.5.0
[INFO] [stderr]     Checking http-body-util v0.1.3
[INFO] [stderr]     Checking regex-automata v0.4.14
[INFO] [stderr]     Checking fallible-iterator v0.3.0
[INFO] [stderr]     Checking parking_lot_core v0.9.12
[INFO] [stderr]     Checking errno v0.3.14
[INFO] [stderr]     Checking mio v1.2.1
[INFO] [stderr]     Checking signal-hook-registry v1.4.8
[INFO] [stderr]    Compiling jobserver v0.1.35
[INFO] [stderr]     Checking parking_lot v0.12.5
[INFO] [stderr]     Checking socket2 v0.6.4
[INFO] [stderr]     Checking inotify v0.11.4
[INFO] [stderr]     Checking getrandom v0.4.3
[INFO] [stderr]     Checking crypto-common v0.2.2
[INFO] [stderr]     Checking block-buffer v0.12.1
[INFO] [stderr]     Checking dirs-sys v0.5.0
[INFO] [stderr]     Checking fallible-streaming-iterator v0.1.9
[INFO] [stderr]    Compiling cc v1.4.4
[INFO] [stderr]     Checking clap_lex v1.1.0
[INFO] [stderr]     Checking serde_json v1.0.151
[INFO] [stderr]     Checking indexmap v2.14.0
[INFO] [stderr]     Checking serde_spanned v1.1.1
[INFO] [stderr]     Checking toml_datetime v1.1.1+spec-1.1.0
[INFO] [stderr]     Checking crypto-common v0.1.7
[INFO] [stderr]     Checking block-buffer v0.10.4
[INFO] [stderr]     Checking serde_path_to_error v0.1.20
[INFO] [stderr]     Checking strsim v0.11.1
[INFO] [stderr]     Checking cpufeatures v0.3.0
[INFO] [stderr]     Checking uuid v1.26.0
[INFO] [stderr]     Checking notify v8.2.0
[INFO] [stderr]     Checking digest v0.10.7
[INFO] [stderr]     Checking toml v1.1.4+spec-1.1.0
[INFO] [stderr]     Checking clap_builder v4.6.6
[INFO] [stderr]     Checking dirs v6.0.0
[INFO] [stderr]     Checking ndarray v0.17.2
[INFO] [stderr]     Checking sharded-slab v0.1.7
[INFO] [stderr]     Checking tracing-log v0.2.0
[INFO] [stderr]     Checking thread_local v1.1.9
[INFO] [stderr]     Checking digest v0.11.3
[INFO] [stderr]     Checking nu-ansi-term v0.50.3
[INFO] [stderr]     Checking sha2 v0.10.9
[INFO] [stderr]     Checking sha2 v0.11.0
[INFO] [stderr]     Checking hmac v0.12.1
[INFO] [stderr]     Checking dotenvy v0.15.7
[INFO] [stderr]     Checking base64 v0.23.1
[INFO] [stderr]    Compiling cmake v0.1.58
[INFO] [stderr]    Compiling libsqlite3-sys v0.38.2
[INFO] [stderr]    Compiling libremem-sys v0.1.18
[INFO] [stderr]    Compiling aws-lc-sys v0.42.0
[INFO] [stderr]    Compiling futures-macro v0.3.34
[INFO] [stderr]    Compiling thiserror-impl v2.0.20
[INFO] [stderr]    Compiling clap_derive v4.6.4
[INFO] [stderr]    Compiling async-trait v0.1.92
[INFO] [stderr]     Checking regex v1.12.4
[INFO] [stderr]     Checking matchers v0.2.0
[INFO] [stderr]     Checking futures-util v0.3.34
[INFO] [stderr]     Checking clap v4.6.6
[INFO] [stderr]    Compiling synstructure v0.13.2
[INFO] [stderr]    Compiling darling_core v0.20.11
[INFO] [stderr]    Compiling proc-macro-error2 v2.0.1
[INFO] [stderr]    Compiling zerofrom-derive v0.1.7
[INFO] [stderr]    Compiling yoke-derive v0.8.2
[INFO] [stderr]    Compiling zerovec-derive v0.11.3
[INFO] [stderr]    Compiling displaydoc v0.2.6
[INFO] [stderr]    Compiling tokio-macros v2.7.0
[INFO] [stderr]    Compiling tracing-attributes v0.1.31
[INFO] [stderr]    Compiling serde_derive v1.0.228
[INFO] [stderr] warning: libremem-sys@0.1.18: In file included from src/vector_store/../../include/hnswlib/hnswlib.h:228,
[INFO] [stderr] warning: libremem-sys@0.1.18:                  from src/vector_store/index.h:6,
[INFO] [stderr] warning: libremem-sys@0.1.18:                  from src/vector_store/index.cpp:1:
[INFO] [stderr] warning: libremem-sys@0.1.18: src/vector_store/../../include/hnswlib/hnswalg.h: In instantiation of 'std::priority_queue<std::pair<dist_t, long unsigned int> > hnswlib::HierarchicalNSW<dist_t>::searchKnn(const void*, size_t, hnswlib::BaseFilterFunctor*) const [with dist_t = float; typename std::vector<std::pair<dist_t, long unsigned int> >::value_type = std::pair<float, long unsigned int>; size_t = long unsigned int]':
[INFO] [stderr] warning: libremem-sys@0.1.18: src/vector_store/index.cpp:59:39:   required from here
[INFO] [stderr] warning: libremem-sys@0.1.18:    59 |     auto result_pq = index_->searchKnn(query.data(), k);
[INFO] [stderr] warning: libremem-sys@0.1.18:       |                      ~~~~~~~~~~~~~~~~~^~~~~~~~~~~~~~~~~
[INFO] [stderr] warning: libremem-sys@0.1.18: src/vector_store/../../include/hnswlib/hnswalg.h:1291:30: warning: comparison of unsigned expression in '< 0' is always false [-Wtype-limits]
[INFO] [stderr] warning: libremem-sys@0.1.18:  1291 |                     if (cand < 0 || cand > max_elements_)
[INFO] [stderr] warning: libremem-sys@0.1.18:       |                         ~~~~~^~~
[INFO] [stderr] warning: libremem-sys@0.1.18: src/vector_store/../../include/hnswlib/hnswalg.h: In instantiation of 'hnswlib::tableint hnswlib::HierarchicalNSW<dist_t>::addPoint(const void*, hnswlib::labeltype, int) [with dist_t = float; hnswlib::tableint = unsigned int; hnswlib::labeltype = long unsigned int]':
[INFO] [stderr] warning: libremem-sys@0.1.18: src/vector_store/../../include/hnswlib/hnswalg.h:961:21:   required from 'void hnswlib::HierarchicalNSW<dist_t>::addPoint(const void*, hnswlib::labeltype, bool) [with dist_t = float; hnswlib::labeltype = long unsigned int]'
[INFO] [stderr] warning: libremem-sys@0.1.18:   961 |             addPoint(data_point, label, -1);
[INFO] [stderr] warning: libremem-sys@0.1.18:       |             ~~~~~~~~^~~~~~~~~~~~~~~~~~~~~~~
[INFO] [stderr] warning: libremem-sys@0.1.18: src/vector_store/index.cpp:39:21:   required from here
[INFO] [stderr] warning: libremem-sys@0.1.18:    39 |     index_->addPoint(embedding.data(), label);
[INFO] [stderr] warning: libremem-sys@0.1.18:       |     ~~~~~~~~~~~~~~~~^~~~~~~~~~~~~~~~~~~~~~~~~
[INFO] [stderr] warning: libremem-sys@0.1.18: src/vector_store/../../include/hnswlib/hnswalg.h:1227:38: warning: comparison of unsigned expression in '< 0' is always false [-Wtype-limits]
[INFO] [stderr] warning: libremem-sys@0.1.18:  1227 |                             if (cand < 0 || cand > max_elements_)
[INFO] [stderr] warning: libremem-sys@0.1.18:       |                                 ~~~~~^~~
[INFO] [stderr] warning: libremem-sys@0.1.18: src/vector_store/../../include/hnswlib/hnswlib.h:89:13: warning: 'bool AVX512Capable()' defined but not used [-Wunused-function]
[INFO] [stderr] warning: libremem-sys@0.1.18:    89 | static bool AVX512Capable() {
[INFO] [stderr] warning: libremem-sys@0.1.18:       |             ^~~~~~~~~~~~~
[INFO] [stderr] warning: libremem-sys@0.1.18: In file included from src/ffi/../vector_store/index.h:6,
[INFO] [stderr] warning: libremem-sys@0.1.18:                  from src/ffi/remem.cpp:2:
[INFO] [stderr] warning: libremem-sys@0.1.18: src/ffi/../vector_store/../../include/hnswlib/hnswlib.h:89:13: warning: 'bool AVX512Capable()' defined but not used [-Wunused-function]
[INFO] [stderr] warning: libremem-sys@0.1.18:    89 | static bool AVX512Capable() {
[INFO] [stderr] warning: libremem-sys@0.1.18:       |             ^~~~~~~~~~~~~
[INFO] [stderr] warning: libremem-sys@0.1.18: c++: fatal error: Killed signal terminated program cc1plus
[INFO] [stderr] warning: libremem-sys@0.1.18: compilation terminated.
[INFO] [stderr] warning: libremem-sys@0.1.18: ToolExecError: command did not execute successfully (status code exit status: 1): LC_ALL="C" "c++" "-O0" "-ffunction-sections" "-fdata-sections" "-fPIC" "-g" "-gdwarf-4" "-fno-omit-frame-pointer" "-mno-omit-leaf-frame-pointer" "-m64" "-std=c++17" "-I" "include" "-I" "src" "-Wall" "-Wextra" "-Wno-unused-parameter" "-o" "/opt/rustwide/target/debug/build/libremem-sys/1d563c1ab0d0166b/out/c20d2b9857b9f913-index.o" "-c" "src/vector_store/index.cpp"cargo:warning=c++: fatal error: Killed signal terminated program cc1plus
[INFO] [stderr] warning: libremem-sys@0.1.18: compilation terminated.
[INFO] [stderr] warning: libremem-sys@0.1.18: ToolExecError: command did not execute successfully (status code exit status: 1): LC_ALL="C" "c++" "-O0" "-ffunction-sections" "-fdata-sections" "-fPIC" "-g" "-gdwarf-4" "-fno-omit-frame-pointer" "-mno-omit-leaf-frame-pointer" "-m64" "-std=c++17" "-I" "include" "-I" "src" "-Wall" "-Wextra" "-Wno-unused-parameter" "-o" "/opt/rustwide/target/debug/build/libremem-sys/1d563c1ab0d0166b/out/a674040d938df810-remem.o" "-c" "src/ffi/remem.cpp"
[INFO] [stderr] error: failed to run custom build command for `libremem-sys v0.1.18`
[INFO] [stderr] note: To improve backtraces for build dependencies, set the CARGO_PROFILE_DEV_BUILD_OVERRIDE_DEBUG=true environment variable to enable debug information generation.
[INFO] [stderr] 
[INFO] [stderr] Caused by:
[INFO] [stderr]   process didn't exit successfully: `/opt/rustwide/target/debug/build/libremem-sys/e2d6e61a272bc01f/out/build_script_build` (exit status: 1)
[INFO] [stderr]   --- stdout
[INFO] [stderr]   cargo:rerun-if-changed=src
[INFO] [stderr]   cargo:rerun-if-changed=include
[INFO] [stderr]   cargo:rerun-if-env-changed=CC_FORCE_DISABLE
[INFO] [stderr]   CC_FORCE_DISABLE = None
[INFO] [stderr]   cargo:rerun-if-env-changed=CXX_x86_64-unknown-linux-gnu
[INFO] [stderr]   CXX_x86_64-unknown-linux-gnu = None
[INFO] [stderr]   cargo:rerun-if-env-changed=CXX_x86_64_unknown_linux_gnu
[INFO] [stderr]   CXX_x86_64_unknown_linux_gnu = None
[INFO] [stderr]   cargo:rerun-if-env-changed=HOST_CXX
[INFO] [stderr]   HOST_CXX = None
[INFO] [stderr]   cargo:rerun-if-env-changed=CXX
[INFO] [stderr]   CXX = None
[INFO] [stderr]   cargo:rerun-if-env-changed=CC_ENABLE_DEBUG_OUTPUT
[INFO] [stderr]   cargo:rerun-if-env-changed=CRATE_CC_NO_DEFAULTS
[INFO] [stderr]   CRATE_CC_NO_DEFAULTS = None
[INFO] [stderr]   cargo:rerun-if-env-changed=CRATE_CC_NO_DEFAULTS
[INFO] [stderr]   CRATE_CC_NO_DEFAULTS = None
[INFO] [stderr]   cargo:rerun-if-env-changed=CXXFLAGS
[INFO] [stderr]   CXXFLAGS = None
[INFO] [stderr]   cargo:rerun-if-env-changed=HOST_CXXFLAGS
[INFO] [stderr]   HOST_CXXFLAGS = None
[INFO] [stderr]   cargo:rerun-if-env-changed=CXXFLAGS_x86_64_unknown_linux_gnu
[INFO] [stderr]   CXXFLAGS_x86_64_unknown_linux_gnu = None
[INFO] [stderr]   cargo:rerun-if-env-changed=CXXFLAGS_x86_64-unknown-linux-gnu
[INFO] [stderr]   CXXFLAGS_x86_64-unknown-linux-gnu = None
[INFO] [stderr]   cargo:rerun-if-env-changed=CXXFLAGS
[INFO] [stderr]   CXXFLAGS = None
[INFO] [stderr]   cargo:rerun-if-env-changed=HOST_CXXFLAGS
[INFO] [stderr]   HOST_CXXFLAGS = None
[INFO] [stderr]   cargo:rerun-if-env-changed=CXXFLAGS_x86_64_unknown_linux_gnu
[INFO] [stderr]   CXXFLAGS_x86_64_unknown_linux_gnu = None
[INFO] [stderr]   cargo:rerun-if-env-changed=CXXFLAGS_x86_64-unknown-linux-gnu
[INFO] [stderr]   CXXFLAGS_x86_64-unknown-linux-gnu = None
[INFO] [stderr]   cargo:rerun-if-env-changed=CRATE_CC_NO_DEFAULTS
[INFO] [stderr]   CRATE_CC_NO_DEFAULTS = None
[INFO] [stderr]   cargo:rerun-if-env-changed=CXXFLAGS
[INFO] [stderr]   CXXFLAGS = None
[INFO] [stderr]   cargo:rerun-if-env-changed=HOST_CXXFLAGS
[INFO] [stderr]   HOST_CXXFLAGS = None
[INFO] [stderr]   cargo:rerun-if-env-changed=CXXFLAGS_x86_64_unknown_linux_gnu
[INFO] [stderr]   CXXFLAGS_x86_64_unknown_linux_gnu = None
[INFO] [stderr]   cargo:rerun-if-env-changed=CXXFLAGS_x86_64-unknown-linux-gnu
[INFO] [stderr]   CXXFLAGS_x86_64-unknown-linux-gnu = None
[INFO] [stderr]   cargo:rerun-if-env-changed=CXX_x86_64-unknown-linux-gnu
[INFO] [stderr]   CXX_x86_64-unknown-linux-gnu = None
[INFO] [stderr]   cargo:rerun-if-env-changed=CXX_x86_64_unknown_linux_gnu
[INFO] [stderr]   CXX_x86_64_unknown_linux_gnu = None
[INFO] [stderr]   cargo:rerun-if-env-changed=HOST_CXX
[INFO] [stderr]   HOST_CXX = None
[INFO] [stderr]   cargo:rerun-if-env-changed=CXX
[INFO] [stderr]   CXX = None
[INFO] [stderr]   cargo:rerun-if-env-changed=CRATE_CC_NO_DEFAULTS
[INFO] [stderr]   CRATE_CC_NO_DEFAULTS = None
[INFO] [stderr]   cargo:rerun-if-env-changed=CXXFLAGS
[INFO] [stderr]   CXXFLAGS = None
[INFO] [stderr]   cargo:rerun-if-env-changed=HOST_CXXFLAGS
[INFO] [stderr]   HOST_CXXFLAGS = None
[INFO] [stderr]   cargo:rerun-if-env-changed=CXXFLAGS_x86_64_unknown_linux_gnu
[INFO] [stderr]   CXXFLAGS_x86_64_unknown_linux_gnu = None
[INFO] [stderr]   cargo:rerun-if-env-changed=CXXFLAGS_x86_64-unknown-linux-gnu
[INFO] [stderr]   CXXFLAGS_x86_64-unknown-linux-gnu = None
[INFO] [stderr]   cargo:rerun-if-env-changed=CXX_x86_64-unknown-linux-gnu
[INFO] [stderr]   CXX_x86_64-unknown-linux-gnu = None
[INFO] [stderr]   cargo:rerun-if-env-changed=CXX_x86_64_unknown_linux_gnu
[INFO] [stderr]   CXX_x86_64_unknown_linux_gnu = None
[INFO] [stderr]   cargo:rerun-if-env-changed=HOST_CXX
[INFO] [stderr]   HOST_CXX = None
[INFO] [stderr]   cargo:rerun-if-env-changed=CXX
[INFO] [stderr]   CXX = None
[INFO] [stderr]   cargo:rerun-if-env-changed=CRATE_CC_NO_DEFAULTS
[INFO] [stderr]   CRATE_CC_NO_DEFAULTS = None
[INFO] [stderr]   cargo:rerun-if-env-changed=CXXFLAGS
[INFO] [stderr]   CXXFLAGS = None
[INFO] [stderr]   cargo:rerun-if-env-changed=HOST_CXXFLAGS
[INFO] [stderr]   HOST_CXXFLAGS = None
[INFO] [stderr]   cargo:rerun-if-env-changed=CXXFLAGS_x86_64_unknown_linux_gnu
[INFO] [stderr]   CXXFLAGS_x86_64_unknown_linux_gnu = None
[INFO] [stderr]   cargo:rerun-if-env-changed=CXXFLAGS_x86_64-unknown-linux-gnu
[INFO] [stderr]   CXXFLAGS_x86_64-unknown-linux-gnu = None
[INFO] [stderr]   cargo:rerun-if-env-changed=CXX_x86_64-unknown-linux-gnu
[INFO] [stderr]   CXX_x86_64-unknown-linux-gnu = None
[INFO] [stderr]   cargo:rerun-if-env-changed=CXX_x86_64_unknown_linux_gnu
[INFO] [stderr]   CXX_x86_64_unknown_linux_gnu = None
[INFO] [stderr]   cargo:rerun-if-env-changed=HOST_CXX
[INFO] [stderr]   HOST_CXX = None
[INFO] [stderr]   cargo:rerun-if-env-changed=CXX
[INFO] [stderr]   CXX = None
[INFO] [stderr]   cargo:rerun-if-env-changed=CRATE_CC_NO_DEFAULTS
[INFO] [stderr]   CRATE_CC_NO_DEFAULTS = None
[INFO] [stderr]   cargo:rerun-if-env-changed=CXXFLAGS
[INFO] [stderr]   CXXFLAGS = None
[INFO] [stderr]   cargo:rerun-if-env-changed=HOST_CXXFLAGS
[INFO] [stderr]   HOST_CXXFLAGS = None
[INFO] [stderr]   cargo:rerun-if-env-changed=CXXFLAGS_x86_64_unknown_linux_gnu
[INFO] [stderr]   CXXFLAGS_x86_64_unknown_linux_gnu = None
[INFO] [stderr]   cargo:rerun-if-env-changed=CXXFLAGS_x86_64-unknown-linux-gnu
[INFO] [stderr]   CXXFLAGS_x86_64-unknown-linux-gnu = None
[INFO] [stderr]   cargo:rerun-if-env-changed=CXX_x86_64-unknown-linux-gnu
[INFO] [stderr]   CXX_x86_64-unknown-linux-gnu = None
[INFO] [stderr]   cargo:rerun-if-env-changed=CXX_x86_64_unknown_linux_gnu
[INFO] [stderr]   CXX_x86_64_unknown_linux_gnu = None
[INFO] [stderr]   cargo:rerun-if-env-changed=HOST_CXX
[INFO] [stderr]   HOST_CXX = None
[INFO] [stderr]   cargo:rerun-if-env-changed=CXX
[INFO] [stderr]   CXX = None
[INFO] [stderr]   cargo:rerun-if-env-changed=CRATE_CC_NO_DEFAULTS
[INFO] [stderr]   CRATE_CC_NO_DEFAULTS = None
[INFO] [stderr]   cargo:rerun-if-env-changed=CXXFLAGS
[INFO] [stderr]   CXXFLAGS = None
[INFO] [stderr]   cargo:rerun-if-env-changed=HOST_CXXFLAGS
[INFO] [stderr]   HOST_CXXFLAGS = None
[INFO] [stderr]   cargo:rerun-if-env-changed=CXXFLAGS_x86_64_unknown_linux_gnu
[INFO] [stderr]   CXXFLAGS_x86_64_unknown_linux_gnu = None
[INFO] [stderr]   cargo:rerun-if-env-changed=CXXFLAGS_x86_64-unknown-linux-gnu
[INFO] [stderr]   CXXFLAGS_x86_64-unknown-linux-gnu = None
[INFO] [stderr]   cargo:warning=In file included from src/vector_store/../../include/hnswlib/hnswlib.h:228,
[INFO] [stderr]   cargo:warning=                 from src/vector_store/index.h:6,
[INFO] [stderr]   cargo:warning=                 from src/vector_store/index.cpp:1:
[INFO] [stderr]   cargo:warning=src/vector_store/../../include/hnswlib/hnswalg.h: In instantiation of 'std::priority_queue<std::pair<dist_t, long unsigned int> > hnswlib::HierarchicalNSW<dist_t>::searchKnn(const void*, size_t, hnswlib::BaseFilterFunctor*) const [with dist_t = float; typename std::vector<std::pair<dist_t, long unsigned int> >::value_type = std::pair<float, long unsigned int>; size_t = long unsigned int]':
[INFO] [stderr]   cargo:warning=src/vector_store/index.cpp:59:39:   required from here
[INFO] [stderr]   cargo:warning=   59 |     auto result_pq = index_->searchKnn(query.data(), k);
[INFO] [stderr]   cargo:warning=      |                      ~~~~~~~~~~~~~~~~~^~~~~~~~~~~~~~~~~
[INFO] [stderr]   cargo:warning=src/vector_store/../../include/hnswlib/hnswalg.h:1291:30: warning: comparison of unsigned expression in '< 0' is always false [-Wtype-limits]
[INFO] [stderr]   cargo:warning= 1291 |                     if (cand < 0 || cand > max_elements_)
[INFO] [stderr]   cargo:warning=      |                         ~~~~~^~~
[INFO] [stderr]   cargo:warning=src/vector_store/../../include/hnswlib/hnswalg.h: In instantiation of 'hnswlib::tableint hnswlib::HierarchicalNSW<dist_t>::addPoint(const void*, hnswlib::labeltype, int) [with dist_t = float; hnswlib::tableint = unsigned int; hnswlib::labeltype = long unsigned int]':
[INFO] [stderr]   cargo:warning=src/vector_store/../../include/hnswlib/hnswalg.h:961:21:   required from 'void hnswlib::HierarchicalNSW<dist_t>::addPoint(const void*, hnswlib::labeltype, bool) [with dist_t = float; hnswlib::labeltype = long unsigned int]'
[INFO] [stderr]   cargo:warning=  961 |             addPoint(data_point, label, -1);
[INFO] [stderr]   cargo:warning=      |             ~~~~~~~~^~~~~~~~~~~~~~~~~~~~~~~
[INFO] [stderr]   cargo:warning=src/vector_store/index.cpp:39:21:   required from here
[INFO] [stderr]   cargo:warning=   39 |     index_->addPoint(embedding.data(), label);
[INFO] [stderr]   cargo:warning=      |     ~~~~~~~~~~~~~~~~^~~~~~~~~~~~~~~~~~~~~~~~~
[INFO] [stderr]   cargo:warning=src/vector_store/../../include/hnswlib/hnswalg.h:1227:38: warning: comparison of unsigned expression in '< 0' is always false [-Wtype-limits]
[INFO] [stderr]   cargo:warning= 1227 |                             if (cand < 0 || cand > max_elements_)
[INFO] [stderr]   cargo:warning=      |                                 ~~~~~^~~
[INFO] [stderr]   cargo:warning=src/vector_store/../../include/hnswlib/hnswlib.h:89:13: warning: 'bool AVX512Capable()' defined but not used [-Wunused-function]
[INFO] [stderr]   cargo:warning=   89 | static bool AVX512Capable() {
[INFO] [stderr]   cargo:warning=      |             ^~~~~~~~~~~~~
[INFO] [stderr]   cargo:warning=In file included from src/ffi/../vector_store/index.h:6,
[INFO] [stderr]   cargo:warning=                 from src/ffi/remem.cpp:2:
[INFO] [stderr]   cargo:warning=src/ffi/../vector_store/../../include/hnswlib/hnswlib.h:89:13: warning: 'bool AVX512Capable()' defined but not used [-Wunused-function]
[INFO] [stderr]   cargo:warning=   89 | static bool AVX512Capable() {
[INFO] [stderr]   cargo:warning=      |             ^~~~~~~~~~~~~
[INFO] [stderr]   cargo:warning=c++: fatal error: Killed signal terminated program cc1plus
[INFO] [stderr]   cargo:warning=compilation terminated.
[INFO] [stderr]   exit status: 0
[INFO] [stderr]   exit status: 0
[INFO] [stderr]   exit status: 0
[INFO] [stderr]   exit status: 1
[INFO] [stderr]   cargo:warning=ToolExecError: command did not execute successfully (status code exit status: 1): LC_ALL="C" "c++" "-O0" "-ffunction-sections" "-fdata-sections" "-fPIC" "-g" "-gdwarf-4" "-fno-omit-frame-pointer" "-mno-omit-leaf-frame-pointer" "-m64" "-std=c++17" "-I" "include" "-I" "src" "-Wall" "-Wextra" "-Wno-unused-parameter" "-o" "/opt/rustwide/target/debug/build/libremem-sys/1d563c1ab0d0166b/out/c20d2b9857b9f913-index.o" "-c" "src/vector_store/index.cpp"cargo:warning=c++: fatal error: Killed signal terminated program cc1plus
[INFO] [stderr]   cargo:warning=compilation terminated.
[INFO] [stderr] 
[INFO] [stderr]   exit status: 1
[INFO] [stderr]   cargo:warning=ToolExecError: command did not execute successfully (status code exit status: 1): LC_ALL="C" "c++" "-O0" "-ffunction-sections" "-fdata-sections" "-fPIC" "-g" "-gdwarf-4" "-fno-omit-frame-pointer" "-mno-omit-leaf-frame-pointer" "-m64" "-std=c++17" "-I" "include" "-I" "src" "-Wall" "-Wextra" "-Wno-unused-parameter" "-o" "/opt/rustwide/target/debug/build/libremem-sys/1d563c1ab0d0166b/out/a674040d938df810-remem.o" "-c" "src/ffi/remem.cpp"
[INFO] [stderr] 
[INFO] [stderr]   --- stderr
[INFO] [stderr] 
[INFO] [stderr] 
[INFO] [stderr]   error occurred in cc-rs: command did not execute successfully (status code exit status: 1): LC_ALL="C" "c++" "-O0" "-ffunction-sections" "-fdata-sections" "-fPIC" "-g" "-gdwarf-4" "-fno-omit-frame-pointer" "-mno-omit-leaf-frame-pointer" "-m64" "-std=c++17" "-I" "include" "-I" "src" "-Wall" "-Wextra" "-Wno-unused-parameter" "-o" "/opt/rustwide/target/debug/build/libremem-sys/1d563c1ab0d0166b/out/a674040d938df810-remem.o" "-c" "src/ffi/remem.cpp"
[INFO] [stderr] 
[INFO] [stderr] 
[INFO] [stderr] warning: build failed, waiting for other jobs to finish...
[INFO] running `Command { std: "docker" "inspect" "d38da9fed399e5e147c4790ac570693b2c77a4c44d5f685417feb195347e4950", kill_on_drop: false }`
[INFO] running `Command { std: "docker" "rm" "-f" "d38da9fed399e5e147c4790ac570693b2c77a4c44d5f685417feb195347e4950", kill_on_drop: false }`
[INFO] [stdout] d38da9fed399e5e147c4790ac570693b2c77a4c44d5f685417feb195347e4950
