[INFO] fetching crate reifydb-testing-sdk 0.9.3...
[INFO] checking reifydb-testing-sdk-0.9.3 against 3154cc1a3e6424e44f438a95007d043ed5ceaaf6 for pr-133502-30
[INFO] extracting crate reifydb-testing-sdk 0.9.3 into /workspace/builds/worker-7-tc2/source
[INFO] started tweaking crates.io crate reifydb-testing-sdk 0.9.3
[INFO] removed 0 missing tests
[INFO] finished tweaking crates.io crate reifydb-testing-sdk 0.9.3
[INFO] tweaked toml for crates.io crate reifydb-testing-sdk 0.9.3 written to /workspace/builds/worker-7-tc2/source/Cargo.toml
[INFO] validating manifest of crates.io crate reifydb-testing-sdk 0.9.3 on toolchain 3154cc1a3e6424e44f438a95007d043ed5ceaaf6
[INFO] running `Command { std: CARGO_HOME="/workspace/cargo-home" RUSTUP_HOME="/workspace/rustup-home" "/workspace/cargo-home/bin/cargo" "+3154cc1a3e6424e44f438a95007d043ed5ceaaf6" "metadata" "--manifest-path" "Cargo.toml" "--no-deps", kill_on_drop: false }`
[INFO] crate crates.io crate reifydb-testing-sdk 0.9.3 already has a lockfile, it will not be regenerated
[INFO] running `Command { std: CARGO_HOME="/workspace/cargo-home" RUSTUP_HOME="/workspace/rustup-home" "/workspace/cargo-home/bin/cargo" "+3154cc1a3e6424e44f438a95007d043ed5ceaaf6" "fetch" "--manifest-path" "Cargo.toml", kill_on_drop: false }`
[INFO] running `Command { std: "docker" "create" "-v" "/var/lib/crater-agent-workspace/builds/worker-7-tc2/source:/opt/rustwide/workdir:ro,Z" "-v" "/var/lib/crater-agent-workspace/builds/worker-7-tc2/target:/opt/rustwide/target:rw,Z" "-v" "/var/lib/crater-agent-workspace/cargo-home:/opt/rustwide/cargo-home:ro,Z" "-v" "/var/lib/crater-agent-workspace/rustup-home:/opt/rustwide/rustup-home:ro,Z" "-m" "1610612736" "--network" "none" "ghcr.io/rust-lang/crates-build-env/linux@sha256:77db811e55d90add9212f6832c23229e3de5f1c1f9905e8cb07319ea15df73ac" "sleep" "infinity", kill_on_drop: false }`
[INFO] [stdout] f2eb153bd9f361e85f86d7af3ef1b6e8351a85c8710c46476be1b798833d7193
[INFO] running `Command { std: "docker" "start" "f2eb153bd9f361e85f86d7af3ef1b6e8351a85c8710c46476be1b798833d7193", kill_on_drop: false }`
[INFO] running `Command { std: "docker" "inspect" "f2eb153bd9f361e85f86d7af3ef1b6e8351a85c8710c46476be1b798833d7193", kill_on_drop: false }`
[INFO] running `Command { std: "docker" "exec" "-e" "SOURCE_DIR=/opt/rustwide/workdir" "-e" "CARGO_HOME=/opt/rustwide/cargo-home" "-e" "RUSTUP_HOME=/opt/rustwide/rustup-home" "-e" "CARGO_TARGET_DIR=/opt/rustwide/target" "-w" "/opt/rustwide/workdir" "--user" "0:0" "f2eb153bd9f361e85f86d7af3ef1b6e8351a85c8710c46476be1b798833d7193" "/opt/rustwide/cargo-home/bin/cargo" "+3154cc1a3e6424e44f438a95007d043ed5ceaaf6" "metadata" "--no-deps" "--format-version=1", kill_on_drop: false }`
[INFO] running `Command { std: "docker" "inspect" "f2eb153bd9f361e85f86d7af3ef1b6e8351a85c8710c46476be1b798833d7193", kill_on_drop: false }`
[INFO] running `Command { std: "docker" "exec" "-e" "SOURCE_DIR=/opt/rustwide/workdir" "-e" "CARGO_HOME=/opt/rustwide/cargo-home" "-e" "RUSTUP_HOME=/opt/rustwide/rustup-home" "-e" "CARGO_TARGET_DIR=/opt/rustwide/target" "-e" "CARGO_INCREMENTAL=0" "-e" "RUST_BACKTRACE=full" "-e" "RUSTFLAGS=--cap-lints=forbid" "-e" "RUSTDOCFLAGS=--cap-lints=forbid" "-w" "/opt/rustwide/workdir" "--user" "0:0" "f2eb153bd9f361e85f86d7af3ef1b6e8351a85c8710c46476be1b798833d7193" "/opt/rustwide/cargo-home/bin/cargo" "+3154cc1a3e6424e44f438a95007d043ed5ceaaf6" "check" "--frozen" "--all" "--all-targets" "--message-format=json", kill_on_drop: false }`
[INFO] [stderr]    Compiling proc-macro2 v1.0.106
[INFO] [stderr]    Compiling quote v1.0.45
[INFO] [stderr]    Compiling libc v0.2.186
[INFO] [stderr]    Compiling serde_core v1.0.228
[INFO] [stderr]    Compiling reifydb-build v0.9.3
[INFO] [stderr]    Compiling serde v1.0.228
[INFO] [stderr]    Compiling getrandom v0.4.2
[INFO] [stderr]    Compiling semver v1.0.28
[INFO] [stderr]     Checking lock_api v0.4.14
[INFO] [stderr]    Compiling num-traits v0.2.19
[INFO] [stderr]    Compiling pkg-config v0.3.33
[INFO] [stderr]    Compiling thiserror v2.0.18
[INFO] [stderr]     Checking byteorder v1.5.0
[INFO] [stderr]     Checking crossbeam-epoch v0.9.18
[INFO] [stderr]    Compiling bigdecimal v0.4.10
[INFO] [stderr]    Compiling serde_json v1.0.150
[INFO] [stderr]     Checking memchr v2.8.1
[INFO] [stderr]    Compiling reifydb-value v0.9.3
[INFO] [stderr]    Compiling zstd-safe v7.2.4
[INFO] [stderr]     Checking spin v0.9.8
[INFO] [stderr]     Checking hash32 v0.2.1
[INFO] [stderr]    Compiling portable-atomic v1.13.1
[INFO] [stderr]     Checking tracing-core v0.1.36
[INFO] [stderr]     Checking cpufeatures v0.3.0
[INFO] [stderr]     Checking xxhash-rust v0.8.15
[INFO] [stderr]    Compiling reifydb-runtime v0.9.3
[INFO] [stderr]    Compiling reifydb-codec v0.9.3
[INFO] [stderr]    Compiling rustc_version v0.4.1
[INFO] [stderr]     Checking chacha20 v0.10.0
[INFO] [stderr]     Checking crossbeam-channel v0.5.15
[INFO] [stderr]     Checking hashbrown v0.15.5
[INFO] [stderr]     Checking futures-task v0.3.32
[INFO] [stderr]     Checking crossbeam-deque v0.8.6
[INFO] [stderr]     Checking tagptr v0.2.0
[INFO] [stderr]     Checking rayon-core v1.13.0
[INFO] [stderr]     Checking futures-core v0.3.32
[INFO] [stderr]     Checking futures-sink v0.3.32
[INFO] [stderr]     Checking either v1.16.0
[INFO] [stderr]    Compiling reifydb-core v0.9.3
[INFO] [stderr]    Compiling heapless v0.7.17
[INFO] [stderr]     Checking hashbrown v0.17.1
[INFO] [stderr]     Checking crossbeam-skiplist v0.1.3
[INFO] [stderr]    Compiling reifydb-flow v0.9.3
[INFO] [stderr]    Compiling reifydb-sdk v0.9.3
[INFO] [stderr]    Compiling reifydb-testing-sdk v0.9.3 (/opt/rustwide/workdir)
[INFO] [stderr]     Checking bumpalo v3.20.3
[INFO] [stderr]     Checking rayon v1.12.0
[INFO] [stderr]     Checking num-integer v0.1.46
[INFO] [stderr]    Compiling syn v2.0.117
[INFO] [stderr]     Checking mio v1.2.1
[INFO] [stderr]     Checking socket2 v0.6.4
[INFO] [stderr]     Checking rand v0.10.1
[INFO] [stderr]    Compiling jobserver v0.1.34
[INFO] [stderr]    Compiling cc v1.2.63
[INFO] [stderr]     Checking uuid v1.23.2
[INFO] [stderr]     Checking serde_bytes v0.11.19
[INFO] [stderr]     Checking indexmap v2.14.0
[INFO] [stderr]    Compiling zstd-sys v2.0.16+zstd.1.5.7
[INFO] [stderr]    Compiling reifydb-macro-impl v0.9.3
[INFO] [stderr]    Compiling serde_derive v1.0.228
[INFO] [stderr]    Compiling thiserror-impl v2.0.18
[INFO] [stderr]    Compiling tracing-attributes v0.1.31
[INFO] [stderr]    Compiling tokio-macros v2.7.0
[INFO] [stderr]    Compiling futures-macro v0.3.32
[INFO] [stderr]    Compiling reifydb-macro v0.9.3
[INFO] [stderr]     Checking tokio v1.52.3
[INFO] [stderr]     Checking futures-util v0.3.32
[INFO] [stderr]     Checking tracing v0.1.44
[INFO] [stderr]     Checking cobs v0.3.0
[INFO] [stderr]     Checking zstd v0.13.3
[INFO] [stderr]     Checking smallvec v1.15.1
[INFO] [stderr]     Checking num-bigint v0.4.6
[INFO] [stderr]     Checking parking_lot_core v0.9.12
[INFO] [stderr]     Checking parking_lot v0.12.5
[INFO] [stderr]     Checking dashmap v7.0.0-rc2
[INFO] [stderr]     Checking moka v0.12.15
[INFO] [stderr]     Checking postcard v1.1.3
[INFO] [stderr]     Checking reifydb-testing-chaos v0.9.3
[INFO] [stdout] error[E0433]: cannot find module or crate `reifydb_macro` in this scope
[INFO] [stdout]    --> tests/operator/common.rs:132:3
[INFO] [stdout]     |
[INFO] [stdout] 132 | #[reifydb_macro::operator_state]
[INFO] [stdout]     |   ^^^^^^^^^^^^^ use of unresolved module or unlinked crate `reifydb_macro`
[INFO] [stdout] 
[INFO] [stdout] 
[INFO] [stdout] error[E0433]: cannot find module or crate `reifydb_macro` in this scope
[INFO] [stdout]    --> tests/operator/common.rs:222:3
[INFO] [stdout]     |
[INFO] [stdout] 222 | #[reifydb_macro::operator_state]
[INFO] [stdout]     |   ^^^^^^^^^^^^^ use of unresolved module or unlinked crate `reifydb_macro`
[INFO] [stdout] 
[INFO] [stdout] 
[INFO] [stdout] error[E0433]: cannot find module or crate `reifydb_macro` in this scope
[INFO] [stdout]    --> tests/operator/common.rs:314:3
[INFO] [stdout]     |
[INFO] [stdout] 314 | #[reifydb_macro::operator_state]
[INFO] [stdout]     |   ^^^^^^^^^^^^^ use of unresolved module or unlinked crate `reifydb_macro`
[INFO] [stdout] 
[INFO] [stdout] 
[INFO] [stdout] error[E0433]: cannot find module or crate `reifydb_macro` in this scope
[INFO] [stdout]    --> tests/operator/common.rs:446:3
[INFO] [stdout]     |
[INFO] [stdout] 446 | #[reifydb_macro::operator_state]
[INFO] [stdout]     |   ^^^^^^^^^^^^^ use of unresolved module or unlinked crate `reifydb_macro`
[INFO] [stdout] 
[INFO] [stdout] 
[INFO] [stdout] error[E0433]: cannot find module or crate `reifydb_macro` in this scope
[INFO] [stdout]    --> tests/operator/common.rs:552:3
[INFO] [stdout]     |
[INFO] [stdout] 552 | #[reifydb_macro::operator_state]
[INFO] [stdout]     |   ^^^^^^^^^^^^^ use of unresolved module or unlinked crate `reifydb_macro`
[INFO] [stdout] 
[INFO] [stdout] 
[INFO] [stdout] error[E0433]: cannot find module or crate `reifydb_macro` in this scope
[INFO] [stdout]    --> tests/operator/common.rs:653:3
[INFO] [stdout]     |
[INFO] [stdout] 653 | #[reifydb_macro::operator_state]
[INFO] [stdout]     |   ^^^^^^^^^^^^^ use of unresolved module or unlinked crate `reifydb_macro`
[INFO] [stdout] 
[INFO] [stdout] 
[INFO] [stdout] error[E0433]: cannot find module or crate `reifydb_macro` in this scope
[INFO] [stdout]   --> tests/sdk/tumbling.rs:61:3
[INFO] [stdout]    |
[INFO] [stdout] 61 | #[reifydb_macro::operator_state]
[INFO] [stdout]    |   ^^^^^^^^^^^^^ use of unresolved module or unlinked crate `reifydb_macro`
[INFO] [stdout] 
[INFO] [stdout] 
[INFO] [stdout] error[E0433]: cannot find module or crate `reifydb_macro` in this scope
[INFO] [stdout]    --> tests/sdk/tumbling.rs:153:3
[INFO] [stdout]     |
[INFO] [stdout] 153 | #[reifydb_macro::operator_state]
[INFO] [stdout]     |   ^^^^^^^^^^^^^ use of unresolved module or unlinked crate `reifydb_macro`
[INFO] [stdout] 
[INFO] [stdout] 
[INFO] [stdout] error[E0433]: cannot find module or crate `reifydb_macro` in this scope
[INFO] [stdout]    --> tests/sdk/tumbling.rs:210:3
[INFO] [stdout]     |
[INFO] [stdout] 210 | #[reifydb_macro::operator_state]
[INFO] [stdout]     |   ^^^^^^^^^^^^^ use of unresolved module or unlinked crate `reifydb_macro`
[INFO] [stdout] 
[INFO] [stdout] 
[INFO] [stdout] error[E0433]: cannot find module or crate `reifydb_macro` in this scope
[INFO] [stdout]   --> tests/sdk/rolling.rs:34:3
[INFO] [stdout]    |
[INFO] [stdout] 34 | #[reifydb_macro::operator_state]
[INFO] [stdout]    |   ^^^^^^^^^^^^^ use of unresolved module or unlinked crate `reifydb_macro`
[INFO] [stdout] 
[INFO] [stdout] 
[INFO] [stdout] error[E0433]: cannot find module or crate `reifydb_macro` in this scope
[INFO] [stdout]   --> tests/sdk/rolling_top_k.rs:37:3
[INFO] [stdout]    |
[INFO] [stdout] 37 | #[reifydb_macro::operator_state]
[INFO] [stdout]    |   ^^^^^^^^^^^^^ use of unresolved module or unlinked crate `reifydb_macro`
[INFO] [stdout] 
[INFO] [stdout] 
[INFO] [stdout] error[E0433]: cannot find module or crate `reifydb_macro` in this scope
[INFO] [stdout]   --> tests/sdk/tumbling_carry.rs:38:3
[INFO] [stdout]    |
[INFO] [stdout] 38 | #[reifydb_macro::operator_state]
[INFO] [stdout]    |   ^^^^^^^^^^^^^ use of unresolved module or unlinked crate `reifydb_macro`
[INFO] [stdout] 
[INFO] [stdout] 
[INFO] [stdout] error[E0277]: the trait bound `VolumeAccumulator: StateCodec` is not satisfied
[INFO] [stdout]    --> tests/operator/common.rs:138:28
[INFO] [stdout]     |
[INFO] [stdout] 138 | impl WindowAccumulator for VolumeAccumulator {
[INFO] [stdout]     |                            ^^^^^^^^^^^^^^^^^ unsatisfied trait bound
[INFO] [stdout]     |
[INFO] [stdout] help: the trait `Serialize` is not implemented for `VolumeAccumulator`
[INFO] [stdout]    --> tests/operator/common.rs:134:1
[INFO] [stdout]     |
[INFO] [stdout] 134 | pub struct VolumeAccumulator {
[INFO] [stdout]     | ^^^^^^^^^^^^^^^^^^^^^^^^^^^^
[INFO] [stdout]     = help: the following other types implement trait `Serialize`:
[INFO] [stdout]               &'a T
[INFO] [stdout]               &'a mut T
[INFO] [stdout]               ()
[INFO] [stdout]               (T,)
[INFO] [stdout]               (T0, T1)
[INFO] [stdout]               (T0, T1, T2)
[INFO] [stdout]               (T0, T1, T2, T3)
[INFO] [stdout]               (T0, T1, T2, T3, T4)
[INFO] [stdout]             and 423 others
[INFO] [stdout]     = note: required for `VolumeAccumulator` to implement `StateCodec`
[INFO] [stdout] note: required by a bound in `WindowAccumulator`
[INFO] [stdout]    --> /opt/rustwide/cargo-home/registry/src/index.crates.io-1949cf8c6b5b557f/reifydb-flow-0.9.3/src/window/accumulator/mod.rs:18:72
[INFO] [stdout]     |
[INFO] [stdout]  18 | pub trait WindowAccumulator: Clone + Debug + Default + OperatorState + StateCodec + HeapSize {
[INFO] [stdout]     |                                                                        ^^^^^^^^^^ required by this bound in `WindowAccumulator`
[INFO] [stdout] 
[INFO] [stdout] 
[INFO] [stdout] error[E0277]: the trait bound `VolumeAccumulator: serde::de::DeserializeOwned` is not satisfied
[INFO] [stdout]    --> tests/operator/common.rs:138:28
[INFO] [stdout]     |
[INFO] [stdout] 138 | impl WindowAccumulator for VolumeAccumulator {
[INFO] [stdout]     |                            ^^^^^^^^^^^^^^^^^ unsatisfied trait bound
[INFO] [stdout]     |
[INFO] [stdout] help: the trait `for<'de> Deserialize<'de>` is not implemented for `VolumeAccumulator`
[INFO] [stdout]    --> tests/operator/common.rs:134:1
[INFO] [stdout]     |
[INFO] [stdout] 134 | pub struct VolumeAccumulator {
[INFO] [stdout]     | ^^^^^^^^^^^^^^^^^^^^^^^^^^^^
[INFO] [stdout]     = help: the following other types implement trait `Deserialize<'de>`:
[INFO] [stdout]               &'a Path
[INFO] [stdout]               &'a [u8]
[INFO] [stdout]               &'a serde_bytes::bytearray::ByteArray<N>
[INFO] [stdout]               &'a serde_bytes::bytes::Bytes
[INFO] [stdout]               &'a str
[INFO] [stdout]               ()
[INFO] [stdout]               (T,)
[INFO] [stdout]               (T0, T1)
[INFO] [stdout]             and 434 others
[INFO] [stdout]     = note: required for `VolumeAccumulator` to implement `DeserializeOwned`
[INFO] [stdout]     = note: required for `VolumeAccumulator` to implement `StateCodec`
[INFO] [stdout] note: required by a bound in `WindowAccumulator`
[INFO] [stdout]    --> /opt/rustwide/cargo-home/registry/src/index.crates.io-1949cf8c6b5b557f/reifydb-flow-0.9.3/src/window/accumulator/mod.rs:18:72
[INFO] [stdout]     |
[INFO] [stdout]  18 | pub trait WindowAccumulator: Clone + Debug + Default + OperatorState + StateCodec + HeapSize {
[INFO] [stdout]     |                                                                        ^^^^^^^^^^ required by this bound in `WindowAccumulator`
[INFO] [stdout] 
[INFO] [stdout] 
[INFO] [stdout] error[E0277]: the trait bound `VolumeAccumulator: reifydb_codec::row::operator::state::OperatorState` is not satisfied
[INFO] [stdout]    --> tests/operator/common.rs:138:28
[INFO] [stdout]     |
[INFO] [stdout] 138 | impl WindowAccumulator for VolumeAccumulator {
[INFO] [stdout]     |                            ^^^^^^^^^^^^^^^^^ unsatisfied trait bound
[INFO] [stdout]     |
[INFO] [stdout] help: the trait `reifydb_codec::row::operator::state::OperatorState` is not implemented for `VolumeAccumulator`
[INFO] [stdout]    --> tests/operator/common.rs:134:1
[INFO] [stdout]     |
[INFO] [stdout] 134 | pub struct VolumeAccumulator {
[INFO] [stdout]     | ^^^^^^^^^^^^^^^^^^^^^^^^^^^^
[INFO] [stdout]     = help: the following other types implement trait `reifydb_codec::row::operator::state::OperatorState`:
[INFO] [stdout]               (i64, i64, i64)
[INFO] [stdout]               BTreeMap<K, V>
[INFO] [stdout]               CarryMeta<S, Carry, Output>
[INFO] [stdout]               CountState
[INFO] [stdout]               GroupMeta<S>
[INFO] [stdout]               JoinRowExpiryState
[INFO] [stdout]               KeyedInvertibleAccumulator<K, A>
[INFO] [stdout]               LastValue<V>
[INFO] [stdout]             and 26 others
[INFO] [stdout] note: required by a bound in `WindowAccumulator`
[INFO] [stdout]    --> /opt/rustwide/cargo-home/registry/src/index.crates.io-1949cf8c6b5b557f/reifydb-flow-0.9.3/src/window/accumulator/mod.rs:18:56
[INFO] [stdout]     |
[INFO] [stdout]  18 | pub trait WindowAccumulator: Clone + Debug + Default + OperatorState + StateCodec + HeapSize {
[INFO] [stdout]     |                                                        ^^^^^^^^^^^^^ required by this bound in `WindowAccumulator`
[INFO] [stdout] 
[INFO] [stdout] 
[INFO] [stdout] error[E0277]: the trait bound `VolumeAccumulator: StateCodec` is not satisfied
[INFO] [stdout]    --> tests/operator/common.rs:179:21
[INFO] [stdout]     |
[INFO] [stdout] 179 |     type Accumulator = VolumeAccumulator;
[INFO] [stdout]     |                        ^^^^^^^^^^^^^^^^^ unsatisfied trait bound
[INFO] [stdout]     |
[INFO] [stdout] help: the trait `Serialize` is not implemented for `VolumeAccumulator`
[INFO] [stdout]    --> tests/operator/common.rs:134:1
[INFO] [stdout]     |
[INFO] [stdout] 134 | pub struct VolumeAccumulator {
[INFO] [stdout]     | ^^^^^^^^^^^^^^^^^^^^^^^^^^^^
[INFO] [stdout]     = help: the following other types implement trait `Serialize`:
[INFO] [stdout]               &'a T
[INFO] [stdout]               &'a mut T
[INFO] [stdout]               ()
[INFO] [stdout]               (T,)
[INFO] [stdout]               (T0, T1)
[INFO] [stdout]               (T0, T1, T2)
[INFO] [stdout]               (T0, T1, T2, T3)
[INFO] [stdout]               (T0, T1, T2, T3, T4)
[INFO] [stdout]             and 423 others
[INFO] [stdout]     = note: required for `VolumeAccumulator` to implement `StateCodec`
[INFO] [stdout]     = note: required for `<VolumeTumbling as TumblingOperator>::Accumulator` to implement `WindowAccumulator`
[INFO] [stdout] note: required by a bound in `reifydb_sdk::flow::operator::windowed::tumbling::TumblingOperator::Accumulator`
[INFO] [stdout]    --> /opt/rustwide/cargo-home/registry/src/index.crates.io-1949cf8c6b5b557f/reifydb-sdk-0.9.3/src/flow/operator/windowed/tumbling.rs:73:20
[INFO] [stdout]     |
[INFO] [stdout]  65 | pub trait TumblingOperator {
[INFO] [stdout] ...
[INFO] [stdout]  73 |     type Accumulator: WindowAccumulator;
[INFO] [stdout]     |                       ^^^^^^^^^^^^^^^^^ required by this bound in `TumblingOperator::Accumulator`
[INFO] [stdout] 
[INFO] [stdout] 
[INFO] [stdout] error[E0277]: the trait bound `VolumeAccumulator: serde::de::DeserializeOwned` is not satisfied
[INFO] [stdout]    --> tests/operator/common.rs:179:21
[INFO] [stdout]     |
[INFO] [stdout] 179 |     type Accumulator = VolumeAccumulator;
[INFO] [stdout]     |                        ^^^^^^^^^^^^^^^^^ unsatisfied trait bound
[INFO] [stdout]     |
[INFO] [stdout] help: the trait `for<'de> Deserialize<'de>` is not implemented for `VolumeAccumulator`
[INFO] [stdout]    --> tests/operator/common.rs:134:1
[INFO] [stdout]     |
[INFO] [stdout] 134 | pub struct VolumeAccumulator {
[INFO] [stdout]     | ^^^^^^^^^^^^^^^^^^^^^^^^^^^^
[INFO] [stdout]     = help: the following other types implement trait `Deserialize<'de>`:
[INFO] [stdout]               &'a Path
[INFO] [stdout]               &'a [u8]
[INFO] [stdout]               &'a serde_bytes::bytearray::ByteArray<N>
[INFO] [stdout]               &'a serde_bytes::bytes::Bytes
[INFO] [stdout]               &'a str
[INFO] [stdout]               ()
[INFO] [stdout]               (T,)
[INFO] [stdout]               (T0, T1)
[INFO] [stdout]             and 434 others
[INFO] [stdout]     = note: required for `VolumeAccumulator` to implement `DeserializeOwned`
[INFO] [stdout]     = note: required for `<VolumeTumbling as TumblingOperator>::Accumulator` to implement `StateCodec`
[INFO] [stdout]     = note: required for `<VolumeTumbling as TumblingOperator>::Accumulator` to implement `WindowAccumulator`
[INFO] [stdout] note: required by a bound in `reifydb_sdk::flow::operator::windowed::tumbling::TumblingOperator::Accumulator`
[INFO] [stdout]    --> /opt/rustwide/cargo-home/registry/src/index.crates.io-1949cf8c6b5b557f/reifydb-sdk-0.9.3/src/flow/operator/windowed/tumbling.rs:73:20
[INFO] [stdout]     |
[INFO] [stdout]  65 | pub trait TumblingOperator {
[INFO] [stdout] ...
[INFO] [stdout]  73 |     type Accumulator: WindowAccumulator;
[INFO] [stdout]     |                       ^^^^^^^^^^^^^^^^^ required by this bound in `TumblingOperator::Accumulator`
[INFO] [stdout] 
[INFO] [stdout] 
[INFO] [stdout] error[E0277]: the trait bound `VolumeAccumulator: reifydb_codec::row::operator::state::OperatorState` is not satisfied
[INFO] [stdout]    --> tests/operator/common.rs:179:21
[INFO] [stdout]     |
[INFO] [stdout] 179 |     type Accumulator = VolumeAccumulator;
[INFO] [stdout]     |                        ^^^^^^^^^^^^^^^^^ unsatisfied trait bound
[INFO] [stdout]     |
[INFO] [stdout] help: the trait `reifydb_codec::row::operator::state::OperatorState` is not implemented for `VolumeAccumulator`
[INFO] [stdout]    --> tests/operator/common.rs:134:1
[INFO] [stdout]     |
[INFO] [stdout] 134 | pub struct VolumeAccumulator {
[INFO] [stdout]     | ^^^^^^^^^^^^^^^^^^^^^^^^^^^^
[INFO] [stdout]     = help: the following other types implement trait `reifydb_codec::row::operator::state::OperatorState`:
[INFO] [stdout]               (i64, i64, i64)
[INFO] [stdout]               BTreeMap<K, V>
[INFO] [stdout]               CarryMeta<S, Carry, Output>
[INFO] [stdout]               CountState
[INFO] [stdout]               GroupMeta<S>
[INFO] [stdout]               JoinRowExpiryState
[INFO] [stdout]               KeyedInvertibleAccumulator<K, A>
[INFO] [stdout]               LastValue<V>
[INFO] [stdout]             and 26 others
[INFO] [stdout]     = note: required for `<VolumeTumbling as TumblingOperator>::Accumulator` to implement `WindowAccumulator`
[INFO] [stdout] note: required by a bound in `reifydb_sdk::flow::operator::windowed::tumbling::TumblingOperator::Accumulator`
[INFO] [stdout]    --> /opt/rustwide/cargo-home/registry/src/index.crates.io-1949cf8c6b5b557f/reifydb-sdk-0.9.3/src/flow/operator/windowed/tumbling.rs:73:20
[INFO] [stdout]     |
[INFO] [stdout]  65 | pub trait TumblingOperator {
[INFO] [stdout] ...
[INFO] [stdout]  73 |     type Accumulator: WindowAccumulator;
[INFO] [stdout]     |                       ^^^^^^^^^^^^^^^^^ required by this bound in `TumblingOperator::Accumulator`
[INFO] [stdout] 
[INFO] [stdout] 
[INFO] [stdout] error[E0277]: the trait bound `MinAccumulator: StateCodec` is not satisfied
[INFO] [stdout]    --> tests/operator/common.rs:228:28
[INFO] [stdout]     |
[INFO] [stdout] 228 | impl WindowAccumulator for MinAccumulator {
[INFO] [stdout]     |                            ^^^^^^^^^^^^^^ unsatisfied trait bound
[INFO] [stdout]     |
[INFO] [stdout] help: the trait `Serialize` is not implemented for `MinAccumulator`
[INFO] [stdout]    --> tests/operator/common.rs:224:1
[INFO] [stdout]     |
[INFO] [stdout] 224 | pub struct MinAccumulator {
[INFO] [stdout]     | ^^^^^^^^^^^^^^^^^^^^^^^^^
[INFO] [stdout]     = help: the following other types implement trait `Serialize`:
[INFO] [stdout]               &'a T
[INFO] [stdout]               &'a mut T
[INFO] [stdout]               ()
[INFO] [stdout]               (T,)
[INFO] [stdout]               (T0, T1)
[INFO] [stdout]               (T0, T1, T2)
[INFO] [stdout]               (T0, T1, T2, T3)
[INFO] [stdout]               (T0, T1, T2, T3, T4)
[INFO] [stdout]             and 423 others
[INFO] [stdout]     = note: required for `MinAccumulator` to implement `StateCodec`
[INFO] [stdout] note: required by a bound in `WindowAccumulator`
[INFO] [stdout]    --> /opt/rustwide/cargo-home/registry/src/index.crates.io-1949cf8c6b5b557f/reifydb-flow-0.9.3/src/window/accumulator/mod.rs:18:72
[INFO] [stdout]     |
[INFO] [stdout]  18 | pub trait WindowAccumulator: Clone + Debug + Default + OperatorState + StateCodec + HeapSize {
[INFO] [stdout]     |                                                                        ^^^^^^^^^^ required by this bound in `WindowAccumulator`
[INFO] [stdout] 
[INFO] [stdout] 
[INFO] [stdout] error[E0277]: the trait bound `MinAccumulator: serde::de::DeserializeOwned` is not satisfied
[INFO] [stdout]    --> tests/operator/common.rs:228:28
[INFO] [stdout]     |
[INFO] [stdout] 228 | impl WindowAccumulator for MinAccumulator {
[INFO] [stdout]     |                            ^^^^^^^^^^^^^^ unsatisfied trait bound
[INFO] [stdout]     |
[INFO] [stdout] help: the trait `for<'de> Deserialize<'de>` is not implemented for `MinAccumulator`
[INFO] [stdout]    --> tests/operator/common.rs:224:1
[INFO] [stdout]     |
[INFO] [stdout] 224 | pub struct MinAccumulator {
[INFO] [stdout]     | ^^^^^^^^^^^^^^^^^^^^^^^^^
[INFO] [stdout]     = help: the following other types implement trait `Deserialize<'de>`:
[INFO] [stdout]               &'a Path
[INFO] [stdout]               &'a [u8]
[INFO] [stdout]               &'a serde_bytes::bytearray::ByteArray<N>
[INFO] [stdout]               &'a serde_bytes::bytes::Bytes
[INFO] [stdout]               &'a str
[INFO] [stdout]               ()
[INFO] [stdout]               (T,)
[INFO] [stdout]               (T0, T1)
[INFO] [stdout]             and 434 others
[INFO] [stdout]     = note: required for `MinAccumulator` to implement `DeserializeOwned`
[INFO] [stdout]     = note: required for `MinAccumulator` to implement `StateCodec`
[INFO] [stdout] note: required by a bound in `WindowAccumulator`
[INFO] [stdout]    --> /opt/rustwide/cargo-home/registry/src/index.crates.io-1949cf8c6b5b557f/reifydb-flow-0.9.3/src/window/accumulator/mod.rs:18:72
[INFO] [stdout]     |
[INFO] [stdout]  18 | pub trait WindowAccumulator: Clone + Debug + Default + OperatorState + StateCodec + HeapSize {
[INFO] [stdout]     |                                                                        ^^^^^^^^^^ required by this bound in `WindowAccumulator`
[INFO] [stdout] 
[INFO] [stdout] 
[INFO] [stdout] error[E0277]: the trait bound `MinAccumulator: reifydb_codec::row::operator::state::OperatorState` is not satisfied
[INFO] [stdout]    --> tests/operator/common.rs:228:28
[INFO] [stdout]     |
[INFO] [stdout] 228 | impl WindowAccumulator for MinAccumulator {
[INFO] [stdout]     |                            ^^^^^^^^^^^^^^ unsatisfied trait bound
[INFO] [stdout]     |
[INFO] [stdout] help: the trait `reifydb_codec::row::operator::state::OperatorState` is not implemented for `MinAccumulator`
[INFO] [stdout]    --> tests/operator/common.rs:224:1
[INFO] [stdout]     |
[INFO] [stdout] 224 | pub struct MinAccumulator {
[INFO] [stdout]     | ^^^^^^^^^^^^^^^^^^^^^^^^^
[INFO] [stdout]     = help: the following other types implement trait `reifydb_codec::row::operator::state::OperatorState`:
[INFO] [stdout]               (i64, i64, i64)
[INFO] [stdout]               BTreeMap<K, V>
[INFO] [stdout]               CarryMeta<S, Carry, Output>
[INFO] [stdout]               CountState
[INFO] [stdout]               GroupMeta<S>
[INFO] [stdout]               JoinRowExpiryState
[INFO] [stdout]               KeyedInvertibleAccumulator<K, A>
[INFO] [stdout]               LastValue<V>
[INFO] [stdout]             and 26 others
[INFO] [stdout] note: required by a bound in `WindowAccumulator`
[INFO] [stdout]    --> /opt/rustwide/cargo-home/registry/src/index.crates.io-1949cf8c6b5b557f/reifydb-flow-0.9.3/src/window/accumulator/mod.rs:18:56
[INFO] [stdout]     |
[INFO] [stdout]  18 | pub trait WindowAccumulator: Clone + Debug + Default + OperatorState + StateCodec + HeapSize {
[INFO] [stdout]     |                                                        ^^^^^^^^^^^^^ required by this bound in `WindowAccumulator`
[INFO] [stdout] 
[INFO] [stdout] 
[INFO] [stdout] error[E0277]: the trait bound `MinAccumulator: StateCodec` is not satisfied
[INFO] [stdout]    --> tests/operator/common.rs:269:21
[INFO] [stdout]     |
[INFO] [stdout] 269 |     type Accumulator = MinAccumulator;
[INFO] [stdout]     |                        ^^^^^^^^^^^^^^ unsatisfied trait bound
[INFO] [stdout]     |
[INFO] [stdout] help: the trait `Serialize` is not implemented for `MinAccumulator`
[INFO] [stdout]    --> tests/operator/common.rs:224:1
[INFO] [stdout]     |
[INFO] [stdout] 224 | pub struct MinAccumulator {
[INFO] [stdout]     | ^^^^^^^^^^^^^^^^^^^^^^^^^
[INFO] [stdout]     = help: the following other types implement trait `Serialize`:
[INFO] [stdout]               &'a T
[INFO] [stdout]               &'a mut T
[INFO] [stdout]               ()
[INFO] [stdout]               (T,)
[INFO] [stdout]               (T0, T1)
[INFO] [stdout]               (T0, T1, T2)
[INFO] [stdout]               (T0, T1, T2, T3)
[INFO] [stdout]               (T0, T1, T2, T3, T4)
[INFO] [stdout]             and 423 others
[INFO] [stdout]     = note: required for `MinAccumulator` to implement `StateCodec`
[INFO] [stdout]     = note: required for `<MinTumbling as TumblingOperator>::Accumulator` to implement `WindowAccumulator`
[INFO] [stdout] note: required by a bound in `reifydb_sdk::flow::operator::windowed::tumbling::TumblingOperator::Accumulator`
[INFO] [stdout]    --> /opt/rustwide/cargo-home/registry/src/index.crates.io-1949cf8c6b5b557f/reifydb-sdk-0.9.3/src/flow/operator/windowed/tumbling.rs:73:20
[INFO] [stdout]     |
[INFO] [stdout]  65 | pub trait TumblingOperator {
[INFO] [stdout] ...
[INFO] [stdout]  73 |     type Accumulator: WindowAccumulator;
[INFO] [stdout]     |                       ^^^^^^^^^^^^^^^^^ required by this bound in `TumblingOperator::Accumulator`
[INFO] [stdout] 
[INFO] [stdout] 
[INFO] [stdout] error[E0277]: the trait bound `VolumeAccumulator: StateCodec` is not satisfied
[INFO] [stdout]   --> tests/sdk/tumbling.rs:67:28
[INFO] [stdout]    |
[INFO] [stdout] 67 | impl WindowAccumulator for VolumeAccumulator {
[INFO] [stdout]    |                            ^^^^^^^^^^^^^^^^^ unsatisfied trait bound
[INFO] [stdout]    |
[INFO] [stdout] help: the trait `Serialize` is not implemented for `VolumeAccumulator`
[INFO] [stdout]   --> tests/sdk/tumbling.rs:63:1
[INFO] [stdout]    |
[INFO] [stdout] 63 | struct VolumeAccumulator {
[INFO] [stdout]    | ^^^^^^^^^^^^^^^^^^^^^^^^
[INFO] [stdout]    = help: the following other types implement trait `Serialize`:
[INFO] [stdout]              &'a T
[INFO] [stdout]              &'a mut T
[INFO] [stdout]              ()
[INFO] [stdout]              (T,)
[INFO] [stdout]              (T0, T1)
[INFO] [stdout]              (T0, T1, T2)
[INFO] [stdout]              (T0, T1, T2, T3)
[INFO] [stdout]              (T0, T1, T2, T3, T4)
[INFO] [stdout]            and 423 others
[INFO] [stdout]    = note: required for `VolumeAccumulator` to implement `StateCodec`
[INFO] [stdout] note: required by a bound in `WindowAccumulator`
[INFO] [stdout]   --> /opt/rustwide/cargo-home/registry/src/index.crates.io-1949cf8c6b5b557f/reifydb-flow-0.9.3/src/window/accumulator/mod.rs:18:72
[INFO] [stdout]    |
[INFO] [stdout] 18 | pub trait WindowAccumulator: Clone + Debug + Default + OperatorState + StateCodec + HeapSize {
[INFO] [stdout]    |                                                                        ^^^^^^^^^^ required by this bound in `WindowAccumulator`
[INFO] [stdout] 
[INFO] [stdout] 
[INFO] [stdout] error[E0277]: the trait bound `MinAccumulator: serde::de::DeserializeOwned` is not satisfied
[INFO] [stdout]    --> tests/operator/common.rs:269:21
[INFO] [stdout]     |
[INFO] [stdout] 269 |     type Accumulator = MinAccumulator;
[INFO] [stdout]     |                        ^^^^^^^^^^^^^^ unsatisfied trait bound
[INFO] [stdout]     |
[INFO] [stdout] help: the trait `for<'de> Deserialize<'de>` is not implemented for `MinAccumulator`
[INFO] [stdout]    --> tests/operator/common.rs:224:1
[INFO] [stdout]     |
[INFO] [stdout] 224 | pub struct MinAccumulator {
[INFO] [stdout]     | ^^^^^^^^^^^^^^^^^^^^^^^^^
[INFO] [stdout]     = help: the following other types implement trait `Deserialize<'de>`:
[INFO] [stdout]               &'a Path
[INFO] [stdout]               &'a [u8]
[INFO] [stdout]               &'a serde_bytes::bytearray::ByteArray<N>
[INFO] [stdout]               &'a serde_bytes::bytes::Bytes
[INFO] [stdout]               &'a str
[INFO] [stdout]               ()
[INFO] [stdout]               (T,)
[INFO] [stdout]               (T0, T1)
[INFO] [stdout]             and 434 others
[INFO] [stdout]     = note: required for `MinAccumulator` to implement `DeserializeOwned`
[INFO] [stdout]     = note: required for `<MinTumbling as TumblingOperator>::Accumulator` to implement `StateCodec`
[INFO] [stdout]     = note: required for `<MinTumbling as TumblingOperator>::Accumulator` to implement `WindowAccumulator`
[INFO] [stdout] note: required by a bound in `reifydb_sdk::flow::operator::windowed::tumbling::TumblingOperator::Accumulator`
[INFO] [stdout]    --> /opt/rustwide/cargo-home/registry/src/index.crates.io-1949cf8c6b5b557f/reifydb-sdk-0.9.3/src/flow/operator/windowed/tumbling.rs:73:20
[INFO] [stdout]     |
[INFO] [stdout]  65 | pub trait TumblingOperator {
[INFO] [stdout] ...
[INFO] [stdout]  73 |     type Accumulator: WindowAccumulator;
[INFO] [stdout]     |                       ^^^^^^^^^^^^^^^^^ required by this bound in `TumblingOperator::Accumulator`
[INFO] [stdout] 
[INFO] [stdout] 
[INFO] [stdout] error[E0277]: the trait bound `MinAccumulator: reifydb_codec::row::operator::state::OperatorState` is not satisfied
[INFO] [stdout]    --> tests/operator/common.rs:269:21
[INFO] [stdout]     |
[INFO] [stdout] 269 |     type Accumulator = MinAccumulator;
[INFO] [stdout]     |                        ^^^^^^^^^^^^^^ unsatisfied trait bound
[INFO] [stdout]     |
[INFO] [stdout] help: the trait `reifydb_codec::row::operator::state::OperatorState` is not implemented for `MinAccumulator`
[INFO] [stdout]    --> tests/operator/common.rs:224:1
[INFO] [stdout]     |
[INFO] [stdout] 224 | pub struct MinAccumulator {
[INFO] [stdout]     | ^^^^^^^^^^^^^^^^^^^^^^^^^
[INFO] [stdout]     = help: the following other types implement trait `reifydb_codec::row::operator::state::OperatorState`:
[INFO] [stdout]               (i64, i64, i64)
[INFO] [stdout]               BTreeMap<K, V>
[INFO] [stdout]               CarryMeta<S, Carry, Output>
[INFO] [stdout]               CountState
[INFO] [stdout]               GroupMeta<S>
[INFO] [stdout]               JoinRowExpiryState
[INFO] [stdout]               KeyedInvertibleAccumulator<K, A>
[INFO] [stdout]               LastValue<V>
[INFO] [stdout]             and 26 others
[INFO] [stdout]     = note: required for `<MinTumbling as TumblingOperator>::Accumulator` to implement `WindowAccumulator`
[INFO] [stdout] note: required by a bound in `reifydb_sdk::flow::operator::windowed::tumbling::TumblingOperator::Accumulator`
[INFO] [stdout]    --> /opt/rustwide/cargo-home/registry/src/index.crates.io-1949cf8c6b5b557f/reifydb-sdk-0.9.3/src/flow/operator/windowed/tumbling.rs:73:20
[INFO] [stdout]     |
[INFO] [stdout]  65 | pub trait TumblingOperator {
[INFO] [stdout] ...
[INFO] [stdout]  73 |     type Accumulator: WindowAccumulator;
[INFO] [stdout]     |                       ^^^^^^^^^^^^^^^^^ required by this bound in `TumblingOperator::Accumulator`
[INFO] [stdout] 
[INFO] [stdout] 
[INFO] [stdout] error[E0277]: the trait bound `OhlcvAcc: StateCodec` is not satisfied
[INFO] [stdout]    --> tests/operator/common.rs:340:28
[INFO] [stdout]     |
[INFO] [stdout] 340 | impl WindowAccumulator for OhlcvAcc {
[INFO] [stdout]     |                            ^^^^^^^^ unsatisfied trait bound
[INFO] [stdout]     |
[INFO] [stdout] help: the trait `Serialize` is not implemented for `OhlcvAcc`
[INFO] [stdout]    --> tests/operator/common.rs:316:1
[INFO] [stdout]     |
[INFO] [stdout] 316 | pub struct OhlcvAcc {
[INFO] [stdout]     | ^^^^^^^^^^^^^^^^^^^
[INFO] [stdout]     = help: the following other types implement trait `Serialize`:
[INFO] [stdout]               &'a T
[INFO] [stdout]               &'a mut T
[INFO] [stdout]               ()
[INFO] [stdout]               (T,)
[INFO] [stdout]               (T0, T1)
[INFO] [stdout]               (T0, T1, T2)
[INFO] [stdout]               (T0, T1, T2, T3)
[INFO] [stdout]               (T0, T1, T2, T3, T4)
[INFO] [stdout]             and 423 others
[INFO] [stdout]     = note: required for `OhlcvAcc` to implement `StateCodec`
[INFO] [stdout] note: required by a bound in `WindowAccumulator`
[INFO] [stdout]    --> /opt/rustwide/cargo-home/registry/src/index.crates.io-1949cf8c6b5b557f/reifydb-flow-0.9.3/src/window/accumulator/mod.rs:18:72
[INFO] [stdout]     |
[INFO] [stdout]  18 | pub trait WindowAccumulator: Clone + Debug + Default + OperatorState + StateCodec + HeapSize {
[INFO] [stdout]     |                                                                        ^^^^^^^^^^ required by this bound in `WindowAccumulator`
[INFO] [stdout] 
[INFO] [stdout] 
[INFO] [stdout] error[E0277]: the trait bound `VolumeAccumulator: serde::de::DeserializeOwned` is not satisfied
[INFO] [stdout]   --> tests/sdk/tumbling.rs:67:28
[INFO] [stdout]    |
[INFO] [stdout] 67 | impl WindowAccumulator for VolumeAccumulator {
[INFO] [stdout]    |                            ^^^^^^^^^^^^^^^^^ unsatisfied trait bound
[INFO] [stdout]    |
[INFO] [stdout] help: the trait `for<'de> Deserialize<'de>` is not implemented for `VolumeAccumulator`
[INFO] [stdout]   --> tests/sdk/tumbling.rs:63:1
[INFO] [stdout]    |
[INFO] [stdout] 63 | struct VolumeAccumulator {
[INFO] [stdout]    | ^^^^^^^^^^^^^^^^^^^^^^^^
[INFO] [stdout]    = help: the following other types implement trait `Deserialize<'de>`:
[INFO] [stdout]              &'a Path
[INFO] [stdout]              &'a [u8]
[INFO] [stdout]              &'a serde_bytes::bytearray::ByteArray<N>
[INFO] [stdout]              &'a serde_bytes::bytes::Bytes
[INFO] [stdout]              &'a str
[INFO] [stdout]              ()
[INFO] [stdout]              (T,)
[INFO] [stdout]              (T0, T1)
[INFO] [stdout]            and 434 others
[INFO] [stdout]    = note: required for `VolumeAccumulator` to implement `DeserializeOwned`
[INFO] [stdout]    = note: required for `VolumeAccumulator` to implement `StateCodec`
[INFO] [stdout] note: required by a bound in `WindowAccumulator`
[INFO] [stdout]   --> /opt/rustwide/cargo-home/registry/src/index.crates.io-1949cf8c6b5b557f/reifydb-flow-0.9.3/src/window/accumulator/mod.rs:18:72
[INFO] [stdout]    |
[INFO] [stdout] 18 | pub trait WindowAccumulator: Clone + Debug + Default + OperatorState + StateCodec + HeapSize {
[INFO] [stdout]    |                                                                        ^^^^^^^^^^ required by this bound in `WindowAccumulator`
[INFO] [stdout] 
[INFO] [stdout] 
[INFO] [stdout] error[E0277]: the trait bound `VolumeAccumulator: reifydb_codec::row::operator::state::OperatorState` is not satisfied
[INFO] [stdout]   --> tests/sdk/tumbling.rs:67:28
[INFO] [stdout]    |
[INFO] [stdout] 67 | impl WindowAccumulator for VolumeAccumulator {
[INFO] [stdout]    |                            ^^^^^^^^^^^^^^^^^ unsatisfied trait bound
[INFO] [stdout]    |
[INFO] [stdout] help: the trait `reifydb_codec::row::operator::state::OperatorState` is not implemented for `VolumeAccumulator`
[INFO] [stdout]   --> tests/sdk/tumbling.rs:63:1
[INFO] [stdout]    |
[INFO] [stdout] 63 | struct VolumeAccumulator {
[INFO] [stdout]    | ^^^^^^^^^^^^^^^^^^^^^^^^
[INFO] [stdout]    = help: the following other types implement trait `reifydb_codec::row::operator::state::OperatorState`:
[INFO] [stdout]              (i64, i64, i64)
[INFO] [stdout]              BTreeMap<K, V>
[INFO] [stdout]              CarryMeta<S, Carry, Output>
[INFO] [stdout]              CountState
[INFO] [stdout]              GroupMeta<S>
[INFO] [stdout]              JoinRowExpiryState
[INFO] [stdout]              KeyedInvertibleAccumulator<K, A>
[INFO] [stdout]              LastValue<V>
[INFO] [stdout]            and 26 others
[INFO] [stdout] note: required by a bound in `WindowAccumulator`
[INFO] [stdout]   --> /opt/rustwide/cargo-home/registry/src/index.crates.io-1949cf8c6b5b557f/reifydb-flow-0.9.3/src/window/accumulator/mod.rs:18:56
[INFO] [stdout]    |
[INFO] [stdout] 18 | pub trait WindowAccumulator: Clone + Debug + Default + OperatorState + StateCodec + HeapSize {
[INFO] [stdout]    |                                                        ^^^^^^^^^^^^^ required by this bound in `WindowAccumulator`
[INFO] [stdout] 
[INFO] [stdout] 
[INFO] [stdout] error[E0277]: the trait bound `OhlcvAcc: serde::de::DeserializeOwned` is not satisfied
[INFO] [stdout]    --> tests/operator/common.rs:340:28
[INFO] [stdout]     |
[INFO] [stdout] 340 | impl WindowAccumulator for OhlcvAcc {
[INFO] [stdout]     |                            ^^^^^^^^ unsatisfied trait bound
[INFO] [stdout]     |
[INFO] [stdout] help: the trait `for<'de> Deserialize<'de>` is not implemented for `OhlcvAcc`
[INFO] [stdout]    --> tests/operator/common.rs:316:1
[INFO] [stdout]     |
[INFO] [stdout] 316 | pub struct OhlcvAcc {
[INFO] [stdout]     | ^^^^^^^^^^^^^^^^^^^
[INFO] [stdout]     = help: the following other types implement trait `Deserialize<'de>`:
[INFO] [stdout]               &'a Path
[INFO] [stdout]               &'a [u8]
[INFO] [stdout]               &'a serde_bytes::bytearray::ByteArray<N>
[INFO] [stdout]               &'a serde_bytes::bytes::Bytes
[INFO] [stdout]               &'a str
[INFO] [stdout]               ()
[INFO] [stdout]               (T,)
[INFO] [stdout]               (T0, T1)
[INFO] [stdout]             and 434 others
[INFO] [stdout]     = note: required for `OhlcvAcc` to implement `DeserializeOwned`
[INFO] [stdout]     = note: required for `OhlcvAcc` to implement `StateCodec`
[INFO] [stdout] note: required by a bound in `WindowAccumulator`
[INFO] [stdout]    --> /opt/rustwide/cargo-home/registry/src/index.crates.io-1949cf8c6b5b557f/reifydb-flow-0.9.3/src/window/accumulator/mod.rs:18:72
[INFO] [stdout]     |
[INFO] [stdout]  18 | pub trait WindowAccumulator: Clone + Debug + Default + OperatorState + StateCodec + HeapSize {
[INFO] [stdout]     |                                                                        ^^^^^^^^^^ required by this bound in `WindowAccumulator`
[INFO] [stdout] 
[INFO] [stdout] 
[INFO] [stdout] error[E0277]: the trait bound `OhlcvAcc: reifydb_codec::row::operator::state::OperatorState` is not satisfied
[INFO] [stdout]    --> tests/operator/common.rs:340:28
[INFO] [stdout]     |
[INFO] [stdout] 340 | impl WindowAccumulator for OhlcvAcc {
[INFO] [stdout]     |                            ^^^^^^^^ unsatisfied trait bound
[INFO] [stdout]     |
[INFO] [stdout] help: the trait `reifydb_codec::row::operator::state::OperatorState` is not implemented for `OhlcvAcc`
[INFO] [stdout]    --> tests/operator/common.rs:316:1
[INFO] [stdout]     |
[INFO] [stdout] 316 | pub struct OhlcvAcc {
[INFO] [stdout]     | ^^^^^^^^^^^^^^^^^^^
[INFO] [stdout]     = help: the following other types implement trait `reifydb_codec::row::operator::state::OperatorState`:
[INFO] [stdout]               (i64, i64, i64)
[INFO] [stdout]               BTreeMap<K, V>
[INFO] [stdout]               CarryMeta<S, Carry, Output>
[INFO] [stdout]               CountState
[INFO] [stdout]               GroupMeta<S>
[INFO] [stdout]               JoinRowExpiryState
[INFO] [stdout]               KeyedInvertibleAccumulator<K, A>
[INFO] [stdout]               LastValue<V>
[INFO] [stdout]             and 26 others
[INFO] [stdout] note: required by a bound in `WindowAccumulator`
[INFO] [stdout]    --> /opt/rustwide/cargo-home/registry/src/index.crates.io-1949cf8c6b5b557f/reifydb-flow-0.9.3/src/window/accumulator/mod.rs:18:56
[INFO] [stdout]     |
[INFO] [stdout]  18 | pub trait WindowAccumulator: Clone + Debug + Default + OperatorState + StateCodec + HeapSize {
[INFO] [stdout]     |                                                        ^^^^^^^^^^^^^ required by this bound in `WindowAccumulator`
[INFO] [stdout] 
[INFO] [stdout] 
[INFO] [stdout] error[E0277]: the trait bound `OhlcvAcc: StateCodec` is not satisfied
[INFO] [stdout]    --> tests/operator/common.rs:399:21
[INFO] [stdout]     |
[INFO] [stdout] 399 |     type Accumulator = OhlcvAcc;
[INFO] [stdout]     |                        ^^^^^^^^ unsatisfied trait bound
[INFO] [stdout]     |
[INFO] [stdout] help: the trait `Serialize` is not implemented for `OhlcvAcc`
[INFO] [stdout]    --> tests/operator/common.rs:316:1
[INFO] [stdout]     |
[INFO] [stdout] 316 | pub struct OhlcvAcc {
[INFO] [stdout]     | ^^^^^^^^^^^^^^^^^^^
[INFO] [stdout]     = help: the following other types implement trait `Serialize`:
[INFO] [stdout]               &'a T
[INFO] [stdout]               &'a mut T
[INFO] [stdout]               ()
[INFO] [stdout]               (T,)
[INFO] [stdout]               (T0, T1)
[INFO] [stdout]               (T0, T1, T2)
[INFO] [stdout]               (T0, T1, T2, T3)
[INFO] [stdout]               (T0, T1, T2, T3, T4)
[INFO] [stdout]             and 423 others
[INFO] [stdout]     = note: required for `OhlcvAcc` to implement `StateCodec`
[INFO] [stdout]     = note: required for `<OhlcvSealingTumbling as TumblingOperator>::Accumulator` to implement `WindowAccumulator`
[INFO] [stdout] note: required by a bound in `reifydb_sdk::flow::operator::windowed::tumbling::TumblingOperator::Accumulator`
[INFO] [stdout]    --> /opt/rustwide/cargo-home/registry/src/index.crates.io-1949cf8c6b5b557f/reifydb-sdk-0.9.3/src/flow/operator/windowed/tumbling.rs:73:20
[INFO] [stdout]     |
[INFO] [stdout]  65 | pub trait TumblingOperator {
[INFO] [stdout] ...
[INFO] [stdout]  73 |     type Accumulator: WindowAccumulator;
[INFO] [stdout]     |                       ^^^^^^^^^^^^^^^^^ required by this bound in `TumblingOperator::Accumulator`
[INFO] [stdout] 
[INFO] [stdout] 
[INFO] [stdout] error[E0277]: the trait bound `VolumeAccumulator: StateCodec` is not satisfied
[INFO] [stdout]    --> tests/sdk/tumbling.rs:108:21
[INFO] [stdout]     |
[INFO] [stdout] 108 |     type Accumulator = VolumeAccumulator;
[INFO] [stdout]     |                        ^^^^^^^^^^^^^^^^^ unsatisfied trait bound
[INFO] [stdout]     |
[INFO] [stdout] help: the trait `Serialize` is not implemented for `VolumeAccumulator`
[INFO] [stdout]    --> tests/sdk/tumbling.rs:63:1
[INFO] [stdout]     |
[INFO] [stdout]  63 | struct VolumeAccumulator {
[INFO] [stdout]     | ^^^^^^^^^^^^^^^^^^^^^^^^
[INFO] [stdout]     = help: the following other types implement trait `Serialize`:
[INFO] [stdout]               &'a T
[INFO] [stdout]               &'a mut T
[INFO] [stdout]               ()
[INFO] [stdout]               (T,)
[INFO] [stdout]               (T0, T1)
[INFO] [stdout]               (T0, T1, T2)
[INFO] [stdout]               (T0, T1, T2, T3)
[INFO] [stdout]               (T0, T1, T2, T3, T4)
[INFO] [stdout]             and 423 others
[INFO] [stdout]     = note: required for `VolumeAccumulator` to implement `StateCodec`
[INFO] [stdout]     = note: required for `<TestVolume as TumblingOperator>::Accumulator` to implement `WindowAccumulator`
[INFO] [stdout] note: required by a bound in `reifydb_sdk::flow::operator::windowed::tumbling::TumblingOperator::Accumulator`
[INFO] [stdout]    --> /opt/rustwide/cargo-home/registry/src/index.crates.io-1949cf8c6b5b557f/reifydb-sdk-0.9.3/src/flow/operator/windowed/tumbling.rs:73:20
[INFO] [stdout]     |
[INFO] [stdout]  65 | pub trait TumblingOperator {
[INFO] [stdout] ...
[INFO] [stdout]  73 |     type Accumulator: WindowAccumulator;
[INFO] [stdout]     |                       ^^^^^^^^^^^^^^^^^ required by this bound in `TumblingOperator::Accumulator`
[INFO] [stdout]     = note: the full name for the type has been written to '/opt/rustwide/target/debug/build/reifydb-testing-sdk/931f0a0712884460/out/sdk-931f0a0712884460.long-type-1890960877427466202.txt'
[INFO] [stdout]     = note: consider using `--verbose` to print the full type name to the console
[INFO] [stdout] 
[INFO] [stdout] 
[INFO] [stdout] error[E0277]: the trait bound `OhlcvAcc: serde::de::DeserializeOwned` is not satisfied
[INFO] [stdout]    --> tests/operator/common.rs:399:21
[INFO] [stdout]     |
[INFO] [stdout] 399 |     type Accumulator = OhlcvAcc;
[INFO] [stdout]     |                        ^^^^^^^^ unsatisfied trait bound
[INFO] [stdout]     |
[INFO] [stdout] help: the trait `for<'de> Deserialize<'de>` is not implemented for `OhlcvAcc`
[INFO] [stdout]    --> tests/operator/common.rs:316:1
[INFO] [stdout]     |
[INFO] [stdout] 316 | pub struct OhlcvAcc {
[INFO] [stdout]     | ^^^^^^^^^^^^^^^^^^^
[INFO] [stdout]     = help: the following other types implement trait `Deserialize<'de>`:
[INFO] [stdout]               &'a Path
[INFO] [stdout]               &'a [u8]
[INFO] [stdout]               &'a serde_bytes::bytearray::ByteArray<N>
[INFO] [stdout]               &'a serde_bytes::bytes::Bytes
[INFO] [stdout]               &'a str
[INFO] [stdout]               ()
[INFO] [stdout]               (T,)
[INFO] [stdout]               (T0, T1)
[INFO] [stdout]             and 434 others
[INFO] [stdout]     = note: required for `OhlcvAcc` to implement `DeserializeOwned`
[INFO] [stdout]     = note: required for `<OhlcvSealingTumbling as TumblingOperator>::Accumulator` to implement `StateCodec`
[INFO] [stdout]     = note: required for `<OhlcvSealingTumbling as TumblingOperator>::Accumulator` to implement `WindowAccumulator`
[INFO] [stdout] note: required by a bound in `reifydb_sdk::flow::operator::windowed::tumbling::TumblingOperator::Accumulator`
[INFO] [stdout]    --> /opt/rustwide/cargo-home/registry/src/index.crates.io-1949cf8c6b5b557f/reifydb-sdk-0.9.3/src/flow/operator/windowed/tumbling.rs:73:20
[INFO] [stdout]     |
[INFO] [stdout]  65 | pub trait TumblingOperator {
[INFO] [stdout] ...
[INFO] [stdout]  73 |     type Accumulator: WindowAccumulator;
[INFO] [stdout]     |                       ^^^^^^^^^^^^^^^^^ required by this bound in `TumblingOperator::Accumulator`
[INFO] [stdout] 
[INFO] [stdout] 
[INFO] [stdout] error[E0277]: the trait bound `OhlcvAcc: reifydb_codec::row::operator::state::OperatorState` is not satisfied
[INFO] [stdout]    --> tests/operator/common.rs:399:21
[INFO] [stdout]     |
[INFO] [stdout] 399 |     type Accumulator = OhlcvAcc;
[INFO] [stdout]     |                        ^^^^^^^^ unsatisfied trait bound
[INFO] [stdout]     |
[INFO] [stdout] help: the trait `reifydb_codec::row::operator::state::OperatorState` is not implemented for `OhlcvAcc`
[INFO] [stdout]    --> tests/operator/common.rs:316:1
[INFO] [stdout]     |
[INFO] [stdout] 316 | pub struct OhlcvAcc {
[INFO] [stdout]     | ^^^^^^^^^^^^^^^^^^^
[INFO] [stdout]     = help: the following other types implement trait `reifydb_codec::row::operator::state::OperatorState`:
[INFO] [stdout]               (i64, i64, i64)
[INFO] [stdout]               BTreeMap<K, V>
[INFO] [stdout]               CarryMeta<S, Carry, Output>
[INFO] [stdout]               CountState
[INFO] [stdout]               GroupMeta<S>
[INFO] [stdout]               JoinRowExpiryState
[INFO] [stdout]               KeyedInvertibleAccumulator<K, A>
[INFO] [stdout]               LastValue<V>
[INFO] [stdout]             and 26 others
[INFO] [stdout]     = note: required for `<OhlcvSealingTumbling as TumblingOperator>::Accumulator` to implement `WindowAccumulator`
[INFO] [stdout] note: required by a bound in `reifydb_sdk::flow::operator::windowed::tumbling::TumblingOperator::Accumulator`
[INFO] [stdout]    --> /opt/rustwide/cargo-home/registry/src/index.crates.io-1949cf8c6b5b557f/reifydb-sdk-0.9.3/src/flow/operator/windowed/tumbling.rs:73:20
[INFO] [stdout]     |
[INFO] [stdout]  65 | pub trait TumblingOperator {
[INFO] [stdout] ...
[INFO] [stdout]  73 |     type Accumulator: WindowAccumulator;
[INFO] [stdout]     |                       ^^^^^^^^^^^^^^^^^ required by this bound in `TumblingOperator::Accumulator`
[INFO] [stdout] 
[INFO] [stdout] 
[INFO] [stdout] error[E0277]: the trait bound `WindowSum: StateCodec` is not satisfied
[INFO] [stdout]    --> tests/operator/common.rs:452:28
[INFO] [stdout]     |
[INFO] [stdout] 452 | impl WindowAccumulator for WindowSum {
[INFO] [stdout]     |                            ^^^^^^^^^ unsatisfied trait bound
[INFO] [stdout]     |
[INFO] [stdout] help: the trait `Serialize` is not implemented for `WindowSum`
[INFO] [stdout]    --> tests/operator/common.rs:448:1
[INFO] [stdout]     |
[INFO] [stdout] 448 | pub struct WindowSum {
[INFO] [stdout]     | ^^^^^^^^^^^^^^^^^^^^
[INFO] [stdout]     = help: the following other types implement trait `Serialize`:
[INFO] [stdout]               &'a T
[INFO] [stdout]               &'a mut T
[INFO] [stdout]               ()
[INFO] [stdout]               (T,)
[INFO] [stdout]               (T0, T1)
[INFO] [stdout]               (T0, T1, T2)
[INFO] [stdout]               (T0, T1, T2, T3)
[INFO] [stdout]               (T0, T1, T2, T3, T4)
[INFO] [stdout]             and 423 others
[INFO] [stdout]     = note: required for `WindowSum` to implement `StateCodec`
[INFO] [stdout] note: required by a bound in `WindowAccumulator`
[INFO] [stdout]    --> /opt/rustwide/cargo-home/registry/src/index.crates.io-1949cf8c6b5b557f/reifydb-flow-0.9.3/src/window/accumulator/mod.rs:18:72
[INFO] [stdout]     |
[INFO] [stdout]  18 | pub trait WindowAccumulator: Clone + Debug + Default + OperatorState + StateCodec + HeapSize {
[INFO] [stdout]     |                                                                        ^^^^^^^^^^ required by this bound in `WindowAccumulator`
[INFO] [stdout] 
[INFO] [stdout] 
[INFO] [stdout] error[E0277]: the trait bound `VolumeAccumulator: serde::de::DeserializeOwned` is not satisfied
[INFO] [stdout]    --> tests/sdk/tumbling.rs:108:21
[INFO] [stdout]     |
[INFO] [stdout] 108 |     type Accumulator = VolumeAccumulator;
[INFO] [stdout]     |                        ^^^^^^^^^^^^^^^^^ unsatisfied trait bound
[INFO] [stdout]     |
[INFO] [stdout] help: the trait `for<'de> Deserialize<'de>` is not implemented for `VolumeAccumulator`
[INFO] [stdout]    --> tests/sdk/tumbling.rs:63:1
[INFO] [stdout]     |
[INFO] [stdout]  63 | struct VolumeAccumulator {
[INFO] [stdout]     | ^^^^^^^^^^^^^^^^^^^^^^^^
[INFO] [stdout]     = help: the following other types implement trait `Deserialize<'de>`:
[INFO] [stdout]               &'a Path
[INFO] [stdout]               &'a [u8]
[INFO] [stdout]               &'a serde_bytes::bytearray::ByteArray<N>
[INFO] [stdout]               &'a serde_bytes::bytes::Bytes
[INFO] [stdout]               &'a str
[INFO] [stdout]               ()
[INFO] [stdout]               (T,)
[INFO] [stdout]               (T0, T1)
[INFO] [stdout]             and 434 others
[INFO] [stdout]     = note: required for `VolumeAccumulator` to implement `DeserializeOwned`
[INFO] [stdout]     = note: required for `<TestVolume as TumblingOperator>::Accumulator` to implement `StateCodec`
[INFO] [stdout]     = note: required for `<TestVolume as TumblingOperator>::Accumulator` to implement `WindowAccumulator`
[INFO] [stdout] note: required by a bound in `reifydb_sdk::flow::operator::windowed::tumbling::TumblingOperator::Accumulator`
[INFO] [stdout]    --> /opt/rustwide/cargo-home/registry/src/index.crates.io-1949cf8c6b5b557f/reifydb-sdk-0.9.3/src/flow/operator/windowed/tumbling.rs:73:20
[INFO] [stdout]     |
[INFO] [stdout]  65 | pub trait TumblingOperator {
[INFO] [stdout] ...
[INFO] [stdout]  73 |     type Accumulator: WindowAccumulator;
[INFO] [stdout]     |                       ^^^^^^^^^^^^^^^^^ required by this bound in `TumblingOperator::Accumulator`
[INFO] [stdout]     = note: the full name for the type has been written to '/opt/rustwide/target/debug/build/reifydb-testing-sdk/931f0a0712884460/out/sdk-931f0a0712884460.long-type-1890960877427466202.txt'
[INFO] [stdout]     = note: consider using `--verbose` to print the full type name to the console
[INFO] [stdout] 
[INFO] [stdout] 
[INFO] [stdout] error[E0277]: the trait bound `VolumeAccumulator: reifydb_codec::row::operator::state::OperatorState` is not satisfied
[INFO] [stdout]    --> tests/sdk/tumbling.rs:108:21
[INFO] [stdout]     |
[INFO] [stdout] 108 |     type Accumulator = VolumeAccumulator;
[INFO] [stdout]     |                        ^^^^^^^^^^^^^^^^^ unsatisfied trait bound
[INFO] [stdout]     |
[INFO] [stdout] help: the trait `reifydb_codec::row::operator::state::OperatorState` is not implemented for `VolumeAccumulator`
[INFO] [stdout]    --> tests/sdk/tumbling.rs:63:1
[INFO] [stdout]     |
[INFO] [stdout]  63 | struct VolumeAccumulator {
[INFO] [stdout]     | ^^^^^^^^^^^^^^^^^^^^^^^^
[INFO] [stdout]     = help: the following other types implement trait `reifydb_codec::row::operator::state::OperatorState`:
[INFO] [stdout]               (i64, i64, i64)
[INFO] [stdout]               BTreeMap<K, V>
[INFO] [stdout]               CarryMeta<S, Carry, Output>
[INFO] [stdout]               CountState
[INFO] [stdout]               GroupMeta<S>
[INFO] [stdout]               JoinRowExpiryState
[INFO] [stdout]               KeyedInvertibleAccumulator<K, A>
[INFO] [stdout]               LastValue<V>
[INFO] [stdout]             and 26 others
[INFO] [stdout]     = note: required for `<TestVolume as TumblingOperator>::Accumulator` to implement `WindowAccumulator`
[INFO] [stdout] note: required by a bound in `reifydb_sdk::flow::operator::windowed::tumbling::TumblingOperator::Accumulator`
[INFO] [stdout]    --> /opt/rustwide/cargo-home/registry/src/index.crates.io-1949cf8c6b5b557f/reifydb-sdk-0.9.3/src/flow/operator/windowed/tumbling.rs:73:20
[INFO] [stdout]     |
[INFO] [stdout]  65 | pub trait TumblingOperator {
[INFO] [stdout] ...
[INFO] [stdout]  73 |     type Accumulator: WindowAccumulator;
[INFO] [stdout]     |                       ^^^^^^^^^^^^^^^^^ required by this bound in `TumblingOperator::Accumulator`
[INFO] [stdout]     = note: the full name for the type has been written to '/opt/rustwide/target/debug/build/reifydb-testing-sdk/931f0a0712884460/out/sdk-931f0a0712884460.long-type-1890960877427466202.txt'
[INFO] [stdout]     = note: consider using `--verbose` to print the full type name to the console
[INFO] [stdout] 
[INFO] [stdout] 
[INFO] [stdout] error[E0277]: the trait bound `WindowSum: serde::de::DeserializeOwned` is not satisfied
[INFO] [stdout]    --> tests/operator/common.rs:452:28
[INFO] [stdout]     |
[INFO] [stdout] 452 | impl WindowAccumulator for WindowSum {
[INFO] [stdout]     |                            ^^^^^^^^^ unsatisfied trait bound
[INFO] [stdout]     |
[INFO] [stdout] help: the trait `for<'de> Deserialize<'de>` is not implemented for `WindowSum`
[INFO] [stdout]    --> tests/operator/common.rs:448:1
[INFO] [stdout]     |
[INFO] [stdout] 448 | pub struct WindowSum {
[INFO] [stdout]     | ^^^^^^^^^^^^^^^^^^^^
[INFO] [stdout]     = help: the following other types implement trait `Deserialize<'de>`:
[INFO] [stdout]               &'a Path
[INFO] [stdout]               &'a [u8]
[INFO] [stdout]               &'a serde_bytes::bytearray::ByteArray<N>
[INFO] [stdout]               &'a serde_bytes::bytes::Bytes
[INFO] [stdout]               &'a str
[INFO] [stdout]               ()
[INFO] [stdout]               (T,)
[INFO] [stdout]               (T0, T1)
[INFO] [stdout]             and 434 others
[INFO] [stdout]     = note: required for `WindowSum` to implement `DeserializeOwned`
[INFO] [stdout]     = note: required for `WindowSum` to implement `StateCodec`
[INFO] [stdout] note: required by a bound in `WindowAccumulator`
[INFO] [stdout]    --> /opt/rustwide/cargo-home/registry/src/index.crates.io-1949cf8c6b5b557f/reifydb-flow-0.9.3/src/window/accumulator/mod.rs:18:72
[INFO] [stdout]     |
[INFO] [stdout]  18 | pub trait WindowAccumulator: Clone + Debug + Default + OperatorState + StateCodec + HeapSize {
[INFO] [stdout]     |                                                                        ^^^^^^^^^^ required by this bound in `WindowAccumulator`
[INFO] [stdout] 
[INFO] [stdout] 
[INFO] [stdout] error[E0277]: the trait bound `WindowSum: reifydb_codec::row::operator::state::OperatorState` is not satisfied
[INFO] [stdout]    --> tests/operator/common.rs:452:28
[INFO] [stdout]     |
[INFO] [stdout] 452 | impl WindowAccumulator for WindowSum {
[INFO] [stdout]     |                            ^^^^^^^^^ unsatisfied trait bound
[INFO] [stdout]     |
[INFO] [stdout] help: the trait `reifydb_codec::row::operator::state::OperatorState` is not implemented for `WindowSum`
[INFO] [stdout]    --> tests/operator/common.rs:448:1
[INFO] [stdout]     |
[INFO] [stdout] 448 | pub struct WindowSum {
[INFO] [stdout]     | ^^^^^^^^^^^^^^^^^^^^
[INFO] [stdout]     = help: the following other types implement trait `reifydb_codec::row::operator::state::OperatorState`:
[INFO] [stdout]               (i64, i64, i64)
[INFO] [stdout]               BTreeMap<K, V>
[INFO] [stdout]               CarryMeta<S, Carry, Output>
[INFO] [stdout]               CountState
[INFO] [stdout]               GroupMeta<S>
[INFO] [stdout]               JoinRowExpiryState
[INFO] [stdout]               KeyedInvertibleAccumulator<K, A>
[INFO] [stdout]               LastValue<V>
[INFO] [stdout]             and 26 others
[INFO] [stdout] note: required by a bound in `WindowAccumulator`
[INFO] [stdout]    --> /opt/rustwide/cargo-home/registry/src/index.crates.io-1949cf8c6b5b557f/reifydb-flow-0.9.3/src/window/accumulator/mod.rs:18:56
[INFO] [stdout]     |
[INFO] [stdout]  18 | pub trait WindowAccumulator: Clone + Debug + Default + OperatorState + StateCodec + HeapSize {
[INFO] [stdout]     |                                                        ^^^^^^^^^^^^^ required by this bound in `WindowAccumulator`
[INFO] [stdout] 
[INFO] [stdout] 
[INFO] [stdout] error[E0277]: the trait bound `VolumeAccumulator: StateCodec` is not satisfied
[INFO] [stdout]    --> tests/sdk/tumbling.rs:162:21
[INFO] [stdout]     |
[INFO] [stdout] 162 |     type Accumulator = VolumeAccumulator;
[INFO] [stdout]     |                        ^^^^^^^^^^^^^^^^^ unsatisfied trait bound
[INFO] [stdout]     |
[INFO] [stdout] help: the trait `Serialize` is not implemented for `VolumeAccumulator`
[INFO] [stdout]    --> tests/sdk/tumbling.rs:63:1
[INFO] [stdout]     |
[INFO] [stdout]  63 | struct VolumeAccumulator {
[INFO] [stdout]     | ^^^^^^^^^^^^^^^^^^^^^^^^
[INFO] [stdout]     = help: the following other types implement trait `Serialize`:
[INFO] [stdout]               &'a T
[INFO] [stdout]               &'a mut T
[INFO] [stdout]               ()
[INFO] [stdout]               (T,)
[INFO] [stdout]               (T0, T1)
[INFO] [stdout]               (T0, T1, T2)
[INFO] [stdout]               (T0, T1, T2, T3)
[INFO] [stdout]               (T0, T1, T2, T3, T4)
[INFO] [stdout]             and 423 others
[INFO] [stdout]     = note: required for `VolumeAccumulator` to implement `StateCodec`
[INFO] [stdout]     = note: required for `<SealedVolume as TumblingOperator>::Accumulator` to implement `WindowAccumulator`
[INFO] [stdout] note: required by a bound in `reifydb_sdk::flow::operator::windowed::tumbling::TumblingOperator::Accumulator`
[INFO] [stdout]    --> /opt/rustwide/cargo-home/registry/src/index.crates.io-1949cf8c6b5b557f/reifydb-sdk-0.9.3/src/flow/operator/windowed/tumbling.rs:73:20
[INFO] [stdout]     |
[INFO] [stdout]  65 | pub trait TumblingOperator {
[INFO] [stdout] ...
[INFO] [stdout]  73 |     type Accumulator: WindowAccumulator;
[INFO] [stdout]     |                       ^^^^^^^^^^^^^^^^^ required by this bound in `TumblingOperator::Accumulator`
[INFO] [stdout]     = note: the full name for the type has been written to '/opt/rustwide/target/debug/build/reifydb-testing-sdk/931f0a0712884460/out/sdk-931f0a0712884460.long-type-15469556995883347867.txt'
[INFO] [stdout]     = note: consider using `--verbose` to print the full type name to the console
[INFO] [stdout] 
[INFO] [stdout] 
[INFO] [stdout] error[E0277]: the trait bound `WindowSum: StateCodec` is not satisfied
[INFO] [stdout]    --> tests/operator/common.rs:501:21
[INFO] [stdout]     |
[INFO] [stdout] 501 |     type Accumulator = WindowSum;
[INFO] [stdout]     |                        ^^^^^^^^^ unsatisfied trait bound
[INFO] [stdout]     |
[INFO] [stdout] help: the trait `Serialize` is not implemented for `WindowSum`
[INFO] [stdout]    --> tests/operator/common.rs:448:1
[INFO] [stdout]     |
[INFO] [stdout] 448 | pub struct WindowSum {
[INFO] [stdout]     | ^^^^^^^^^^^^^^^^^^^^
[INFO] [stdout]     = help: the following other types implement trait `Serialize`:
[INFO] [stdout]               &'a T
[INFO] [stdout]               &'a mut T
[INFO] [stdout]               ()
[INFO] [stdout]               (T,)
[INFO] [stdout]               (T0, T1)
[INFO] [stdout]               (T0, T1, T2)
[INFO] [stdout]               (T0, T1, T2, T3)
[INFO] [stdout]               (T0, T1, T2, T3, T4)
[INFO] [stdout]             and 423 others
[INFO] [stdout]     = note: required for `WindowSum` to implement `StateCodec`
[INFO] [stdout]     = note: required for `<RollingSum as RollingOperator>::Accumulator` to implement `WindowAccumulator`
[INFO] [stdout] note: required by a bound in `reifydb_sdk::flow::operator::windowed::rolling::RollingOperator::Accumulator`
[INFO] [stdout]    --> /opt/rustwide/cargo-home/registry/src/index.crates.io-1949cf8c6b5b557f/reifydb-sdk-0.9.3/src/flow/operator/windowed/rolling.rs:66:20
[INFO] [stdout]     |
[INFO] [stdout]  58 | pub trait RollingOperator {
[INFO] [stdout] ...
[INFO] [stdout]  66 |     type Accumulator: WindowAccumulator;
[INFO] [stdout]     |                       ^^^^^^^^^^^^^^^^^ required by this bound in `RollingOperator::Accumulator`
[INFO] [stdout] 
[INFO] [stdout] 
[INFO] [stdout] error[E0277]: the trait bound `WindowSum: serde::de::DeserializeOwned` is not satisfied
[INFO] [stdout]    --> tests/operator/common.rs:501:21
[INFO] [stdout]     |
[INFO] [stdout] 501 |     type Accumulator = WindowSum;
[INFO] [stdout]     |                        ^^^^^^^^^ unsatisfied trait bound
[INFO] [stdout]     |
[INFO] [stdout] help: the trait `for<'de> Deserialize<'de>` is not implemented for `WindowSum`
[INFO] [stdout]    --> tests/operator/common.rs:448:1
[INFO] [stdout]     |
[INFO] [stdout] 448 | pub struct WindowSum {
[INFO] [stdout]     | ^^^^^^^^^^^^^^^^^^^^
[INFO] [stdout]     = help: the following other types implement trait `Deserialize<'de>`:
[INFO] [stdout]               &'a Path
[INFO] [stdout]               &'a [u8]
[INFO] [stdout]               &'a serde_bytes::bytearray::ByteArray<N>
[INFO] [stdout]               &'a serde_bytes::bytes::Bytes
[INFO] [stdout]               &'a str
[INFO] [stdout]               ()
[INFO] [stdout]               (T,)
[INFO] [stdout]               (T0, T1)
[INFO] [stdout]             and 434 others
[INFO] [stdout]     = note: required for `WindowSum` to implement `DeserializeOwned`
[INFO] [stdout]     = note: required for `<RollingSum as RollingOperator>::Accumulator` to implement `StateCodec`
[INFO] [stdout]     = note: required for `<RollingSum as RollingOperator>::Accumulator` to implement `WindowAccumulator`
[INFO] [stdout] note: required by a bound in `reifydb_sdk::flow::operator::windowed::rolling::RollingOperator::Accumulator`
[INFO] [stdout]    --> /opt/rustwide/cargo-home/registry/src/index.crates.io-1949cf8c6b5b557f/reifydb-sdk-0.9.3/src/flow/operator/windowed/rolling.rs:66:20
[INFO] [stdout]     |
[INFO] [stdout]  58 | pub trait RollingOperator {
[INFO] [stdout] ...
[INFO] [stdout]  66 |     type Accumulator: WindowAccumulator;
[INFO] [stdout]     |                       ^^^^^^^^^^^^^^^^^ required by this bound in `RollingOperator::Accumulator`
[INFO] [stdout] 
[INFO] [stdout] 
[INFO] [stdout] error[E0277]: the trait bound `WindowSum: reifydb_codec::row::operator::state::OperatorState` is not satisfied
[INFO] [stdout]    --> tests/operator/common.rs:501:21
[INFO] [stdout]     |
[INFO] [stdout] 501 |     type Accumulator = WindowSum;
[INFO] [stdout]     |                        ^^^^^^^^^ unsatisfied trait bound
[INFO] [stdout]     |
[INFO] [stdout] help: the trait `reifydb_codec::row::operator::state::OperatorState` is not implemented for `WindowSum`
[INFO] [stdout]    --> tests/operator/common.rs:448:1
[INFO] [stdout]     |
[INFO] [stdout] 448 | pub struct WindowSum {
[INFO] [stdout]     | ^^^^^^^^^^^^^^^^^^^^
[INFO] [stdout]     = help: the following other types implement trait `reifydb_codec::row::operator::state::OperatorState`:
[INFO] [stdout]               (i64, i64, i64)
[INFO] [stdout]               BTreeMap<K, V>
[INFO] [stdout]               CarryMeta<S, Carry, Output>
[INFO] [stdout]               CountState
[INFO] [stdout]               GroupMeta<S>
[INFO] [stdout]               JoinRowExpiryState
[INFO] [stdout]               KeyedInvertibleAccumulator<K, A>
[INFO] [stdout]               LastValue<V>
[INFO] [stdout]             and 26 others
[INFO] [stdout]     = note: required for `<RollingSum as RollingOperator>::Accumulator` to implement `WindowAccumulator`
[INFO] [stdout] note: required by a bound in `reifydb_sdk::flow::operator::windowed::rolling::RollingOperator::Accumulator`
[INFO] [stdout]    --> /opt/rustwide/cargo-home/registry/src/index.crates.io-1949cf8c6b5b557f/reifydb-sdk-0.9.3/src/flow/operator/windowed/rolling.rs:66:20
[INFO] [stdout]     |
[INFO] [stdout]  58 | pub trait RollingOperator {
[INFO] [stdout] ...
[INFO] [stdout]  66 |     type Accumulator: WindowAccumulator;
[INFO] [stdout]     |                       ^^^^^^^^^^^^^^^^^ required by this bound in `RollingOperator::Accumulator`
[INFO] [stdout] 
[INFO] [stdout] 
[INFO] [stdout] error[E0277]: the trait bound `VolumeAccumulator: serde::de::DeserializeOwned` is not satisfied
[INFO] [stdout]    --> tests/sdk/tumbling.rs:162:21
[INFO] [stdout]     |
[INFO] [stdout] 162 |     type Accumulator = VolumeAccumulator;
[INFO] [stdout]     |                        ^^^^^^^^^^^^^^^^^ unsatisfied trait bound
[INFO] [stdout]     |
[INFO] [stdout] help: the trait `for<'de> Deserialize<'de>` is not implemented for `VolumeAccumulator`
[INFO] [stdout]    --> tests/sdk/tumbling.rs:63:1
[INFO] [stdout]     |
[INFO] [stdout]  63 | struct VolumeAccumulator {
[INFO] [stdout]     | ^^^^^^^^^^^^^^^^^^^^^^^^
[INFO] [stdout]     = help: the following other types implement trait `Deserialize<'de>`:
[INFO] [stdout]               &'a Path
[INFO] [stdout]               &'a [u8]
[INFO] [stdout]               &'a serde_bytes::bytearray::ByteArray<N>
[INFO] [stdout]               &'a serde_bytes::bytes::Bytes
[INFO] [stdout]               &'a str
[INFO] [stdout]               ()
[INFO] [stdout]               (T,)
[INFO] [stdout]               (T0, T1)
[INFO] [stdout]             and 434 others
[INFO] [stdout]     = note: required for `VolumeAccumulator` to implement `DeserializeOwned`
[INFO] [stdout]     = note: required for `<SealedVolume as TumblingOperator>::Accumulator` to implement `StateCodec`
[INFO] [stdout]     = note: required for `<SealedVolume as TumblingOperator>::Accumulator` to implement `WindowAccumulator`
[INFO] [stdout] note: required by a bound in `reifydb_sdk::flow::operator::windowed::tumbling::TumblingOperator::Accumulator`
[INFO] [stdout]    --> /opt/rustwide/cargo-home/registry/src/index.crates.io-1949cf8c6b5b557f/reifydb-sdk-0.9.3/src/flow/operator/windowed/tumbling.rs:73:20
[INFO] [stdout]     |
[INFO] [stdout]  65 | pub trait TumblingOperator {
[INFO] [stdout] ...
[INFO] [stdout]  73 |     type Accumulator: WindowAccumulator;
[INFO] [stdout]     |                       ^^^^^^^^^^^^^^^^^ required by this bound in `TumblingOperator::Accumulator`
[INFO] [stdout]     = note: the full name for the type has been written to '/opt/rustwide/target/debug/build/reifydb-testing-sdk/931f0a0712884460/out/sdk-931f0a0712884460.long-type-15469556995883347867.txt'
[INFO] [stdout]     = note: consider using `--verbose` to print the full type name to the console
[INFO] [stdout] 
[INFO] [stdout] 
[INFO] [stdout] error[E0277]: the trait bound `VolumeAccumulator: reifydb_codec::row::operator::state::OperatorState` is not satisfied
[INFO] [stdout]    --> tests/sdk/tumbling.rs:162:21
[INFO] [stdout]     |
[INFO] [stdout] 162 |     type Accumulator = VolumeAccumulator;
[INFO] [stdout]     |                        ^^^^^^^^^^^^^^^^^ unsatisfied trait bound
[INFO] [stdout]     |
[INFO] [stdout] help: the trait `reifydb_codec::row::operator::state::OperatorState` is not implemented for `VolumeAccumulator`
[INFO] [stdout]    --> tests/sdk/tumbling.rs:63:1
[INFO] [stdout]     |
[INFO] [stdout]  63 | struct VolumeAccumulator {
[INFO] [stdout]     | ^^^^^^^^^^^^^^^^^^^^^^^^
[INFO] [stdout]     = help: the following other types implement trait `reifydb_codec::row::operator::state::OperatorState`:
[INFO] [stdout]               (i64, i64, i64)
[INFO] [stdout]               BTreeMap<K, V>
[INFO] [stdout]               CarryMeta<S, Carry, Output>
[INFO] [stdout]               CountState
[INFO] [stdout]               GroupMeta<S>
[INFO] [stdout]               JoinRowExpiryState
[INFO] [stdout]               KeyedInvertibleAccumulator<K, A>
[INFO] [stdout]               LastValue<V>
[INFO] [stdout]             and 26 others
[INFO] [stdout]     = note: required for `<SealedVolume as TumblingOperator>::Accumulator` to implement `WindowAccumulator`
[INFO] [stdout] note: required by a bound in `reifydb_sdk::flow::operator::windowed::tumbling::TumblingOperator::Accumulator`
[INFO] [stdout]    --> /opt/rustwide/cargo-home/registry/src/index.crates.io-1949cf8c6b5b557f/reifydb-sdk-0.9.3/src/flow/operator/windowed/tumbling.rs:73:20
[INFO] [stdout]     |
[INFO] [stdout]  65 | pub trait TumblingOperator {
[INFO] [stdout] ...
[INFO] [stdout]  73 |     type Accumulator: WindowAccumulator;
[INFO] [stdout]     |                       ^^^^^^^^^^^^^^^^^ required by this bound in `TumblingOperator::Accumulator`
[INFO] [stdout]     = note: the full name for the type has been written to '/opt/rustwide/target/debug/build/reifydb-testing-sdk/931f0a0712884460/out/sdk-931f0a0712884460.long-type-15469556995883347867.txt'
[INFO] [stdout]     = note: consider using `--verbose` to print the full type name to the console
[INFO] [stdout] 
[INFO] [stdout] 
[INFO] [stdout] error[E0277]: the trait bound `TopOut: StateCodec` is not satisfied
[INFO] [stdout]    --> tests/operator/common.rs:577:16
[INFO] [stdout]     |
[INFO] [stdout] 577 |     type Output = TopOut;
[INFO] [stdout]     |                   ^^^^^^ unsatisfied trait bound
[INFO] [stdout]     |
[INFO] [stdout] help: the trait `Serialize` is not implemented for `TopOut`
[INFO] [stdout]    --> tests/operator/common.rs:554:1
[INFO] [stdout]     |
[INFO] [stdout] 554 | pub struct TopOut {
[INFO] [stdout]     | ^^^^^^^^^^^^^^^^^
[INFO] [stdout]     = help: the following other types implement trait `Serialize`:
[INFO] [stdout]               &'a T
[INFO] [stdout]               &'a mut T
[INFO] [stdout]               ()
[INFO] [stdout]               (T,)
[INFO] [stdout]               (T0, T1)
[INFO] [stdout]               (T0, T1, T2)
[INFO] [stdout]               (T0, T1, T2, T3)
[INFO] [stdout]               (T0, T1, T2, T3, T4)
[INFO] [stdout]             and 423 others
[INFO] [stdout]     = note: required for `TopOut` to implement `StateCodec`
[INFO] [stdout] note: required by a bound in `reifydb_sdk::flow::operator::windowed::rolling_top_k::RollingTopKOperator::Output`
[INFO] [stdout]    --> /opt/rustwide/cargo-home/registry/src/index.crates.io-1949cf8c6b5b557f/reifydb-sdk-0.9.3/src/flow/operator/windowed/rolling_top_k.rs:68:43
[INFO] [stdout]     |
[INFO] [stdout]  56 | pub trait RollingTopKOperator {
[INFO] [stdout] ...
[INFO] [stdout]  68 |     type Output: Clone + Debug + PartialEq + StateCodec + HeapSize;
[INFO] [stdout]     |                                              ^^^^^^^^^^ required by this bound in `RollingTopKOperator::Output`
[INFO] [stdout] 
[INFO] [stdout] 
[INFO] [stdout] error[E0277]: the trait bound `TopOut: serde::de::DeserializeOwned` is not satisfied
[INFO] [stdout]    --> tests/operator/common.rs:577:16
[INFO] [stdout]     |
[INFO] [stdout] 577 |     type Output = TopOut;
[INFO] [stdout]     |                   ^^^^^^ unsatisfied trait bound
[INFO] [stdout]     |
[INFO] [stdout] help: the trait `for<'de> Deserialize<'de>` is not implemented for `TopOut`
[INFO] [stdout]    --> tests/operator/common.rs:554:1
[INFO] [stdout]     |
[INFO] [stdout] 554 | pub struct TopOut {
[INFO] [stdout]     | ^^^^^^^^^^^^^^^^^
[INFO] [stdout]     = help: the following other types implement trait `Deserialize<'de>`:
[INFO] [stdout]               &'a Path
[INFO] [stdout]               &'a [u8]
[INFO] [stdout]               &'a serde_bytes::bytearray::ByteArray<N>
[INFO] [stdout]               &'a serde_bytes::bytes::Bytes
[INFO] [stdout]               &'a str
[INFO] [stdout]               ()
[INFO] [stdout]               (T,)
[INFO] [stdout]               (T0, T1)
[INFO] [stdout]             and 434 others
[INFO] [stdout]     = note: required for `TopOut` to implement `DeserializeOwned`
[INFO] [stdout]     = note: required for `<TopVolumeRollingTopK as RollingTopKOperator>::Output` to implement `StateCodec`
[INFO] [stdout] note: required by a bound in `reifydb_sdk::flow::operator::windowed::rolling_top_k::RollingTopKOperator::Output`
[INFO] [stdout]    --> /opt/rustwide/cargo-home/registry/src/index.crates.io-1949cf8c6b5b557f/reifydb-sdk-0.9.3/src/flow/operator/windowed/rolling_top_k.rs:68:43
[INFO] [stdout]     |
[INFO] [stdout]  56 | pub trait RollingTopKOperator {
[INFO] [stdout] ...
[INFO] [stdout]  68 |     type Output: Clone + Debug + PartialEq + StateCodec + HeapSize;
[INFO] [stdout]     |                                              ^^^^^^^^^^ required by this bound in `RollingTopKOperator::Output`
[INFO] [stdout] 
[INFO] [stdout] 
[INFO] [stdout] error[E0277]: the trait bound `MinAccumulator: StateCodec` is not satisfied
[INFO] [stdout]    --> tests/sdk/tumbling.rs:216:28
[INFO] [stdout]     |
[INFO] [stdout] 216 | impl WindowAccumulator for MinAccumulator {
[INFO] [stdout]     |                            ^^^^^^^^^^^^^^ unsatisfied trait bound
[INFO] [stdout]     |
[INFO] [stdout] help: the trait `Serialize` is not implemented for `MinAccumulator`
[INFO] [stdout]    --> tests/sdk/tumbling.rs:212:1
[INFO] [stdout]     |
[INFO] [stdout] 212 | struct MinAccumulator {
[INFO] [stdout]     | ^^^^^^^^^^^^^^^^^^^^^
[INFO] [stdout]     = help: the following other types implement trait `Serialize`:
[INFO] [stdout]               &'a T
[INFO] [stdout]               &'a mut T
[INFO] [stdout]               ()
[INFO] [stdout]               (T,)
[INFO] [stdout]               (T0, T1)
[INFO] [stdout]               (T0, T1, T2)
[INFO] [stdout]               (T0, T1, T2, T3)
[INFO] [stdout]               (T0, T1, T2, T3, T4)
[INFO] [stdout]             and 423 others
[INFO] [stdout]     = note: required for `MinAccumulator` to implement `StateCodec`
[INFO] [stdout] note: required by a bound in `WindowAccumulator`
[INFO] [stdout]    --> /opt/rustwide/cargo-home/registry/src/index.crates.io-1949cf8c6b5b557f/reifydb-flow-0.9.3/src/window/accumulator/mod.rs:18:72
[INFO] [stdout]     |
[INFO] [stdout]  18 | pub trait WindowAccumulator: Clone + Debug + Default + OperatorState + StateCodec + HeapSize {
[INFO] [stdout]     |                                                                        ^^^^^^^^^^ required by this bound in `WindowAccumulator`
[INFO] [stdout] 
[INFO] [stdout] 
[INFO] [stdout] error[E0277]: the trait bound `CarryOut: StateCodec` is not satisfied
[INFO] [stdout]    --> tests/operator/common.rs:687:16
[INFO] [stdout]     |
[INFO] [stdout] 687 |     type Output = CarryOut;
[INFO] [stdout]     |                   ^^^^^^^^ unsatisfied trait bound
[INFO] [stdout]     |
[INFO] [stdout] help: the trait `Serialize` is not implemented for `CarryOut`
[INFO] [stdout]    --> tests/operator/common.rs:655:1
[INFO] [stdout]     |
[INFO] [stdout] 655 | pub struct CarryOut {
[INFO] [stdout]     | ^^^^^^^^^^^^^^^^^^^
[INFO] [stdout]     = help: the following other types implement trait `Serialize`:
[INFO] [stdout]               &'a T
[INFO] [stdout]               &'a mut T
[INFO] [stdout]               ()
[INFO] [stdout]               (T,)
[INFO] [stdout]               (T0, T1)
[INFO] [stdout]               (T0, T1, T2)
[INFO] [stdout]               (T0, T1, T2, T3)
[INFO] [stdout]               (T0, T1, T2, T3, T4)
[INFO] [stdout]             and 423 others
[INFO] [stdout]     = note: required for `CarryOut` to implement `StateCodec`
[INFO] [stdout] note: required by a bound in `reifydb_sdk::flow::operator::windowed::tumbling_carry::TumblingCarryOperator::Output`
[INFO] [stdout]    --> /opt/rustwide/cargo-home/registry/src/index.crates.io-1949cf8c6b5b557f/reifydb-sdk-0.9.3/src/flow/operator/windowed/tumbling_carry.rs:74:43
[INFO] [stdout]     |
[INFO] [stdout]  64 | pub trait TumblingCarryOperator {
[INFO] [stdout] ...
[INFO] [stdout]  74 |     type Output: Clone + Debug + PartialEq + StateCodec + HeapSize;
[INFO] [stdout]     |                                              ^^^^^^^^^^ required by this bound in `TumblingCarryOperator::Output`
[INFO] [stdout] 
[INFO] [stdout] 
[INFO] [stdout] error[E0277]: the trait bound `MinAccumulator: serde::de::DeserializeOwned` is not satisfied
[INFO] [stdout]    --> tests/sdk/tumbling.rs:216:28
[INFO] [stdout]     |
[INFO] [stdout] 216 | impl WindowAccumulator for MinAccumulator {
[INFO] [stdout]     |                            ^^^^^^^^^^^^^^ unsatisfied trait bound
[INFO] [stdout]     |
[INFO] [stdout] help: the trait `for<'de> Deserialize<'de>` is not implemented for `MinAccumulator`
[INFO] [stdout]    --> tests/sdk/tumbling.rs:212:1
[INFO] [stdout]     |
[INFO] [stdout] 212 | struct MinAccumulator {
[INFO] [stdout]     | ^^^^^^^^^^^^^^^^^^^^^
[INFO] [stdout]     = help: the following other types implement trait `Deserialize<'de>`:
[INFO] [stdout]               &'a Path
[INFO] [stdout]               &'a [u8]
[INFO] [stdout]               &'a serde_bytes::bytearray::ByteArray<N>
[INFO] [stdout]               &'a serde_bytes::bytes::Bytes
[INFO] [stdout]               &'a str
[INFO] [stdout]               ()
[INFO] [stdout]               (T,)
[INFO] [stdout]               (T0, T1)
[INFO] [stdout]             and 434 others
[INFO] [stdout]     = note: required for `MinAccumulator` to implement `DeserializeOwned`
[INFO] [stdout]     = note: required for `MinAccumulator` to implement `StateCodec`
[INFO] [stdout] note: required by a bound in `WindowAccumulator`
[INFO] [stdout]    --> /opt/rustwide/cargo-home/registry/src/index.crates.io-1949cf8c6b5b557f/reifydb-flow-0.9.3/src/window/accumulator/mod.rs:18:72
[INFO] [stdout]     |
[INFO] [stdout]  18 | pub trait WindowAccumulator: Clone + Debug + Default + OperatorState + StateCodec + HeapSize {
[INFO] [stdout]     |                                                                        ^^^^^^^^^^ required by this bound in `WindowAccumulator`
[INFO] [stdout] 
[INFO] [stdout] 
[INFO] [stdout] error[E0277]: the trait bound `MinAccumulator: reifydb_codec::row::operator::state::OperatorState` is not satisfied
[INFO] [stdout]    --> tests/sdk/tumbling.rs:216:28
[INFO] [stdout]     |
[INFO] [stdout] 216 | impl WindowAccumulator for MinAccumulator {
[INFO] [stdout]     |                            ^^^^^^^^^^^^^^ unsatisfied trait bound
[INFO] [stdout]     |
[INFO] [stdout] help: the trait `reifydb_codec::row::operator::state::OperatorState` is not implemented for `MinAccumulator`
[INFO] [stdout]    --> tests/sdk/tumbling.rs:212:1
[INFO] [stdout]     |
[INFO] [stdout] 212 | struct MinAccumulator {
[INFO] [stdout]     | ^^^^^^^^^^^^^^^^^^^^^
[INFO] [stdout]     = help: the following other types implement trait `reifydb_codec::row::operator::state::OperatorState`:
[INFO] [stdout]               (i64, i64, i64)
[INFO] [stdout]               BTreeMap<K, V>
[INFO] [stdout]               CarryMeta<S, Carry, Output>
[INFO] [stdout]               CountState
[INFO] [stdout]               GroupMeta<S>
[INFO] [stdout]               JoinRowExpiryState
[INFO] [stdout]               KeyedInvertibleAccumulator<K, A>
[INFO] [stdout]               LastValue<V>
[INFO] [stdout]             and 26 others
[INFO] [stdout] note: required by a bound in `WindowAccumulator`
[INFO] [stdout]    --> /opt/rustwide/cargo-home/registry/src/index.crates.io-1949cf8c6b5b557f/reifydb-flow-0.9.3/src/window/accumulator/mod.rs:18:56
[INFO] [stdout]     |
[INFO] [stdout]  18 | pub trait WindowAccumulator: Clone + Debug + Default + OperatorState + StateCodec + HeapSize {
[INFO] [stdout]     |                                                        ^^^^^^^^^^^^^ required by this bound in `WindowAccumulator`
[INFO] [stdout] 
[INFO] [stdout] 
[INFO] [stdout] error[E0277]: the trait bound `CarryOut: serde::de::DeserializeOwned` is not satisfied
[INFO] [stdout]    --> tests/operator/common.rs:687:16
[INFO] [stdout]     |
[INFO] [stdout] 687 |     type Output = CarryOut;
[INFO] [stdout]     |                   ^^^^^^^^ unsatisfied trait bound
[INFO] [stdout]     |
[INFO] [stdout] help: the trait `for<'de> Deserialize<'de>` is not implemented for `CarryOut`
[INFO] [stdout]    --> tests/operator/common.rs:655:1
[INFO] [stdout]     |
[INFO] [stdout] 655 | pub struct CarryOut {
[INFO] [stdout]     | ^^^^^^^^^^^^^^^^^^^
[INFO] [stdout]     = help: the following other types implement trait `Deserialize<'de>`:
[INFO] [stdout]               &'a Path
[INFO] [stdout]               &'a [u8]
[INFO] [stdout]               &'a serde_bytes::bytearray::ByteArray<N>
[INFO] [stdout]               &'a serde_bytes::bytes::Bytes
[INFO] [stdout]               &'a str
[INFO] [stdout]               ()
[INFO] [stdout]               (T,)
[INFO] [stdout]               (T0, T1)
[INFO] [stdout]             and 434 others
[INFO] [stdout]     = note: required for `CarryOut` to implement `DeserializeOwned`
[INFO] [stdout]     = note: required for `<TwapCarry as TumblingCarryOperator>::Output` to implement `StateCodec`
[INFO] [stdout] note: required by a bound in `reifydb_sdk::flow::operator::windowed::tumbling_carry::TumblingCarryOperator::Output`
[INFO] [stdout]    --> /opt/rustwide/cargo-home/registry/src/index.crates.io-1949cf8c6b5b557f/reifydb-sdk-0.9.3/src/flow/operator/windowed/tumbling_carry.rs:74:43
[INFO] [stdout]     |
[INFO] [stdout]  64 | pub trait TumblingCarryOperator {
[INFO] [stdout] ...
[INFO] [stdout]  74 |     type Output: Clone + Debug + PartialEq + StateCodec + HeapSize;
[INFO] [stdout]     |                                              ^^^^^^^^^^ required by this bound in `TumblingCarryOperator::Output`
[INFO] [stdout] 
[INFO] [stdout] 
[INFO] [stdout] error[E0277]: the trait bound `MinAccumulator: StateCodec` is not satisfied
[INFO] [stdout]    --> tests/sdk/tumbling.rs:257:21
[INFO] [stdout]     |
[INFO] [stdout] 257 |     type Accumulator = MinAccumulator;
[INFO] [stdout]     |                        ^^^^^^^^^^^^^^ unsatisfied trait bound
[INFO] [stdout]     |
[INFO] [stdout] help: the trait `Serialize` is not implemented for `MinAccumulator`
[INFO] [stdout]    --> tests/sdk/tumbling.rs:212:1
[INFO] [stdout]     |
[INFO] [stdout] 212 | struct MinAccumulator {
[INFO] [stdout]     | ^^^^^^^^^^^^^^^^^^^^^
[INFO] [stdout]     = help: the following other types implement trait `Serialize`:
[INFO] [stdout]               &'a T
[INFO] [stdout]               &'a mut T
[INFO] [stdout]               ()
[INFO] [stdout]               (T,)
[INFO] [stdout]               (T0, T1)
[INFO] [stdout]               (T0, T1, T2)
[INFO] [stdout]               (T0, T1, T2, T3)
[INFO] [stdout]               (T0, T1, T2, T3, T4)
[INFO] [stdout]             and 423 others
[INFO] [stdout]     = note: required for `MinAccumulator` to implement `StateCodec`
[INFO] [stdout]     = note: required for `<TestMin as reifydb_sdk::flow::operator::windowed::tumbling::TumblingOperator>::Accumulator` to implement `WindowAccumulator`
[INFO] [stdout] note: required by a bound in `reifydb_sdk::flow::operator::windowed::tumbling::TumblingOperator::Accumulator`
[INFO] [stdout]    --> /opt/rustwide/cargo-home/registry/src/index.crates.io-1949cf8c6b5b557f/reifydb-sdk-0.9.3/src/flow/operator/windowed/tumbling.rs:73:20
[INFO] [stdout]     |
[INFO] [stdout]  65 | pub trait TumblingOperator {
[INFO] [stdout] ...
[INFO] [stdout]  73 |     type Accumulator: WindowAccumulator;
[INFO] [stdout]     |                       ^^^^^^^^^^^^^^^^^ required by this bound in `TumblingOperator::Accumulator`
[INFO] [stdout] 
[INFO] [stdout] 
[INFO] [stdout] error[E0277]: the trait bound `MinAccumulator: serde::de::DeserializeOwned` is not satisfied
[INFO] [stdout]    --> tests/sdk/tumbling.rs:257:21
[INFO] [stdout]     |
[INFO] [stdout] 257 |     type Accumulator = MinAccumulator;
[INFO] [stdout]     |                        ^^^^^^^^^^^^^^ unsatisfied trait bound
[INFO] [stdout]     |
[INFO] [stdout] help: the trait `for<'de> Deserialize<'de>` is not implemented for `MinAccumulator`
[INFO] [stdout]    --> tests/sdk/tumbling.rs:212:1
[INFO] [stdout]     |
[INFO] [stdout] 212 | struct MinAccumulator {
[INFO] [stdout]     | ^^^^^^^^^^^^^^^^^^^^^
[INFO] [stdout]     = help: the following other types implement trait `Deserialize<'de>`:
[INFO] [stdout]               &'a Path
[INFO] [stdout]               &'a [u8]
[INFO] [stdout]               &'a serde_bytes::bytearray::ByteArray<N>
[INFO] [stdout]               &'a serde_bytes::bytes::Bytes
[INFO] [stdout]               &'a str
[INFO] [stdout]               ()
[INFO] [stdout]               (T,)
[INFO] [stdout]               (T0, T1)
[INFO] [stdout]             and 434 others
[INFO] [stdout]     = note: required for `MinAccumulator` to implement `DeserializeOwned`
[INFO] [stdout]     = note: required for `<TestMin as reifydb_sdk::flow::operator::windowed::tumbling::TumblingOperator>::Accumulator` to implement `StateCodec`
[INFO] [stdout]     = note: required for `<TestMin as reifydb_sdk::flow::operator::windowed::tumbling::TumblingOperator>::Accumulator` to implement `WindowAccumulator`
[INFO] [stdout] note: required by a bound in `reifydb_sdk::flow::operator::windowed::tumbling::TumblingOperator::Accumulator`
[INFO] [stdout]    --> /opt/rustwide/cargo-home/registry/src/index.crates.io-1949cf8c6b5b557f/reifydb-sdk-0.9.3/src/flow/operator/windowed/tumbling.rs:73:20
[INFO] [stdout]     |
[INFO] [stdout]  65 | pub trait TumblingOperator {
[INFO] [stdout] ...
[INFO] [stdout]  73 |     type Accumulator: WindowAccumulator;
[INFO] [stdout]     |                       ^^^^^^^^^^^^^^^^^ required by this bound in `TumblingOperator::Accumulator`
[INFO] [stdout] 
[INFO] [stdout] 
[INFO] [stdout] error[E0277]: the trait bound `MinAccumulator: reifydb_codec::row::operator::state::OperatorState` is not satisfied
[INFO] [stdout]    --> tests/sdk/tumbling.rs:257:21
[INFO] [stdout]     |
[INFO] [stdout] 257 |     type Accumulator = MinAccumulator;
[INFO] [stdout]     |                        ^^^^^^^^^^^^^^ unsatisfied trait bound
[INFO] [stdout]     |
[INFO] [stdout] help: the trait `reifydb_codec::row::operator::state::OperatorState` is not implemented for `MinAccumulator`
[INFO] [stdout]    --> tests/sdk/tumbling.rs:212:1
[INFO] [stdout]     |
[INFO] [stdout] 212 | struct MinAccumulator {
[INFO] [stdout]     | ^^^^^^^^^^^^^^^^^^^^^
[INFO] [stdout]     = help: the following other types implement trait `reifydb_codec::row::operator::state::OperatorState`:
[INFO] [stdout]               (i64, i64, i64)
[INFO] [stdout]               BTreeMap<K, V>
[INFO] [stdout]               CarryMeta<S, Carry, Output>
[INFO] [stdout]               CountState
[INFO] [stdout]               GroupMeta<S>
[INFO] [stdout]               JoinRowExpiryState
[INFO] [stdout]               KeyedInvertibleAccumulator<K, A>
[INFO] [stdout]               LastValue<V>
[INFO] [stdout]             and 26 others
[INFO] [stdout]     = note: required for `<TestMin as reifydb_sdk::flow::operator::windowed::tumbling::TumblingOperator>::Accumulator` to implement `WindowAccumulator`
[INFO] [stdout] note: required by a bound in `reifydb_sdk::flow::operator::windowed::tumbling::TumblingOperator::Accumulator`
[INFO] [stdout]    --> /opt/rustwide/cargo-home/registry/src/index.crates.io-1949cf8c6b5b557f/reifydb-sdk-0.9.3/src/flow/operator/windowed/tumbling.rs:73:20
[INFO] [stdout]     |
[INFO] [stdout]  65 | pub trait TumblingOperator {
[INFO] [stdout] ...
[INFO] [stdout]  73 |     type Accumulator: WindowAccumulator;
[INFO] [stdout]     |                       ^^^^^^^^^^^^^^^^^ required by this bound in `TumblingOperator::Accumulator`
[INFO] [stdout] 
[INFO] [stdout] 
[INFO] [stdout] error[E0277]: the trait bound `WindowSum: StateCodec` is not satisfied
[INFO] [stdout]   --> tests/sdk/rolling.rs:40:28
[INFO] [stdout]    |
[INFO] [stdout] 40 | impl WindowAccumulator for WindowSum {
[INFO] [stdout]    |                            ^^^^^^^^^ unsatisfied trait bound
[INFO] [stdout]    |
[INFO] [stdout] help: the trait `Serialize` is not implemented for `WindowSum`
[INFO] [stdout]   --> tests/sdk/rolling.rs:36:1
[INFO] [stdout]    |
[INFO] [stdout] 36 | struct WindowSum {
[INFO] [stdout]    | ^^^^^^^^^^^^^^^^
[INFO] [stdout]    = help: the following other types implement trait `Serialize`:
[INFO] [stdout]              &'a T
[INFO] [stdout]              &'a mut T
[INFO] [stdout]              ()
[INFO] [stdout]              (T,)
[INFO] [stdout]              (T0, T1)
[INFO] [stdout]              (T0, T1, T2)
[INFO] [stdout]              (T0, T1, T2, T3)
[INFO] [stdout]              (T0, T1, T2, T3, T4)
[INFO] [stdout]            and 423 others
[INFO] [stdout]    = note: required for `WindowSum` to implement `StateCodec`
[INFO] [stdout] note: required by a bound in `WindowAccumulator`
[INFO] [stdout]   --> /opt/rustwide/cargo-home/registry/src/index.crates.io-1949cf8c6b5b557f/reifydb-flow-0.9.3/src/window/accumulator/mod.rs:18:72
[INFO] [stdout]    |
[INFO] [stdout] 18 | pub trait WindowAccumulator: Clone + Debug + Default + OperatorState + StateCodec + HeapSize {
[INFO] [stdout]    |                                                                        ^^^^^^^^^^ required by this bound in `WindowAccumulator`
[INFO] [stdout] 
[INFO] [stdout] 
[INFO] [stdout] error[E0277]: the trait bound `WindowSum: reifydb_codec::row::operator::state::OperatorState` is not satisfied
[INFO] [stdout]    --> tests/operator/common.rs:526:54
[INFO] [stdout]     |
[INFO] [stdout] 526 |         let rolling_sum = buffer.values().filter_map(|w| w.finalize()).sum();
[INFO] [stdout]     |                                                            ^^^^^^^^ unsatisfied trait bound
[INFO] [stdout]     |
[INFO] [stdout] help: the trait `reifydb_codec::row::operator::state::OperatorState` is not implemented for `WindowSum`
[INFO] [stdout]    --> tests/operator/common.rs:448:1
[INFO] [stdout]     |
[INFO] [stdout] 448 | pub struct WindowSum {
[INFO] [stdout]     | ^^^^^^^^^^^^^^^^^^^^
[INFO] [stdout]     = help: the following other types implement trait `reifydb_codec::row::operator::state::OperatorState`:
[INFO] [stdout]               (i64, i64, i64)
[INFO] [stdout]               BTreeMap<K, V>
[INFO] [stdout]               CarryMeta<S, Carry, Output>
[INFO] [stdout]               CountState
[INFO] [stdout]               GroupMeta<S>
[INFO] [stdout]               JoinRowExpiryState
[INFO] [stdout]               KeyedInvertibleAccumulator<K, A>
[INFO] [stdout]               LastValue<V>
[INFO] [stdout]             and 26 others
[INFO] [stdout] note: required by a bound in `finalize`
[INFO] [stdout]    --> /opt/rustwide/cargo-home/registry/src/index.crates.io-1949cf8c6b5b557f/reifydb-flow-0.9.3/src/window/accumulator/mod.rs:18:56
[INFO] [stdout]     |
[INFO] [stdout]  18 | pub trait WindowAccumulator: Clone + Debug + Default + OperatorState + StateCodec + HeapSize {
[INFO] [stdout]     |                                                        ^^^^^^^^^^^^^ required by this bound in `WindowAccumulator::finalize`
[INFO] [stdout] ...
[INFO] [stdout]  26 |     fn finalize(&self) -> Option<Self::Output>;
[INFO] [stdout]     |
[INFO] [stdout] 
[INFO] [stdout] 
[INFO] [stdout] error[E0277]: the trait bound `WindowSum: serde::de::DeserializeOwned` is not satisfied
[INFO] [stdout]   --> tests/sdk/rolling.rs:40:28
[INFO] [stdout]    |
[INFO] [stdout] 40 | impl WindowAccumulator for WindowSum {
[INFO] [stdout]    |                            ^^^^^^^^^ unsatisfied trait bound
[INFO] [stdout]    |
[INFO] [stdout] help: the trait `for<'de> Deserialize<'de>` is not implemented for `WindowSum`
[INFO] [stdout]   --> tests/sdk/rolling.rs:36:1
[INFO] [stdout]    |
[INFO] [stdout] 36 | struct WindowSum {
[INFO] [stdout]    | ^^^^^^^^^^^^^^^^
[INFO] [stdout]    = help: the following other types implement trait `Deserialize<'de>`:
[INFO] [stdout]              &'a Path
[INFO] [stdout]              &'a [u8]
[INFO] [stdout]              &'a serde_bytes::bytearray::ByteArray<N>
[INFO] [stdout]              &'a serde_bytes::bytes::Bytes
[INFO] [stdout]              &'a str
[INFO] [stdout]              ()
[INFO] [stdout]              (T,)
[INFO] [stdout]              (T0, T1)
[INFO] [stdout]            and 434 others
[INFO] [stdout]    = note: required for `WindowSum` to implement `DeserializeOwned`
[INFO] [stdout]    = note: required for `WindowSum` to implement `StateCodec`
[INFO] [stdout] note: required by a bound in `WindowAccumulator`
[INFO] [stdout]   --> /opt/rustwide/cargo-home/registry/src/index.crates.io-1949cf8c6b5b557f/reifydb-flow-0.9.3/src/window/accumulator/mod.rs:18:72
[INFO] [stdout]    |
[INFO] [stdout] 18 | pub trait WindowAccumulator: Clone + Debug + Default + OperatorState + StateCodec + HeapSize {
[INFO] [stdout]    |                                                                        ^^^^^^^^^^ required by this bound in `WindowAccumulator`
[INFO] [stdout] 
[INFO] [stdout] 
[INFO] [stdout] error[E0277]: the trait bound `WindowSum: reifydb_codec::row::operator::state::OperatorState` is not satisfied
[INFO] [stdout]   --> tests/sdk/rolling.rs:40:28
[INFO] [stdout]    |
[INFO] [stdout] 40 | impl WindowAccumulator for WindowSum {
[INFO] [stdout]    |                            ^^^^^^^^^ unsatisfied trait bound
[INFO] [stdout]    |
[INFO] [stdout] help: the trait `reifydb_codec::row::operator::state::OperatorState` is not implemented for `WindowSum`
[INFO] [stdout]   --> tests/sdk/rolling.rs:36:1
[INFO] [stdout]    |
[INFO] [stdout] 36 | struct WindowSum {
[INFO] [stdout]    | ^^^^^^^^^^^^^^^^
[INFO] [stdout]    = help: the following other types implement trait `reifydb_codec::row::operator::state::OperatorState`:
[INFO] [stdout]              (i64, i64, i64)
[INFO] [stdout]              BTreeMap<K, V>
[INFO] [stdout]              CarryMeta<S, Carry, Output>
[INFO] [stdout]              CountState
[INFO] [stdout]              GroupMeta<S>
[INFO] [stdout]              JoinRowExpiryState
[INFO] [stdout]              KeyedInvertibleAccumulator<K, A>
[INFO] [stdout]              LastValue<V>
[INFO] [stdout]            and 26 others
[INFO] [stdout] note: required by a bound in `WindowAccumulator`
[INFO] [stdout]   --> /opt/rustwide/cargo-home/registry/src/index.crates.io-1949cf8c6b5b557f/reifydb-flow-0.9.3/src/window/accumulator/mod.rs:18:56
[INFO] [stdout]    |
[INFO] [stdout] 18 | pub trait WindowAccumulator: Clone + Debug + Default + OperatorState + StateCodec + HeapSize {
[INFO] [stdout]    |                                                        ^^^^^^^^^^^^^ required by this bound in `WindowAccumulator`
[INFO] [stdout] 
[INFO] [stdout] 
[INFO] [stdout] error[E0277]: the trait bound `WindowSum: StateCodec` is not satisfied
[INFO] [stdout]    --> tests/operator/common.rs:526:54
[INFO] [stdout]     |
[INFO] [stdout] 526 |         let rolling_sum = buffer.values().filter_map(|w| w.finalize()).sum();
[INFO] [stdout]     |                                                            ^^^^^^^^ unsatisfied trait bound
[INFO] [stdout]     |
[INFO] [stdout] help: the trait `Serialize` is not implemented for `WindowSum`
[INFO] [stdout]    --> tests/operator/common.rs:448:1
[INFO] [stdout]     |
[INFO] [stdout] 448 | pub struct WindowSum {
[INFO] [stdout]     | ^^^^^^^^^^^^^^^^^^^^
[INFO] [stdout]     = help: the following other types implement trait `Serialize`:
[INFO] [stdout]               &'a T
[INFO] [stdout]               &'a mut T
[INFO] [stdout]               ()
[INFO] [stdout]               (T,)
[INFO] [stdout]               (T0, T1)
[INFO] [stdout]               (T0, T1, T2)
[INFO] [stdout]               (T0, T1, T2, T3)
[INFO] [stdout]               (T0, T1, T2, T3, T4)
[INFO] [stdout]             and 423 others
[INFO] [stdout]     = note: required for `WindowSum` to implement `StateCodec`
[INFO] [stdout] note: required by a bound in `finalize`
[INFO] [stdout]    --> /opt/rustwide/cargo-home/registry/src/index.crates.io-1949cf8c6b5b557f/reifydb-flow-0.9.3/src/window/accumulator/mod.rs:18:72
[INFO] [stdout]     |
[INFO] [stdout]  18 | pub trait WindowAccumulator: Clone + Debug + Default + OperatorState + StateCodec + HeapSize {
[INFO] [stdout]     |                                                                        ^^^^^^^^^^ required by this bound in `WindowAccumulator::finalize`
[INFO] [stdout] ...
[INFO] [stdout]  26 |     fn finalize(&self) -> Option<Self::Output>;
[INFO] [stdout]     |
[INFO] [stdout] 
[INFO] [stdout] 
[INFO] [stdout] error[E0277]: the trait bound `WindowSum: StateCodec` is not satisfied
[INFO] [stdout]   --> tests/sdk/rolling.rs:83:21
[INFO] [stdout]    |
[INFO] [stdout] 83 |     type Accumulator = WindowSum;
[INFO] [stdout]    |                        ^^^^^^^^^ unsatisfied trait bound
[INFO] [stdout]    |
[INFO] [stdout] help: the trait `Serialize` is not implemented for `WindowSum`
[INFO] [stdout]   --> tests/sdk/rolling.rs:36:1
[INFO] [stdout]    |
[INFO] [stdout] 36 | struct WindowSum {
[INFO] [stdout]    | ^^^^^^^^^^^^^^^^
[INFO] [stdout]    = help: the following other types implement trait `Serialize`:
[INFO] [stdout]              &'a T
[INFO] [stdout]              &'a mut T
[INFO] [stdout]              ()
[INFO] [stdout]              (T,)
[INFO] [stdout]              (T0, T1)
[INFO] [stdout]              (T0, T1, T2)
[INFO] [stdout]              (T0, T1, T2, T3)
[INFO] [stdout]              (T0, T1, T2, T3, T4)
[INFO] [stdout]            and 423 others
[INFO] [stdout]    = note: required for `WindowSum` to implement `StateCodec`
[INFO] [stdout]    = note: required for `<TestRollingSum as RollingOperator>::Accumulator` to implement `WindowAccumulator`
[INFO] [stdout] note: required by a bound in `reifydb_sdk::flow::operator::windowed::rolling::RollingOperator::Accumulator`
[INFO] [stdout]   --> /opt/rustwide/cargo-home/registry/src/index.crates.io-1949cf8c6b5b557f/reifydb-sdk-0.9.3/src/flow/operator/windowed/rolling.rs:66:20
[INFO] [stdout]    |
[INFO] [stdout] 58 | pub trait RollingOperator {
[INFO] [stdout] ...
[INFO] [stdout] 66 |     type Accumulator: WindowAccumulator;
[INFO] [stdout]    |                       ^^^^^^^^^^^^^^^^^ required by this bound in `RollingOperator::Accumulator`
[INFO] [stdout]    = note: the full name for the type has been written to '/opt/rustwide/target/debug/build/reifydb-testing-sdk/931f0a0712884460/out/sdk-931f0a0712884460.long-type-16148101573131671533.txt'
[INFO] [stdout]    = note: consider using `--verbose` to print the full type name to the console
[INFO] [stdout] 
[INFO] [stdout] 
[INFO] [stdout] error[E0277]: the trait bound `WindowSum: serde::de::DeserializeOwned` is not satisfied
[INFO] [stdout]   --> tests/sdk/rolling.rs:83:21
[INFO] [stdout]    |
[INFO] [stdout] 83 |     type Accumulator = WindowSum;
[INFO] [stdout]    |                        ^^^^^^^^^ unsatisfied trait bound
[INFO] [stdout]    |
[INFO] [stdout] help: the trait `for<'de> Deserialize<'de>` is not implemented for `WindowSum`
[INFO] [stdout]   --> tests/sdk/rolling.rs:36:1
[INFO] [stdout]    |
[INFO] [stdout] 36 | struct WindowSum {
[INFO] [stdout]    | ^^^^^^^^^^^^^^^^
[INFO] [stdout]    = help: the following other types implement trait `Deserialize<'de>`:
[INFO] [stdout]              &'a Path
[INFO] [stdout]              &'a [u8]
[INFO] [stdout]              &'a serde_bytes::bytearray::ByteArray<N>
[INFO] [stdout]              &'a serde_bytes::bytes::Bytes
[INFO] [stdout]              &'a str
[INFO] [stdout]              ()
[INFO] [stdout]              (T,)
[INFO] [stdout]              (T0, T1)
[INFO] [stdout]            and 434 others
[INFO] [stdout]    = note: required for `WindowSum` to implement `DeserializeOwned`
[INFO] [stdout]    = note: required for `<TestRollingSum as RollingOperator>::Accumulator` to implement `StateCodec`
[INFO] [stdout]    = note: required for `<TestRollingSum as RollingOperator>::Accumulator` to implement `WindowAccumulator`
[INFO] [stdout] note: required by a bound in `reifydb_sdk::flow::operator::windowed::rolling::RollingOperator::Accumulator`
[INFO] [stdout]   --> /opt/rustwide/cargo-home/registry/src/index.crates.io-1949cf8c6b5b557f/reifydb-sdk-0.9.3/src/flow/operator/windowed/rolling.rs:66:20
[INFO] [stdout]    |
[INFO] [stdout] 58 | pub trait RollingOperator {
[INFO] [stdout] ...
[INFO] [stdout] 66 |     type Accumulator: WindowAccumulator;
[INFO] [stdout]    |                       ^^^^^^^^^^^^^^^^^ required by this bound in `RollingOperator::Accumulator`
[INFO] [stdout]    = note: the full name for the type has been written to '/opt/rustwide/target/debug/build/reifydb-testing-sdk/931f0a0712884460/out/sdk-931f0a0712884460.long-type-16148101573131671533.txt'
[INFO] [stdout]    = note: consider using `--verbose` to print the full type name to the console
[INFO] [stdout] 
[INFO] [stdout] 
[INFO] [stdout] error[E0277]: the trait bound `WindowSum: reifydb_codec::row::operator::state::OperatorState` is not satisfied
[INFO] [stdout]   --> tests/sdk/rolling.rs:83:21
[INFO] [stdout]    |
[INFO] [stdout] 83 |     type Accumulator = WindowSum;
[INFO] [stdout]    |                        ^^^^^^^^^ unsatisfied trait bound
[INFO] [stdout]    |
[INFO] [stdout] help: the trait `reifydb_codec::row::operator::state::OperatorState` is not implemented for `WindowSum`
[INFO] [stdout]   --> tests/sdk/rolling.rs:36:1
[INFO] [stdout]    |
[INFO] [stdout] 36 | struct WindowSum {
[INFO] [stdout]    | ^^^^^^^^^^^^^^^^
[INFO] [stdout]    = help: the following other types implement trait `reifydb_codec::row::operator::state::OperatorState`:
[INFO] [stdout]              (i64, i64, i64)
[INFO] [stdout]              BTreeMap<K, V>
[INFO] [stdout]              CarryMeta<S, Carry, Output>
[INFO] [stdout]              CountState
[INFO] [stdout]              GroupMeta<S>
[INFO] [stdout]              JoinRowExpiryState
[INFO] [stdout]              KeyedInvertibleAccumulator<K, A>
[INFO] [stdout]              LastValue<V>
[INFO] [stdout]            and 26 others
[INFO] [stdout]    = note: required for `<TestRollingSum as RollingOperator>::Accumulator` to implement `WindowAccumulator`
[INFO] [stdout] note: required by a bound in `reifydb_sdk::flow::operator::windowed::rolling::RollingOperator::Accumulator`
[INFO] [stdout]   --> /opt/rustwide/cargo-home/registry/src/index.crates.io-1949cf8c6b5b557f/reifydb-sdk-0.9.3/src/flow/operator/windowed/rolling.rs:66:20
[INFO] [stdout]    |
[INFO] [stdout] 58 | pub trait RollingOperator {
[INFO] [stdout] ...
[INFO] [stdout] 66 |     type Accumulator: WindowAccumulator;
[INFO] [stdout]    |                       ^^^^^^^^^^^^^^^^^ required by this bound in `RollingOperator::Accumulator`
[INFO] [stdout]    = note: the full name for the type has been written to '/opt/rustwide/target/debug/build/reifydb-testing-sdk/931f0a0712884460/out/sdk-931f0a0712884460.long-type-16148101573131671533.txt'
[INFO] [stdout]    = note: consider using `--verbose` to print the full type name to the console
[INFO] [stdout] 
[INFO] [stdout] 
[INFO] [stdout] error[E0277]: the trait bound `WindowSum: StateCodec` is not satisfied
[INFO] [stdout]    --> tests/sdk/rolling.rs:291:21
[INFO] [stdout]     |
[INFO] [stdout] 291 |     type Accumulator = WindowSum;
[INFO] [stdout]     |                        ^^^^^^^^^ unsatisfied trait bound
[INFO] [stdout]     |
[INFO] [stdout] help: the trait `Serialize` is not implemented for `WindowSum`
[INFO] [stdout]    --> tests/sdk/rolling.rs:36:1
[INFO] [stdout]     |
[INFO] [stdout]  36 | struct WindowSum {
[INFO] [stdout]     | ^^^^^^^^^^^^^^^^
[INFO] [stdout]     = help: the following other types implement trait `Serialize`:
[INFO] [stdout]               &'a T
[INFO] [stdout]               &'a mut T
[INFO] [stdout]               ()
[INFO] [stdout]               (T,)
[INFO] [stdout]               (T0, T1)
[INFO] [stdout]               (T0, T1, T2)
[INFO] [stdout]               (T0, T1, T2, T3)
[INFO] [stdout]               (T0, T1, T2, T3, T4)
[INFO] [stdout]             and 423 others
[INFO] [stdout]     = note: required for `WindowSum` to implement `StateCodec`
[INFO] [stdout]     = note: required for `<SealedRollingSum as RollingOperator>::Accumulator` to implement `WindowAccumulator`
[INFO] [stdout] note: required by a bound in `reifydb_sdk::flow::operator::windowed::rolling::RollingOperator::Accumulator`
[INFO] [stdout]    --> /opt/rustwide/cargo-home/registry/src/index.crates.io-1949cf8c6b5b557f/reifydb-sdk-0.9.3/src/flow/operator/windowed/rolling.rs:66:20
[INFO] [stdout]     |
[INFO] [stdout]  58 | pub trait RollingOperator {
[INFO] [stdout] ...
[INFO] [stdout]  66 |     type Accumulator: WindowAccumulator;
[INFO] [stdout]     |                       ^^^^^^^^^^^^^^^^^ required by this bound in `RollingOperator::Accumulator`
[INFO] [stdout]     = note: the full name for the type has been written to '/opt/rustwide/target/debug/build/reifydb-testing-sdk/931f0a0712884460/out/sdk-931f0a0712884460.long-type-3911848046899504742.txt'
[INFO] [stdout]     = note: consider using `--verbose` to print the full type name to the console
[INFO] [stdout] 
[INFO] [stdout] 
[INFO] [stdout] error[E0277]: the trait bound `WindowSum: serde::de::DeserializeOwned` is not satisfied
[INFO] [stdout]    --> tests/sdk/rolling.rs:291:21
[INFO] [stdout]     |
[INFO] [stdout] 291 |     type Accumulator = WindowSum;
[INFO] [stdout]     |                        ^^^^^^^^^ unsatisfied trait bound
[INFO] [stdout]     |
[INFO] [stdout] help: the trait `for<'de> Deserialize<'de>` is not implemented for `WindowSum`
[INFO] [stdout]    --> tests/sdk/rolling.rs:36:1
[INFO] [stdout]     |
[INFO] [stdout]  36 | struct WindowSum {
[INFO] [stdout]     | ^^^^^^^^^^^^^^^^
[INFO] [stdout]     = help: the following other types implement trait `Deserialize<'de>`:
[INFO] [stdout]               &'a Path
[INFO] [stdout]               &'a [u8]
[INFO] [stdout]               &'a serde_bytes::bytearray::ByteArray<N>
[INFO] [stdout]               &'a serde_bytes::bytes::Bytes
[INFO] [stdout]               &'a str
[INFO] [stdout]               ()
[INFO] [stdout]               (T,)
[INFO] [stdout]               (T0, T1)
[INFO] [stdout]             and 434 others
[INFO] [stdout]     = note: required for `WindowSum` to implement `DeserializeOwned`
[INFO] [stdout]     = note: required for `<SealedRollingSum as RollingOperator>::Accumulator` to implement `StateCodec`
[INFO] [stdout]     = note: required for `<SealedRollingSum as RollingOperator>::Accumulator` to implement `WindowAccumulator`
[INFO] [stdout] note: required by a bound in `reifydb_sdk::flow::operator::windowed::rolling::RollingOperator::Accumulator`
[INFO] [stdout]    --> /opt/rustwide/cargo-home/registry/src/index.crates.io-1949cf8c6b5b557f/reifydb-sdk-0.9.3/src/flow/operator/windowed/rolling.rs:66:20
[INFO] [stdout]     |
[INFO] [stdout]  58 | pub trait RollingOperator {
[INFO] [stdout] ...
[INFO] [stdout]  66 |     type Accumulator: WindowAccumulator;
[INFO] [stdout]     |                       ^^^^^^^^^^^^^^^^^ required by this bound in `RollingOperator::Accumulator`
[INFO] [stdout]     = note: the full name for the type has been written to '/opt/rustwide/target/debug/build/reifydb-testing-sdk/931f0a0712884460/out/sdk-931f0a0712884460.long-type-3911848046899504742.txt'
[INFO] [stdout]     = note: consider using `--verbose` to print the full type name to the console
[INFO] [stdout] 
[INFO] [stdout] 
[INFO] [stdout] error[E0277]: the trait bound `WindowSum: reifydb_codec::row::operator::state::OperatorState` is not satisfied
[INFO] [stdout]    --> tests/sdk/rolling.rs:291:21
[INFO] [stdout]     |
[INFO] [stdout] 291 |     type Accumulator = WindowSum;
[INFO] [stdout]     |                        ^^^^^^^^^ unsatisfied trait bound
[INFO] [stdout]     |
[INFO] [stdout] help: the trait `reifydb_codec::row::operator::state::OperatorState` is not implemented for `WindowSum`
[INFO] [stdout]    --> tests/sdk/rolling.rs:36:1
[INFO] [stdout]     |
[INFO] [stdout]  36 | struct WindowSum {
[INFO] [stdout]     | ^^^^^^^^^^^^^^^^
[INFO] [stdout]     = help: the following other types implement trait `reifydb_codec::row::operator::state::OperatorState`:
[INFO] [stdout]               (i64, i64, i64)
[INFO] [stdout]               BTreeMap<K, V>
[INFO] [stdout]               CarryMeta<S, Carry, Output>
[INFO] [stdout]               CountState
[INFO] [stdout]               GroupMeta<S>
[INFO] [stdout]               JoinRowExpiryState
[INFO] [stdout]               KeyedInvertibleAccumulator<K, A>
[INFO] [stdout]               LastValue<V>
[INFO] [stdout]             and 26 others
[INFO] [stdout]     = note: required for `<SealedRollingSum as RollingOperator>::Accumulator` to implement `WindowAccumulator`
[INFO] [stdout] note: required by a bound in `reifydb_sdk::flow::operator::windowed::rolling::RollingOperator::Accumulator`
[INFO] [stdout]    --> /opt/rustwide/cargo-home/registry/src/index.crates.io-1949cf8c6b5b557f/reifydb-sdk-0.9.3/src/flow/operator/windowed/rolling.rs:66:20
[INFO] [stdout]     |
[INFO] [stdout]  58 | pub trait RollingOperator {
[INFO] [stdout] ...
[INFO] [stdout]  66 |     type Accumulator: WindowAccumulator;
[INFO] [stdout]     |                       ^^^^^^^^^^^^^^^^^ required by this bound in `RollingOperator::Accumulator`
[INFO] [stdout]     = note: the full name for the type has been written to '/opt/rustwide/target/debug/build/reifydb-testing-sdk/931f0a0712884460/out/sdk-931f0a0712884460.long-type-3911848046899504742.txt'
[INFO] [stdout]     = note: consider using `--verbose` to print the full type name to the console
[INFO] [stdout] 
[INFO] [stdout] 
[INFO] [stdout] error[E0277]: the trait bound `TopOut: StateCodec` is not satisfied
[INFO] [stdout]   --> tests/sdk/rolling_top_k.rs:62:16
[INFO] [stdout]    |
[INFO] [stdout] 62 |     type Output = TopOut;
[INFO] [stdout]    |                   ^^^^^^ unsatisfied trait bound
[INFO] [stdout]    |
[INFO] [stdout] help: the trait `Serialize` is not implemented for `TopOut`
[INFO] [stdout]   --> tests/sdk/rolling_top_k.rs:39:1
[INFO] [stdout]    |
[INFO] [stdout] 39 | struct TopOut {
[INFO] [stdout]    | ^^^^^^^^^^^^^
[INFO] [stdout]    = help: the following other types implement trait `Serialize`:
[INFO] [stdout]              &'a T
[INFO] [stdout]              &'a mut T
[INFO] [stdout]              ()
[INFO] [stdout]              (T,)
[INFO] [stdout]              (T0, T1)
[INFO] [stdout]              (T0, T1, T2)
[INFO] [stdout]              (T0, T1, T2, T3)
[INFO] [stdout]              (T0, T1, T2, T3, T4)
[INFO] [stdout]            and 423 others
[INFO] [stdout]    = note: required for `TopOut` to implement `StateCodec`
[INFO] [stdout] note: required by a bound in `reifydb_sdk::flow::operator::windowed::rolling_top_k::RollingTopKOperator::Output`
[INFO] [stdout]   --> /opt/rustwide/cargo-home/registry/src/index.crates.io-1949cf8c6b5b557f/reifydb-sdk-0.9.3/src/flow/operator/windowed/rolling_top_k.rs:68:43
[INFO] [stdout]    |
[INFO] [stdout] 56 | pub trait RollingTopKOperator {
[INFO] [stdout] ...
[INFO] [stdout] 68 |     type Output: Clone + Debug + PartialEq + StateCodec + HeapSize;
[INFO] [stdout]    |                                              ^^^^^^^^^^ required by this bound in `RollingTopKOperator::Output`
[INFO] [stdout] 
[INFO] [stdout] 
[INFO] [stdout] error[E0277]: the trait bound `TopOut: serde::de::DeserializeOwned` is not satisfied
[INFO] [stdout]   --> tests/sdk/rolling_top_k.rs:62:16
[INFO] [stdout]    |
[INFO] [stdout] 62 |     type Output = TopOut;
[INFO] [stdout]    |                   ^^^^^^ unsatisfied trait bound
[INFO] [stdout]    |
[INFO] [stdout] help: the trait `for<'de> Deserialize<'de>` is not implemented for `TopOut`
[INFO] [stdout]   --> tests/sdk/rolling_top_k.rs:39:1
[INFO] [stdout]    |
[INFO] [stdout] 39 | struct TopOut {
[INFO] [stdout]    | ^^^^^^^^^^^^^
[INFO] [stdout]    = help: the following other types implement trait `Deserialize<'de>`:
[INFO] [stdout]              &'a Path
[INFO] [stdout]              &'a [u8]
[INFO] [stdout]              &'a serde_bytes::bytearray::ByteArray<N>
[INFO] [stdout]              &'a serde_bytes::bytes::Bytes
[INFO] [stdout]              &'a str
[INFO] [stdout]              ()
[INFO] [stdout]              (T,)
[INFO] [stdout]              (T0, T1)
[INFO] [stdout]            and 434 others
[INFO] [stdout]    = note: required for `TopOut` to implement `DeserializeOwned`
[INFO] [stdout]    = note: required for `<TestTopVolume as RollingTopKOperator>::Output` to implement `StateCodec`
[INFO] [stdout] note: required by a bound in `reifydb_sdk::flow::operator::windowed::rolling_top_k::RollingTopKOperator::Output`
[INFO] [stdout]   --> /opt/rustwide/cargo-home/registry/src/index.crates.io-1949cf8c6b5b557f/reifydb-sdk-0.9.3/src/flow/operator/windowed/rolling_top_k.rs:68:43
[INFO] [stdout]    |
[INFO] [stdout] 56 | pub trait RollingTopKOperator {
[INFO] [stdout] ...
[INFO] [stdout] 68 |     type Output: Clone + Debug + PartialEq + StateCodec + HeapSize;
[INFO] [stdout]    |                                              ^^^^^^^^^^ required by this bound in `RollingTopKOperator::Output`
[INFO] [stdout]    = note: the full name for the type has been written to '/opt/rustwide/target/debug/build/reifydb-testing-sdk/931f0a0712884460/out/sdk-931f0a0712884460.long-type-18436872048862592967.txt'
[INFO] [stdout]    = note: consider using `--verbose` to print the full type name to the console
[INFO] [stdout] 
[INFO] [stdout] 
[INFO] [stdout] error[E0277]: the trait bound `TopOut: StateCodec` is not satisfied
[INFO] [stdout]    --> tests/sdk/rolling_top_k.rs:307:16
[INFO] [stdout]     |
[INFO] [stdout] 307 |     type Output = TopOut;
[INFO] [stdout]     |                   ^^^^^^ unsatisfied trait bound
[INFO] [stdout]     |
[INFO] [stdout] help: the trait `Serialize` is not implemented for `TopOut`
[INFO] [stdout]    --> tests/sdk/rolling_top_k.rs:39:1
[INFO] [stdout]     |
[INFO] [stdout]  39 | struct TopOut {
[INFO] [stdout]     | ^^^^^^^^^^^^^
[INFO] [stdout]     = help: the following other types implement trait `Serialize`:
[INFO] [stdout]               &'a T
[INFO] [stdout]               &'a mut T
[INFO] [stdout]               ()
[INFO] [stdout]               (T,)
[INFO] [stdout]               (T0, T1)
[INFO] [stdout]               (T0, T1, T2)
[INFO] [stdout]               (T0, T1, T2, T3)
[INFO] [stdout]               (T0, T1, T2, T3, T4)
[INFO] [stdout]             and 423 others
[INFO] [stdout]     = note: required for `TopOut` to implement `StateCodec`
[INFO] [stdout] note: required by a bound in `reifydb_sdk::flow::operator::windowed::rolling_top_k::RollingTopKOperator::Output`
[INFO] [stdout]    --> /opt/rustwide/cargo-home/registry/src/index.crates.io-1949cf8c6b5b557f/reifydb-sdk-0.9.3/src/flow/operator/windowed/rolling_top_k.rs:68:43
[INFO] [stdout]     |
[INFO] [stdout]  56 | pub trait RollingTopKOperator {
[INFO] [stdout] ...
[INFO] [stdout]  68 |     type Output: Clone + Debug + PartialEq + StateCodec + HeapSize;
[INFO] [stdout]     |                                              ^^^^^^^^^^ required by this bound in `RollingTopKOperator::Output`
[INFO] [stdout] 
[INFO] [stdout] 
[INFO] [stdout] error[E0277]: the trait bound `TopOut: serde::de::DeserializeOwned` is not satisfied
[INFO] [stdout]    --> tests/sdk/rolling_top_k.rs:307:16
[INFO] [stdout]     |
[INFO] [stdout] 307 |     type Output = TopOut;
[INFO] [stdout]     |                   ^^^^^^ unsatisfied trait bound
[INFO] [stdout]     |
[INFO] [stdout] help: the trait `for<'de> Deserialize<'de>` is not implemented for `TopOut`
[INFO] [stdout]    --> tests/sdk/rolling_top_k.rs:39:1
[INFO] [stdout]     |
[INFO] [stdout]  39 | struct TopOut {
[INFO] [stdout]     | ^^^^^^^^^^^^^
[INFO] [stdout]     = help: the following other types implement trait `Deserialize<'de>`:
[INFO] [stdout]               &'a Path
[INFO] [stdout]               &'a [u8]
[INFO] [stdout]               &'a serde_bytes::bytearray::ByteArray<N>
[INFO] [stdout]               &'a serde_bytes::bytes::Bytes
[INFO] [stdout]               &'a str
[INFO] [stdout]               ()
[INFO] [stdout]               (T,)
[INFO] [stdout]               (T0, T1)
[INFO] [stdout]             and 434 others
[INFO] [stdout]     = note: required for `TopOut` to implement `DeserializeOwned`
[INFO] [stdout]     = note: required for `<SealedTopVolume as RollingTopKOperator>::Output` to implement `StateCodec`
[INFO] [stdout] note: required by a bound in `reifydb_sdk::flow::operator::windowed::rolling_top_k::RollingTopKOperator::Output`
[INFO] [stdout]    --> /opt/rustwide/cargo-home/registry/src/index.crates.io-1949cf8c6b5b557f/reifydb-sdk-0.9.3/src/flow/operator/windowed/rolling_top_k.rs:68:43
[INFO] [stdout]     |
[INFO] [stdout]  56 | pub trait RollingTopKOperator {
[INFO] [stdout] ...
[INFO] [stdout]  68 |     type Output: Clone + Debug + PartialEq + StateCodec + HeapSize;
[INFO] [stdout]     |                                              ^^^^^^^^^^ required by this bound in `RollingTopKOperator::Output`
[INFO] [stdout]     = note: the full name for the type has been written to '/opt/rustwide/target/debug/build/reifydb-testing-sdk/931f0a0712884460/out/sdk-931f0a0712884460.long-type-14002088550786419656.txt'
[INFO] [stdout]     = note: consider using `--verbose` to print the full type name to the console
[INFO] [stdout] 
[INFO] [stdout] 
[INFO] [stdout] error[E0277]: the trait bound `CarryOut: StateCodec` is not satisfied
[INFO] [stdout]   --> tests/sdk/tumbling_carry.rs:64:16
[INFO] [stdout]    |
[INFO] [stdout] 64 |     type Output = CarryOut;
[INFO] [stdout]    |                   ^^^^^^^^ unsatisfied trait bound
[INFO] [stdout]    |
[INFO] [stdout] help: the trait `Serialize` is not implemented for `CarryOut`
[INFO] [stdout]   --> tests/sdk/tumbling_carry.rs:40:1
[INFO] [stdout]    |
[INFO] [stdout] 40 | struct CarryOut {
[INFO] [stdout]    | ^^^^^^^^^^^^^^^
[INFO] [stdout]    = help: the following other types implement trait `Serialize`:
[INFO] [stdout]              &'a T
[INFO] [stdout]              &'a mut T
[INFO] [stdout]              ()
[INFO] [stdout]              (T,)
[INFO] [stdout]              (T0, T1)
[INFO] [stdout]              (T0, T1, T2)
[INFO] [stdout]              (T0, T1, T2, T3)
[INFO] [stdout]              (T0, T1, T2, T3, T4)
[INFO] [stdout]            and 423 others
[INFO] [stdout]    = note: required for `CarryOut` to implement `StateCodec`
[INFO] [stdout] note: required by a bound in `reifydb_sdk::flow::operator::windowed::tumbling_carry::TumblingCarryOperator::Output`
[INFO] [stdout]   --> /opt/rustwide/cargo-home/registry/src/index.crates.io-1949cf8c6b5b557f/reifydb-sdk-0.9.3/src/flow/operator/windowed/tumbling_carry.rs:74:43
[INFO] [stdout]    |
[INFO] [stdout] 64 | pub trait TumblingCarryOperator {
[INFO] [stdout] ...
[INFO] [stdout] 74 |     type Output: Clone + Debug + PartialEq + StateCodec + HeapSize;
[INFO] [stdout]    |                                              ^^^^^^^^^^ required by this bound in `TumblingCarryOperator::Output`
[INFO] [stdout] 
[INFO] [stdout] 
[INFO] [stdout] error[E0277]: the trait bound `CarryOut: serde::de::DeserializeOwned` is not satisfied
[INFO] [stdout]   --> tests/sdk/tumbling_carry.rs:64:16
[INFO] [stdout]    |
[INFO] [stdout] 64 |     type Output = CarryOut;
[INFO] [stdout]    |                   ^^^^^^^^ unsatisfied trait bound
[INFO] [stdout]    |
[INFO] [stdout] help: the trait `for<'de> Deserialize<'de>` is not implemented for `CarryOut`
[INFO] [stdout]   --> tests/sdk/tumbling_carry.rs:40:1
[INFO] [stdout]    |
[INFO] [stdout] 40 | struct CarryOut {
[INFO] [stdout]    | ^^^^^^^^^^^^^^^
[INFO] [stdout]    = help: the following other types implement trait `Deserialize<'de>`:
[INFO] [stdout]              &'a Path
[INFO] [stdout]              &'a [u8]
[INFO] [stdout]              &'a serde_bytes::bytearray::ByteArray<N>
[INFO] [stdout]              &'a serde_bytes::bytes::Bytes
[INFO] [stdout]              &'a str
[INFO] [stdout]              ()
[INFO] [stdout]              (T,)
[INFO] [stdout]              (T0, T1)
[INFO] [stdout]            and 434 others
[INFO] [stdout]    = note: required for `CarryOut` to implement `DeserializeOwned`
[INFO] [stdout]    = note: required for `<TestCarry as TumblingCarryOperator>::Output` to implement `StateCodec`
[INFO] [stdout] note: required by a bound in `reifydb_sdk::flow::operator::windowed::tumbling_carry::TumblingCarryOperator::Output`
[INFO] [stdout]   --> /opt/rustwide/cargo-home/registry/src/index.crates.io-1949cf8c6b5b557f/reifydb-sdk-0.9.3/src/flow/operator/windowed/tumbling_carry.rs:74:43
[INFO] [stdout]    |
[INFO] [stdout] 64 | pub trait TumblingCarryOperator {
[INFO] [stdout] ...
[INFO] [stdout] 74 |     type Output: Clone + Debug + PartialEq + StateCodec + HeapSize;
[INFO] [stdout]    |                                              ^^^^^^^^^^ required by this bound in `TumblingCarryOperator::Output`
[INFO] [stdout]    = note: the full name for the type has been written to '/opt/rustwide/target/debug/build/reifydb-testing-sdk/931f0a0712884460/out/sdk-931f0a0712884460.long-type-12412145042697290758.txt'
[INFO] [stdout]    = note: consider using `--verbose` to print the full type name to the console
[INFO] [stdout] 
[INFO] [stdout] 
[INFO] [stdout] error[E0277]: the trait bound `CarryOut: StateCodec` is not satisfied
[INFO] [stdout]    --> tests/sdk/tumbling_carry.rs:263:16
[INFO] [stdout]     |
[INFO] [stdout] 263 |     type Output = CarryOut;
[INFO] [stdout]     |                   ^^^^^^^^ unsatisfied trait bound
[INFO] [stdout]     |
[INFO] [stdout] help: the trait `Serialize` is not implemented for `CarryOut`
[INFO] [stdout]    --> tests/sdk/tumbling_carry.rs:40:1
[INFO] [stdout]     |
[INFO] [stdout]  40 | struct CarryOut {
[INFO] [stdout]     | ^^^^^^^^^^^^^^^
[INFO] [stdout]     = help: the following other types implement trait `Serialize`:
[INFO] [stdout]               &'a T
[INFO] [stdout]               &'a mut T
[INFO] [stdout]               ()
[INFO] [stdout]               (T,)
[INFO] [stdout]               (T0, T1)
[INFO] [stdout]               (T0, T1, T2)
[INFO] [stdout]               (T0, T1, T2, T3)
[INFO] [stdout]               (T0, T1, T2, T3, T4)
[INFO] [stdout]             and 423 others
[INFO] [stdout]     = note: required for `CarryOut` to implement `StateCodec`
[INFO] [stdout] note: required by a bound in `reifydb_sdk::flow::operator::windowed::tumbling_carry::TumblingCarryOperator::Output`
[INFO] [stdout]    --> /opt/rustwide/cargo-home/registry/src/index.crates.io-1949cf8c6b5b557f/reifydb-sdk-0.9.3/src/flow/operator/windowed/tumbling_carry.rs:74:43
[INFO] [stdout]     |
[INFO] [stdout]  64 | pub trait TumblingCarryOperator {
[INFO] [stdout] ...
[INFO] [stdout]  74 |     type Output: Clone + Debug + PartialEq + StateCodec + HeapSize;
[INFO] [stdout]     |                                              ^^^^^^^^^^ required by this bound in `TumblingCarryOperator::Output`
[INFO] [stdout] 
[INFO] [stdout] 
[INFO] [stdout] error[E0277]: the trait bound `CarryOut: serde::de::DeserializeOwned` is not satisfied
[INFO] [stdout]    --> tests/sdk/tumbling_carry.rs:263:16
[INFO] [stdout]     |
[INFO] [stdout] 263 |     type Output = CarryOut;
[INFO] [stdout]     |                   ^^^^^^^^ unsatisfied trait bound
[INFO] [stdout]     |
[INFO] [stdout] help: the trait `for<'de> Deserialize<'de>` is not implemented for `CarryOut`
[INFO] [stdout]    --> tests/sdk/tumbling_carry.rs:40:1
[INFO] [stdout]     |
[INFO] [stdout]  40 | struct CarryOut {
[INFO] [stdout]     | ^^^^^^^^^^^^^^^
[INFO] [stdout]     = help: the following other types implement trait `Deserialize<'de>`:
[INFO] [stdout]               &'a Path
[INFO] [stdout]               &'a [u8]
[INFO] [stdout]               &'a serde_bytes::bytearray::ByteArray<N>
[INFO] [stdout]               &'a serde_bytes::bytes::Bytes
[INFO] [stdout]               &'a str
[INFO] [stdout]               ()
[INFO] [stdout]               (T,)
[INFO] [stdout]               (T0, T1)
[INFO] [stdout]             and 434 others
[INFO] [stdout]     = note: required for `CarryOut` to implement `DeserializeOwned`
[INFO] [stdout]     = note: required for `<SealedCarry as TumblingCarryOperator>::Output` to implement `StateCodec`
[INFO] [stdout] note: required by a bound in `reifydb_sdk::flow::operator::windowed::tumbling_carry::TumblingCarryOperator::Output`
[INFO] [stdout]    --> /opt/rustwide/cargo-home/registry/src/index.crates.io-1949cf8c6b5b557f/reifydb-sdk-0.9.3/src/flow/operator/windowed/tumbling_carry.rs:74:43
[INFO] [stdout]     |
[INFO] [stdout]  64 | pub trait TumblingCarryOperator {
[INFO] [stdout] ...
[INFO] [stdout]  74 |     type Output: Clone + Debug + PartialEq + StateCodec + HeapSize;
[INFO] [stdout]     |                                              ^^^^^^^^^^ required by this bound in `TumblingCarryOperator::Output`
[INFO] [stdout]     = note: the full name for the type has been written to '/opt/rustwide/target/debug/build/reifydb-testing-sdk/931f0a0712884460/out/sdk-931f0a0712884460.long-type-6982316493974790544.txt'
[INFO] [stdout]     = note: consider using `--verbose` to print the full type name to the console
[INFO] [stdout] 
[INFO] [stdout] 
[INFO] [stdout] Some errors have detailed explanations: E0277, E0433.
[INFO] [stdout] 
[INFO] [stdout] For more information about an error, try `rustc --explain E0277`.
[INFO] [stdout] 
[INFO] [stderr] error: could not compile `reifydb-testing-sdk` (test "operator") due to 36 previous errors
[INFO] [stderr] warning: build failed, waiting for other jobs to finish...
[INFO] [stdout] error[E0277]: the trait bound `WindowSum: reifydb_codec::row::operator::state::OperatorState` is not satisfied
[INFO] [stdout]    --> tests/sdk/rolling.rs:108:54
[INFO] [stdout]     |
[INFO] [stdout] 108 |         let rolling_sum = buffer.values().filter_map(|w| w.finalize()).sum();
[INFO] [stdout]     |                                                            ^^^^^^^^ unsatisfied trait bound
[INFO] [stdout]     |
[INFO] [stdout] help: the trait `reifydb_codec::row::operator::state::OperatorState` is not implemented for `WindowSum`
[INFO] [stdout]    --> tests/sdk/rolling.rs:36:1
[INFO] [stdout]     |
[INFO] [stdout]  36 | struct WindowSum {
[INFO] [stdout]     | ^^^^^^^^^^^^^^^^
[INFO] [stdout]     = help: the following other types implement trait `reifydb_codec::row::operator::state::OperatorState`:
[INFO] [stdout]               (i64, i64, i64)
[INFO] [stdout]               BTreeMap<K, V>
[INFO] [stdout]               CarryMeta<S, Carry, Output>
[INFO] [stdout]               CountState
[INFO] [stdout]               GroupMeta<S>
[INFO] [stdout]               JoinRowExpiryState
[INFO] [stdout]               KeyedInvertibleAccumulator<K, A>
[INFO] [stdout]               LastValue<V>
[INFO] [stdout]             and 26 others
[INFO] [stdout] note: required by a bound in `finalize`
[INFO] [stdout]    --> /opt/rustwide/cargo-home/registry/src/index.crates.io-1949cf8c6b5b557f/reifydb-flow-0.9.3/src/window/accumulator/mod.rs:18:56
[INFO] [stdout]     |
[INFO] [stdout]  18 | pub trait WindowAccumulator: Clone + Debug + Default + OperatorState + StateCodec + HeapSize {
[INFO] [stdout]     |                                                        ^^^^^^^^^^^^^ required by this bound in `WindowAccumulator::finalize`
[INFO] [stdout] ...
[INFO] [stdout]  26 |     fn finalize(&self) -> Option<Self::Output>;
[INFO] [stdout]     |
[INFO] [stdout] 
[INFO] [stdout] 
[INFO] [stdout] error[E0277]: the trait bound `WindowSum: StateCodec` is not satisfied
[INFO] [stdout]    --> tests/sdk/rolling.rs:108:54
[INFO] [stdout]     |
[INFO] [stdout] 108 |         let rolling_sum = buffer.values().filter_map(|w| w.finalize()).sum();
[INFO] [stdout]     |                                                            ^^^^^^^^ unsatisfied trait bound
[INFO] [stdout]     |
[INFO] [stdout] help: the trait `Serialize` is not implemented for `WindowSum`
[INFO] [stdout]    --> tests/sdk/rolling.rs:36:1
[INFO] [stdout]     |
[INFO] [stdout]  36 | struct WindowSum {
[INFO] [stdout]     | ^^^^^^^^^^^^^^^^
[INFO] [stdout]     = help: the following other types implement trait `Serialize`:
[INFO] [stdout]               &'a T
[INFO] [stdout]               &'a mut T
[INFO] [stdout]               ()
[INFO] [stdout]               (T,)
[INFO] [stdout]               (T0, T1)
[INFO] [stdout]               (T0, T1, T2)
[INFO] [stdout]               (T0, T1, T2, T3)
[INFO] [stdout]               (T0, T1, T2, T3, T4)
[INFO] [stdout]             and 423 others
[INFO] [stdout]     = note: required for `WindowSum` to implement `StateCodec`
[INFO] [stdout] note: required by a bound in `finalize`
[INFO] [stdout]    --> /opt/rustwide/cargo-home/registry/src/index.crates.io-1949cf8c6b5b557f/reifydb-flow-0.9.3/src/window/accumulator/mod.rs:18:72
[INFO] [stdout]     |
[INFO] [stdout]  18 | pub trait WindowAccumulator: Clone + Debug + Default + OperatorState + StateCodec + HeapSize {
[INFO] [stdout]     |                                                                        ^^^^^^^^^^ required by this bound in `WindowAccumulator::finalize`
[INFO] [stdout] ...
[INFO] [stdout]  26 |     fn finalize(&self) -> Option<Self::Output>;
[INFO] [stdout]     |
[INFO] [stdout] 
[INFO] [stdout] 
[INFO] [stdout] error[E0277]: the trait bound `WindowSum: reifydb_codec::row::operator::state::OperatorState` is not satisfied
[INFO] [stdout]    --> tests/sdk/rolling.rs:323:50
[INFO] [stdout]     |
[INFO] [stdout] 323 |             rolling_sum: buffer.values().filter_map(|w| w.finalize()).sum(),
[INFO] [stdout]     |                                                           ^^^^^^^^ unsatisfied trait bound
[INFO] [stdout]     |
[INFO] [stdout] help: the trait `reifydb_codec::row::operator::state::OperatorState` is not implemented for `WindowSum`
[INFO] [stdout]    --> tests/sdk/rolling.rs:36:1
[INFO] [stdout]     |
[INFO] [stdout]  36 | struct WindowSum {
[INFO] [stdout]     | ^^^^^^^^^^^^^^^^
[INFO] [stdout]     = help: the following other types implement trait `reifydb_codec::row::operator::state::OperatorState`:
[INFO] [stdout]               (i64, i64, i64)
[INFO] [stdout]               BTreeMap<K, V>
[INFO] [stdout]               CarryMeta<S, Carry, Output>
[INFO] [stdout]               CountState
[INFO] [stdout]               GroupMeta<S>
[INFO] [stdout]               JoinRowExpiryState
[INFO] [stdout]               KeyedInvertibleAccumulator<K, A>
[INFO] [stdout]               LastValue<V>
[INFO] [stdout]             and 26 others
[INFO] [stdout] note: required by a bound in `finalize`
[INFO] [stdout]    --> /opt/rustwide/cargo-home/registry/src/index.crates.io-1949cf8c6b5b557f/reifydb-flow-0.9.3/src/window/accumulator/mod.rs:18:56
[INFO] [stdout]     |
[INFO] [stdout]  18 | pub trait WindowAccumulator: Clone + Debug + Default + OperatorState + StateCodec + HeapSize {
[INFO] [stdout]     |                                                        ^^^^^^^^^^^^^ required by this bound in `WindowAccumulator::finalize`
[INFO] [stdout] ...
[INFO] [stdout]  26 |     fn finalize(&self) -> Option<Self::Output>;
[INFO] [stdout]     |
[INFO] [stdout] 
[INFO] [stdout] 
[INFO] [stdout] error[E0277]: the trait bound `WindowSum: StateCodec` is not satisfied
[INFO] [stdout]    --> tests/sdk/rolling.rs:323:50
[INFO] [stdout]     |
[INFO] [stdout] 323 |             rolling_sum: buffer.values().filter_map(|w| w.finalize()).sum(),
[INFO] [stdout]     |                                                           ^^^^^^^^ unsatisfied trait bound
[INFO] [stdout]     |
[INFO] [stdout] help: the trait `Serialize` is not implemented for `WindowSum`
[INFO] [stdout]    --> tests/sdk/rolling.rs:36:1
[INFO] [stdout]     |
[INFO] [stdout]  36 | struct WindowSum {
[INFO] [stdout]     | ^^^^^^^^^^^^^^^^
[INFO] [stdout]     = help: the following other types implement trait `Serialize`:
[INFO] [stdout]               &'a T
[INFO] [stdout]               &'a mut T
[INFO] [stdout]               ()
[INFO] [stdout]               (T,)
[INFO] [stdout]               (T0, T1)
[INFO] [stdout]               (T0, T1, T2)
[INFO] [stdout]               (T0, T1, T2, T3)
[INFO] [stdout]               (T0, T1, T2, T3, T4)
[INFO] [stdout]             and 423 others
[INFO] [stdout]     = note: required for `WindowSum` to implement `StateCodec`
[INFO] [stdout] note: required by a bound in `finalize`
[INFO] [stdout]    --> /opt/rustwide/cargo-home/registry/src/index.crates.io-1949cf8c6b5b557f/reifydb-flow-0.9.3/src/window/accumulator/mod.rs:18:72
[INFO] [stdout]     |
[INFO] [stdout]  18 | pub trait WindowAccumulator: Clone + Debug + Default + OperatorState + StateCodec + HeapSize {
[INFO] [stdout]     |                                                                        ^^^^^^^^^^ required by this bound in `WindowAccumulator::finalize`
[INFO] [stdout] ...
[INFO] [stdout]  26 |     fn finalize(&self) -> Option<Self::Output>;
[INFO] [stdout]     |
[INFO] [stdout] 
[INFO] [stdout] 
[INFO] [stdout] Some errors have detailed explanations: E0277, E0433.
[INFO] [stdout] 
[INFO] [stdout] For more information about an error, try `rustc --explain E0277`.
[INFO] [stdout] 
[INFO] [stderr] error: could not compile `reifydb-testing-sdk` (test "sdk") due to 42 previous errors
[INFO] running `Command { std: "docker" "inspect" "f2eb153bd9f361e85f86d7af3ef1b6e8351a85c8710c46476be1b798833d7193", kill_on_drop: false }`
[INFO] running `Command { std: "docker" "rm" "-f" "f2eb153bd9f361e85f86d7af3ef1b6e8351a85c8710c46476be1b798833d7193", kill_on_drop: false }`
[INFO] [stdout] f2eb153bd9f361e85f86d7af3ef1b6e8351a85c8710c46476be1b798833d7193
