[INFO] fetching crate reifydb-rql-graphql 0.9.3...
[INFO] checking reifydb-rql-graphql-0.9.3 against 3154cc1a3e6424e44f438a95007d043ed5ceaaf6 for pr-133502-30
[INFO] extracting crate reifydb-rql-graphql 0.9.3 into /workspace/builds/worker-2-tc2/source
[INFO] started tweaking crates.io crate reifydb-rql-graphql 0.9.3
[INFO] removed 0 missing tests
[INFO] finished tweaking crates.io crate reifydb-rql-graphql 0.9.3
[INFO] tweaked toml for crates.io crate reifydb-rql-graphql 0.9.3 written to /workspace/builds/worker-2-tc2/source/Cargo.toml
[INFO] validating manifest of crates.io crate reifydb-rql-graphql 0.9.3 on toolchain 3154cc1a3e6424e44f438a95007d043ed5ceaaf6
[INFO] running `Command { std: CARGO_HOME="/workspace/cargo-home" RUSTUP_HOME="/workspace/rustup-home" "/workspace/cargo-home/bin/cargo" "+3154cc1a3e6424e44f438a95007d043ed5ceaaf6" "metadata" "--manifest-path" "Cargo.toml" "--no-deps", kill_on_drop: false }`
[INFO] crate crates.io crate reifydb-rql-graphql 0.9.3 already has a lockfile, it will not be regenerated
[INFO] running `Command { std: CARGO_HOME="/workspace/cargo-home" RUSTUP_HOME="/workspace/rustup-home" "/workspace/cargo-home/bin/cargo" "+3154cc1a3e6424e44f438a95007d043ed5ceaaf6" "fetch" "--manifest-path" "Cargo.toml", kill_on_drop: false }`
[INFO] running `Command { std: "docker" "create" "-v" "/var/lib/crater-agent-workspace/builds/worker-2-tc2/source:/opt/rustwide/workdir:ro,Z" "-v" "/var/lib/crater-agent-workspace/builds/worker-2-tc2/target:/opt/rustwide/target:rw,Z" "-v" "/var/lib/crater-agent-workspace/cargo-home:/opt/rustwide/cargo-home:ro,Z" "-v" "/var/lib/crater-agent-workspace/rustup-home:/opt/rustwide/rustup-home:ro,Z" "-m" "1610612736" "--network" "none" "ghcr.io/rust-lang/crates-build-env/linux@sha256:77db811e55d90add9212f6832c23229e3de5f1c1f9905e8cb07319ea15df73ac" "sleep" "infinity", kill_on_drop: false }`
[INFO] [stdout] c59aaa6686e6facbe491169fce435900e06a3b9ebfa899a9555ddc4d0fa627b0
[INFO] running `Command { std: "docker" "start" "c59aaa6686e6facbe491169fce435900e06a3b9ebfa899a9555ddc4d0fa627b0", kill_on_drop: false }`
[INFO] running `Command { std: "docker" "inspect" "c59aaa6686e6facbe491169fce435900e06a3b9ebfa899a9555ddc4d0fa627b0", kill_on_drop: false }`
[INFO] running `Command { std: "docker" "exec" "-e" "SOURCE_DIR=/opt/rustwide/workdir" "-e" "CARGO_HOME=/opt/rustwide/cargo-home" "-e" "RUSTUP_HOME=/opt/rustwide/rustup-home" "-e" "CARGO_TARGET_DIR=/opt/rustwide/target" "-w" "/opt/rustwide/workdir" "--user" "0:0" "c59aaa6686e6facbe491169fce435900e06a3b9ebfa899a9555ddc4d0fa627b0" "/opt/rustwide/cargo-home/bin/cargo" "+3154cc1a3e6424e44f438a95007d043ed5ceaaf6" "metadata" "--no-deps" "--format-version=1", kill_on_drop: false }`
[INFO] running `Command { std: "docker" "inspect" "c59aaa6686e6facbe491169fce435900e06a3b9ebfa899a9555ddc4d0fa627b0", kill_on_drop: false }`
[INFO] running `Command { std: "docker" "exec" "-e" "SOURCE_DIR=/opt/rustwide/workdir" "-e" "CARGO_HOME=/opt/rustwide/cargo-home" "-e" "RUSTUP_HOME=/opt/rustwide/rustup-home" "-e" "CARGO_TARGET_DIR=/opt/rustwide/target" "-e" "CARGO_INCREMENTAL=0" "-e" "RUST_BACKTRACE=full" "-e" "RUSTFLAGS=--cap-lints=forbid" "-e" "RUSTDOCFLAGS=--cap-lints=forbid" "-w" "/opt/rustwide/workdir" "--user" "0:0" "c59aaa6686e6facbe491169fce435900e06a3b9ebfa899a9555ddc4d0fa627b0" "/opt/rustwide/cargo-home/bin/cargo" "+3154cc1a3e6424e44f438a95007d043ed5ceaaf6" "check" "--frozen" "--all" "--all-targets" "--message-format=json", kill_on_drop: false }`
[INFO] [stderr]    Compiling reifydb-build v0.9.3
[INFO] [stderr]    Compiling proc-macro2 v1.0.106
[INFO] [stderr]    Compiling quote v1.0.45
[INFO] [stderr]    Compiling serde_core v1.0.228
[INFO] [stderr]    Compiling serde v1.0.228
[INFO] [stderr]    Compiling shlex v2.0.1
[INFO] [stderr]    Compiling pkg-config v0.3.33
[INFO] [stderr]    Compiling autocfg v1.5.1
[INFO] [stderr]    Compiling crossbeam-utils v0.8.21
[INFO] [stderr]     Checking scopeguard v1.2.0
[INFO] [stderr]    Compiling semver v1.0.28
[INFO] [stderr]    Compiling libc v0.2.186
[INFO] [stderr]     Checking rand_core v0.10.1
[INFO] [stderr]    Compiling thiserror v2.0.18
[INFO] [stderr]     Checking byteorder v1.5.0
[INFO] [stderr]    Compiling serde_json v1.0.150
[INFO] [stderr]     Checking lock_api v0.4.14
[INFO] [stderr]    Compiling reifydb-value v0.9.3
[INFO] [stderr]     Checking memchr v2.8.1
[INFO] [stderr]     Checking itoa v1.0.18
[INFO] [stderr]     Checking hash32 v0.2.1
[INFO] [stderr]     Checking once_cell v1.21.4
[INFO] [stderr]    Compiling zstd-safe v7.2.4
[INFO] [stderr]    Compiling rustc_version v0.4.1
[INFO] [stderr]     Checking chacha20 v0.10.0
[INFO] [stderr]     Checking hashbrown v0.15.5
[INFO] [stderr]    Compiling reifydb-codec v0.9.3
[INFO] [stderr]    Compiling reifydb-runtime v0.9.3
[INFO] [stderr]     Checking slab v0.4.12
[INFO] [stderr]     Checking tracing-core v0.1.36
[INFO] [stderr]     Checking futures-task v0.3.32
[INFO] [stderr]    Compiling paste v1.0.15
[INFO] [stderr]     Checking futures-core v0.3.32
[INFO] [stderr]     Checking either v1.16.0
[INFO] [stderr]    Compiling num-traits v0.2.19
[INFO] [stderr]    Compiling bigdecimal v0.4.10
[INFO] [stderr]     Checking tagptr v0.2.0
[INFO] [stderr]    Compiling heapless v0.7.17
[INFO] [stderr]     Checking spin v0.9.8
[INFO] [stderr]     Checking crossbeam-epoch v0.9.18
[INFO] [stderr]     Checking crossbeam-channel v0.5.15
[INFO] [stderr]     Checking futures-sink v0.3.32
[INFO] [stderr]     Checking hashbrown v0.16.1
[INFO] [stderr]    Compiling reifydb-core v0.9.3
[INFO] [stderr]     Checking hashbrown v0.17.1
[INFO] [stderr]    Compiling reifydb-filter v0.9.3
[INFO] [stderr]    Compiling reifydb-sqlite v0.9.3
[INFO] [stderr]     Checking bitflags v2.13.0
[INFO] [stderr]     Checking fallible-iterator v0.3.0
[INFO] [stderr]     Checking fallible-streaming-iterator v0.1.9
[INFO] [stderr]    Compiling reifydb-store v0.9.3
[INFO] [stderr]    Compiling reifydb-store-commit v0.9.3
[INFO] [stderr]     Checking crossbeam-deque v0.8.6
[INFO] [stderr]     Checking crossbeam-skiplist v0.1.3
[INFO] [stderr]    Compiling reifydb-store-single v0.9.3
[INFO] [stderr]    Compiling reifydb-store-multi v0.9.3
[INFO] [stderr]    Compiling reifydb-transaction v0.9.3
[INFO] [stderr]    Compiling reifydb-catalog v0.9.3
[INFO] [stderr]    Compiling reifydb-routine-abi v0.9.3
[INFO] [stderr]     Checking subtle v2.6.1
[INFO] [stderr]    Compiling syn v2.0.117
[INFO] [stderr]    Compiling reifydb-rql v0.9.3
[INFO] [stderr]     Checking rayon-core v1.13.0
[INFO] [stderr]     Checking bumpalo v3.20.3
[INFO] [stderr]    Compiling jobserver v0.1.34
[INFO] [stderr]     Checking rayon v1.12.0
[INFO] [stderr]     Checking getrandom v0.4.2
[INFO] [stderr]     Checking mio v1.2.1
[INFO] [stderr]     Checking socket2 v0.6.4
[INFO] [stderr]     Checking num-integer v0.1.46
[INFO] [stderr]     Checking hashlink v0.11.1
[INFO] [stderr]     Checking rand v0.10.1
[INFO] [stderr]    Compiling cc v1.2.63
[INFO] [stderr]    Compiling zstd-sys v2.0.16+zstd.1.5.7
[INFO] [stderr]    Compiling libsqlite3-sys v0.37.0
[INFO] [stderr]     Checking uuid v1.23.2
[INFO] [stderr]     Checking serde_bytes v0.11.19
[INFO] [stderr]     Checking indexmap v2.14.0
[INFO] [stderr]    Compiling reifydb-macro-impl v0.9.3
[INFO] [stderr]    Compiling serde_derive v1.0.228
[INFO] [stderr]    Compiling thiserror-impl v2.0.18
[INFO] [stderr]    Compiling tracing-attributes v0.1.31
[INFO] [stderr]    Compiling futures-macro v0.3.32
[INFO] [stderr]    Compiling tokio-macros v2.7.0
[INFO] [stderr]     Checking zstd v0.13.3
[INFO] [stderr]     Checking tokio v1.52.3
[INFO] [stderr]     Checking futures-util v0.3.32
[INFO] [stderr]    Compiling reifydb-macro v0.9.3
[INFO] [stderr]     Checking cobs v0.3.0
[INFO] [stderr]     Checking tracing v0.1.44
[INFO] [stderr]     Checking smallvec v1.15.1
[INFO] [stderr]     Checking num-bigint v0.4.6
[INFO] [stderr]     Checking parking_lot_core v0.9.12
[INFO] [stderr]     Checking parking_lot v0.12.5
[INFO] [stderr]     Checking dashmap v7.0.0-rc2
[INFO] [stderr]     Checking moka v0.12.15
[INFO] [stderr]     Checking postcard v1.1.3
[INFO] [stderr]     Checking rusqlite v0.39.0
[INFO] [stderr]     Checking reifydb-rql-graphql v0.9.3 (/opt/rustwide/workdir)
[INFO] [stdout] error[E0432]: unresolved import `reifydb`
[INFO] [stdout]  --> tests/mod.rs:6:5
[INFO] [stdout]   |
[INFO] [stdout] 6 | use reifydb::{Database, Params, RuntimeConfig, embedded as db_embedded};
[INFO] [stdout]   |     ^^^^^^^ use of unresolved module or unlinked crate `reifydb`
[INFO] [stdout]   |
[INFO] [stdout]   = help: if you wanted to use a crate named `reifydb`, use `cargo add reifydb` to add it to your `Cargo.toml`
[INFO] [stdout] 
[INFO] [stdout] 
[INFO] [stdout] error[E0433]: cannot find module or crate `reifydb_testing` in this scope
[INFO] [stdout]  --> tests/mod.rs:7:5
[INFO] [stdout]   |
[INFO] [stdout] 7 | use reifydb_testing::{testscript, testscript::command::Command};
[INFO] [stdout]   |     ^^^^^^^^^^^^^^^ use of unresolved module or unlinked crate `reifydb_testing`
[INFO] [stdout]   |
[INFO] [stdout]   = help: if you wanted to use a crate named `reifydb_testing`, use `cargo add reifydb_testing` to add it to your `Cargo.toml`
[INFO] [stdout] 
[INFO] [stdout] 
[INFO] [stdout] error[E0432]: unresolved import `reifydb_testing`
[INFO] [stdout]  --> tests/mod.rs:7:5
[INFO] [stdout]   |
[INFO] [stdout] 7 | use reifydb_testing::{testscript, testscript::command::Command};
[INFO] [stdout]   |     ^^^^^^^^^^^^^^^ use of unresolved module or unlinked crate `reifydb_testing`
[INFO] [stdout]   |
[INFO] [stdout]   = help: if you wanted to use a crate named `reifydb_testing`, use `cargo add reifydb_testing` to add it to your `Cargo.toml`
[INFO] [stdout] 
[INFO] [stdout] 
[INFO] [stdout] error[E0433]: cannot find module or crate `tokio` in this scope
[INFO] [stdout]  --> tests/mod.rs:9:5
[INFO] [stdout]   |
[INFO] [stdout] 9 | use tokio::runtime::Runtime;
[INFO] [stdout]   |     ^^^^^ use of unresolved module or unlinked crate `tokio`
[INFO] [stdout]   |
[INFO] [stdout]   = help: if you wanted to use a crate named `tokio`, use `cargo add tokio` to add it to your `Cargo.toml`
[INFO] [stdout] 
[INFO] [stdout] 
[INFO] [stdout] error[E0432]: unresolved import `test_each_file`
[INFO] [stdout]  --> tests/mod.rs:8:5
[INFO] [stdout]   |
[INFO] [stdout] 8 | use test_each_file::test_each_path;
[INFO] [stdout]   |     ^^^^^^^^^^^^^^ use of unresolved module or unlinked crate `test_each_file`
[INFO] [stdout]   |
[INFO] [stdout]   = help: if you wanted to use a crate named `test_each_file`, use `cargo add test_each_file` to add it to your `Cargo.toml`
[INFO] [stdout] 
[INFO] [stdout] 
[INFO] [stdout] Some errors have detailed explanations: E0432, E0433.
[INFO] [stdout] 
[INFO] [stdout] For more information about an error, try `rustc --explain E0432`.
[INFO] [stdout] 
[INFO] [stderr] error: could not compile `reifydb-rql-graphql` (test "mod") due to 5 previous errors
[INFO] running `Command { std: "docker" "inspect" "c59aaa6686e6facbe491169fce435900e06a3b9ebfa899a9555ddc4d0fa627b0", kill_on_drop: false }`
[INFO] running `Command { std: "docker" "rm" "-f" "c59aaa6686e6facbe491169fce435900e06a3b9ebfa899a9555ddc4d0fa627b0", kill_on_drop: false }`
[INFO] [stdout] c59aaa6686e6facbe491169fce435900e06a3b9ebfa899a9555ddc4d0fa627b0
