[INFO] fetching crate refuse-macros 0.0.6...
[INFO] checking refuse-macros-0.0.6 against 3154cc1a3e6424e44f438a95007d043ed5ceaaf6 for pr-133502-30
[INFO] extracting crate refuse-macros 0.0.6 into /workspace/builds/worker-5-tc2/source
[INFO] started tweaking crates.io crate refuse-macros 0.0.6
[INFO] finished tweaking crates.io crate refuse-macros 0.0.6
[INFO] tweaked toml for crates.io crate refuse-macros 0.0.6 written to /workspace/builds/worker-5-tc2/source/Cargo.toml
[INFO] validating manifest of crates.io crate refuse-macros 0.0.6 on toolchain 3154cc1a3e6424e44f438a95007d043ed5ceaaf6
[INFO] running `Command { std: CARGO_HOME="/workspace/cargo-home" RUSTUP_HOME="/workspace/rustup-home" "/workspace/cargo-home/bin/cargo" "+3154cc1a3e6424e44f438a95007d043ed5ceaaf6" "metadata" "--manifest-path" "Cargo.toml" "--no-deps", kill_on_drop: false }`
[INFO] running `Command { std: CARGO_HOME="/workspace/cargo-home" RUSTUP_HOME="/workspace/rustup-home" "/workspace/cargo-home/bin/cargo" "+3154cc1a3e6424e44f438a95007d043ed5ceaaf6" "generate-lockfile" "--manifest-path" "Cargo.toml", kill_on_drop: false }`
[INFO] [stderr]     Updating crates.io index
[INFO] [stderr]      Locking 19 packages to highest compatible versions
[INFO] [stderr]       Adding attribute-derive v0.9.2 (available: v0.11.0)
[INFO] [stderr]       Adding manyhow v0.11.4 (available: v0.14.0)
[INFO] [stderr]       Adding syn v2.0.119 (available: v3.0.7)
[INFO] running `Command { std: CARGO_HOME="/workspace/cargo-home" RUSTUP_HOME="/workspace/rustup-home" "/workspace/cargo-home/bin/cargo" "+3154cc1a3e6424e44f438a95007d043ed5ceaaf6" "fetch" "--manifest-path" "Cargo.toml", kill_on_drop: false }`
[INFO] running `Command { std: "docker" "create" "-v" "/var/lib/crater-agent-workspace/builds/worker-5-tc2/source:/opt/rustwide/workdir:ro,Z" "-v" "/var/lib/crater-agent-workspace/builds/worker-5-tc2/target:/opt/rustwide/target:rw,Z" "-v" "/var/lib/crater-agent-workspace/cargo-home:/opt/rustwide/cargo-home:ro,Z" "-v" "/var/lib/crater-agent-workspace/rustup-home:/opt/rustwide/rustup-home:ro,Z" "-m" "1610612736" "--network" "none" "ghcr.io/rust-lang/crates-build-env/linux@sha256:77db811e55d90add9212f6832c23229e3de5f1c1f9905e8cb07319ea15df73ac" "sleep" "infinity", kill_on_drop: false }`
[INFO] [stdout] 9d0e549e0c327c7545d116005a168eb1e64f0ea0e2142a766f2638ba3b1514bb
[INFO] running `Command { std: "docker" "start" "9d0e549e0c327c7545d116005a168eb1e64f0ea0e2142a766f2638ba3b1514bb", kill_on_drop: false }`
[INFO] running `Command { std: "docker" "inspect" "9d0e549e0c327c7545d116005a168eb1e64f0ea0e2142a766f2638ba3b1514bb", kill_on_drop: false }`
[INFO] running `Command { std: "docker" "exec" "-e" "SOURCE_DIR=/opt/rustwide/workdir" "-e" "CARGO_HOME=/opt/rustwide/cargo-home" "-e" "RUSTUP_HOME=/opt/rustwide/rustup-home" "-e" "CARGO_TARGET_DIR=/opt/rustwide/target" "-w" "/opt/rustwide/workdir" "--user" "0:0" "9d0e549e0c327c7545d116005a168eb1e64f0ea0e2142a766f2638ba3b1514bb" "/opt/rustwide/cargo-home/bin/cargo" "+3154cc1a3e6424e44f438a95007d043ed5ceaaf6" "metadata" "--no-deps" "--format-version=1", kill_on_drop: false }`
[INFO] running `Command { std: "docker" "inspect" "9d0e549e0c327c7545d116005a168eb1e64f0ea0e2142a766f2638ba3b1514bb", kill_on_drop: false }`
[INFO] running `Command { std: "docker" "exec" "-e" "SOURCE_DIR=/opt/rustwide/workdir" "-e" "CARGO_HOME=/opt/rustwide/cargo-home" "-e" "RUSTUP_HOME=/opt/rustwide/rustup-home" "-e" "CARGO_TARGET_DIR=/opt/rustwide/target" "-e" "CARGO_INCREMENTAL=0" "-e" "RUST_BACKTRACE=full" "-e" "RUSTFLAGS=--cap-lints=forbid" "-e" "RUSTDOCFLAGS=--cap-lints=forbid" "-w" "/opt/rustwide/workdir" "--user" "0:0" "9d0e549e0c327c7545d116005a168eb1e64f0ea0e2142a766f2638ba3b1514bb" "/opt/rustwide/cargo-home/bin/cargo" "+3154cc1a3e6424e44f438a95007d043ed5ceaaf6" "check" "--frozen" "--all" "--all-targets" "--message-format=json", kill_on_drop: false }`
[INFO] [stderr]    Compiling proc-macro2 v1.0.107
[INFO] [stderr]    Compiling quote v1.0.47
[INFO] [stderr]    Compiling unicode-ident v1.0.26
[INFO] [stderr]    Compiling smallvec v1.16.3
[INFO] [stderr]    Compiling collection_literals v1.0.3
[INFO] [stderr]    Compiling interpolator v0.5.0
[INFO] [stderr]     Checking syn v2.0.119
[INFO] [stderr]    Compiling proc-macro-utils v0.10.0
[INFO] [stderr]    Compiling proc-macro-utils v0.8.0
[INFO] [stderr]    Compiling syn v3.0.7
[INFO] [stderr]    Compiling manyhow-macros v0.11.4
[INFO] [stderr]    Compiling manyhow-macros v0.10.4
[INFO] [stderr]     Checking manyhow v0.10.4
[INFO] [stderr]     Checking manyhow v0.11.4
[INFO] [stderr]    Compiling quote-use-macros v0.8.4
[INFO] [stderr]    Compiling quote-use v0.8.4
[INFO] [stderr]    Compiling attribute-derive-macro v0.9.2
[INFO] [stderr]    Compiling derive-where v1.7.0
[INFO] [stderr]     Checking attribute-derive v0.9.2
[INFO] [stderr]     Checking refuse-macros v0.0.6 (/opt/rustwide/workdir)
[INFO] [stdout] error[E0433]: cannot find `Item` in `syn`
[INFO] [stdout]    --> src/lib.rs:19:14
[INFO] [stdout]     |
[INFO] [stdout]  19 |         syn::Item::Struct(item) => derive_map_as_inner(&item.ident, &item.generics, &item.attrs),
[INFO] [stdout]     |              ^^^^ could not find `Item` in `syn`
[INFO] [stdout]     |
[INFO] [stdout] note: found an item that was configured out
[INFO] [stdout]    --> /opt/rustwide/cargo-home/registry/src/index.crates.io-1949cf8c6b5b557f/syn-2.0.119/src/lib.rs:431:88
[INFO] [stdout]     |
[INFO] [stdout] 427 | #[cfg(feature = "full")]
[INFO] [stdout]     |       ---------------- the item is gated behind the `full` feature
[INFO] [stdout] ...
[INFO] [stdout] 431 |     ImplItem, ImplItemConst, ImplItemFn, ImplItemMacro, ImplItemType, ImplRestriction, Item,
[INFO] [stdout]     |                                                                                        ^^^^
[INFO] [stdout] 
[INFO] [stdout] 
[INFO] [stdout] error[E0433]: cannot find `Item` in `syn`
[INFO] [stdout]    --> src/lib.rs:20:14
[INFO] [stdout]     |
[INFO] [stdout]  20 |         syn::Item::Enum(item) => derive_map_as_inner(&item.ident, &item.generics, &item.attrs),
[INFO] [stdout]     |              ^^^^ could not find `Item` in `syn`
[INFO] [stdout]     |
[INFO] [stdout] note: found an item that was configured out
[INFO] [stdout]    --> /opt/rustwide/cargo-home/registry/src/index.crates.io-1949cf8c6b5b557f/syn-2.0.119/src/lib.rs:431:88
[INFO] [stdout]     |
[INFO] [stdout] 427 | #[cfg(feature = "full")]
[INFO] [stdout]     |       ---------------- the item is gated behind the `full` feature
[INFO] [stdout] ...
[INFO] [stdout] 431 |     ImplItem, ImplItemConst, ImplItemFn, ImplItemMacro, ImplItemType, ImplRestriction, Item,
[INFO] [stdout]     |                                                                                        ^^^^
[INFO] [stdout] 
[INFO] [stdout] 
[INFO] [stdout] error[E0433]: cannot find `Item` in `syn`
[INFO] [stdout]    --> src/lib.rs:66:14
[INFO] [stdout]     |
[INFO] [stdout]  66 |         syn::Item::Struct(item) => derive_struct_trace(item),
[INFO] [stdout]     |              ^^^^ could not find `Item` in `syn`
[INFO] [stdout]     |
[INFO] [stdout] note: found an item that was configured out
[INFO] [stdout]    --> /opt/rustwide/cargo-home/registry/src/index.crates.io-1949cf8c6b5b557f/syn-2.0.119/src/lib.rs:431:88
[INFO] [stdout]     |
[INFO] [stdout] 427 | #[cfg(feature = "full")]
[INFO] [stdout]     |       ---------------- the item is gated behind the `full` feature
[INFO] [stdout] ...
[INFO] [stdout] 431 |     ImplItem, ImplItemConst, ImplItemFn, ImplItemMacro, ImplItemType, ImplRestriction, Item,
[INFO] [stdout]     |                                                                                        ^^^^
[INFO] [stdout] 
[INFO] [stdout] 
[INFO] [stdout] error[E0433]: cannot find `Item` in `syn`
[INFO] [stdout]    --> src/lib.rs:67:14
[INFO] [stdout]     |
[INFO] [stdout]  67 |         syn::Item::Enum(item) => derive_enum_trace(item),
[INFO] [stdout]     |              ^^^^ could not find `Item` in `syn`
[INFO] [stdout]     |
[INFO] [stdout] note: found an item that was configured out
[INFO] [stdout]    --> /opt/rustwide/cargo-home/registry/src/index.crates.io-1949cf8c6b5b557f/syn-2.0.119/src/lib.rs:431:88
[INFO] [stdout]     |
[INFO] [stdout] 427 | #[cfg(feature = "full")]
[INFO] [stdout]     |       ---------------- the item is gated behind the `full` feature
[INFO] [stdout] ...
[INFO] [stdout] 431 |     ImplItem, ImplItemConst, ImplItemFn, ImplItemMacro, ImplItemType, ImplRestriction, Item,
[INFO] [stdout]     |                                                                                        ^^^^
[INFO] [stdout] 
[INFO] [stdout] 
[INFO] [stdout] error[E0425]: cannot find type `Item` in crate `syn`
[INFO] [stdout]    --> src/lib.rs:17:34
[INFO] [stdout]     |
[INFO] [stdout]  17 | pub fn derive_map_as(input: syn::Item) -> manyhow::Result {
[INFO] [stdout]     |                                  ^^^^ not found in `syn`
[INFO] [stdout]     |
[INFO] [stdout] note: found an item that was configured out
[INFO] [stdout]    --> /opt/rustwide/cargo-home/registry/src/index.crates.io-1949cf8c6b5b557f/syn-2.0.119/src/lib.rs:431:88
[INFO] [stdout]     |
[INFO] [stdout] 427 | #[cfg(feature = "full")]
[INFO] [stdout]     |       ---------------- the item is gated behind the `full` feature
[INFO] [stdout] ...
[INFO] [stdout] 431 |     ImplItem, ImplItemConst, ImplItemFn, ImplItemMacro, ImplItemType, ImplRestriction, Item,
[INFO] [stdout]     |                                                                                        ^^^^
[INFO] [stdout] 
[INFO] [stdout] 
[INFO] [stdout] error[E0425]: cannot find type `Item` in crate `syn`
[INFO] [stdout]    --> src/lib.rs:64:33
[INFO] [stdout]     |
[INFO] [stdout]  64 | pub fn derive_trace(input: syn::Item) -> manyhow::Result {
[INFO] [stdout]     |                                 ^^^^ not found in `syn`
[INFO] [stdout]     |
[INFO] [stdout] note: found an item that was configured out
[INFO] [stdout]    --> /opt/rustwide/cargo-home/registry/src/index.crates.io-1949cf8c6b5b557f/syn-2.0.119/src/lib.rs:431:88
[INFO] [stdout]     |
[INFO] [stdout] 427 | #[cfg(feature = "full")]
[INFO] [stdout]     |       ---------------- the item is gated behind the `full` feature
[INFO] [stdout] ...
[INFO] [stdout] 431 |     ImplItem, ImplItemConst, ImplItemFn, ImplItemMacro, ImplItemType, ImplRestriction, Item,
[INFO] [stdout]     |                                                                                        ^^^^
[INFO] [stdout] 
[INFO] [stdout] 
[INFO] [stdout] error[E0422]: cannot find struct, variant or union type `ItemStruct` in crate `syn`
[INFO] [stdout]    --> src/lib.rs:82:10
[INFO] [stdout]     |
[INFO] [stdout]  82 |     syn::ItemStruct {
[INFO] [stdout]     |          ^^^^^^^^^^ not found in `syn`
[INFO] [stdout]     |
[INFO] [stdout] note: found an item that was configured out
[INFO] [stdout]    --> /opt/rustwide/cargo-home/registry/src/index.crates.io-1949cf8c6b5b557f/syn-2.0.119/src/lib.rs:433:17
[INFO] [stdout]     |
[INFO] [stdout] 427 | #[cfg(feature = "full")]
[INFO] [stdout]     |       ---------------- the item is gated behind the `full` feature
[INFO] [stdout] ...
[INFO] [stdout] 433 |     ItemStatic, ItemStruct, ItemTrait, ItemTraitAlias, ItemType, ItemUnion, ItemUse, Receiver,
[INFO] [stdout]     |                 ^^^^^^^^^^
[INFO] [stdout] 
[INFO] [stdout] 
[INFO] [stdout] error[E0425]: cannot find type `ItemStruct` in crate `syn`
[INFO] [stdout]    --> src/lib.rs:87:13
[INFO] [stdout]     |
[INFO] [stdout]  87 |     }: syn::ItemStruct,
[INFO] [stdout]     |             ^^^^^^^^^^ not found in `syn`
[INFO] [stdout]     |
[INFO] [stdout] note: found an item that was configured out
[INFO] [stdout]    --> /opt/rustwide/cargo-home/registry/src/index.crates.io-1949cf8c6b5b557f/syn-2.0.119/src/lib.rs:433:17
[INFO] [stdout]     |
[INFO] [stdout] 427 | #[cfg(feature = "full")]
[INFO] [stdout]     |       ---------------- the item is gated behind the `full` feature
[INFO] [stdout] ...
[INFO] [stdout] 433 |     ItemStatic, ItemStruct, ItemTrait, ItemTraitAlias, ItemType, ItemUnion, ItemUse, Receiver,
[INFO] [stdout]     |                 ^^^^^^^^^^
[INFO] [stdout] 
[INFO] [stdout] 
[INFO] [stdout] error[E0422]: cannot find struct, variant or union type `ItemEnum` in crate `syn`
[INFO] [stdout]    --> src/lib.rs:148:10
[INFO] [stdout]     |
[INFO] [stdout] 148 |     syn::ItemEnum {
[INFO] [stdout]     |          ^^^^^^^^ not found in `syn`
[INFO] [stdout]     |
[INFO] [stdout] note: found an item that was configured out
[INFO] [stdout]    --> /opt/rustwide/cargo-home/registry/src/index.crates.io-1949cf8c6b5b557f/syn-2.0.119/src/lib.rs:432:16
[INFO] [stdout]     |
[INFO] [stdout] 427 | #[cfg(feature = "full")]
[INFO] [stdout]     |       ---------------- the item is gated behind the `full` feature
[INFO] [stdout] ...
[INFO] [stdout] 432 |     ItemConst, ItemEnum, ItemExternCrate, ItemFn, ItemForeignMod, ItemImpl, ItemMacro, ItemMod,
[INFO] [stdout]     |                ^^^^^^^^
[INFO] [stdout] 
[INFO] [stdout] 
[INFO] [stdout] error[E0425]: cannot find type `ItemEnum` in crate `syn`
[INFO] [stdout]    --> src/lib.rs:153:13
[INFO] [stdout]     |
[INFO] [stdout] 153 |     }: syn::ItemEnum,
[INFO] [stdout]     |             ^^^^^^^^ not found in `syn`
[INFO] [stdout]     |
[INFO] [stdout] note: found an item that was configured out
[INFO] [stdout]    --> /opt/rustwide/cargo-home/registry/src/index.crates.io-1949cf8c6b5b557f/syn-2.0.119/src/lib.rs:432:16
[INFO] [stdout]     |
[INFO] [stdout] 427 | #[cfg(feature = "full")]
[INFO] [stdout]     |       ---------------- the item is gated behind the `full` feature
[INFO] [stdout] ...
[INFO] [stdout] 432 |     ItemConst, ItemEnum, ItemExternCrate, ItemFn, ItemForeignMod, ItemImpl, ItemMacro, ItemMod,
[INFO] [stdout]     |                ^^^^^^^^
[INFO] [stdout] 
[INFO] [stdout] 
[INFO] [stdout] warning: trailing semicolon in macro used in expression position
[INFO] [stdout]   --> src/lib.rs:21:14
[INFO] [stdout]    |
[INFO] [stdout] 21 |         _ => manyhow::bail!("Collectable can only derived on structs and enums"),
[INFO] [stdout]    |              ^^^^^^^^^^^^^^^^^^^^^^^^^^^^^^^^^^^^^^^^^^^^^^^^^^^^^^^^^^^^^^^^^^^
[INFO] [stdout]    |
[INFO] [stdout]    = warning: this was previously accepted by the compiler but is being phased out; it will become a hard error in a future release!
[INFO] [stdout]    = note: for more information, see issue #79813 <https://github.com/rust-lang/rust/issues/79813>
[INFO] [stdout]    = note: `#[warn(semicolon_in_expressions_from_non_local_macros)]` (part of `#[warn(future_incompatible)]`) on by default
[INFO] [stdout]    = note: this warning originates in the macro `manyhow::bail` (in Nightly builds, run with -Z macro-backtrace for more info)
[INFO] [stdout] 
[INFO] [stdout] 
[INFO] [stdout] warning: trailing semicolon in macro used in expression position
[INFO] [stdout]   --> src/lib.rs:54:13
[INFO] [stdout]    |
[INFO] [stdout] 54 |             manyhow::bail!(map_as, "target must be specified when map is provided")
[INFO] [stdout]    |             ^^^^^^^^^^^^^^^^^^^^^^^^^^^^^^^^^^^^^^^^^^^^^^^^^^^^^^^^^^^^^^^^^^^^^^^
[INFO] [stdout]    |
[INFO] [stdout]    = note: macro invocations at the end of a block are treated as expressions
[INFO] [stdout]    = note: to ignore the value produced by the macro, add a semicolon after the invocation of `bail`
[INFO] [stdout]    = warning: this was previously accepted by the compiler but is being phased out; it will become a hard error in a future release!
[INFO] [stdout]    = note: for more information, see issue #79813 <https://github.com/rust-lang/rust/issues/79813>
[INFO] [stdout]    = note: this warning originates in the macro `manyhow::bail` (in Nightly builds, run with -Z macro-backtrace for more info)
[INFO] [stdout] 
[INFO] [stdout] 
[INFO] [stdout] warning: trailing semicolon in macro used in expression position
[INFO] [stdout]   --> src/lib.rs:68:14
[INFO] [stdout]    |
[INFO] [stdout] 68 |         _ => manyhow::bail!("Collectable can only derived on structs and enums"),
[INFO] [stdout]    |              ^^^^^^^^^^^^^^^^^^^^^^^^^^^^^^^^^^^^^^^^^^^^^^^^^^^^^^^^^^^^^^^^^^^
[INFO] [stdout]    |
[INFO] [stdout]    = warning: this was previously accepted by the compiler but is being phased out; it will become a hard error in a future release!
[INFO] [stdout]    = note: for more information, see issue #79813 <https://github.com/rust-lang/rust/issues/79813>
[INFO] [stdout]    = note: this warning originates in the macro `manyhow::bail` (in Nightly builds, run with -Z macro-backtrace for more info)
[INFO] [stdout] 
[INFO] [stdout] 
[INFO] [stdout] Some errors have detailed explanations: E0422, E0425, E0433.
[INFO] [stdout] 
[INFO] [stdout] For more information about an error, try `rustc --explain E0422`.
[INFO] [stdout] 
[INFO] [stdout] error[E0433]: cannot find `Item` in `syn`
[INFO] [stdout]    --> src/lib.rs:19:14
[INFO] [stdout]     |
[INFO] [stdout]  19 |         syn::Item::Struct(item) => derive_map_as_inner(&item.ident, &item.generics, &item.attrs),
[INFO] [stdout]     |              ^^^^ could not find `Item` in `syn`
[INFO] [stdout]     |
[INFO] [stdout] note: found an item that was configured out
[INFO] [stdout]    --> /opt/rustwide/cargo-home/registry/src/index.crates.io-1949cf8c6b5b557f/syn-2.0.119/src/lib.rs:431:88
[INFO] [stdout]     |
[INFO] [stdout] 427 | #[cfg(feature = "full")]
[INFO] [stdout]     |       ---------------- the item is gated behind the `full` feature
[INFO] [stdout] ...
[INFO] [stdout] 431 |     ImplItem, ImplItemConst, ImplItemFn, ImplItemMacro, ImplItemType, ImplRestriction, Item,
[INFO] [stdout]     |                                                                                        ^^^^
[INFO] [stdout] 
[INFO] [stdout] 
[INFO] [stderr] error: could not compile `refuse-macros` (lib test) due to 10 previous errors; 3 warnings emitted
[INFO] [stderr] warning: build failed, waiting for other jobs to finish...
[INFO] [stdout] error[E0433]: cannot find `Item` in `syn`
[INFO] [stdout]    --> src/lib.rs:20:14
[INFO] [stdout]     |
[INFO] [stdout]  20 |         syn::Item::Enum(item) => derive_map_as_inner(&item.ident, &item.generics, &item.attrs),
[INFO] [stdout]     |              ^^^^ could not find `Item` in `syn`
[INFO] [stdout]     |
[INFO] [stdout] note: found an item that was configured out
[INFO] [stdout]    --> /opt/rustwide/cargo-home/registry/src/index.crates.io-1949cf8c6b5b557f/syn-2.0.119/src/lib.rs:431:88
[INFO] [stdout]     |
[INFO] [stdout] 427 | #[cfg(feature = "full")]
[INFO] [stdout]     |       ---------------- the item is gated behind the `full` feature
[INFO] [stdout] ...
[INFO] [stdout] 431 |     ImplItem, ImplItemConst, ImplItemFn, ImplItemMacro, ImplItemType, ImplRestriction, Item,
[INFO] [stdout]     |                                                                                        ^^^^
[INFO] [stdout] 
[INFO] [stdout] 
[INFO] [stdout] error[E0433]: cannot find `Item` in `syn`
[INFO] [stdout]    --> src/lib.rs:66:14
[INFO] [stdout]     |
[INFO] [stdout]  66 |         syn::Item::Struct(item) => derive_struct_trace(item),
[INFO] [stdout]     |              ^^^^ could not find `Item` in `syn`
[INFO] [stdout]     |
[INFO] [stdout] note: found an item that was configured out
[INFO] [stdout]    --> /opt/rustwide/cargo-home/registry/src/index.crates.io-1949cf8c6b5b557f/syn-2.0.119/src/lib.rs:431:88
[INFO] [stdout]     |
[INFO] [stdout] 427 | #[cfg(feature = "full")]
[INFO] [stdout]     |       ---------------- the item is gated behind the `full` feature
[INFO] [stdout] ...
[INFO] [stdout] 431 |     ImplItem, ImplItemConst, ImplItemFn, ImplItemMacro, ImplItemType, ImplRestriction, Item,
[INFO] [stdout]     |                                                                                        ^^^^
[INFO] [stdout] 
[INFO] [stdout] 
[INFO] [stdout] error[E0433]: cannot find `Item` in `syn`
[INFO] [stdout]    --> src/lib.rs:67:14
[INFO] [stdout]     |
[INFO] [stdout]  67 |         syn::Item::Enum(item) => derive_enum_trace(item),
[INFO] [stdout]     |              ^^^^ could not find `Item` in `syn`
[INFO] [stdout]     |
[INFO] [stdout] note: found an item that was configured out
[INFO] [stdout]    --> /opt/rustwide/cargo-home/registry/src/index.crates.io-1949cf8c6b5b557f/syn-2.0.119/src/lib.rs:431:88
[INFO] [stdout]     |
[INFO] [stdout] 427 | #[cfg(feature = "full")]
[INFO] [stdout]     |       ---------------- the item is gated behind the `full` feature
[INFO] [stdout] ...
[INFO] [stdout] 431 |     ImplItem, ImplItemConst, ImplItemFn, ImplItemMacro, ImplItemType, ImplRestriction, Item,
[INFO] [stdout]     |                                                                                        ^^^^
[INFO] [stdout] 
[INFO] [stdout] 
[INFO] [stdout] error[E0425]: cannot find type `Item` in crate `syn`
[INFO] [stdout]    --> src/lib.rs:17:34
[INFO] [stdout]     |
[INFO] [stdout]  17 | pub fn derive_map_as(input: syn::Item) -> manyhow::Result {
[INFO] [stdout]     |                                  ^^^^ not found in `syn`
[INFO] [stdout]     |
[INFO] [stdout] note: found an item that was configured out
[INFO] [stdout]    --> /opt/rustwide/cargo-home/registry/src/index.crates.io-1949cf8c6b5b557f/syn-2.0.119/src/lib.rs:431:88
[INFO] [stdout]     |
[INFO] [stdout] 427 | #[cfg(feature = "full")]
[INFO] [stdout]     |       ---------------- the item is gated behind the `full` feature
[INFO] [stdout] ...
[INFO] [stdout] 431 |     ImplItem, ImplItemConst, ImplItemFn, ImplItemMacro, ImplItemType, ImplRestriction, Item,
[INFO] [stdout]     |                                                                                        ^^^^
[INFO] [stdout] 
[INFO] [stdout] 
[INFO] [stdout] error[E0425]: cannot find type `Item` in crate `syn`
[INFO] [stdout]    --> src/lib.rs:64:33
[INFO] [stdout]     |
[INFO] [stdout]  64 | pub fn derive_trace(input: syn::Item) -> manyhow::Result {
[INFO] [stdout]     |                                 ^^^^ not found in `syn`
[INFO] [stdout]     |
[INFO] [stdout] note: found an item that was configured out
[INFO] [stdout]    --> /opt/rustwide/cargo-home/registry/src/index.crates.io-1949cf8c6b5b557f/syn-2.0.119/src/lib.rs:431:88
[INFO] [stdout]     |
[INFO] [stdout] 427 | #[cfg(feature = "full")]
[INFO] [stdout]     |       ---------------- the item is gated behind the `full` feature
[INFO] [stdout] ...
[INFO] [stdout] 431 |     ImplItem, ImplItemConst, ImplItemFn, ImplItemMacro, ImplItemType, ImplRestriction, Item,
[INFO] [stdout]     |                                                                                        ^^^^
[INFO] [stdout] 
[INFO] [stdout] 
[INFO] [stdout] error[E0422]: cannot find struct, variant or union type `ItemStruct` in crate `syn`
[INFO] [stdout]    --> src/lib.rs:82:10
[INFO] [stdout]     |
[INFO] [stdout]  82 |     syn::ItemStruct {
[INFO] [stdout]     |          ^^^^^^^^^^ not found in `syn`
[INFO] [stdout]     |
[INFO] [stdout] note: found an item that was configured out
[INFO] [stdout]    --> /opt/rustwide/cargo-home/registry/src/index.crates.io-1949cf8c6b5b557f/syn-2.0.119/src/lib.rs:433:17
[INFO] [stdout]     |
[INFO] [stdout] 427 | #[cfg(feature = "full")]
[INFO] [stdout]     |       ---------------- the item is gated behind the `full` feature
[INFO] [stdout] ...
[INFO] [stdout] 433 |     ItemStatic, ItemStruct, ItemTrait, ItemTraitAlias, ItemType, ItemUnion, ItemUse, Receiver,
[INFO] [stdout]     |                 ^^^^^^^^^^
[INFO] [stdout] 
[INFO] [stdout] 
[INFO] [stdout] error[E0425]: cannot find type `ItemStruct` in crate `syn`
[INFO] [stdout]    --> src/lib.rs:87:13
[INFO] [stdout]     |
[INFO] [stdout]  87 |     }: syn::ItemStruct,
[INFO] [stdout]     |             ^^^^^^^^^^ not found in `syn`
[INFO] [stdout]     |
[INFO] [stdout] note: found an item that was configured out
[INFO] [stdout]    --> /opt/rustwide/cargo-home/registry/src/index.crates.io-1949cf8c6b5b557f/syn-2.0.119/src/lib.rs:433:17
[INFO] [stdout]     |
[INFO] [stdout] 427 | #[cfg(feature = "full")]
[INFO] [stdout]     |       ---------------- the item is gated behind the `full` feature
[INFO] [stdout] ...
[INFO] [stdout] 433 |     ItemStatic, ItemStruct, ItemTrait, ItemTraitAlias, ItemType, ItemUnion, ItemUse, Receiver,
[INFO] [stdout]     |                 ^^^^^^^^^^
[INFO] [stdout] 
[INFO] [stdout] 
[INFO] [stdout] error[E0422]: cannot find struct, variant or union type `ItemEnum` in crate `syn`
[INFO] [stdout]    --> src/lib.rs:148:10
[INFO] [stdout]     |
[INFO] [stdout] 148 |     syn::ItemEnum {
[INFO] [stdout]     |          ^^^^^^^^ not found in `syn`
[INFO] [stdout]     |
[INFO] [stdout] note: found an item that was configured out
[INFO] [stdout]    --> /opt/rustwide/cargo-home/registry/src/index.crates.io-1949cf8c6b5b557f/syn-2.0.119/src/lib.rs:432:16
[INFO] [stdout]     |
[INFO] [stdout] 427 | #[cfg(feature = "full")]
[INFO] [stdout]     |       ---------------- the item is gated behind the `full` feature
[INFO] [stdout] ...
[INFO] [stdout] 432 |     ItemConst, ItemEnum, ItemExternCrate, ItemFn, ItemForeignMod, ItemImpl, ItemMacro, ItemMod,
[INFO] [stdout]     |                ^^^^^^^^
[INFO] [stdout] 
[INFO] [stdout] 
[INFO] [stdout] error[E0425]: cannot find type `ItemEnum` in crate `syn`
[INFO] [stdout]    --> src/lib.rs:153:13
[INFO] [stdout]     |
[INFO] [stdout] 153 |     }: syn::ItemEnum,
[INFO] [stdout]     |             ^^^^^^^^ not found in `syn`
[INFO] [stdout]     |
[INFO] [stdout] note: found an item that was configured out
[INFO] [stdout]    --> /opt/rustwide/cargo-home/registry/src/index.crates.io-1949cf8c6b5b557f/syn-2.0.119/src/lib.rs:432:16
[INFO] [stdout]     |
[INFO] [stdout] 427 | #[cfg(feature = "full")]
[INFO] [stdout]     |       ---------------- the item is gated behind the `full` feature
[INFO] [stdout] ...
[INFO] [stdout] 432 |     ItemConst, ItemEnum, ItemExternCrate, ItemFn, ItemForeignMod, ItemImpl, ItemMacro, ItemMod,
[INFO] [stdout]     |                ^^^^^^^^
[INFO] [stdout] 
[INFO] [stdout] 
[INFO] [stdout] warning: trailing semicolon in macro used in expression position
[INFO] [stdout]   --> src/lib.rs:21:14
[INFO] [stdout]    |
[INFO] [stdout] 21 |         _ => manyhow::bail!("Collectable can only derived on structs and enums"),
[INFO] [stdout]    |              ^^^^^^^^^^^^^^^^^^^^^^^^^^^^^^^^^^^^^^^^^^^^^^^^^^^^^^^^^^^^^^^^^^^
[INFO] [stdout]    |
[INFO] [stdout]    = warning: this was previously accepted by the compiler but is being phased out; it will become a hard error in a future release!
[INFO] [stdout]    = note: for more information, see issue #79813 <https://github.com/rust-lang/rust/issues/79813>
[INFO] [stdout]    = note: `#[warn(semicolon_in_expressions_from_non_local_macros)]` (part of `#[warn(future_incompatible)]`) on by default
[INFO] [stdout]    = note: this warning originates in the macro `manyhow::bail` (in Nightly builds, run with -Z macro-backtrace for more info)
[INFO] [stdout] 
[INFO] [stdout] 
[INFO] [stdout] warning: trailing semicolon in macro used in expression position
[INFO] [stdout]   --> src/lib.rs:54:13
[INFO] [stdout]    |
[INFO] [stdout] 54 |             manyhow::bail!(map_as, "target must be specified when map is provided")
[INFO] [stdout]    |             ^^^^^^^^^^^^^^^^^^^^^^^^^^^^^^^^^^^^^^^^^^^^^^^^^^^^^^^^^^^^^^^^^^^^^^^
[INFO] [stdout]    |
[INFO] [stdout]    = note: macro invocations at the end of a block are treated as expressions
[INFO] [stdout]    = note: to ignore the value produced by the macro, add a semicolon after the invocation of `bail`
[INFO] [stdout]    = warning: this was previously accepted by the compiler but is being phased out; it will become a hard error in a future release!
[INFO] [stdout]    = note: for more information, see issue #79813 <https://github.com/rust-lang/rust/issues/79813>
[INFO] [stdout]    = note: this warning originates in the macro `manyhow::bail` (in Nightly builds, run with -Z macro-backtrace for more info)
[INFO] [stdout] 
[INFO] [stdout] 
[INFO] [stdout] warning: trailing semicolon in macro used in expression position
[INFO] [stdout]   --> src/lib.rs:68:14
[INFO] [stdout]    |
[INFO] [stdout] 68 |         _ => manyhow::bail!("Collectable can only derived on structs and enums"),
[INFO] [stdout]    |              ^^^^^^^^^^^^^^^^^^^^^^^^^^^^^^^^^^^^^^^^^^^^^^^^^^^^^^^^^^^^^^^^^^^
[INFO] [stdout]    |
[INFO] [stdout]    = warning: this was previously accepted by the compiler but is being phased out; it will become a hard error in a future release!
[INFO] [stdout]    = note: for more information, see issue #79813 <https://github.com/rust-lang/rust/issues/79813>
[INFO] [stdout]    = note: this warning originates in the macro `manyhow::bail` (in Nightly builds, run with -Z macro-backtrace for more info)
[INFO] [stdout] 
[INFO] [stdout] 
[INFO] [stdout] Some errors have detailed explanations: E0422, E0425, E0433.
[INFO] [stdout] 
[INFO] [stdout] For more information about an error, try `rustc --explain E0422`.
[INFO] [stdout] 
[INFO] [stderr] error: could not compile `refuse-macros` (lib) due to 10 previous errors; 3 warnings emitted
[INFO] running `Command { std: "docker" "inspect" "9d0e549e0c327c7545d116005a168eb1e64f0ea0e2142a766f2638ba3b1514bb", kill_on_drop: false }`
[INFO] running `Command { std: "docker" "rm" "-f" "9d0e549e0c327c7545d116005a168eb1e64f0ea0e2142a766f2638ba3b1514bb", kill_on_drop: false }`
[INFO] [stdout] 9d0e549e0c327c7545d116005a168eb1e64f0ea0e2142a766f2638ba3b1514bb
