[INFO] fetching crate redis-tower-cluster 0.1.4...
[INFO] checking redis-tower-cluster-0.1.4 against 3154cc1a3e6424e44f438a95007d043ed5ceaaf6 for pr-133502-30
[INFO] extracting crate redis-tower-cluster 0.1.4 into /workspace/builds/worker-7-tc2/source
[INFO] started tweaking crates.io crate redis-tower-cluster 0.1.4
[INFO] removed 0 missing tests
[INFO] finished tweaking crates.io crate redis-tower-cluster 0.1.4
[INFO] tweaked toml for crates.io crate redis-tower-cluster 0.1.4 written to /workspace/builds/worker-7-tc2/source/Cargo.toml
[INFO] validating manifest of crates.io crate redis-tower-cluster 0.1.4 on toolchain 3154cc1a3e6424e44f438a95007d043ed5ceaaf6
[INFO] running `Command { std: CARGO_HOME="/workspace/cargo-home" RUSTUP_HOME="/workspace/rustup-home" "/workspace/cargo-home/bin/cargo" "+3154cc1a3e6424e44f438a95007d043ed5ceaaf6" "metadata" "--manifest-path" "Cargo.toml" "--no-deps", kill_on_drop: false }`
[INFO] crate crates.io crate redis-tower-cluster 0.1.4 already has a lockfile, it will not be regenerated
[INFO] running `Command { std: CARGO_HOME="/workspace/cargo-home" RUSTUP_HOME="/workspace/rustup-home" "/workspace/cargo-home/bin/cargo" "+3154cc1a3e6424e44f438a95007d043ed5ceaaf6" "fetch" "--manifest-path" "Cargo.toml", kill_on_drop: false }`
[INFO] [stderr] warning: `package.homepage` is redundant with `package.repository`
[INFO] [stderr]   --> Cargo.toml:81:12
[INFO] [stderr]    |
[INFO] [stderr] 81 | homepage = "https://github.com/joshrotenberg/redis-tower"
[INFO] [stderr]    |            ^^^^^^^^^^^^^^^^^^^^^^^^^^^^^^^^^^^^^^^^^^^^^^
[INFO] [stderr] ...
[INFO] [stderr] 86 | repository = "https://github.com/joshrotenberg/redis-tower"
[INFO] [stderr]    |              ----------------------------------------------
[INFO] [stderr]    |
[INFO] [stderr]    = note: `cargo::redundant_homepage` is set to `warn` by default
[INFO] [stderr] help: consider removing `package.homepage`
[INFO] [stderr] warning: `redis-tower-cluster` (manifest) generated 1 warning
[INFO] [stderr]     Blocking waiting for file lock on package cache
[INFO] running `Command { std: "docker" "create" "-v" "/var/lib/crater-agent-workspace/builds/worker-7-tc2/source:/opt/rustwide/workdir:ro,Z" "-v" "/var/lib/crater-agent-workspace/builds/worker-7-tc2/target:/opt/rustwide/target:rw,Z" "-v" "/var/lib/crater-agent-workspace/cargo-home:/opt/rustwide/cargo-home:ro,Z" "-v" "/var/lib/crater-agent-workspace/rustup-home:/opt/rustwide/rustup-home:ro,Z" "-m" "1610612736" "--network" "none" "ghcr.io/rust-lang/crates-build-env/linux@sha256:77db811e55d90add9212f6832c23229e3de5f1c1f9905e8cb07319ea15df73ac" "sleep" "infinity", kill_on_drop: false }`
[INFO] [stdout] b7aaef7be39e3a855c913d2dfa8c88939a1580a1c1de25ae47de9c9f80ac94c2
[INFO] running `Command { std: "docker" "start" "b7aaef7be39e3a855c913d2dfa8c88939a1580a1c1de25ae47de9c9f80ac94c2", kill_on_drop: false }`
[INFO] running `Command { std: "docker" "inspect" "b7aaef7be39e3a855c913d2dfa8c88939a1580a1c1de25ae47de9c9f80ac94c2", kill_on_drop: false }`
[INFO] running `Command { std: "docker" "exec" "-e" "SOURCE_DIR=/opt/rustwide/workdir" "-e" "CARGO_HOME=/opt/rustwide/cargo-home" "-e" "RUSTUP_HOME=/opt/rustwide/rustup-home" "-e" "CARGO_TARGET_DIR=/opt/rustwide/target" "-w" "/opt/rustwide/workdir" "--user" "0:0" "b7aaef7be39e3a855c913d2dfa8c88939a1580a1c1de25ae47de9c9f80ac94c2" "/opt/rustwide/cargo-home/bin/cargo" "+3154cc1a3e6424e44f438a95007d043ed5ceaaf6" "metadata" "--no-deps" "--format-version=1", kill_on_drop: false }`
[INFO] running `Command { std: "docker" "inspect" "b7aaef7be39e3a855c913d2dfa8c88939a1580a1c1de25ae47de9c9f80ac94c2", kill_on_drop: false }`
[INFO] running `Command { std: "docker" "exec" "-e" "SOURCE_DIR=/opt/rustwide/workdir" "-e" "CARGO_HOME=/opt/rustwide/cargo-home" "-e" "RUSTUP_HOME=/opt/rustwide/rustup-home" "-e" "CARGO_TARGET_DIR=/opt/rustwide/target" "-e" "CARGO_INCREMENTAL=0" "-e" "RUST_BACKTRACE=full" "-e" "RUSTFLAGS=--cap-lints=forbid" "-e" "RUSTDOCFLAGS=--cap-lints=forbid" "-w" "/opt/rustwide/workdir" "--user" "0:0" "b7aaef7be39e3a855c913d2dfa8c88939a1580a1c1de25ae47de9c9f80ac94c2" "/opt/rustwide/cargo-home/bin/cargo" "+3154cc1a3e6424e44f438a95007d043ed5ceaaf6" "check" "--frozen" "--all" "--all-targets" "--message-format=json", kill_on_drop: false }`
[INFO] [stderr] warning: `package.homepage` is redundant with `package.repository`
[INFO] [stderr]   --> Cargo.toml:81:12
[INFO] [stderr]    |
[INFO] [stderr] 81 | homepage = "https://github.com/joshrotenberg/redis-tower"
[INFO] [stderr]    |            ^^^^^^^^^^^^^^^^^^^^^^^^^^^^^^^^^^^^^^^^^^^^^^
[INFO] [stderr] ...
[INFO] [stderr] 86 | repository = "https://github.com/joshrotenberg/redis-tower"
[INFO] [stderr]    |              ----------------------------------------------
[INFO] [stderr]    |
[INFO] [stderr]    = note: `cargo::redundant_homepage` is set to `warn` by default
[INFO] [stderr] help: consider removing `package.homepage`
[INFO] [stderr] warning: `redis-tower-cluster` (manifest) generated 1 warning
[INFO] [stderr]    Compiling proc-macro2 v1.0.107
[INFO] [stderr]    Compiling quote v1.0.47
[INFO] [stderr]    Compiling unicode-ident v1.0.26
[INFO] [stderr]    Compiling libc v0.2.189
[INFO] [stderr]     Checking cfg-if v1.0.5
[INFO] [stderr]     Checking futures-core v0.3.34
[INFO] [stderr]     Checking futures-sink v0.3.34
[INFO] [stderr]     Checking bytes v1.12.1
[INFO] [stderr]     Checking memchr v2.8.3
[INFO] [stderr]    Compiling thiserror v2.0.21
[INFO] [stderr]     Checking slab v0.4.12
[INFO] [stderr]     Checking futures-task v0.3.34
[INFO] [stderr]     Checking futures-io v0.3.34
[INFO] [stderr]    Compiling getrandom v0.3.4
[INFO] [stderr]     Checking writeable v0.6.4
[INFO] [stderr]    Compiling zerocopy v0.8.59
[INFO] [stderr]     Checking litemap v0.8.3
[INFO] [stderr]    Compiling icu_properties_data v2.3.0
[INFO] [stderr]     Checking futures-channel v0.3.34
[INFO] [stderr]    Compiling getrandom v0.4.3
[INFO] [stderr]     Checking rand_core v0.10.1
[INFO] [stderr]    Compiling icu_normalizer_data v2.3.0
[INFO] [stderr]    Compiling rustix v1.1.5
[INFO] [stderr]    Compiling num-traits v0.2.19
[INFO] [stderr]     Checking bitflags v2.13.2
[INFO] [stderr]     Checking linux-raw-sys v0.12.1
[INFO] [stderr]    Compiling find-msvc-tools v0.1.14
[INFO] [stderr]     Checking smallvec v1.16.2
[INFO] [stderr]     Checking digest v0.10.7
[INFO] [stderr]     Checking sync_wrapper v1.0.2
[INFO] [stderr]     Checking parking v2.2.1
[INFO] [stderr]     Checking num-conv v0.2.2
[INFO] [stderr]     Checking deranged v0.5.8
[INFO] [stderr]    Compiling cc v1.5.1
[INFO] [stderr]     Checking time-core v0.1.9
[INFO] [stderr]     Checking sha1 v0.10.7
[INFO] [stderr]     Checking event-listener v5.4.2
[INFO] [stderr]     Checking cpufeatures v0.3.1
[INFO] [stderr]     Checking fastrand v2.5.0
[INFO] [stderr]     Checking hex v0.4.3
[INFO] [stderr]    Compiling crc16 v0.4.0
[INFO] [stderr]     Checking form_urlencoded v1.2.2
[INFO] [stderr]     Checking chacha20 v0.10.2
[INFO] [stderr]     Checking pem v3.0.6
[INFO] [stderr]     Checking bit-vec v0.8.0
[INFO] [stderr]     Checking quick-error v1.2.3
[INFO] [stderr]     Checking either v1.18.0
[INFO] [stderr]     Checking env_home v0.1.0
[INFO] [stderr]     Checking arcstr v1.2.0
[INFO] [stderr]     Checking xxhash-rust v0.8.19
[INFO] [stderr]     Checking event-listener-strategy v0.5.4
[INFO] [stderr]     Checking bit-set v0.8.0
[INFO] [stderr]     Checking log v0.4.34
[INFO] [stderr]     Checking glob v0.3.4
[INFO] [stderr]     Checking unarray v0.1.4
[INFO] [stderr]     Checking regex-syntax v0.8.11
[INFO] [stderr]     Checking async-lock v3.4.2
[INFO] [stderr]     Checking num-integer v0.1.47
[INFO] [stderr]     Checking num-bigint v0.5.1
[INFO] [stderr]    Compiling syn v3.0.6
[INFO] [stderr]    Compiling syn v2.0.119
[INFO] [stderr]     Checking time v0.3.55
[INFO] [stderr]     Checking errno v0.3.14
[INFO] [stderr]     Checking socket2 v0.6.5
[INFO] [stderr]     Checking mio v1.2.3
[INFO] [stderr]     Checking socket2 v0.5.10
[INFO] [stderr]     Checking getrandom v0.2.17
[INFO] [stderr]     Checking wait-timeout v0.2.1
[INFO] [stderr]     Checking yasna v0.5.2
[INFO] [stderr]     Checking signal-hook-registry v1.4.8
[INFO] [stderr]    Compiling ring v0.17.14
[INFO] [stderr]     Checking rand v0.10.3
[INFO] [stderr]     Checking rand_core v0.9.5
[INFO] [stderr]     Checking tempfile v3.27.0
[INFO] [stderr]     Checking which v7.0.3
[INFO] [stderr]     Checking rusty-fork v0.3.1
[INFO] [stderr]     Checking rand_xorshift v0.4.0
[INFO] [stderr]    Compiling tracing-attributes v0.1.31
[INFO] [stderr]    Compiling zeroize_derive v1.5.0
[INFO] [stderr]    Compiling async-stream-impl v0.3.6
[INFO] [stderr]     Checking zeroize v1.9.0
[INFO] [stderr]     Checking async-stream v0.3.6
[INFO] [stderr]     Checking rustls-pki-types v1.15.1
[INFO] [stderr]     Checking rcgen v0.13.2
[INFO] [stderr]     Checking ppv-lite86 v0.2.21
[INFO] [stderr]    Compiling synstructure v0.14.0
[INFO] [stderr]     Checking tracing v0.1.44
[INFO] [stderr]     Checking rand_chacha v0.9.0
[INFO] [stderr]    Compiling zerofrom-derive v0.1.8
[INFO] [stderr]    Compiling yoke-derive v0.8.4
[INFO] [stderr]    Compiling tokio-macros v2.7.2
[INFO] [stderr]    Compiling zerovec-derive v0.11.6
[INFO] [stderr]    Compiling displaydoc v0.2.7
[INFO] [stderr]    Compiling futures-macro v0.3.34
[INFO] [stderr]    Compiling thiserror-impl v2.0.21
[INFO] [stderr]     Checking rand v0.9.5
[INFO] [stderr]     Checking tokio v1.53.1
[INFO] [stderr]     Checking futures-util v0.3.34
[INFO] [stderr]     Checking zerofrom v0.1.8
[INFO] [stderr]     Checking yoke v0.8.3
[INFO] [stderr]     Checking proptest v1.11.0
[INFO] [stderr]     Checking zerotrie v0.2.5
[INFO] [stderr]     Checking resp-rs v0.1.8
[INFO] [stderr]     Checking zerovec v0.11.8
[INFO] [stderr]     Checking tinystr v0.8.4
[INFO] [stderr]     Checking potential_utf v0.1.6
[INFO] [stderr]     Checking icu_collections v2.3.0
[INFO] [stderr]     Checking icu_locale_core v2.3.0
[INFO] [stderr]     Checking icu_provider v2.3.1
[INFO] [stderr]     Checking futures-executor v0.3.34
[INFO] [stderr]     Checking futures v0.3.34
[INFO] [stderr]     Checking icu_properties v2.3.0
[INFO] [stderr]     Checking icu_normalizer v2.3.0
[INFO] [stderr]     Checking idna_adapter v1.2.2
[INFO] [stderr]     Checking idna v1.1.0
[INFO] [stderr]     Checking url v2.5.8
[INFO] [stderr]     Checking tokio-util v0.7.19
[INFO] [stderr]     Checking tower-resilience-core v0.10.1
[INFO] [stderr]     Checking redis-server-wrapper v0.4.3
[INFO] [stderr]     Checking tokio-stream v0.1.19
[INFO] [stderr]     Checking redis-tower-protocol v0.1.4
[INFO] [stderr]     Checking tower v0.5.3
[INFO] [stderr]     Checking combine v4.6.8
[INFO] [stderr]     Checking tower-resilience-circuitbreaker v0.10.1
[INFO] [stderr]     Checking redis-tower-core v0.1.3
[INFO] [stderr]     Checking redis-tower-commands v0.1.3
[INFO] [stderr]     Checking redis-tower v0.1.4
[INFO] [stderr]     Checking redis v1.7.0
[INFO] [stderr]     Checking redis-tower-cluster v0.1.4 (/opt/rustwide/workdir)
[INFO] [stdout] error[E0433]: cannot find module or crate `redis_tower_test` in this scope
[INFO] [stdout]   --> tests/cluster_integration.rs:20:5
[INFO] [stdout]    |
[INFO] [stdout] 20 | use redis_tower_test::cluster::{ClusterFixture, ClusterNodeRole, key_for_slot};
[INFO] [stdout]    |     ^^^^^^^^^^^^^^^^ use of unresolved module or unlinked crate `redis_tower_test`
[INFO] [stdout]    |
[INFO] [stdout] help: there is a crate or module with a similar name
[INFO] [stdout]    |
[INFO] [stdout] 20 - use redis_tower_test::cluster::{ClusterFixture, ClusterNodeRole, key_for_slot};
[INFO] [stdout] 20 + use redis_tower_core::cluster::{ClusterFixture, ClusterNodeRole, key_for_slot};
[INFO] [stdout]    |
[INFO] [stdout] 
[INFO] [stdout] 
[INFO] [stdout] error[E0433]: cannot find module or crate `redis_tower_test` in this scope
[INFO] [stdout]    --> tests/cluster_integration.rs:253:1
[INFO] [stdout]     |
[INFO] [stdout] 253 | redis_tower_test::command_tests!(cluster_conn, "cluster_cmd", ignored);
[INFO] [stdout]     | ^^^^^^^^^^^^^^^^ use of unresolved module or unlinked crate `redis_tower_test`
[INFO] [stdout] 
[INFO] [stdout] 
[INFO] [stdout] error[E0433]: cannot find module or crate `redis_tower_test` in this scope
[INFO] [stdout]    --> tests/cluster_integration.rs:258:5
[INFO] [stdout]     |
[INFO] [stdout] 258 |     redis_tower_test::command_tests!(mux_cluster_conn, "mux_cluster_cmd", ignored);
[INFO] [stdout]     |     ^^^^^^^^^^^^^^^^ use of unresolved module or unlinked crate `redis_tower_test`
[INFO] [stdout] 
[INFO] [stdout] 
[INFO] [stdout] warning: unused import: `super::*`
[INFO] [stdout]    --> tests/cluster_integration.rs:257:9
[INFO] [stdout]     |
[INFO] [stdout] 257 |     use super::*;
[INFO] [stdout]     |         ^^^^^^^^
[INFO] [stdout]     |
[INFO] [stdout]     = note: `#[warn(unused_imports)]` (part of `#[warn(unused)]`) on by default
[INFO] [stdout] 
[INFO] [stdout] 
[INFO] [stdout] For more information about this error, try `rustc --explain E0433`.
[INFO] [stdout] 
[INFO] [stderr] error: could not compile `redis-tower-cluster` (test "cluster_integration") due to 3 previous errors; 1 warning emitted
[INFO] [stderr] warning: build failed, waiting for other jobs to finish...
[INFO] running `Command { std: "docker" "inspect" "b7aaef7be39e3a855c913d2dfa8c88939a1580a1c1de25ae47de9c9f80ac94c2", kill_on_drop: false }`
[INFO] running `Command { std: "docker" "rm" "-f" "b7aaef7be39e3a855c913d2dfa8c88939a1580a1c1de25ae47de9c9f80ac94c2", kill_on_drop: false }`
[INFO] [stdout] b7aaef7be39e3a855c913d2dfa8c88939a1580a1c1de25ae47de9c9f80ac94c2
