[INFO] fetching crate reconcile 0.5.0...
[INFO] checking reconcile-0.5.0 against 3154cc1a3e6424e44f438a95007d043ed5ceaaf6 for pr-133502-30
[INFO] extracting crate reconcile 0.5.0 into /workspace/builds/worker-1-tc2/source
[INFO] started tweaking crates.io crate reconcile 0.5.0
[INFO] removed 0 missing examples
[INFO] removed 0 missing tests
[INFO] finished tweaking crates.io crate reconcile 0.5.0
[INFO] tweaked toml for crates.io crate reconcile 0.5.0 written to /workspace/builds/worker-1-tc2/source/Cargo.toml
[INFO] validating manifest of crates.io crate reconcile 0.5.0 on toolchain 3154cc1a3e6424e44f438a95007d043ed5ceaaf6
[INFO] running `Command { std: CARGO_HOME="/workspace/cargo-home" RUSTUP_HOME="/workspace/rustup-home" "/workspace/cargo-home/bin/cargo" "+3154cc1a3e6424e44f438a95007d043ed5ceaaf6" "metadata" "--manifest-path" "Cargo.toml" "--no-deps", kill_on_drop: false }`
[INFO] crate crates.io crate reconcile 0.5.0 already has a lockfile, it will not be regenerated
[INFO] running `Command { std: CARGO_HOME="/workspace/cargo-home" RUSTUP_HOME="/workspace/rustup-home" "/workspace/cargo-home/bin/cargo" "+3154cc1a3e6424e44f438a95007d043ed5ceaaf6" "fetch" "--manifest-path" "Cargo.toml", kill_on_drop: false }`
[INFO] running `Command { std: "docker" "create" "-v" "/var/lib/crater-agent-workspace/builds/worker-1-tc2/source:/opt/rustwide/workdir:ro,Z" "-v" "/var/lib/crater-agent-workspace/builds/worker-1-tc2/target:/opt/rustwide/target:rw,Z" "-v" "/var/lib/crater-agent-workspace/cargo-home:/opt/rustwide/cargo-home:ro,Z" "-v" "/var/lib/crater-agent-workspace/rustup-home:/opt/rustwide/rustup-home:ro,Z" "-m" "1610612736" "--network" "none" "ghcr.io/rust-lang/crates-build-env/linux@sha256:77db811e55d90add9212f6832c23229e3de5f1c1f9905e8cb07319ea15df73ac" "sleep" "infinity", kill_on_drop: false }`
[INFO] [stdout] 7095369daed3978762d3e114cf0e7ebe0a96dbc833840974ed66411f05c590bf
[INFO] running `Command { std: "docker" "start" "7095369daed3978762d3e114cf0e7ebe0a96dbc833840974ed66411f05c590bf", kill_on_drop: false }`
[INFO] running `Command { std: "docker" "inspect" "7095369daed3978762d3e114cf0e7ebe0a96dbc833840974ed66411f05c590bf", kill_on_drop: false }`
[INFO] running `Command { std: "docker" "exec" "-e" "SOURCE_DIR=/opt/rustwide/workdir" "-e" "CARGO_HOME=/opt/rustwide/cargo-home" "-e" "RUSTUP_HOME=/opt/rustwide/rustup-home" "-e" "CARGO_TARGET_DIR=/opt/rustwide/target" "-w" "/opt/rustwide/workdir" "--user" "0:0" "7095369daed3978762d3e114cf0e7ebe0a96dbc833840974ed66411f05c590bf" "/opt/rustwide/cargo-home/bin/cargo" "+3154cc1a3e6424e44f438a95007d043ed5ceaaf6" "metadata" "--no-deps" "--format-version=1", kill_on_drop: false }`
[INFO] running `Command { std: "docker" "inspect" "7095369daed3978762d3e114cf0e7ebe0a96dbc833840974ed66411f05c590bf", kill_on_drop: false }`
[INFO] running `Command { std: "docker" "exec" "-e" "SOURCE_DIR=/opt/rustwide/workdir" "-e" "CARGO_HOME=/opt/rustwide/cargo-home" "-e" "RUSTUP_HOME=/opt/rustwide/rustup-home" "-e" "CARGO_TARGET_DIR=/opt/rustwide/target" "-e" "CARGO_INCREMENTAL=0" "-e" "RUST_BACKTRACE=full" "-e" "RUSTFLAGS=--cap-lints=forbid" "-e" "RUSTDOCFLAGS=--cap-lints=forbid" "-w" "/opt/rustwide/workdir" "--user" "0:0" "7095369daed3978762d3e114cf0e7ebe0a96dbc833840974ed66411f05c590bf" "/opt/rustwide/cargo-home/bin/cargo" "+3154cc1a3e6424e44f438a95007d043ed5ceaaf6" "check" "--frozen" "--all" "--all-targets" "--message-format=json", kill_on_drop: false }`
[INFO] [stderr]    Compiling libc v0.2.172
[INFO] [stderr]     Checking cfg-if v1.0.0
[INFO] [stderr]    Compiling proc-macro2 v1.0.95
[INFO] [stderr]    Compiling unicode-ident v1.0.18
[INFO] [stderr]    Compiling autocfg v1.4.0
[INFO] [stderr]    Compiling serde v1.0.219
[INFO] [stderr]     Checking once_cell v1.21.3
[INFO] [stderr]    Compiling zerocopy v0.8.25
[INFO] [stderr]    Compiling shlex v1.3.0
[INFO] [stderr]    Compiling crossbeam-utils v0.8.21
[INFO] [stderr]    Compiling rustversion v1.0.20
[INFO] [stderr]     Checking pin-project-lite v0.2.16
[INFO] [stderr]    Compiling crossbeam-epoch v0.9.20
[INFO] [stderr]     Checking arrayvec v0.7.6
[INFO] [stderr]    Compiling parking_lot_core v0.9.10
[INFO] [stderr]    Compiling rustix v1.1.2
[INFO] [stderr]     Checking arrayref v0.3.9
[INFO] [stderr]     Checking cpufeatures v0.3.0
[INFO] [stderr]     Checking constant_time_eq v0.4.2
[INFO] [stderr]    Compiling cc v1.2.22
[INFO] [stderr]     Checking smallvec v1.15.0
[INFO] [stderr]     Checking utf8parse v0.2.2
[INFO] [stderr]     Checking anstyle-parse v0.2.6
[INFO] [stderr]     Checking bytes v1.11.1
[INFO] [stderr]     Checking colorchoice v1.0.3
[INFO] [stderr]     Checking is_terminal_polyfill v1.70.1
[INFO] [stderr]    Compiling rayon-core v1.12.1
[INFO] [stderr]     Checking regex-syntax v0.8.5
[INFO] [stderr]     Checking anstyle v1.0.10
[INFO] [stderr]     Checking tracing-core v0.1.33
[INFO] [stderr]    Compiling serde_json v1.0.140
[INFO] [stderr]     Checking anstyle-query v1.1.2
[INFO] [stderr]     Checking linux-raw-sys v0.11.0
[INFO] [stderr]     Checking either v1.15.0
[INFO] [stderr]     Checking bitflags v2.11.1
[INFO] [stderr]     Checking anstream v0.6.18
[INFO] [stderr]     Checking half v2.6.0
[INFO] [stderr]     Checking iana-time-zone v0.1.63
[INFO] [stderr]     Checking ryu v1.0.20
[INFO] [stderr]     Checking clap_lex v0.7.4
[INFO] [stderr]     Checking strsim v0.11.1
[INFO] [stderr]     Checking itoa v1.0.15
[INFO] [stderr]     Checking fastrand v2.4.1
[INFO] [stderr]    Compiling num-traits v0.2.19
[INFO] [stderr]    Compiling lock_api v0.4.12
[INFO] [stderr]     Checking memchr v2.7.4
[INFO] [stderr]     Checking ciborium-io v0.2.2
[INFO] [stderr]     Checking range-cmp v1.0.0
[INFO] [stderr]    Compiling quote v1.0.40
[INFO] [stderr]     Checking plotters-backend v0.3.7
[INFO] [stderr]     Checking ciborium-ll v0.2.2
[INFO] [stderr]     Checking crossbeam-deque v0.8.6
[INFO] [stderr]     Checking clap_builder v4.5.38
[INFO] [stderr]     Checking rapidhash v4.4.1
[INFO] [stderr]     Checking getrandom v0.3.4
[INFO] [stderr]    Compiling syn v2.0.101
[INFO] [stderr]     Checking getrandom v0.2.16
[INFO] [stderr]     Checking socket2 v0.5.9
[INFO] [stderr]     Checking mio v1.0.3
[INFO] [stderr]    Compiling syn v3.0.3
[INFO] [stderr]     Checking rand_core v0.6.4
[INFO] [stderr]     Checking rand_core v0.9.5
[INFO] [stderr]     Checking plotters-svg v0.3.7
[INFO] [stderr]     Checking wait-timeout v0.2.1
[INFO] [stderr]     Checking itertools v0.10.5
[INFO] [stderr]     Checking ipnet v2.11.0
[INFO] [stderr]     Checking lazy_static v1.5.0
[INFO] [stderr]     Checking same-file v1.0.6
[INFO] [stderr]     Checking futures-core v0.3.32
[INFO] [stderr]     Checking parking_lot v0.12.3
[INFO] [stderr]     Checking log v0.4.27
[INFO] [stderr]     Checking quick-error v1.2.3
[INFO] [stderr]     Checking futures-sink v0.3.32
[INFO] [stderr]     Checking foldhash v0.1.5
[INFO] [stderr]     Checking cast v0.3.0
[INFO] [stderr]     Checking bit-vec v0.8.0
[INFO] [stderr]     Checking tracing-log v0.2.0
[INFO] [stderr]     Checking hashbrown v0.15.5
[INFO] [stderr]     Checking indexmap v2.14.0
[INFO] [stderr]     Checking walkdir v2.5.0
[INFO] [stderr]     Checking rand_xorshift v0.4.0
[INFO] [stderr]     Checking rayon v1.10.0
[INFO] [stderr]     Checking rand_xoshiro v0.7.0
[INFO] [stderr]     Checking sharded-slab v0.1.7
[INFO] [stderr]     Checking bit-set v0.8.0
[INFO] [stderr]     Checking metrics v0.24.6
[INFO] [stderr]     Checking is-terminal v0.4.16
[INFO] [stderr]     Checking arc-swap v1.9.2
[INFO] [stderr]     Checking thread_local v1.1.8
[INFO] [stderr]     Checking ordered-float v4.6.0
[INFO] [stderr]     Checking plotters v0.3.7
[INFO] [stderr]     Checking sketches-ddsketch v0.3.1
[INFO] [stderr]     Checking anes v0.1.6
[INFO] [stderr]     Checking unarray v0.1.4
[INFO] [stderr]     Checking oorandom v11.1.5
[INFO] [stderr]     Checking nu-ansi-term v0.50.3
[INFO] [stderr]    Compiling blake3 v1.8.5
[INFO] [stderr]     Checking regex-automata v0.4.9
[INFO] [stderr]     Checking tempfile v3.23.0
[INFO] [stderr]     Checking tracing-subscriber v0.3.20
[INFO] [stderr]     Checking ppv-lite86 v0.2.21
[INFO] [stderr]     Checking rusty-fork v0.3.1
[INFO] [stderr]     Checking rand_chacha v0.3.1
[INFO] [stderr]     Checking rand_chacha v0.9.0
[INFO] [stderr]     Checking rand v0.9.4
[INFO] [stderr]     Checking criterion-plot v0.5.0
[INFO] [stderr]     Checking rand v0.8.7
[INFO] [stderr]     Checking metrics-util v0.19.1
[INFO] [stderr]     Checking proptest v1.11.0
[INFO] [stderr]     Checking regex v1.11.1
[INFO] [stderr]    Compiling async-trait v0.1.91
[INFO] [stderr]    Compiling serde_derive v1.0.219
[INFO] [stderr]    Compiling tracing-attributes v0.1.28
[INFO] [stderr]    Compiling tokio-macros v2.5.0
[INFO] [stderr]    Compiling clap_derive v4.5.32
[INFO] [stderr]     Checking tokio v1.45.0
[INFO] [stderr]     Checking tracing v0.1.41
[INFO] [stderr]     Checking clap v4.5.38
[INFO] [stderr]     Checking tokio-util v0.7.18
[INFO] [stderr]     Checking bincode v1.3.3
[INFO] [stderr]     Checking rsos v0.5.0
[INFO] [stderr]     Checking chrono v0.4.41
[INFO] [stderr]     Checking ciborium v0.2.2
[INFO] [stderr]     Checking lww-register v0.5.0
[INFO] [stderr]     Checking tinytemplate v1.2.1
[INFO] [stderr]     Checking rbsr v0.2.1
[INFO] [stderr]     Checking criterion v0.5.1
[INFO] [stderr]     Checking reconcile-gossip v0.5.0
[INFO] [stderr]     Checking reconcile v0.5.0 (/opt/rustwide/workdir)
[INFO] [stdout] warning: use of deprecated method `std::sync::atomic::Atomic::<usize>::fetch_update`: renamed to `try_update` for consistency
[INFO] [stdout]   --> src/replica/pacing.rs:72:14
[INFO] [stdout]    |
[INFO] [stdout] 72 |             .fetch_update(Ordering::AcqRel, Ordering::Acquire, |n| {
[INFO] [stdout]    |              ^^^^^^^^^^^^
[INFO] [stdout]    |
[INFO] [stdout]    = note: `#[warn(deprecated)]` on by default
[INFO] [stdout] help: replace the use of the deprecated method
[INFO] [stdout]    |
[INFO] [stdout] 72 -             .fetch_update(Ordering::AcqRel, Ordering::Acquire, |n| {
[INFO] [stdout] 72 +             .try_update(Ordering::AcqRel, Ordering::Acquire, |n| {
[INFO] [stdout]    |
[INFO] [stdout] 
[INFO] [stdout] 
[INFO] [stdout] warning: use of deprecated method `std::sync::atomic::Atomic::<usize>::fetch_update`: renamed to `try_update` for consistency
[INFO] [stdout]    --> src/replica/write.rs:117:14
[INFO] [stdout]     |
[INFO] [stdout] 117 |             .fetch_update(Ordering::AcqRel, Ordering::Acquire, |n| {
[INFO] [stdout]     |              ^^^^^^^^^^^^
[INFO] [stdout]     |
[INFO] [stdout] help: replace the use of the deprecated method
[INFO] [stdout]     |
[INFO] [stdout] 117 -             .fetch_update(Ordering::AcqRel, Ordering::Acquire, |n| {
[INFO] [stdout] 117 +             .try_update(Ordering::AcqRel, Ordering::Acquire, |n| {
[INFO] [stdout]     |
[INFO] [stdout] 
[INFO] [stdout] 
[INFO] [stdout] warning: use of deprecated method `std::sync::atomic::Atomic::<usize>::fetch_update`: renamed to `try_update` for consistency
[INFO] [stdout]    --> src/replica/write.rs:302:18
[INFO] [stdout]     |
[INFO] [stdout] 302 |                 .fetch_update(Ordering::AcqRel, Ordering::Acquire, |now| {
[INFO] [stdout]     |                  ^^^^^^^^^^^^
[INFO] [stdout]     |
[INFO] [stdout] help: replace the use of the deprecated method
[INFO] [stdout]     |
[INFO] [stdout] 302 -                 .fetch_update(Ordering::AcqRel, Ordering::Acquire, |now| {
[INFO] [stdout] 302 +                 .try_update(Ordering::AcqRel, Ordering::Acquire, |now| {
[INFO] [stdout]     |
[INFO] [stdout] 
[INFO] [stdout] 
[INFO] [stdout] error[E0433]: cannot find module or crate `devkit` in this scope
[INFO] [stdout]   --> benches/contention.rs:65:5
[INFO] [stdout]    |
[INFO] [stdout] 65 | use devkit::contention::{
[INFO] [stdout]    |     ^^^^^^ use of unresolved module or unlinked crate `devkit`
[INFO] [stdout]    |
[INFO] [stdout]    = help: if you wanted to use a crate named `devkit`, use `cargo add devkit` to add it to your `Cargo.toml`
[INFO] [stdout] 
[INFO] [stdout] 
[INFO] [stdout] error[E0433]: cannot find module or crate `devkit` in this scope
[INFO] [stdout]   --> benches/contention.rs:68:5
[INFO] [stdout]    |
[INFO] [stdout] 68 | use devkit::stats::{diff_ci, excludes_zero, summarize, Summary};
[INFO] [stdout]    |     ^^^^^^ use of unresolved module or unlinked crate `devkit`
[INFO] [stdout]    |
[INFO] [stdout]    = help: if you wanted to use a crate named `devkit`, use `cargo add devkit` to add it to your `Cargo.toml`
[INFO] [stdout] 
[INFO] [stdout] 
[INFO] [stdout] For more information about this error, try `rustc --explain E0433`.
[INFO] [stdout] 
[INFO] [stdout] error[E0599]: no method named `just_insert` found for struct `ReplicatedMap<K, V>` in the current scope
[INFO] [stdout]   --> tests/read_api.rs:51:15
[INFO] [stdout]    |
[INFO] [stdout] 51 |         store.just_insert(k, k * 10);
[INFO] [stdout]    |               ^^^^^^^^^^^
[INFO] [stdout]    |
[INFO] [stdout] help: there is a method `insert` with a similar name
[INFO] [stdout]    |
[INFO] [stdout] 51 -         store.just_insert(k, k * 10);
[INFO] [stdout] 51 +         store.insert(k, k * 10);
[INFO] [stdout]    |
[INFO] [stdout] 
[INFO] [stdout] 
[INFO] [stdout] error[E0599]: no method named `just_insert` found for struct `ReplicatedMap<K, V>` in the current scope
[INFO] [stdout]   --> tests/read_api.rs:90:15
[INFO] [stdout]    |
[INFO] [stdout] 90 |         store.just_insert(k, k * 10);
[INFO] [stdout]    |               ^^^^^^^^^^^
[INFO] [stdout]    |
[INFO] [stdout] help: there is a method `insert` with a similar name
[INFO] [stdout]    |
[INFO] [stdout] 90 -         store.just_insert(k, k * 10);
[INFO] [stdout] 90 +         store.insert(k, k * 10);
[INFO] [stdout]    |
[INFO] [stdout] 
[INFO] [stdout] 
[INFO] [stdout] error[E0599]: no method named `just_remove` found for struct `ReplicatedMap<K, V>` in the current scope
[INFO] [stdout]   --> tests/read_api.rs:94:11
[INFO] [stdout]    |
[INFO] [stdout] 94 |     store.just_remove(&2);
[INFO] [stdout]    |           ^^^^^^^^^^^
[INFO] [stdout]    |
[INFO] [stdout] help: there is a method `remove` with a similar name
[INFO] [stdout]    |
[INFO] [stdout] 94 -     store.just_remove(&2);
[INFO] [stdout] 94 +     store.remove(&2);
[INFO] [stdout]    |
[INFO] [stdout] 
[INFO] [stdout] 
[INFO] [stdout] error[E0433]: cannot find `testing` in `reconcile`
[INFO] [stdout]    --> tests/backpressure.rs:71:23
[INFO] [stdout]     |
[INFO] [stdout]  71 |         if reconcile::testing::broadcasts_in_flight_count(&store) == 0 {
[INFO] [stdout]     |                       ^^^^^^^ could not find `testing` in `reconcile`
[INFO] [stdout]     |
[INFO] [stdout] note: found an item that was configured out
[INFO] [stdout]    --> src/lib.rs:109:9
[INFO] [stdout]     |
[INFO] [stdout] 108 | #[cfg(any(test, reconcile_internal_testing))]
[INFO] [stdout]     |          ---------------------------------- the item is gated here
[INFO] [stdout] 109 | pub mod testing {
[INFO] [stdout]     |         ^^^^^^^
[INFO] [stdout] 
[INFO] [stdout] 
[INFO] [stdout] error[E0599]: no method named `just_remove` found for struct `ReplicatedMap<K, V>` in the current scope
[INFO] [stdout]    --> tests/read_api.rs:113:11
[INFO] [stdout]     |
[INFO] [stdout] 113 |     store.just_remove(&1);
[INFO] [stdout]     |           ^^^^^^^^^^^
[INFO] [stdout]     |
[INFO] [stdout] help: there is a method `remove` with a similar name
[INFO] [stdout]     |
[INFO] [stdout] 113 -     store.just_remove(&1);
[INFO] [stdout] 113 +     store.remove(&1);
[INFO] [stdout]     |
[INFO] [stdout] 
[INFO] [stdout] 
[INFO] [stdout] error[E0433]: cannot find module or crate `devkit` in this scope
[INFO] [stdout]   --> benches/protocol.rs:56:5
[INFO] [stdout]    |
[INFO] [stdout] 56 | use devkit::protocol_cost::{reconcile, Cost, Counting};
[INFO] [stdout]    |     ^^^^^^ use of unresolved module or unlinked crate `devkit`
[INFO] [stdout]    |
[INFO] [stdout]    = help: if you wanted to use a crate named `devkit`, use `cargo add devkit` to add it to your `Cargo.toml`
[INFO] [stdout] 
[INFO] [stdout] 
[INFO] [stdout] error[E0599]: no method named `just_remove` found for struct `ReplicatedMap<K, V>` in the current scope
[INFO] [stdout]    --> tests/read_api.rs:114:11
[INFO] [stdout]     |
[INFO] [stdout] 114 |     store.just_remove(&3);
[INFO] [stdout]     |           ^^^^^^^^^^^
[INFO] [stdout]     |
[INFO] [stdout] help: there is a method `remove` with a similar name
[INFO] [stdout]     |
[INFO] [stdout] 114 -     store.just_remove(&3);
[INFO] [stdout] 114 +     store.remove(&3);
[INFO] [stdout]     |
[INFO] [stdout] 
[INFO] [stdout] 
[INFO] [stdout] error[E0599]: no method named `just_insert` found for struct `ReplicatedMap<K, V>` in the current scope
[INFO] [stdout]    --> tests/read_api.rs:127:15
[INFO] [stdout]     |
[INFO] [stdout] 127 |         store.just_insert(k, k * 10);
[INFO] [stdout]     |               ^^^^^^^^^^^
[INFO] [stdout]     |
[INFO] [stdout] help: there is a method `insert` with a similar name
[INFO] [stdout]     |
[INFO] [stdout] 127 -         store.just_insert(k, k * 10);
[INFO] [stdout] 127 +         store.insert(k, k * 10);
[INFO] [stdout]     |
[INFO] [stdout] 
[INFO] [stdout] 
[INFO] [stdout] error[E0599]: no method named `just_remove` found for struct `ReplicatedMap<K, V>` in the current scope
[INFO] [stdout]    --> tests/read_api.rs:133:11
[INFO] [stdout]     |
[INFO] [stdout] 133 |     store.just_remove(&1);
[INFO] [stdout]     |           ^^^^^^^^^^^
[INFO] [stdout]     |
[INFO] [stdout] help: there is a method `remove` with a similar name
[INFO] [stdout]     |
[INFO] [stdout] 133 -     store.just_remove(&1);
[INFO] [stdout] 133 +     store.remove(&1);
[INFO] [stdout]     |
[INFO] [stdout] 
[INFO] [stdout] 
[INFO] [stdout] error[E0599]: no method named `just_remove` found for struct `ReplicatedMap<K, V>` in the current scope
[INFO] [stdout]    --> tests/read_api.rs:134:11
[INFO] [stdout]     |
[INFO] [stdout] 134 |     store.just_remove(&5);
[INFO] [stdout]     |           ^^^^^^^^^^^
[INFO] [stdout]     |
[INFO] [stdout] help: there is a method `remove` with a similar name
[INFO] [stdout]     |
[INFO] [stdout] 134 -     store.just_remove(&5);
[INFO] [stdout] 134 +     store.remove(&5);
[INFO] [stdout]     |
[INFO] [stdout] 
[INFO] [stdout] 
[INFO] [stdout] error[E0599]: no method named `just_remove` found for struct `ReplicatedMap<K, V>` in the current scope
[INFO] [stdout]    --> tests/read_api.rs:139:11
[INFO] [stdout]     |
[INFO] [stdout] 139 |     store.just_remove(&2);
[INFO] [stdout]     |           ^^^^^^^^^^^
[INFO] [stdout]     |
[INFO] [stdout] help: there is a method `remove` with a similar name
[INFO] [stdout]     |
[INFO] [stdout] 139 -     store.just_remove(&2);
[INFO] [stdout] 139 +     store.remove(&2);
[INFO] [stdout]     |
[INFO] [stdout] 
[INFO] [stdout] 
[INFO] [stdout] error[E0599]: no method named `just_remove` found for struct `ReplicatedMap<K, V>` in the current scope
[INFO] [stdout]    --> tests/read_api.rs:140:11
[INFO] [stdout]     |
[INFO] [stdout] 140 |     store.just_remove(&4);
[INFO] [stdout]     |           ^^^^^^^^^^^
[INFO] [stdout]     |
[INFO] [stdout] help: there is a method `remove` with a similar name
[INFO] [stdout]     |
[INFO] [stdout] 140 -     store.just_remove(&4);
[INFO] [stdout] 140 +     store.remove(&4);
[INFO] [stdout]     |
[INFO] [stdout] 
[INFO] [stdout] 
[INFO] [stdout] error[E0599]: no method named `just_remove` found for struct `ReplicatedMap<K, V>` in the current scope
[INFO] [stdout]    --> tests/read_api.rs:145:11
[INFO] [stdout]     |
[INFO] [stdout] 145 |     store.just_remove(&3);
[INFO] [stdout]     |           ^^^^^^^^^^^
[INFO] [stdout]     |
[INFO] [stdout] help: there is a method `remove` with a similar name
[INFO] [stdout]     |
[INFO] [stdout] 145 -     store.just_remove(&3);
[INFO] [stdout] 145 +     store.remove(&3);
[INFO] [stdout]     |
[INFO] [stdout] 
[INFO] [stdout] 
[INFO] [stdout] For more information about this error, try `rustc --explain E0599`.
[INFO] [stdout] 
[INFO] [stderr] error: could not compile `reconcile` (bench "contention") due to 2 previous errors
[INFO] [stderr] warning: build failed, waiting for other jobs to finish...
[INFO] [stderr] error: could not compile `reconcile` (test "read_api") due to 11 previous errors
[INFO] [stdout] For more information about this error, try `rustc --explain E0433`.
[INFO] [stdout] 
[INFO] [stderr] error: could not compile `reconcile` (bench "protocol") due to 1 previous error
[INFO] [stdout] warning: unused import: `std::time::Duration`
[INFO] [stdout]   --> tests/service/security.rs:12:5
[INFO] [stdout]    |
[INFO] [stdout] 12 | use std::time::Duration;
[INFO] [stdout]    |     ^^^^^^^^^^^^^^^^^^^
[INFO] [stdout]    |
[INFO] [stdout]    = note: `#[warn(unused_imports)]` (part of `#[warn(unused)]`) on by default
[INFO] [stdout] 
[INFO] [stdout] 
[INFO] [stdout] For more information about this error, try `rustc --explain E0433`.
[INFO] [stdout] 
[INFO] [stderr] error: could not compile `reconcile` (test "backpressure") due to 1 previous error
[INFO] [stdout] error[E0599]: no method named `just_insert` found for struct `ReplicatedMap<K, V>` in the current scope
[INFO] [stdout]    --> benches/bench.rs:383:45
[INFO] [stdout]     |
[INFO] [stdout] 383 | ...                   black_box(store.just_insert(k, v));
[INFO] [stdout]     |                                       ^^^^^^^^^^^
[INFO] [stdout]     |
[INFO] [stdout] help: there is a method `insert` with a similar name
[INFO] [stdout]     |
[INFO] [stdout] 383 -                             black_box(store.just_insert(k, v));
[INFO] [stdout] 383 +                             black_box(store.insert(k, v));
[INFO] [stdout]     |
[INFO] [stdout] 
[INFO] [stdout] 
[INFO] [stdout] error[E0599]: no method named `just_insert` found for struct `ReplicatedMap<K, V>` in the current scope
[INFO] [stdout]    --> benches/bench.rs:512:32
[INFO] [stdout]     |
[INFO] [stdout] 512 |                         store1.just_insert(k, v);
[INFO] [stdout]     |                                ^^^^^^^^^^^
[INFO] [stdout]     |
[INFO] [stdout] help: there is a method `insert` with a similar name
[INFO] [stdout]     |
[INFO] [stdout] 512 -                         store1.just_insert(k, v);
[INFO] [stdout] 512 +                         store1.insert(k, v);
[INFO] [stdout]     |
[INFO] [stdout] 
[INFO] [stdout] 
[INFO] [stdout] error[E0599]: no method named `just_remove` found for struct `ReplicatedMap<K, V>` in the current scope
[INFO] [stdout]    --> benches/bench.rs:518:32
[INFO] [stdout]     |
[INFO] [stdout] 518 |                         store1.just_remove(&k);
[INFO] [stdout]     |                                ^^^^^^^^^^^
[INFO] [stdout]     |
[INFO] [stdout] help: there is a method `remove` with a similar name
[INFO] [stdout]     |
[INFO] [stdout] 518 -                         store1.just_remove(&k);
[INFO] [stdout] 518 +                         store1.remove(&k);
[INFO] [stdout]     |
[INFO] [stdout] 
[INFO] [stdout] 
[INFO] [stdout] error[E0599]: no method named `just_remove` found for struct `ReplicatedMap<K, V>` in the current scope
[INFO] [stdout]    --> benches/bench.rs:850:36
[INFO] [stdout]     |
[INFO] [stdout] 850 | ...                   store1.just_remove(&warm_up_key);
[INFO] [stdout]     |                              ^^^^^^^^^^^
[INFO] [stdout]     |
[INFO] [stdout] help: there is a method `remove` with a similar name
[INFO] [stdout]     |
[INFO] [stdout] 850 -                             store1.just_remove(&warm_up_key);
[INFO] [stdout] 850 +                             store1.remove(&warm_up_key);
[INFO] [stdout]     |
[INFO] [stdout] 
[INFO] [stdout] 
[INFO] [stdout] error[E0599]: no method named `just_insert` found for struct `ReplicatedMap<K, V>` in the current scope
[INFO] [stdout]    --> benches/bench.rs:856:36
[INFO] [stdout]     |
[INFO] [stdout] 856 | ...                   store1.just_insert(warm_up_key, warm_up_value);
[INFO] [stdout]     |                              ^^^^^^^^^^^
[INFO] [stdout]     |
[INFO] [stdout] help: there is a method `insert` with a similar name
[INFO] [stdout]     |
[INFO] [stdout] 856 -                             store1.just_insert(warm_up_key, warm_up_value);
[INFO] [stdout] 856 +                             store1.insert(warm_up_key, warm_up_value);
[INFO] [stdout]     |
[INFO] [stdout] 
[INFO] [stdout] 
[INFO] [stdout] error[E0599]: no method named `just_remove` found for struct `ReplicatedMap<K, V>` in the current scope
[INFO] [stdout]    --> benches/bench.rs:909:48
[INFO] [stdout]     |
[INFO] [stdout] 909 | ...                   store1.just_remove(&k);
[INFO] [stdout]     |                              ^^^^^^^^^^^
[INFO] [stdout]     |
[INFO] [stdout] help: there is a method `remove` with a similar name
[INFO] [stdout]     |
[INFO] [stdout] 909 -                                         store1.just_remove(&k);
[INFO] [stdout] 909 +                                         store1.remove(&k);
[INFO] [stdout]     |
[INFO] [stdout] 
[INFO] [stdout] 
[INFO] [stdout] error[E0599]: no method named `just_insert` found for struct `ReplicatedMap<K, V>` in the current scope
[INFO] [stdout]    --> benches/bench.rs:919:48
[INFO] [stdout]     |
[INFO] [stdout] 919 | ...                   store1.just_insert(k, v);
[INFO] [stdout]     |                              ^^^^^^^^^^^
[INFO] [stdout]     |
[INFO] [stdout] help: there is a method `insert` with a similar name
[INFO] [stdout]     |
[INFO] [stdout] 919 -                                         store1.just_insert(k, v);
[INFO] [stdout] 919 +                                         store1.insert(k, v);
[INFO] [stdout]     |
[INFO] [stdout] 
[INFO] [stdout] 
[INFO] [stdout] error[E0599]: no method named `just_remove` found for struct `ReplicatedMap<K, V>` in the current scope
[INFO] [stdout]     --> benches/bench.rs:1086:48
[INFO] [stdout]      |
[INFO] [stdout] 1086 | ...                   store1.just_remove(&k);
[INFO] [stdout]      |                              ^^^^^^^^^^^
[INFO] [stdout]      |
[INFO] [stdout] help: there is a method `remove` with a similar name
[INFO] [stdout]      |
[INFO] [stdout] 1086 -                                         store1.just_remove(&k);
[INFO] [stdout] 1086 +                                         store1.remove(&k);
[INFO] [stdout]      |
[INFO] [stdout] 
[INFO] [stdout] 
[INFO] [stdout] error[E0599]: no method named `just_insert` found for struct `ReplicatedMap<K, V>` in the current scope
[INFO] [stdout]     --> benches/bench.rs:1103:48
[INFO] [stdout]      |
[INFO] [stdout] 1103 | ...                   store1.just_insert(k, v);
[INFO] [stdout]      |                              ^^^^^^^^^^^
[INFO] [stdout]      |
[INFO] [stdout] help: there is a method `insert` with a similar name
[INFO] [stdout]      |
[INFO] [stdout] 1103 -                                         store1.just_insert(k, v);
[INFO] [stdout] 1103 +                                         store1.insert(k, v);
[INFO] [stdout]      |
[INFO] [stdout] 
[INFO] [stdout] 
[INFO] [stdout] For more information about this error, try `rustc --explain E0599`.
[INFO] [stdout] 
[INFO] [stderr] error: could not compile `reconcile` (bench "bench") due to 9 previous errors
[INFO] [stdout] warning: use of deprecated method `std::sync::atomic::Atomic::<u32>::fetch_update`: renamed to `try_update` for consistency
[INFO] [stdout]   --> src/replicated_map/tests/persistence.rs:64:14
[INFO] [stdout]    |
[INFO] [stdout] 64 |             .fetch_update(Ordering::AcqRel, Ordering::Acquire, |n| {
[INFO] [stdout]    |              ^^^^^^^^^^^^
[INFO] [stdout]    |
[INFO] [stdout]    = note: `#[warn(deprecated)]` on by default
[INFO] [stdout] help: replace the use of the deprecated method
[INFO] [stdout]    |
[INFO] [stdout] 64 -             .fetch_update(Ordering::AcqRel, Ordering::Acquire, |n| {
[INFO] [stdout] 64 +             .try_update(Ordering::AcqRel, Ordering::Acquire, |n| {
[INFO] [stdout]    |
[INFO] [stdout] 
[INFO] [stdout] 
[INFO] [stdout] warning: use of deprecated method `std::sync::atomic::Atomic::<usize>::fetch_update`: renamed to `try_update` for consistency
[INFO] [stdout]   --> src/replica/pacing.rs:72:14
[INFO] [stdout]    |
[INFO] [stdout] 72 |             .fetch_update(Ordering::AcqRel, Ordering::Acquire, |n| {
[INFO] [stdout]    |              ^^^^^^^^^^^^
[INFO] [stdout]    |
[INFO] [stdout] help: replace the use of the deprecated method
[INFO] [stdout]    |
[INFO] [stdout] 72 -             .fetch_update(Ordering::AcqRel, Ordering::Acquire, |n| {
[INFO] [stdout] 72 +             .try_update(Ordering::AcqRel, Ordering::Acquire, |n| {
[INFO] [stdout]    |
[INFO] [stdout] 
[INFO] [stdout] 
[INFO] [stdout] warning: use of deprecated method `std::sync::atomic::Atomic::<usize>::fetch_update`: renamed to `try_update` for consistency
[INFO] [stdout]    --> src/replica/write.rs:117:14
[INFO] [stdout]     |
[INFO] [stdout] 117 |             .fetch_update(Ordering::AcqRel, Ordering::Acquire, |n| {
[INFO] [stdout]     |              ^^^^^^^^^^^^
[INFO] [stdout]     |
[INFO] [stdout] help: replace the use of the deprecated method
[INFO] [stdout]     |
[INFO] [stdout] 117 -             .fetch_update(Ordering::AcqRel, Ordering::Acquire, |n| {
[INFO] [stdout] 117 +             .try_update(Ordering::AcqRel, Ordering::Acquire, |n| {
[INFO] [stdout]     |
[INFO] [stdout] 
[INFO] [stdout] 
[INFO] [stdout] warning: use of deprecated method `std::sync::atomic::Atomic::<usize>::fetch_update`: renamed to `try_update` for consistency
[INFO] [stdout]    --> src/replica/write.rs:302:18
[INFO] [stdout]     |
[INFO] [stdout] 302 |                 .fetch_update(Ordering::AcqRel, Ordering::Acquire, |now| {
[INFO] [stdout]     |                  ^^^^^^^^^^^^
[INFO] [stdout]     |
[INFO] [stdout] help: replace the use of the deprecated method
[INFO] [stdout]     |
[INFO] [stdout] 302 -                 .fetch_update(Ordering::AcqRel, Ordering::Acquire, |now| {
[INFO] [stdout] 302 +                 .try_update(Ordering::AcqRel, Ordering::Acquire, |now| {
[INFO] [stdout]     |
[INFO] [stdout] 
[INFO] [stdout] 
[INFO] [stdout] warning: use of deprecated method `std::sync::atomic::Atomic::<usize>::fetch_update`: renamed to `try_update` for consistency
[INFO] [stdout]   --> src/replica/tests/repair.rs:48:18
[INFO] [stdout]    |
[INFO] [stdout] 48 |                 .fetch_update(Ordering::AcqRel, Ordering::Acquire, |n| n.checked_sub(1))
[INFO] [stdout]    |                  ^^^^^^^^^^^^
[INFO] [stdout]    |
[INFO] [stdout] help: replace the use of the deprecated method
[INFO] [stdout]    |
[INFO] [stdout] 48 -                 .fetch_update(Ordering::AcqRel, Ordering::Acquire, |n| n.checked_sub(1))
[INFO] [stdout] 48 +                 .try_update(Ordering::AcqRel, Ordering::Acquire, |n| n.checked_sub(1))
[INFO] [stdout]    |
[INFO] [stdout] 
[INFO] [stdout] 
[INFO] running `Command { std: "docker" "inspect" "7095369daed3978762d3e114cf0e7ebe0a96dbc833840974ed66411f05c590bf", kill_on_drop: false }`
[INFO] running `Command { std: "docker" "rm" "-f" "7095369daed3978762d3e114cf0e7ebe0a96dbc833840974ed66411f05c590bf", kill_on_drop: false }`
[INFO] [stdout] 7095369daed3978762d3e114cf0e7ebe0a96dbc833840974ed66411f05c590bf
