[INFO] fetching crate rclip-shell-link 0.1.0...
[INFO] checking rclip-shell-link-0.1.0 against 3154cc1a3e6424e44f438a95007d043ed5ceaaf6 for pr-133502-30
[INFO] extracting crate rclip-shell-link 0.1.0 into /workspace/builds/worker-6-tc2/source
[INFO] started tweaking crates.io crate rclip-shell-link 0.1.0
[INFO] removed 0 missing tests
[INFO] finished tweaking crates.io crate rclip-shell-link 0.1.0
[INFO] tweaked toml for crates.io crate rclip-shell-link 0.1.0 written to /workspace/builds/worker-6-tc2/source/Cargo.toml
[INFO] validating manifest of crates.io crate rclip-shell-link 0.1.0 on toolchain 3154cc1a3e6424e44f438a95007d043ed5ceaaf6
[INFO] running `Command { std: CARGO_HOME="/workspace/cargo-home" RUSTUP_HOME="/workspace/rustup-home" "/workspace/cargo-home/bin/cargo" "+3154cc1a3e6424e44f438a95007d043ed5ceaaf6" "metadata" "--manifest-path" "Cargo.toml" "--no-deps", kill_on_drop: false }`
[INFO] crate crates.io crate rclip-shell-link 0.1.0 already has a lockfile, it will not be regenerated
[INFO] running `Command { std: CARGO_HOME="/workspace/cargo-home" RUSTUP_HOME="/workspace/rustup-home" "/workspace/cargo-home/bin/cargo" "+3154cc1a3e6424e44f438a95007d043ed5ceaaf6" "fetch" "--manifest-path" "Cargo.toml", kill_on_drop: false }`
[INFO] running `Command { std: "docker" "create" "-v" "/var/lib/crater-agent-workspace/builds/worker-6-tc2/source:/opt/rustwide/workdir:ro,Z" "-v" "/var/lib/crater-agent-workspace/builds/worker-6-tc2/target:/opt/rustwide/target:rw,Z" "-v" "/var/lib/crater-agent-workspace/cargo-home:/opt/rustwide/cargo-home:ro,Z" "-v" "/var/lib/crater-agent-workspace/rustup-home:/opt/rustwide/rustup-home:ro,Z" "-m" "1610612736" "--network" "none" "ghcr.io/rust-lang/crates-build-env/linux@sha256:77db811e55d90add9212f6832c23229e3de5f1c1f9905e8cb07319ea15df73ac" "sleep" "infinity", kill_on_drop: false }`
[INFO] [stdout] e7c536aae61a9de3ef5804b933ac513f897ab2ceb0b1483b28674e7f146c5668
[INFO] running `Command { std: "docker" "start" "e7c536aae61a9de3ef5804b933ac513f897ab2ceb0b1483b28674e7f146c5668", kill_on_drop: false }`
[INFO] running `Command { std: "docker" "inspect" "e7c536aae61a9de3ef5804b933ac513f897ab2ceb0b1483b28674e7f146c5668", kill_on_drop: false }`
[INFO] running `Command { std: "docker" "exec" "-e" "SOURCE_DIR=/opt/rustwide/workdir" "-e" "CARGO_HOME=/opt/rustwide/cargo-home" "-e" "RUSTUP_HOME=/opt/rustwide/rustup-home" "-e" "CARGO_TARGET_DIR=/opt/rustwide/target" "-w" "/opt/rustwide/workdir" "--user" "0:0" "e7c536aae61a9de3ef5804b933ac513f897ab2ceb0b1483b28674e7f146c5668" "/opt/rustwide/cargo-home/bin/cargo" "+3154cc1a3e6424e44f438a95007d043ed5ceaaf6" "metadata" "--no-deps" "--format-version=1", kill_on_drop: false }`
[INFO] running `Command { std: "docker" "inspect" "e7c536aae61a9de3ef5804b933ac513f897ab2ceb0b1483b28674e7f146c5668", kill_on_drop: false }`
[INFO] running `Command { std: "docker" "exec" "-e" "SOURCE_DIR=/opt/rustwide/workdir" "-e" "CARGO_HOME=/opt/rustwide/cargo-home" "-e" "RUSTUP_HOME=/opt/rustwide/rustup-home" "-e" "CARGO_TARGET_DIR=/opt/rustwide/target" "-e" "CARGO_INCREMENTAL=0" "-e" "RUST_BACKTRACE=full" "-e" "RUSTFLAGS=--cap-lints=forbid" "-e" "RUSTDOCFLAGS=--cap-lints=forbid" "-w" "/opt/rustwide/workdir" "--user" "0:0" "e7c536aae61a9de3ef5804b933ac513f897ab2ceb0b1483b28674e7f146c5668" "/opt/rustwide/cargo-home/bin/cargo" "+3154cc1a3e6424e44f438a95007d043ed5ceaaf6" "check" "--frozen" "--all" "--all-targets" "--message-format=json", kill_on_drop: false }`
[INFO] [stderr]     Checking rclip-core v0.1.0
[INFO] [stderr]     Checking rclip-idlist v0.1.0
[INFO] [stderr]     Checking rclip-shell-link v0.1.0 (/opt/rustwide/workdir)
[INFO] [stdout] error[E0599]: no method named `to_string_lossy` found for enum `ShellStr<'a>` in the current scope
[INFO] [stdout]   --> tests/shortcut.rs:92:18
[INFO] [stdout]    |
[INFO] [stdout] 92 |         env.text.to_string_lossy(),
[INFO] [stdout]    |                  ^^^^^^^^^^^^^^^
[INFO] [stdout]    |
[INFO] [stdout] help: there is a method `to_string` with a similar name
[INFO] [stdout]    |
[INFO] [stdout] 92 -         env.text.to_string_lossy(),
[INFO] [stdout] 92 +         env.text.to_string(),
[INFO] [stdout]    |
[INFO] [stdout] 
[INFO] [stdout] 
[INFO] [stdout] error[E0599]: no method named `to_string_lossy` found for enum `ShellStr<'a>` in the current scope
[INFO] [stdout]    --> tests/shortcut.rs:147:18
[INFO] [stdout]     |
[INFO] [stdout] 147 |         rel.text.to_string_lossy(),
[INFO] [stdout]     |                  ^^^^^^^^^^^^^^^
[INFO] [stdout]     |
[INFO] [stdout] help: there is a method `to_string` with a similar name
[INFO] [stdout]     |
[INFO] [stdout] 147 -         rel.text.to_string_lossy(),
[INFO] [stdout] 147 +         rel.text.to_string(),
[INFO] [stdout]     |
[INFO] [stdout] 
[INFO] [stdout] 
[INFO] [stdout] error[E0432]: unresolved import `rclip_shell_link::ShellLinkBuilder`
[INFO] [stdout]    --> tests/shell_link.rs:632:9
[INFO] [stdout]     |
[INFO] [stdout] 632 |     use rclip_shell_link::ShellLinkBuilder;
[INFO] [stdout]     |         ^^^^^^^^^^^^^^^^^^----------------
[INFO] [stdout]     |                           |
[INFO] [stdout]     |                           no `ShellLinkBuilder` in the root
[INFO] [stdout]     |
[INFO] [stdout] note: found an item that was configured out
[INFO] [stdout]    --> src/lib.rs:120:16
[INFO] [stdout]     |
[INFO] [stdout] 119 | #[cfg(feature = "alloc")]
[INFO] [stdout]     |       ----------------- the item is gated behind the `alloc` feature
[INFO] [stdout] 120 | pub use write::ShellLinkBuilder;
[INFO] [stdout]     |                ^^^^^^^^^^^^^^^^
[INFO] [stdout] help: a similar name exists in the module
[INFO] [stdout]     |
[INFO] [stdout] 632 -     use rclip_shell_link::ShellLinkBuilder;
[INFO] [stdout] 632 +     use rclip_shell_link::ShellLinkHeader;
[INFO] [stdout]     |
[INFO] [stdout] 
[INFO] [stdout] 
[INFO] [stdout] error[E0432]: unresolved import `rclip_shell_link::ShellLinkBuilder`
[INFO] [stdout]    --> tests/shell_link.rs:696:9
[INFO] [stdout]     |
[INFO] [stdout] 696 |     use rclip_shell_link::ShellLinkBuilder;
[INFO] [stdout]     |         ^^^^^^^^^^^^^^^^^^----------------
[INFO] [stdout]     |                           |
[INFO] [stdout]     |                           no `ShellLinkBuilder` in the root
[INFO] [stdout]     |
[INFO] [stdout] note: found an item that was configured out
[INFO] [stdout]    --> src/lib.rs:120:16
[INFO] [stdout]     |
[INFO] [stdout] 119 | #[cfg(feature = "alloc")]
[INFO] [stdout]     |       ----------------- the item is gated behind the `alloc` feature
[INFO] [stdout] 120 | pub use write::ShellLinkBuilder;
[INFO] [stdout]     |                ^^^^^^^^^^^^^^^^
[INFO] [stdout] help: a similar name exists in the module
[INFO] [stdout]     |
[INFO] [stdout] 696 -     use rclip_shell_link::ShellLinkBuilder;
[INFO] [stdout] 696 +     use rclip_shell_link::ShellLinkHeader;
[INFO] [stdout]     |
[INFO] [stdout] 
[INFO] [stdout] 
[INFO] [stdout] error[E0432]: unresolved import `rclip_shell_link::ShellLinkBuilder`
[INFO] [stdout]    --> tests/shell_link.rs:711:9
[INFO] [stdout]     |
[INFO] [stdout] 711 |     use rclip_shell_link::ShellLinkBuilder;
[INFO] [stdout]     |         ^^^^^^^^^^^^^^^^^^----------------
[INFO] [stdout]     |                           |
[INFO] [stdout]     |                           no `ShellLinkBuilder` in the root
[INFO] [stdout]     |
[INFO] [stdout] note: found an item that was configured out
[INFO] [stdout]    --> src/lib.rs:120:16
[INFO] [stdout]     |
[INFO] [stdout] 119 | #[cfg(feature = "alloc")]
[INFO] [stdout]     |       ----------------- the item is gated behind the `alloc` feature
[INFO] [stdout] 120 | pub use write::ShellLinkBuilder;
[INFO] [stdout]     |                ^^^^^^^^^^^^^^^^
[INFO] [stdout] help: a similar name exists in the module
[INFO] [stdout]     |
[INFO] [stdout] 711 -     use rclip_shell_link::ShellLinkBuilder;
[INFO] [stdout] 711 +     use rclip_shell_link::ShellLinkHeader;
[INFO] [stdout]     |
[INFO] [stdout] 
[INFO] [stdout] 
[INFO] [stdout] error[E0432]: unresolved import `rclip_shell_link::ShellLinkBuilder`
[INFO] [stdout]    --> tests/shell_link.rs:735:9
[INFO] [stdout]     |
[INFO] [stdout] 735 |     use rclip_shell_link::ShellLinkBuilder;
[INFO] [stdout]     |         ^^^^^^^^^^^^^^^^^^----------------
[INFO] [stdout]     |                           |
[INFO] [stdout]     |                           no `ShellLinkBuilder` in the root
[INFO] [stdout]     |
[INFO] [stdout] note: found an item that was configured out
[INFO] [stdout]    --> src/lib.rs:120:16
[INFO] [stdout]     |
[INFO] [stdout] 119 | #[cfg(feature = "alloc")]
[INFO] [stdout]     |       ----------------- the item is gated behind the `alloc` feature
[INFO] [stdout] 120 | pub use write::ShellLinkBuilder;
[INFO] [stdout]     |                ^^^^^^^^^^^^^^^^
[INFO] [stdout] help: a similar name exists in the module
[INFO] [stdout]     |
[INFO] [stdout] 735 -     use rclip_shell_link::ShellLinkBuilder;
[INFO] [stdout] 735 +     use rclip_shell_link::ShellLinkHeader;
[INFO] [stdout]     |
[INFO] [stdout] 
[INFO] [stdout] 
[INFO] [stdout] error[E0432]: unresolved import `rclip_shell_link::ShellLinkBuilder`
[INFO] [stdout]    --> tests/shell_link.rs:764:9
[INFO] [stdout]     |
[INFO] [stdout] 764 |     use rclip_shell_link::ShellLinkBuilder;
[INFO] [stdout]     |         ^^^^^^^^^^^^^^^^^^----------------
[INFO] [stdout]     |                           |
[INFO] [stdout]     |                           no `ShellLinkBuilder` in the root
[INFO] [stdout]     |
[INFO] [stdout] note: found an item that was configured out
[INFO] [stdout]    --> src/lib.rs:120:16
[INFO] [stdout]     |
[INFO] [stdout] 119 | #[cfg(feature = "alloc")]
[INFO] [stdout]     |       ----------------- the item is gated behind the `alloc` feature
[INFO] [stdout] 120 | pub use write::ShellLinkBuilder;
[INFO] [stdout]     |                ^^^^^^^^^^^^^^^^
[INFO] [stdout] help: a similar name exists in the module
[INFO] [stdout]     |
[INFO] [stdout] 764 -     use rclip_shell_link::ShellLinkBuilder;
[INFO] [stdout] 764 +     use rclip_shell_link::ShellLinkHeader;
[INFO] [stdout]     |
[INFO] [stdout] 
[INFO] [stdout] 
[INFO] [stdout] error[E0432]: unresolved import `rclip_shell_link::ShellLinkBuilder`
[INFO] [stdout]    --> tests/shell_link.rs:781:9
[INFO] [stdout]     |
[INFO] [stdout] 781 |     use rclip_shell_link::ShellLinkBuilder;
[INFO] [stdout]     |         ^^^^^^^^^^^^^^^^^^----------------
[INFO] [stdout]     |                           |
[INFO] [stdout]     |                           no `ShellLinkBuilder` in the root
[INFO] [stdout]     |
[INFO] [stdout] note: found an item that was configured out
[INFO] [stdout]    --> src/lib.rs:120:16
[INFO] [stdout]     |
[INFO] [stdout] 119 | #[cfg(feature = "alloc")]
[INFO] [stdout]     |       ----------------- the item is gated behind the `alloc` feature
[INFO] [stdout] 120 | pub use write::ShellLinkBuilder;
[INFO] [stdout]     |                ^^^^^^^^^^^^^^^^
[INFO] [stdout] help: a similar name exists in the module
[INFO] [stdout]     |
[INFO] [stdout] 781 -     use rclip_shell_link::ShellLinkBuilder;
[INFO] [stdout] 781 +     use rclip_shell_link::ShellLinkHeader;
[INFO] [stdout]     |
[INFO] [stdout] 
[INFO] [stdout] 
[INFO] [stdout] error[E0432]: unresolved import `rclip_shell_link::ShellLinkBuilder`
[INFO] [stdout]    --> tests/shell_link.rs:795:9
[INFO] [stdout]     |
[INFO] [stdout] 795 |     use rclip_shell_link::ShellLinkBuilder;
[INFO] [stdout]     |         ^^^^^^^^^^^^^^^^^^----------------
[INFO] [stdout]     |                           |
[INFO] [stdout]     |                           no `ShellLinkBuilder` in the root
[INFO] [stdout]     |
[INFO] [stdout] note: found an item that was configured out
[INFO] [stdout]    --> src/lib.rs:120:16
[INFO] [stdout]     |
[INFO] [stdout] 119 | #[cfg(feature = "alloc")]
[INFO] [stdout]     |       ----------------- the item is gated behind the `alloc` feature
[INFO] [stdout] 120 | pub use write::ShellLinkBuilder;
[INFO] [stdout]     |                ^^^^^^^^^^^^^^^^
[INFO] [stdout] help: a similar name exists in the module
[INFO] [stdout]     |
[INFO] [stdout] 795 -     use rclip_shell_link::ShellLinkBuilder;
[INFO] [stdout] 795 +     use rclip_shell_link::ShellLinkHeader;
[INFO] [stdout]     |
[INFO] [stdout] 
[INFO] [stdout] 
[INFO] [stdout] error[E0432]: unresolved import `rclip_shell_link::ShellLinkBuilder`
[INFO] [stdout]    --> tests/shell_link.rs:823:9
[INFO] [stdout]     |
[INFO] [stdout] 823 |     use rclip_shell_link::ShellLinkBuilder;
[INFO] [stdout]     |         ^^^^^^^^^^^^^^^^^^----------------
[INFO] [stdout]     |                           |
[INFO] [stdout]     |                           no `ShellLinkBuilder` in the root
[INFO] [stdout]     |
[INFO] [stdout] note: found an item that was configured out
[INFO] [stdout]    --> src/lib.rs:120:16
[INFO] [stdout]     |
[INFO] [stdout] 119 | #[cfg(feature = "alloc")]
[INFO] [stdout]     |       ----------------- the item is gated behind the `alloc` feature
[INFO] [stdout] 120 | pub use write::ShellLinkBuilder;
[INFO] [stdout]     |                ^^^^^^^^^^^^^^^^
[INFO] [stdout] help: a similar name exists in the module
[INFO] [stdout]     |
[INFO] [stdout] 823 -     use rclip_shell_link::ShellLinkBuilder;
[INFO] [stdout] 823 +     use rclip_shell_link::ShellLinkHeader;
[INFO] [stdout]     |
[INFO] [stdout] 
[INFO] [stdout] 
[INFO] [stdout] For more information about this error, try `rustc --explain E0599`.
[INFO] [stdout] 
[INFO] [stderr] error: could not compile `rclip-shell-link` (test "shortcut") due to 2 previous errors
[INFO] [stderr] warning: build failed, waiting for other jobs to finish...
[INFO] [stdout] error[E0599]: no method named `to_string_lossy` found for enum `ShellStr<'a>` in the current scope
[INFO] [stdout]    --> tests/shell_link.rs:157:33
[INFO] [stdout]     |
[INFO] [stdout] 157 |     assert_eq!(sd.name.unwrap().to_string_lossy(), "My Notes");
[INFO] [stdout]     |                                 ^^^^^^^^^^^^^^^
[INFO] [stdout]     |
[INFO] [stdout] help: there is a method `to_string` with a similar name
[INFO] [stdout]     |
[INFO] [stdout] 157 -     assert_eq!(sd.name.unwrap().to_string_lossy(), "My Notes");
[INFO] [stdout] 157 +     assert_eq!(sd.name.unwrap().to_string(), "My Notes");
[INFO] [stdout]     |
[INFO] [stdout] 
[INFO] [stdout] 
[INFO] [stdout] error[E0599]: no method named `to_string_lossy` found for enum `ShellStr<'a>` in the current scope
[INFO] [stdout]    --> tests/shell_link.rs:158:42
[INFO] [stdout]     |
[INFO] [stdout] 158 |     assert_eq!(sd.relative_path.unwrap().to_string_lossy(), ".\\notes.txt");
[INFO] [stdout]     |                                          ^^^^^^^^^^^^^^^
[INFO] [stdout]     |
[INFO] [stdout] help: there is a method `to_string` with a similar name
[INFO] [stdout]     |
[INFO] [stdout] 158 -     assert_eq!(sd.relative_path.unwrap().to_string_lossy(), ".\\notes.txt");
[INFO] [stdout] 158 +     assert_eq!(sd.relative_path.unwrap().to_string(), ".\\notes.txt");
[INFO] [stdout]     |
[INFO] [stdout] 
[INFO] [stdout] 
[INFO] [stdout] error[E0599]: no method named `to_string_lossy` found for enum `ShellStr<'a>` in the current scope
[INFO] [stdout]    --> tests/shell_link.rs:159:40
[INFO] [stdout]     |
[INFO] [stdout] 159 |     assert_eq!(sd.working_dir.unwrap().to_string_lossy(), "C:\\Users\\me");
[INFO] [stdout]     |                                        ^^^^^^^^^^^^^^^
[INFO] [stdout]     |
[INFO] [stdout] help: there is a method `to_string` with a similar name
[INFO] [stdout]     |
[INFO] [stdout] 159 -     assert_eq!(sd.working_dir.unwrap().to_string_lossy(), "C:\\Users\\me");
[INFO] [stdout] 159 +     assert_eq!(sd.working_dir.unwrap().to_string(), "C:\\Users\\me");
[INFO] [stdout]     |
[INFO] [stdout] 
[INFO] [stdout] 
[INFO] [stdout] error[E0599]: no method named `to_string_lossy` found for enum `ShellStr<'a>` in the current scope
[INFO] [stdout]    --> tests/shell_link.rs:160:38
[INFO] [stdout]     |
[INFO] [stdout] 160 |     assert_eq!(sd.arguments.unwrap().to_string_lossy(), "--flag \"a b\"");
[INFO] [stdout]     |                                      ^^^^^^^^^^^^^^^
[INFO] [stdout]     |
[INFO] [stdout] help: there is a method `to_string` with a similar name
[INFO] [stdout]     |
[INFO] [stdout] 160 -     assert_eq!(sd.arguments.unwrap().to_string_lossy(), "--flag \"a b\"");
[INFO] [stdout] 160 +     assert_eq!(sd.arguments.unwrap().to_string(), "--flag \"a b\"");
[INFO] [stdout]     |
[INFO] [stdout] 
[INFO] [stdout] 
[INFO] [stdout] error[E0599]: no method named `to_string_lossy` found for enum `ShellStr<'a>` in the current scope
[INFO] [stdout]    --> tests/shell_link.rs:162:35
[INFO] [stdout]     |
[INFO] [stdout] 162 |         sd.icon_location.unwrap().to_string_lossy(),
[INFO] [stdout]     |                                   ^^^^^^^^^^^^^^^
[INFO] [stdout]     |
[INFO] [stdout] help: there is a method `to_string` with a similar name
[INFO] [stdout]     |
[INFO] [stdout] 162 -         sd.icon_location.unwrap().to_string_lossy(),
[INFO] [stdout] 162 +         sd.icon_location.unwrap().to_string(),
[INFO] [stdout]     |
[INFO] [stdout] 
[INFO] [stdout] 
[INFO] [stdout] error[E0599]: no method named `to_string_lossy` found for enum `ShellStr<'a>` in the current scope
[INFO] [stdout]    --> tests/shell_link.rs:306:45
[INFO] [stdout]     |
[INFO] [stdout] 306 |             assert_eq!(f.long_name.unwrap().to_string_lossy(), "notes.txt");
[INFO] [stdout]     |                                             ^^^^^^^^^^^^^^^
[INFO] [stdout]     |
[INFO] [stdout] help: there is a method `to_string` with a similar name
[INFO] [stdout]     |
[INFO] [stdout] 306 -             assert_eq!(f.long_name.unwrap().to_string_lossy(), "notes.txt");
[INFO] [stdout] 306 +             assert_eq!(f.long_name.unwrap().to_string(), "notes.txt");
[INFO] [stdout]     |
[INFO] [stdout] 
[INFO] [stdout] 
[INFO] [stdout] error[E0599]: no method named `to_string_lossy` found for enum `ShellStr<'a>` in the current scope
[INFO] [stdout]    --> tests/shell_link.rs:334:33
[INFO] [stdout]     |
[INFO] [stdout] 334 |             assert_eq!(p.path().to_string_lossy(), "%windir%\\system32\\cmd.exe");
[INFO] [stdout]     |                                 ^^^^^^^^^^^^^^^
[INFO] [stdout]     |
[INFO] [stdout] help: there is a method `to_string` with a similar name
[INFO] [stdout]     |
[INFO] [stdout] 334 -             assert_eq!(p.path().to_string_lossy(), "%windir%\\system32\\cmd.exe");
[INFO] [stdout] 334 +             assert_eq!(p.path().to_string(), "%windir%\\system32\\cmd.exe");
[INFO] [stdout]     |
[INFO] [stdout] 
[INFO] [stdout] 
[INFO] [stdout] error[E0599]: no method named `to_string_lossy` found for enum `ShellStr<'a>` in the current scope
[INFO] [stdout]    --> tests/shell_link.rs:343:42
[INFO] [stdout]     |
[INFO] [stdout] 343 |         link.environment_path().unwrap().to_string_lossy(),
[INFO] [stdout]     |                                          ^^^^^^^^^^^^^^^
[INFO] [stdout]     |
[INFO] [stdout] help: there is a method `to_string` with a similar name
[INFO] [stdout]     |
[INFO] [stdout] 343 -         link.environment_path().unwrap().to_string_lossy(),
[INFO] [stdout] 343 +         link.environment_path().unwrap().to_string(),
[INFO] [stdout]     |
[INFO] [stdout] 
[INFO] [stdout] 
[INFO] [stdout] error[E0599]: no method named `to_string_lossy` found for enum `ShellStr<'a>` in the current scope
[INFO] [stdout]    --> tests/shell_link.rs:373:36
[INFO] [stdout]     |
[INFO] [stdout] 373 |             assert_eq!(c.face_name.to_string_lossy(), "Consolas");
[INFO] [stdout]     |                                    ^^^^^^^^^^^^^^^
[INFO] [stdout]     |
[INFO] [stdout] help: there is a method `to_string` with a similar name
[INFO] [stdout]     |
[INFO] [stdout] 373 -             assert_eq!(c.face_name.to_string_lossy(), "Consolas");
[INFO] [stdout] 373 +             assert_eq!(c.face_name.to_string(), "Consolas");
[INFO] [stdout]     |
[INFO] [stdout] 
[INFO] [stdout] 
[INFO] [stdout] error[E0599]: no method named `to_string_lossy` found for enum `ShellStr<'a>` in the current scope
[INFO] [stdout]    --> tests/shell_link.rs:568:57
[INFO] [stdout]     |
[INFO] [stdout] 568 |                 let _ = link.string_data.name.map(|s| s.to_string_lossy());
[INFO] [stdout]     |                                                         ^^^^^^^^^^^^^^^
[INFO] [stdout]     |
[INFO] [stdout] help: there is a method `to_string` with a similar name
[INFO] [stdout]     |
[INFO] [stdout] 568 -                 let _ = link.string_data.name.map(|s| s.to_string_lossy());
[INFO] [stdout] 568 +                 let _ = link.string_data.name.map(|s| s.to_string());
[INFO] [stdout]     |
[INFO] [stdout] 
[INFO] [stdout] 
[INFO] [stdout] error[E0599]: no method named `to_string_lossy` found for enum `ShellStr<'a>` in the current scope
[INFO] [stdout]    --> tests/shell_link.rs:667:33
[INFO] [stdout]     |
[INFO] [stdout] 667 |     assert_eq!(sd.name.unwrap().to_string_lossy(), "My Notes");
[INFO] [stdout]     |                                 ^^^^^^^^^^^^^^^
[INFO] [stdout]     |
[INFO] [stdout] help: there is a method `to_string` with a similar name
[INFO] [stdout]     |
[INFO] [stdout] 667 -     assert_eq!(sd.name.unwrap().to_string_lossy(), "My Notes");
[INFO] [stdout] 667 +     assert_eq!(sd.name.unwrap().to_string(), "My Notes");
[INFO] [stdout]     |
[INFO] [stdout] 
[INFO] [stdout] 
[INFO] [stdout] error[E0599]: no method named `to_string_lossy` found for enum `ShellStr<'a>` in the current scope
[INFO] [stdout]    --> tests/shell_link.rs:668:42
[INFO] [stdout]     |
[INFO] [stdout] 668 |     assert_eq!(sd.relative_path.unwrap().to_string_lossy(), ".\\notes.txt");
[INFO] [stdout]     |                                          ^^^^^^^^^^^^^^^
[INFO] [stdout]     |
[INFO] [stdout] help: there is a method `to_string` with a similar name
[INFO] [stdout]     |
[INFO] [stdout] 668 -     assert_eq!(sd.relative_path.unwrap().to_string_lossy(), ".\\notes.txt");
[INFO] [stdout] 668 +     assert_eq!(sd.relative_path.unwrap().to_string(), ".\\notes.txt");
[INFO] [stdout]     |
[INFO] [stdout] 
[INFO] [stdout] 
[INFO] [stdout] error[E0599]: no method named `to_string_lossy` found for enum `ShellStr<'a>` in the current scope
[INFO] [stdout]    --> tests/shell_link.rs:669:40
[INFO] [stdout]     |
[INFO] [stdout] 669 |     assert_eq!(sd.working_dir.unwrap().to_string_lossy(), "C:\\Users\\me");
[INFO] [stdout]     |                                        ^^^^^^^^^^^^^^^
[INFO] [stdout]     |
[INFO] [stdout] help: there is a method `to_string` with a similar name
[INFO] [stdout]     |
[INFO] [stdout] 669 -     assert_eq!(sd.working_dir.unwrap().to_string_lossy(), "C:\\Users\\me");
[INFO] [stdout] 669 +     assert_eq!(sd.working_dir.unwrap().to_string(), "C:\\Users\\me");
[INFO] [stdout]     |
[INFO] [stdout] 
[INFO] [stdout] 
[INFO] [stdout] error[E0599]: no method named `to_string_lossy` found for enum `ShellStr<'a>` in the current scope
[INFO] [stdout]    --> tests/shell_link.rs:670:38
[INFO] [stdout]     |
[INFO] [stdout] 670 |     assert_eq!(sd.arguments.unwrap().to_string_lossy(), "--verbose");
[INFO] [stdout]     |                                      ^^^^^^^^^^^^^^^
[INFO] [stdout]     |
[INFO] [stdout] help: there is a method `to_string` with a similar name
[INFO] [stdout]     |
[INFO] [stdout] 670 -     assert_eq!(sd.arguments.unwrap().to_string_lossy(), "--verbose");
[INFO] [stdout] 670 +     assert_eq!(sd.arguments.unwrap().to_string(), "--verbose");
[INFO] [stdout]     |
[INFO] [stdout] 
[INFO] [stdout] 
[INFO] [stdout] error[E0599]: no method named `to_string_lossy` found for enum `ShellStr<'a>` in the current scope
[INFO] [stdout]    --> tests/shell_link.rs:672:35
[INFO] [stdout]     |
[INFO] [stdout] 672 |         sd.icon_location.unwrap().to_string_lossy(),
[INFO] [stdout]     |                                   ^^^^^^^^^^^^^^^
[INFO] [stdout]     |
[INFO] [stdout] help: there is a method `to_string` with a similar name
[INFO] [stdout]     |
[INFO] [stdout] 672 -         sd.icon_location.unwrap().to_string_lossy(),
[INFO] [stdout] 672 +         sd.icon_location.unwrap().to_string(),
[INFO] [stdout]     |
[INFO] [stdout] 
[INFO] [stdout] 
[INFO] [stdout] error[E0599]: no method named `to_string_lossy` found for enum `ShellStr<'a>` in the current scope
[INFO] [stdout]    --> tests/shell_link.rs:689:42
[INFO] [stdout]     |
[INFO] [stdout] 689 |         link.environment_path().unwrap().to_string_lossy(),
[INFO] [stdout]     |                                          ^^^^^^^^^^^^^^^
[INFO] [stdout]     |
[INFO] [stdout] help: there is a method `to_string` with a similar name
[INFO] [stdout]     |
[INFO] [stdout] 689 -         link.environment_path().unwrap().to_string_lossy(),
[INFO] [stdout] 689 +         link.environment_path().unwrap().to_string(),
[INFO] [stdout]     |
[INFO] [stdout] 
[INFO] [stdout] 
[INFO] [stdout] error[E0599]: no method named `to_string_lossy` found for enum `ShellStr<'a>` in the current scope
[INFO] [stdout]    --> tests/shell_link.rs:729:21
[INFO] [stdout]     |
[INFO] [stdout] 729 |     assert_eq!(path.to_string_lossy(), "C:\\Users\\Jörg\\notes.txt");
[INFO] [stdout]     |                     ^^^^^^^^^^^^^^^
[INFO] [stdout]     |
[INFO] [stdout] help: there is a method `to_string` with a similar name
[INFO] [stdout]     |
[INFO] [stdout] 729 -     assert_eq!(path.to_string_lossy(), "C:\\Users\\Jörg\\notes.txt");
[INFO] [stdout] 729 +     assert_eq!(path.to_string(), "C:\\Users\\Jörg\\notes.txt");
[INFO] [stdout]     |
[INFO] [stdout] 
[INFO] [stdout] 
[INFO] [stdout] error[E0599]: no method named `to_string_lossy` found for enum `ShellStr<'a>` in the current scope
[INFO] [stdout]    --> tests/shell_link.rs:834:47
[INFO] [stdout]     |
[INFO] [stdout] 834 |         .name(&link.string_data.name.unwrap().to_string_lossy())
[INFO] [stdout]     |                                               ^^^^^^^^^^^^^^^
[INFO] [stdout]     |
[INFO] [stdout] help: there is a method `to_string` with a similar name
[INFO] [stdout]     |
[INFO] [stdout] 834 -         .name(&link.string_data.name.unwrap().to_string_lossy())
[INFO] [stdout] 834 +         .name(&link.string_data.name.unwrap().to_string())
[INFO] [stdout]     |
[INFO] [stdout] 
[INFO] [stdout] 
[INFO] [stdout] error[E0599]: no method named `to_string_lossy` found for enum `ShellStr<'a>` in the current scope
[INFO] [stdout]    --> tests/shell_link.rs:843:18
[INFO] [stdout]     |
[INFO] [stdout] 836 |             &link
[INFO] [stdout] 837 |                 .link_info
[INFO] [stdout] 838 |                 .as_ref()
[INFO] [stdout] 839 |                 .unwrap()
[INFO] [stdout] 840 |                 .local_base_path()
[INFO] [stdout] 841 |                 .unwrap()
[INFO] [stdout] 842 |                 .unwrap()
[INFO] [stdout] 843 |                 .to_string_lossy(),
[INFO] [stdout]     |                  ^^^^^^^^^^^^^^^
[INFO] [stdout]     |
[INFO] [stdout] help: there is a method `to_string` with a similar name
[INFO] [stdout]     |
[INFO] [stdout] 843 -                 .to_string_lossy(),
[INFO] [stdout] 843 +                 .to_string(),
[INFO] [stdout]     |
[INFO] [stdout] 
[INFO] [stdout] 
[INFO] [stdout] error[E0599]: no method named `to_string_lossy` found for enum `ShellStr<'a>` in the current scope
[INFO] [stdout]    --> tests/shell_link.rs:869:18
[INFO] [stdout]     |
[INFO] [stdout] 860 |             &link
[INFO] [stdout] 861 |                 .link_info
[INFO] [stdout] 862 |                 .as_ref()
[INFO] [stdout] 863 |                 .unwrap()
[INFO] [stdout] 864 |                 .volume_id()
[INFO] [stdout] 865 |                 .unwrap()
[INFO] [stdout] 866 |                 .unwrap()
[INFO] [stdout] 867 |                 .volume_label()
[INFO] [stdout] 868 |                 .unwrap()
[INFO] [stdout] 869 |                 .to_string_lossy(),
[INFO] [stdout]     |                  ^^^^^^^^^^^^^^^
[INFO] [stdout]     |
[INFO] [stdout] help: there is a method `to_string` with a similar name
[INFO] [stdout]     |
[INFO] [stdout] 869 -                 .to_string_lossy(),
[INFO] [stdout] 869 +                 .to_string(),
[INFO] [stdout]     |
[INFO] [stdout] 
[INFO] [stdout] 
[INFO] [stdout] error[E0599]: no method named `to_string_lossy` found for enum `ShellStr<'a>` in the current scope
[INFO] [stdout]    --> tests/shell_link.rs:987:19
[INFO] [stdout]     |
[INFO] [stdout] 987 |     assert_eq!(id.to_string_lossy(), "Microsoft.Windows.Explorer");
[INFO] [stdout]     |                   ^^^^^^^^^^^^^^^
[INFO] [stdout]     |
[INFO] [stdout] help: there is a method `to_string` with a similar name
[INFO] [stdout]     |
[INFO] [stdout] 987 -     assert_eq!(id.to_string_lossy(), "Microsoft.Windows.Explorer");
[INFO] [stdout] 987 +     assert_eq!(id.to_string(), "Microsoft.Windows.Explorer");
[INFO] [stdout]     |
[INFO] [stdout] 
[INFO] [stdout] 
[INFO] [stdout] error[E0599]: no method named `to_string_lossy` found for enum `ShellStr<'a>` in the current scope
[INFO] [stdout]    --> tests/shell_link.rs:997:43
[INFO] [stdout]     |
[INFO] [stdout] 997 |         value.as_str().expect("a string").to_string_lossy(),
[INFO] [stdout]     |                                           ^^^^^^^^^^^^^^^
[INFO] [stdout]     |
[INFO] [stdout] help: there is a method `to_string` with a similar name
[INFO] [stdout]     |
[INFO] [stdout] 997 -         value.as_str().expect("a string").to_string_lossy(),
[INFO] [stdout] 997 +         value.as_str().expect("a string").to_string(),
[INFO] [stdout]     |
[INFO] [stdout] 
[INFO] [stdout] 
[INFO] [stdout] error[E0599]: no method named `to_string_lossy` found for enum `ShellStr<'a>` in the current scope
[INFO] [stdout]     --> tests/shell_link.rs:1082:14
[INFO] [stdout]      |
[INFO] [stdout] 1077 |         summary
[INFO] [stdout] 1078 |             .get(9)
[INFO] [stdout] 1079 |             .expect("a BSTR")
[INFO] [stdout] 1080 |             .as_str()
[INFO] [stdout] 1081 |             .expect("string")
[INFO] [stdout] 1082 |             .to_string_lossy(),
[INFO] [stdout]      |              ^^^^^^^^^^^^^^^
[INFO] [stdout]      |
[INFO] [stdout] help: there is a method `to_string` with a similar name
[INFO] [stdout]      |
[INFO] [stdout] 1082 -             .to_string_lossy(),
[INFO] [stdout] 1082 +             .to_string(),
[INFO] [stdout]      |
[INFO] [stdout] 
[INFO] [stdout] 
[INFO] [stdout] error[E0599]: no method named `to_string_lossy` found for enum `ShellStr<'a>` in the current scope
[INFO] [stdout]     --> tests/shell_link.rs:1128:42
[INFO] [stdout]      |
[INFO] [stdout] 1128 |             PropertyName::String(s) => s.to_string_lossy(),
[INFO] [stdout]      |                                          ^^^^^^^^^^^^^^^
[INFO] [stdout]      |
[INFO] [stdout] help: there is a method `to_string` with a similar name
[INFO] [stdout]      |
[INFO] [stdout] 1128 -             PropertyName::String(s) => s.to_string_lossy(),
[INFO] [stdout] 1128 +             PropertyName::String(s) => s.to_string(),
[INFO] [stdout]      |
[INFO] [stdout] 
[INFO] [stdout] 
[INFO] [stdout] error[E0599]: no method named `to_string_lossy` found for enum `ShellStr<'a>` in the current scope
[INFO] [stdout]     --> tests/shell_link.rs:1144:14
[INFO] [stdout]      |
[INFO] [stdout] 1139 |         named
[INFO] [stdout] 1140 |             .get_named(&name)
[INFO] [stdout] 1141 |             .expect("by name")
[INFO] [stdout] 1142 |             .as_str()
[INFO] [stdout] 1143 |             .expect("string")
[INFO] [stdout] 1144 |             .to_string_lossy(),
[INFO] [stdout]      |              ^^^^^^^^^^^^^^^
[INFO] [stdout]      |
[INFO] [stdout] help: there is a method `to_string` with a similar name
[INFO] [stdout]      |
[INFO] [stdout] 1144 -             .to_string_lossy(),
[INFO] [stdout] 1144 +             .to_string(),
[INFO] [stdout]      |
[INFO] [stdout] 
[INFO] [stdout] 
[INFO] [stdout] Some errors have detailed explanations: E0432, E0599.
[INFO] [stdout] 
[INFO] [stdout] For more information about an error, try `rustc --explain E0432`.
[INFO] [stdout] 
[INFO] [stderr] error: could not compile `rclip-shell-link` (test "shell_link") due to 33 previous errors
[INFO] running `Command { std: "docker" "inspect" "e7c536aae61a9de3ef5804b933ac513f897ab2ceb0b1483b28674e7f146c5668", kill_on_drop: false }`
[INFO] running `Command { std: "docker" "rm" "-f" "e7c536aae61a9de3ef5804b933ac513f897ab2ceb0b1483b28674e7f146c5668", kill_on_drop: false }`
[INFO] [stdout] e7c536aae61a9de3ef5804b933ac513f897ab2ceb0b1483b28674e7f146c5668
