[INFO] fetching crate rclip-dropfiles 0.1.0...
[INFO] checking rclip-dropfiles-0.1.0 against 3154cc1a3e6424e44f438a95007d043ed5ceaaf6+rustflags=-Znext-solver=coherence for pr-133502-30
[INFO] extracting crate rclip-dropfiles 0.1.0 into /workspace/builds/worker-6-tc1/source
[INFO] started tweaking crates.io crate rclip-dropfiles 0.1.0
[INFO] removed 0 missing tests
[INFO] finished tweaking crates.io crate rclip-dropfiles 0.1.0
[INFO] tweaked toml for crates.io crate rclip-dropfiles 0.1.0 written to /workspace/builds/worker-6-tc1/source/Cargo.toml
[INFO] validating manifest of crates.io crate rclip-dropfiles 0.1.0 on toolchain 3154cc1a3e6424e44f438a95007d043ed5ceaaf6
[INFO] running `Command { std: CARGO_HOME="/workspace/cargo-home" RUSTUP_HOME="/workspace/rustup-home" "/workspace/cargo-home/bin/cargo" "+3154cc1a3e6424e44f438a95007d043ed5ceaaf6" "metadata" "--manifest-path" "Cargo.toml" "--no-deps", kill_on_drop: false }`
[INFO] crate crates.io crate rclip-dropfiles 0.1.0 already has a lockfile, it will not be regenerated
[INFO] running `Command { std: CARGO_HOME="/workspace/cargo-home" RUSTUP_HOME="/workspace/rustup-home" "/workspace/cargo-home/bin/cargo" "+3154cc1a3e6424e44f438a95007d043ed5ceaaf6" "fetch" "--manifest-path" "Cargo.toml", kill_on_drop: false }`
[INFO] [stderr]     Updating crates.io index
[INFO] [stderr]  Downloading crates ...
[INFO] [stderr]   Downloaded rclip-core v0.1.0
[INFO] [stderr]   Downloaded rclip-codepage v0.1.0
[INFO] running `Command { std: "docker" "create" "-v" "/var/lib/crater-agent-workspace/builds/worker-6-tc1/source:/opt/rustwide/workdir:ro,Z" "-v" "/var/lib/crater-agent-workspace/builds/worker-6-tc1/target:/opt/rustwide/target:rw,Z" "-v" "/var/lib/crater-agent-workspace/cargo-home:/opt/rustwide/cargo-home:ro,Z" "-v" "/var/lib/crater-agent-workspace/rustup-home:/opt/rustwide/rustup-home:ro,Z" "-m" "1610612736" "--network" "none" "ghcr.io/rust-lang/crates-build-env/linux@sha256:77db811e55d90add9212f6832c23229e3de5f1c1f9905e8cb07319ea15df73ac" "sleep" "infinity", kill_on_drop: false }`
[INFO] [stdout] 80b65a9b1efd419d481faab502b80ae4d4cb6beafa55d8eb52e95b881a11c766
[INFO] running `Command { std: "docker" "start" "80b65a9b1efd419d481faab502b80ae4d4cb6beafa55d8eb52e95b881a11c766", kill_on_drop: false }`
[INFO] running `Command { std: "docker" "inspect" "80b65a9b1efd419d481faab502b80ae4d4cb6beafa55d8eb52e95b881a11c766", kill_on_drop: false }`
[INFO] running `Command { std: "docker" "exec" "-e" "SOURCE_DIR=/opt/rustwide/workdir" "-e" "CARGO_HOME=/opt/rustwide/cargo-home" "-e" "RUSTUP_HOME=/opt/rustwide/rustup-home" "-e" "CARGO_TARGET_DIR=/opt/rustwide/target" "-w" "/opt/rustwide/workdir" "--user" "0:0" "80b65a9b1efd419d481faab502b80ae4d4cb6beafa55d8eb52e95b881a11c766" "/opt/rustwide/cargo-home/bin/cargo" "+3154cc1a3e6424e44f438a95007d043ed5ceaaf6" "metadata" "--no-deps" "--format-version=1", kill_on_drop: false }`
[INFO] running `Command { std: "docker" "inspect" "80b65a9b1efd419d481faab502b80ae4d4cb6beafa55d8eb52e95b881a11c766", kill_on_drop: false }`
[INFO] running `Command { std: "docker" "exec" "-e" "SOURCE_DIR=/opt/rustwide/workdir" "-e" "CARGO_HOME=/opt/rustwide/cargo-home" "-e" "RUSTUP_HOME=/opt/rustwide/rustup-home" "-e" "CARGO_TARGET_DIR=/opt/rustwide/target" "-e" "CARGO_INCREMENTAL=0" "-e" "RUST_BACKTRACE=full" "-e" "RUSTFLAGS=--cap-lints=forbid -Znext-solver=coherence" "-e" "RUSTDOCFLAGS=--cap-lints=forbid" "-w" "/opt/rustwide/workdir" "--user" "0:0" "80b65a9b1efd419d481faab502b80ae4d4cb6beafa55d8eb52e95b881a11c766" "/opt/rustwide/cargo-home/bin/cargo" "+3154cc1a3e6424e44f438a95007d043ed5ceaaf6" "check" "--frozen" "--all" "--all-targets" "--message-format=json", kill_on_drop: false }`
[INFO] [stderr]     Checking rclip-core v0.1.0
[INFO] [stderr]     Checking rclip-dropfiles v0.1.0 (/opt/rustwide/workdir)
[INFO] [stdout] error[E0432]: unresolved imports `rclip_dropfiles::to_bytes`, `rclip_dropfiles::Builder`
[INFO] [stdout]    --> tests/dropfiles.rs:8:23
[INFO] [stdout]     |
[INFO] [stdout]   8 | use rclip_dropfiles::{to_bytes, Builder, DropFiles, Path, Point, HEADER_LEN};
[INFO] [stdout]     |                       ^^^^^^^^  ^^^^^^^ no `Builder` in the root
[INFO] [stdout]     |                       |
[INFO] [stdout]     |                       no `to_bytes` in the root
[INFO] [stdout]     |
[INFO] [stdout] note: found an item that was configured out
[INFO] [stdout]    --> src/lib.rs:533:8
[INFO] [stdout]     |
[INFO] [stdout] 532 | #[cfg(feature = "alloc")]
[INFO] [stdout]     |       ----------------- the item is gated behind the `alloc` feature
[INFO] [stdout] 533 | pub fn to_bytes<'s, I>(paths: I) -> Result<Vec<u8>>
[INFO] [stdout]     |        ^^^^^^^^
[INFO] [stdout]     = help: consider importing this struct instead:
[INFO] [stdout]             std::thread::Builder
[INFO] [stdout] note: found an item that was configured out
[INFO] [stdout]    --> src/lib.rs:402:12
[INFO] [stdout]     |
[INFO] [stdout] 400 | #[cfg(feature = "alloc")]
[INFO] [stdout]     |       ----------------- the item is gated behind the `alloc` feature
[INFO] [stdout] 401 | #[derive(Debug, Clone)]
[INFO] [stdout] 402 | pub struct Builder {
[INFO] [stdout]     |            ^^^^^^^
[INFO] [stdout] 
[INFO] [stdout] 
[INFO] [stdout] error[E0599]: no method named `to_string_lossy` found for enum `rclip_dropfiles::Path<'a>` in the current scope
[INFO] [stdout]   --> tests/dropfiles.rs:82:53
[INFO] [stdout]    |
[INFO] [stdout] 82 |     let names: Vec<String> = drop.paths().map(|p| p.to_string_lossy().unwrap()).collect();
[INFO] [stdout]    |                                                     ^^^^^^^^^^^^^^^ method not found in `rclip_dropfiles::Path<'_>`
[INFO] [stdout] 
[INFO] [stdout] 
[INFO] [stdout] error[E0599]: no method named `to_string_lossy` found for enum `rclip_dropfiles::Path<'a>` in the current scope
[INFO] [stdout]   --> tests/dropfiles.rs:97:53
[INFO] [stdout]    |
[INFO] [stdout] 97 |     let names: Vec<String> = drop.paths().map(|p| p.to_string_lossy().unwrap()).collect();
[INFO] [stdout]    |                                                     ^^^^^^^^^^^^^^^ method not found in `rclip_dropfiles::Path<'_>`
[INFO] [stdout] 
[INFO] [stdout] 
[INFO] [stdout] error[E0599]: no method named `to_string_lossy` found for enum `rclip_dropfiles::Path<'a>` in the current scope
[INFO] [stdout]    --> tests/dropfiles.rs:131:53
[INFO] [stdout]     |
[INFO] [stdout] 131 |     let names: Vec<String> = drop.paths().map(|p| p.to_string_lossy().unwrap()).collect();
[INFO] [stdout]     |                                                     ^^^^^^^^^^^^^^^ method not found in `rclip_dropfiles::Path<'_>`
[INFO] [stdout] 
[INFO] [stdout] 
[INFO] [stdout] error[E0599]: no method named `to_string_lossy` found for enum `rclip_dropfiles::Path<'a>` in the current scope
[INFO] [stdout]    --> tests/dropfiles.rs:155:18
[INFO] [stdout]     |
[INFO] [stdout] 155 |         paths[0].to_string_lossy(),
[INFO] [stdout]     |                  ^^^^^^^^^^^^^^^ method not found in `rclip_dropfiles::Path<'_>`
[INFO] [stdout] 
[INFO] [stdout] 
[INFO] [stdout] error[E0599]: no method named `to_bytes` found for struct `DropFiles<'a>` in the current scope
[INFO] [stdout]    --> tests/dropfiles.rs:244:18
[INFO] [stdout]     |
[INFO] [stdout] 244 |             drop.to_bytes(),
[INFO] [stdout]     |                  ^^^^^^^^ method not found in `DropFiles<'_>`
[INFO] [stdout] 
[INFO] [stdout] 
[INFO] [stdout] error[E0599]: no method named `to_bytes` found for struct `DropFiles<'a>` in the current scope
[INFO] [stdout]    --> tests/dropfiles.rs:255:22
[INFO] [stdout]     |
[INFO] [stdout] 255 |     let round = drop.to_bytes();
[INFO] [stdout]     |                      ^^^^^^^^ method not found in `DropFiles<'_>`
[INFO] [stdout] 
[INFO] [stdout] 
[INFO] [stdout] error[E0599]: no method named `to_string_lossy` found for enum `rclip_dropfiles::Path<'a>` in the current scope
[INFO] [stdout]    --> tests/dropfiles.rs:276:53
[INFO] [stdout]     |
[INFO] [stdout] 276 |     let names: Vec<String> = drop.paths().map(|p| p.to_string_lossy().unwrap()).collect();
[INFO] [stdout]     |                                                     ^^^^^^^^^^^^^^^ method not found in `rclip_dropfiles::Path<'_>`
[INFO] [stdout] 
[INFO] [stdout] 
[INFO] [stdout] Some errors have detailed explanations: E0432, E0599.
[INFO] [stdout] 
[INFO] [stdout] For more information about an error, try `rustc --explain E0432`.
[INFO] [stdout] 
[INFO] [stderr] error: could not compile `rclip-dropfiles` (test "dropfiles") due to 8 previous errors
[INFO] running `Command { std: "docker" "inspect" "80b65a9b1efd419d481faab502b80ae4d4cb6beafa55d8eb52e95b881a11c766", kill_on_drop: false }`
[INFO] running `Command { std: "docker" "rm" "-f" "80b65a9b1efd419d481faab502b80ae4d4cb6beafa55d8eb52e95b881a11c766", kill_on_drop: false }`
[INFO] [stdout] 80b65a9b1efd419d481faab502b80ae4d4cb6beafa55d8eb52e95b881a11c766
