[INFO] fetching crate rclip-codepage 0.1.0...
[INFO] checking rclip-codepage-0.1.0 against 3154cc1a3e6424e44f438a95007d043ed5ceaaf6 for pr-133502-30
[INFO] extracting crate rclip-codepage 0.1.0 into /workspace/builds/worker-2-tc2/source
[INFO] started tweaking crates.io crate rclip-codepage 0.1.0
[INFO] removed 0 missing tests
[INFO] finished tweaking crates.io crate rclip-codepage 0.1.0
[INFO] tweaked toml for crates.io crate rclip-codepage 0.1.0 written to /workspace/builds/worker-2-tc2/source/Cargo.toml
[INFO] validating manifest of crates.io crate rclip-codepage 0.1.0 on toolchain 3154cc1a3e6424e44f438a95007d043ed5ceaaf6
[INFO] running `Command { std: CARGO_HOME="/workspace/cargo-home" RUSTUP_HOME="/workspace/rustup-home" "/workspace/cargo-home/bin/cargo" "+3154cc1a3e6424e44f438a95007d043ed5ceaaf6" "metadata" "--manifest-path" "Cargo.toml" "--no-deps", kill_on_drop: false }`
[INFO] crate crates.io crate rclip-codepage 0.1.0 already has a lockfile, it will not be regenerated
[INFO] running `Command { std: CARGO_HOME="/workspace/cargo-home" RUSTUP_HOME="/workspace/rustup-home" "/workspace/cargo-home/bin/cargo" "+3154cc1a3e6424e44f438a95007d043ed5ceaaf6" "fetch" "--manifest-path" "Cargo.toml", kill_on_drop: false }`
[INFO] running `Command { std: "docker" "create" "-v" "/var/lib/crater-agent-workspace/builds/worker-2-tc2/source:/opt/rustwide/workdir:ro,Z" "-v" "/var/lib/crater-agent-workspace/builds/worker-2-tc2/target:/opt/rustwide/target:rw,Z" "-v" "/var/lib/crater-agent-workspace/cargo-home:/opt/rustwide/cargo-home:ro,Z" "-v" "/var/lib/crater-agent-workspace/rustup-home:/opt/rustwide/rustup-home:ro,Z" "-m" "1610612736" "--network" "none" "ghcr.io/rust-lang/crates-build-env/linux@sha256:77db811e55d90add9212f6832c23229e3de5f1c1f9905e8cb07319ea15df73ac" "sleep" "infinity", kill_on_drop: false }`
[INFO] [stdout] 35b70956c0682eacc63f70e732278f7e91faace5725e40ea0e64a5ccfcb73a9f
[INFO] running `Command { std: "docker" "start" "35b70956c0682eacc63f70e732278f7e91faace5725e40ea0e64a5ccfcb73a9f", kill_on_drop: false }`
[INFO] running `Command { std: "docker" "inspect" "35b70956c0682eacc63f70e732278f7e91faace5725e40ea0e64a5ccfcb73a9f", kill_on_drop: false }`
[INFO] running `Command { std: "docker" "exec" "-e" "SOURCE_DIR=/opt/rustwide/workdir" "-e" "CARGO_HOME=/opt/rustwide/cargo-home" "-e" "RUSTUP_HOME=/opt/rustwide/rustup-home" "-e" "CARGO_TARGET_DIR=/opt/rustwide/target" "-w" "/opt/rustwide/workdir" "--user" "0:0" "35b70956c0682eacc63f70e732278f7e91faace5725e40ea0e64a5ccfcb73a9f" "/opt/rustwide/cargo-home/bin/cargo" "+3154cc1a3e6424e44f438a95007d043ed5ceaaf6" "metadata" "--no-deps" "--format-version=1", kill_on_drop: false }`
[INFO] running `Command { std: "docker" "inspect" "35b70956c0682eacc63f70e732278f7e91faace5725e40ea0e64a5ccfcb73a9f", kill_on_drop: false }`
[INFO] running `Command { std: "docker" "exec" "-e" "SOURCE_DIR=/opt/rustwide/workdir" "-e" "CARGO_HOME=/opt/rustwide/cargo-home" "-e" "RUSTUP_HOME=/opt/rustwide/rustup-home" "-e" "CARGO_TARGET_DIR=/opt/rustwide/target" "-e" "CARGO_INCREMENTAL=0" "-e" "RUST_BACKTRACE=full" "-e" "RUSTFLAGS=--cap-lints=forbid" "-e" "RUSTDOCFLAGS=--cap-lints=forbid" "-w" "/opt/rustwide/workdir" "--user" "0:0" "35b70956c0682eacc63f70e732278f7e91faace5725e40ea0e64a5ccfcb73a9f" "/opt/rustwide/cargo-home/bin/cargo" "+3154cc1a3e6424e44f438a95007d043ed5ceaaf6" "check" "--frozen" "--all" "--all-targets" "--message-format=json", kill_on_drop: false }`
[INFO] [stderr]     Checking rclip-core v0.1.0
[INFO] [stderr]     Checking rclip-codepage v0.1.0 (/opt/rustwide/workdir)
[INFO] [stdout] error[E0599]: no method named `decode_to_string` found for enum `Encoding` in the current scope
[INFO] [stdout]    --> tests/codepage.rs:107:22
[INFO] [stdout]     |
[INFO] [stdout] 106 |                 let got = enc
[INFO] [stdout] 107 |                     .decode_to_string(&f.bytes)
[INFO] [stdout]     |                      ^^^^^^^^^^^^^^^^
[INFO] [stdout]     |
[INFO] [stdout] help: there is a method `decode_lossy` with a similar name
[INFO] [stdout]     |
[INFO] [stdout] 107 -                     .decode_to_string(&f.bytes)
[INFO] [stdout] 107 +                     .decode_lossy(&f.bytes)
[INFO] [stdout]     |
[INFO] [stdout] 
[INFO] [stdout] 
[INFO] [stdout] error[E0599]: no method named `decode_to_string` found for enum `Encoding` in the current scope
[INFO] [stdout]    --> tests/codepage.rs:121:22
[INFO] [stdout]     |
[INFO] [stdout] 120 |                 let err = enc
[INFO] [stdout] 121 |                     .decode_to_string(&f.bytes)
[INFO] [stdout]     |                      ^^^^^^^^^^^^^^^^
[INFO] [stdout]     |
[INFO] [stdout] help: there is a method `decode_lossy` with a similar name
[INFO] [stdout]     |
[INFO] [stdout] 121 -                     .decode_to_string(&f.bytes)
[INFO] [stdout] 121 +                     .decode_lossy(&f.bytes)
[INFO] [stdout]     |
[INFO] [stdout] 
[INFO] [stdout] 
[INFO] [stdout] error[E0599]: no method named `decode_to_string` found for enum `Encoding` in the current scope
[INFO] [stdout]    --> tests/codepage.rs:152:10
[INFO] [stdout]     |
[INFO] [stdout] 151 |     let win = Encoding::Windows1252
[INFO] [stdout] 152 |         .decode_to_string(&bytes)
[INFO] [stdout]     |          ^^^^^^^^^^^^^^^^
[INFO] [stdout]     |
[INFO] [stdout] help: there is a method `decode_lossy` with a similar name
[INFO] [stdout]     |
[INFO] [stdout] 152 -         .decode_to_string(&bytes)
[INFO] [stdout] 152 +         .decode_lossy(&bytes)
[INFO] [stdout]     |
[INFO] [stdout] 
[INFO] [stdout] 
[INFO] [stdout] error[E0599]: no method named `decode_to_string` found for enum `Encoding` in the current scope
[INFO] [stdout]    --> tests/codepage.rs:155:10
[INFO] [stdout]     |
[INFO] [stdout] 154 |     let lat = Encoding::Iso8859_1
[INFO] [stdout] 155 |         .decode_to_string(&bytes)
[INFO] [stdout]     |          ^^^^^^^^^^^^^^^^
[INFO] [stdout]     |
[INFO] [stdout] help: there is a method `decode_lossy` with a similar name
[INFO] [stdout]     |
[INFO] [stdout] 155 -         .decode_to_string(&bytes)
[INFO] [stdout] 155 +         .decode_lossy(&bytes)
[INFO] [stdout]     |
[INFO] [stdout] 
[INFO] [stdout] 
[INFO] [stdout] error[E0599]: no method named `decode_to_string_lossy` found for enum `Encoding` in the current scope
[INFO] [stdout]    --> tests/codepage.rs:394:35
[INFO] [stdout]     |
[INFO] [stdout] 394 |     let s = Encoding::Windows1252.decode_to_string_lossy(b"a\x81b");
[INFO] [stdout]     |                                   ^^^^^^^^^^^^^^^^^^^^^^
[INFO] [stdout]     |
[INFO] [stdout] help: there is a method `decode_lossy` with a similar name
[INFO] [stdout]     |
[INFO] [stdout] 394 -     let s = Encoding::Windows1252.decode_to_string_lossy(b"a\x81b");
[INFO] [stdout] 394 +     let s = Encoding::Windows1252.decode_lossy(b"a\x81b");
[INFO] [stdout]     |
[INFO] [stdout] 
[INFO] [stdout] 
[INFO] [stdout] error[E0599]: no method named `encode_from_str` found for enum `Encoding` in the current scope
[INFO] [stdout]    --> tests/codepage.rs:406:10
[INFO] [stdout]     |
[INFO] [stdout] 405 |     let err = Encoding::Iso8859_1
[INFO] [stdout] 406 |         .encode_from_str("caf\u{E9} \u{20AC}")
[INFO] [stdout]     |          ^^^^^^^^^^^^^^^
[INFO] [stdout]     |
[INFO] [stdout] help: there is a method `encode_char` with a similar name
[INFO] [stdout]     |
[INFO] [stdout] 406 -         .encode_from_str("caf\u{E9} \u{20AC}")
[INFO] [stdout] 406 +         .encode_char("caf\u{E9} \u{20AC}")
[INFO] [stdout]     |
[INFO] [stdout] 
[INFO] [stdout] 
[INFO] [stdout] error[E0599]: no method named `encode_from_str` found for enum `Encoding` in the current scope
[INFO] [stdout]    --> tests/codepage.rs:414:14
[INFO] [stdout]     |
[INFO] [stdout] 413 |         Encoding::Windows1252
[INFO] [stdout] 414 |             .encode_from_str("caf\u{E9} \u{20AC}")
[INFO] [stdout]     |              ^^^^^^^^^^^^^^^
[INFO] [stdout]     |
[INFO] [stdout] help: there is a method `encode_char` with a similar name
[INFO] [stdout]     |
[INFO] [stdout] 414 -             .encode_from_str("caf\u{E9} \u{20AC}")
[INFO] [stdout] 414 +             .encode_char("caf\u{E9} \u{20AC}")
[INFO] [stdout]     |
[INFO] [stdout] 
[INFO] [stdout] 
[INFO] [stdout] error[E0599]: no method named `decode_to_string` found for enum `Encoding` in the current scope
[INFO] [stdout]    --> tests/codepage.rs:443:10
[INFO] [stdout]     |
[INFO] [stdout] 442 |     let s = Encoding::Windows1258
[INFO] [stdout] 443 |         .decode_to_string(b"Ti\xEA\xECng")
[INFO] [stdout]     |          ^^^^^^^^^^^^^^^^
[INFO] [stdout]     |
[INFO] [stdout] help: there is a method `decode_lossy` with a similar name
[INFO] [stdout]     |
[INFO] [stdout] 443 -         .decode_to_string(b"Ti\xEA\xECng")
[INFO] [stdout] 443 +         .decode_lossy(b"Ti\xEA\xECng")
[INFO] [stdout]     |
[INFO] [stdout] 
[INFO] [stdout] 
[INFO] [stdout] For more information about this error, try `rustc --explain E0599`.
[INFO] [stdout] 
[INFO] [stderr] error: could not compile `rclip-codepage` (test "codepage") due to 8 previous errors
[INFO] running `Command { std: "docker" "inspect" "35b70956c0682eacc63f70e732278f7e91faace5725e40ea0e64a5ccfcb73a9f", kill_on_drop: false }`
[INFO] running `Command { std: "docker" "rm" "-f" "35b70956c0682eacc63f70e732278f7e91faace5725e40ea0e64a5ccfcb73a9f", kill_on_drop: false }`
[INFO] [stdout] 35b70956c0682eacc63f70e732278f7e91faace5725e40ea0e64a5ccfcb73a9f
