[INFO] fetching crate rbatis-core 3.1.11...
[INFO] checking rbatis-core-3.1.11 against 3154cc1a3e6424e44f438a95007d043ed5ceaaf6+rustflags=-Znext-solver=coherence for pr-133502-30
[INFO] extracting crate rbatis-core 3.1.11 into /workspace/builds/worker-3-tc1/source
[INFO] started tweaking crates.io crate rbatis-core 3.1.11
[INFO] finished tweaking crates.io crate rbatis-core 3.1.11
[INFO] tweaked toml for crates.io crate rbatis-core 3.1.11 written to /workspace/builds/worker-3-tc1/source/Cargo.toml
[INFO] validating manifest of crates.io crate rbatis-core 3.1.11 on toolchain 3154cc1a3e6424e44f438a95007d043ed5ceaaf6
[INFO] running `Command { std: CARGO_HOME="/workspace/cargo-home" RUSTUP_HOME="/workspace/rustup-home" "/workspace/cargo-home/bin/cargo" "+3154cc1a3e6424e44f438a95007d043ed5ceaaf6" "metadata" "--manifest-path" "Cargo.toml" "--no-deps", kill_on_drop: false }`
[INFO] running `Command { std: CARGO_HOME="/workspace/cargo-home" RUSTUP_HOME="/workspace/rustup-home" "/workspace/cargo-home/bin/cargo" "+3154cc1a3e6424e44f438a95007d043ed5ceaaf6" "generate-lockfile" "--manifest-path" "Cargo.toml", kill_on_drop: false }`
[INFO] [stderr]     Updating crates.io index
[INFO] [stderr]      Locking 291 packages to highest compatible versions
[INFO] [stderr]       Adding base64 v0.13.1 (available: v0.23.1)
[INFO] [stderr]       Adding bigdecimal v0.2.2 (available: v0.4.11)
[INFO] [stderr]       Adding bit-vec v0.6.3 (available: v0.10.1)
[INFO] [stderr]       Adding generic-array v0.14.7 (available: v0.14.9)
[INFO] [stderr]       Adding ipnetwork v0.17.0 (available: v0.21.1)
[INFO] [stderr]       Adding sqlx-core v0.5.13 (available: v0.9.0)
[INFO] [stderr]       Adding time v0.2.27 (available: v0.3.55)
[INFO] [stderr]       Adding uuid v0.8.2 (available: v1.28.0)
[INFO] running `Command { std: CARGO_HOME="/workspace/cargo-home" RUSTUP_HOME="/workspace/rustup-home" "/workspace/cargo-home/bin/cargo" "+3154cc1a3e6424e44f438a95007d043ed5ceaaf6" "fetch" "--manifest-path" "Cargo.toml", kill_on_drop: false }`
[INFO] [stderr] warning: `package.homepage` is redundant with `package.documentation`
[INFO] [stderr]   --> Cargo.toml:79:12
[INFO] [stderr]    |
[INFO] [stderr] 77 | documentation = "https://rbatis.github.io/rbatis.io/#/en/"
[INFO] [stderr]    |                 ------------------------------------------
[INFO] [stderr] 78 | edition = "2021"
[INFO] [stderr] 79 | homepage = "https://rbatis.github.io/rbatis.io/#/en/"
[INFO] [stderr]    |            ^^^^^^^^^^^^^^^^^^^^^^^^^^^^^^^^^^^^^^^^^^
[INFO] [stderr]    |
[INFO] [stderr]    = note: `cargo::redundant_homepage` is set to `warn` by default
[INFO] [stderr] help: consider removing `package.homepage`
[INFO] [stderr] warning: `rbatis-core` (manifest) generated 1 warning
[INFO] [stderr]  Downloading crates ...
[INFO] [stderr]   Downloaded uuid v0.8.2
[INFO] [stderr]   Downloaded time-macros-impl v0.1.2
[INFO] [stderr]   Downloaded time-macros v0.1.1
[INFO] [stderr]   Downloaded standback v0.2.17
[INFO] [stderr]   Downloaded time v0.2.27
[INFO] [stderr]   Downloaded unicode-properties v0.1.4
[INFO] [stderr]   Downloaded spin v0.5.2
[INFO] [stderr]   Downloaded proc-macro-hack v0.5.20+deprecated
[INFO] [stderr]   Downloaded stringprep v0.1.5
[INFO] [stderr]   Downloaded unicode-bidi v0.3.18
[INFO] [stderr]   Downloaded parking v2.2.1
[INFO] [stderr]   Downloaded semver-parser v0.7.0
[INFO] [stderr]   Downloaded sqlx-rt v0.5.13
[INFO] [stderr]   Downloaded fastrand v1.9.0
[INFO] [stderr]   Downloaded sha-1 v0.10.1
[INFO] [stderr]   Downloaded stdweb-internal-runtime v0.1.5
[INFO] [stderr]   Downloaded plain v0.2.3
[INFO] [stderr]   Downloaded untrusted v0.7.1
[INFO] [stderr]   Downloaded stdweb-derive v0.5.3
[INFO] [stderr]   Downloaded const_fn v0.4.12
[INFO] [stderr]   Downloaded wasite v0.1.0
[INFO] [stderr]   Downloaded rustc_version v0.2.3
[INFO] [stderr]   Downloaded async-channel v2.5.0
[INFO] [stderr]   Downloaded event-listener v2.5.3
[INFO] [stderr]   Downloaded waker-fn v1.2.0
[INFO] [stderr]   Downloaded discard v1.0.4
[INFO] [stderr]   Downloaded pin-utils v0.1.1
[INFO] [stderr]   Downloaded dirs-sys v0.3.7
[INFO] [stderr]   Downloaded base-x v0.2.11
[INFO] [stderr]   Downloaded num-iter v0.1.46
[INFO] [stderr]   Downloaded stdweb-internal-macros v0.2.9
[INFO] [stderr]   Downloaded async-global-executor v2.4.1
[INFO] [stderr]   Downloaded async-channel v1.9.0
[INFO] [stderr]   Downloaded event-listener-strategy v0.5.4
[INFO] [stderr]   Downloaded async-signal v0.2.14
[INFO] [stderr]   Downloaded async-lock v3.4.2
[INFO] [stderr]   Downloaded async-executor v1.14.0
[INFO] [stderr]   Downloaded async-native-tls v0.3.3
[INFO] [stderr]   Downloaded spki v0.5.4
[INFO] [stderr]   Downloaded const-oid v0.7.1
[INFO] [stderr]   Downloaded crc v2.1.0
[INFO] [stderr]   Downloaded crc-catalog v1.1.1
[INFO] [stderr]   Downloaded ipnetwork v0.17.0
[INFO] [stderr]   Downloaded sha1 v0.6.1
[INFO] [stderr]   Downloaded semver v0.9.0
[INFO] [stderr]   Downloaded whoami v1.6.1
[INFO] [stderr]   Downloaded redox_syscall v0.9.4
[INFO] [stderr]   Downloaded tokio-rustls v0.22.0
[INFO] [stderr]   Downloaded native-tls v0.2.18
[INFO] [stderr]   Downloaded kv-log-macro v1.0.7
[INFO] [stderr]   Downloaded async-process v2.5.0
[INFO] [stderr]   Downloaded async-rustls v0.2.0
[INFO] [stderr]   Downloaded gloo-timers v0.3.0
[INFO] [stderr]   Downloaded blocking v1.7.0
[INFO] [stderr]   Downloaded piper v0.2.5
[INFO] [stderr]   Downloaded concurrent-queue v2.5.0
[INFO] [stderr]   Downloaded pkcs8 v0.8.0
[INFO] [stderr]   Downloaded hashlink v0.7.0
[INFO] [stderr]   Downloaded crossbeam-queue v0.3.14
[INFO] [stderr]   Downloaded atoi v0.4.0
[INFO] [stderr]   Downloaded sqlformat v0.1.8
[INFO] [stderr]   Downloaded pem-rfc7468 v0.3.1
[INFO] [stderr]   Downloaded dirs v4.0.0
[INFO] [stderr]   Downloaded bit-vec v0.6.3
[INFO] [stderr]   Downloaded sct v0.6.1
[INFO] [stderr]   Downloaded event-listener v5.4.2
[INFO] [stderr]   Downloaded futures-lite v1.13.0
[INFO] [stderr]   Downloaded pkcs1 v0.3.3
[INFO] [stderr]   Downloaded parking_lot_core v0.8.6
[INFO] [stderr]   Downloaded bigdecimal v0.2.2
[INFO] [stderr]   Downloaded async-task v4.7.1
[INFO] [stderr]   Downloaded rsa v0.6.1
[INFO] [stderr]   Downloaded crypto-bigint v0.3.2
[INFO] [stderr]   Downloaded spin v0.9.9
[INFO] [stderr]   Downloaded parking_lot v0.11.2
[INFO] [stderr]   Downloaded redox_syscall v0.2.16
[INFO] [stderr]   Downloaded flume v0.10.14
[INFO] [stderr]   Downloaded webpki v0.21.4
[INFO] [stderr]   Downloaded value-bag v1.14.1
[INFO] [stderr]   Downloaded futures-lite v2.6.1
[INFO] [stderr]   Downloaded async-io v2.6.0
[INFO] [stderr]   Downloaded polling v3.11.0
[INFO] [stderr]   Downloaded der v0.5.1
[INFO] [stderr]   Downloaded unicode_categories v0.1.1
[INFO] [stderr]   Downloaded rbson v2.0.5
[INFO] [stderr]   Downloaded openssl-sys v0.9.117
[INFO] [stderr]   Downloaded futures-intrusive v0.4.2
[INFO] [stderr]   Downloaded num-bigint-dig v0.8.6
[INFO] [stderr]   Downloaded rust_decimal v1.43.0
[INFO] [stderr]   Downloaded libm v0.2.16
[INFO] [stderr]   Downloaded hkdf v0.12.4
[INFO] [stderr]   Downloaded stdweb v0.4.20
[INFO] [stderr]   Downloaded async-std v1.13.2
[INFO] [stderr]   Downloaded webpki-roots v0.21.1
[INFO] [stderr]   Downloaded rustls v0.19.1
[INFO] [stderr]   Downloaded sqlx-core v0.5.13
[INFO] [stderr]   Downloaded openssl v0.10.81
[INFO] [stderr]   Downloaded libsqlite3-sys v0.24.2
[INFO] [stderr]   Downloaded ring v0.16.20
[INFO] running `Command { std: "docker" "create" "-v" "/var/lib/crater-agent-workspace/builds/worker-3-tc1/source:/opt/rustwide/workdir:ro,Z" "-v" "/var/lib/crater-agent-workspace/builds/worker-3-tc1/target:/opt/rustwide/target:rw,Z" "-v" "/var/lib/crater-agent-workspace/cargo-home:/opt/rustwide/cargo-home:ro,Z" "-v" "/var/lib/crater-agent-workspace/rustup-home:/opt/rustwide/rustup-home:ro,Z" "-m" "1610612736" "--network" "none" "ghcr.io/rust-lang/crates-build-env/linux@sha256:77db811e55d90add9212f6832c23229e3de5f1c1f9905e8cb07319ea15df73ac" "sleep" "infinity", kill_on_drop: false }`
[INFO] [stdout] b13585d33262b870f6187715dd8d99b1582a30e0dc1a25d1258d2e3ec602c982
[INFO] running `Command { std: "docker" "start" "b13585d33262b870f6187715dd8d99b1582a30e0dc1a25d1258d2e3ec602c982", kill_on_drop: false }`
[INFO] running `Command { std: "docker" "inspect" "b13585d33262b870f6187715dd8d99b1582a30e0dc1a25d1258d2e3ec602c982", kill_on_drop: false }`
[INFO] running `Command { std: "docker" "exec" "-e" "SOURCE_DIR=/opt/rustwide/workdir" "-e" "CARGO_HOME=/opt/rustwide/cargo-home" "-e" "RUSTUP_HOME=/opt/rustwide/rustup-home" "-e" "CARGO_TARGET_DIR=/opt/rustwide/target" "-w" "/opt/rustwide/workdir" "--user" "0:0" "b13585d33262b870f6187715dd8d99b1582a30e0dc1a25d1258d2e3ec602c982" "/opt/rustwide/cargo-home/bin/cargo" "+3154cc1a3e6424e44f438a95007d043ed5ceaaf6" "metadata" "--no-deps" "--format-version=1", kill_on_drop: false }`
[INFO] running `Command { std: "docker" "inspect" "b13585d33262b870f6187715dd8d99b1582a30e0dc1a25d1258d2e3ec602c982", kill_on_drop: false }`
[INFO] running `Command { std: "docker" "exec" "-e" "SOURCE_DIR=/opt/rustwide/workdir" "-e" "CARGO_HOME=/opt/rustwide/cargo-home" "-e" "RUSTUP_HOME=/opt/rustwide/rustup-home" "-e" "CARGO_TARGET_DIR=/opt/rustwide/target" "-e" "CARGO_INCREMENTAL=0" "-e" "RUST_BACKTRACE=full" "-e" "RUSTFLAGS=--cap-lints=forbid -Znext-solver=coherence" "-e" "RUSTDOCFLAGS=--cap-lints=forbid" "-w" "/opt/rustwide/workdir" "--user" "0:0" "b13585d33262b870f6187715dd8d99b1582a30e0dc1a25d1258d2e3ec602c982" "/opt/rustwide/cargo-home/bin/cargo" "+3154cc1a3e6424e44f438a95007d043ed5ceaaf6" "check" "--frozen" "--all" "--all-targets" "--message-format=json", kill_on_drop: false }`
[INFO] [stderr] warning: `package.homepage` is redundant with `package.documentation`
[INFO] [stderr]   --> Cargo.toml:79:12
[INFO] [stderr]    |
[INFO] [stderr] 77 | documentation = "https://rbatis.github.io/rbatis.io/#/en/"
[INFO] [stderr]    |                 ------------------------------------------
[INFO] [stderr] 78 | edition = "2021"
[INFO] [stderr] 79 | homepage = "https://rbatis.github.io/rbatis.io/#/en/"
[INFO] [stderr]    |            ^^^^^^^^^^^^^^^^^^^^^^^^^^^^^^^^^^^^^^^^^^
[INFO] [stderr]    |
[INFO] [stderr]    = note: `cargo::redundant_homepage` is set to `warn` by default
[INFO] [stderr] help: consider removing `package.homepage`
[INFO] [stderr] warning: `rbatis-core` (manifest) generated 1 warning
[INFO] [stderr]    Compiling proc-macro2 v1.0.107
[INFO] [stderr]    Compiling unicode-ident v1.0.26
[INFO] [stderr]    Compiling quote v1.0.47
[INFO] [stderr]     Checking cfg-if v1.0.5
[INFO] [stderr]     Checking futures-core v0.3.34
[INFO] [stderr]    Compiling serde_core v1.0.229
[INFO] [stderr]     Checking parking v2.2.1
[INFO] [stderr]    Compiling crossbeam-utils v0.8.23
[INFO] [stderr]    Compiling libm v0.2.16
[INFO] [stderr]    Compiling libc v0.2.190
[INFO] [stderr]    Compiling find-msvc-tools v0.1.14
[INFO] [stderr]    Compiling num-traits v0.2.19
[INFO] [stderr]     Checking subtle v2.6.1
[INFO] [stderr]     Checking futures-io v0.3.34
[INFO] [stderr]     Checking fastrand v2.5.0
[INFO] [stderr]     Checking smallvec v1.16.3
[INFO] [stderr]    Compiling rustix v1.1.5
[INFO] [stderr]     Checking event-listener v5.4.2
[INFO] [stderr]    Compiling zerocopy v0.8.62
[INFO] [stderr]     Checking bitflags v2.13.2
[INFO] [stderr]     Checking linux-raw-sys v0.12.1
[INFO] [stderr]    Compiling async-io v2.6.0
[INFO] [stderr]     Checking futures-lite v2.6.1
[INFO] [stderr]    Compiling cc v1.7.0
[INFO] [stderr]     Checking litemap v0.8.3
[INFO] [stderr]     Checking spin v0.5.2
[INFO] [stderr]     Checking writeable v0.6.4
[INFO] [stderr]     Checking untrusted v0.7.1
[INFO] [stderr]     Checking event-listener-strategy v0.5.4
[INFO] [stderr]     Checking digest v0.10.7
[INFO] [stderr]     Checking base64ct v1.8.3
[INFO] [stderr]     Checking async-task v4.7.1
[INFO] [stderr]    Compiling icu_properties_data v2.3.0
[INFO] [stderr]    Compiling icu_normalizer_data v2.3.0
[INFO] [stderr]     Checking value-bag v1.14.1
[INFO] [stderr]     Checking crypto-bigint v0.3.2
[INFO] [stderr]     Checking pem-rfc7468 v0.3.1
[INFO] [stderr]     Checking spin v0.9.9
[INFO] [stderr]    Compiling ahash v0.7.8
[INFO] [stderr]    Compiling rustversion v1.0.23
[INFO] [stderr]     Checking const-oid v0.7.1
[INFO] [stderr]     Checking piper v0.2.5
[INFO] [stderr]     Checking concurrent-queue v2.5.0
[INFO] [stderr]     Checking async-lock v3.4.2
[INFO] [stderr]    Compiling standback v0.2.17
[INFO] [stderr]     Checking futures-sink v0.3.34
[INFO] [stderr]    Compiling proc-macro-hack v0.5.20+deprecated
[INFO] [stderr]    Compiling parking_lot_core v0.8.6
[INFO] [stderr]     Checking log v0.4.34
[INFO] [stderr]     Checking zeroize v1.9.1
[INFO] [stderr]     Checking base64 v0.13.1
[INFO] [stderr]    Compiling zmij v1.0.23
[INFO] [stderr]     Checking async-channel v2.5.0
[INFO] [stderr]    Compiling syn v1.0.109
[INFO] [stderr]     Checking lazy_static v1.5.1
[INFO] [stderr]     Checking der v0.5.1
[INFO] [stderr]     Checking instant v0.1.13
[INFO] [stderr]    Compiling indexmap v1.9.3
[INFO] [stderr]    Compiling num-bigint v0.3.3
[INFO] [stderr]    Compiling num-bigint-dig v0.8.6
[INFO] [stderr]    Compiling serde_json v1.0.152
[INFO] [stderr]     Checking waker-fn v1.2.0
[INFO] [stderr]    Compiling syn v3.0.7
[INFO] [stderr]    Compiling syn v2.0.119
[INFO] [stderr]    Compiling vcpkg v0.2.15
[INFO] [stderr]    Compiling pkg-config v0.3.34
[INFO] [stderr]     Checking fastrand v1.9.0
[INFO] [stderr]     Checking event-listener v2.5.3
[INFO] [stderr]     Checking indexmap v2.14.2
[INFO] [stderr]    Compiling encoding_rs v0.8.42
[INFO] [stderr]     Checking futures-lite v1.13.0
[INFO] [stderr]     Checking async-channel v1.9.0
[INFO] [stderr]     Checking getrandom v0.2.17
[INFO] [stderr]     Checking errno v0.3.14
[INFO] [stderr]     Checking spki v0.5.4
[INFO] [stderr]     Checking signal-hook-registry v1.4.8
[INFO] [stderr]    Compiling ring v0.16.20
[INFO] [stderr]     Checking async-executor v1.14.0
[INFO] [stderr]     Checking rand_core v0.6.4
[INFO] [stderr]     Checking blocking v1.7.0
[INFO] [stderr]     Checking pkcs8 v0.8.0
[INFO] [stderr]     Checking kv-log-macro v1.0.7
[INFO] [stderr]     Checking num-integer v0.1.47
[INFO] [stderr]    Compiling libsqlite3-sys v0.24.2
[INFO] [stderr]     Checking aho-corasick v1.1.5
[INFO] [stderr]    Compiling rust_decimal v1.43.0
[INFO] [stderr]    Compiling const_fn v0.4.12
[INFO] [stderr]     Checking pin-utils v0.1.1
[INFO] [stderr]     Checking num-iter v0.1.46
[INFO] [stderr]     Checking futures-task v0.3.34
[INFO] [stderr]    Compiling paste v1.0.15
[INFO] [stderr]     Checking tinyvec v1.13.3
[INFO] [stderr]     Checking hashbrown v0.12.3
[INFO] [stderr]     Checking regex-syntax v0.8.11
[INFO] [stderr]     Checking futures-util v0.3.34
[INFO] [stderr]     Checking form_urlencoded v1.2.2
[INFO] [stderr]     Checking unicode-normalization v0.1.25
[INFO] [stderr]     Checking hashbrown v0.11.2
[INFO] [stderr]     Checking pkcs1 v0.3.3
[INFO] [stderr]     Checking parking_lot v0.11.2
[INFO] [stderr]     Checking dirs-sys v0.3.7
[INFO] [stderr]    Compiling time-macros-impl v0.1.2
[INFO] [stderr]     Checking hmac v0.12.1
[INFO] [stderr]    Compiling time v0.2.27
[INFO] [stderr]     Checking byteorder v1.5.0
[INFO] [stderr]     Checking hex v0.4.3
[INFO] [stderr]     Checking core_detect v1.0.0
[INFO] [stderr]     Checking crc-catalog v1.1.1
[INFO] [stderr]     Checking unicode-properties v0.1.4
[INFO] [stderr]     Checking unicode-bidi v0.3.18
[INFO] [stderr]     Checking simdutf8 v0.1.5
[INFO] [stderr]    Compiling multiversion_no_op v1.0.0
[INFO] [stderr]     Checking arrayvec v0.7.8
[INFO] [stderr]     Checking unicode_categories v0.1.1
[INFO] [stderr]     Checking stringprep v0.1.5
[INFO] [stderr]     Checking crc v2.1.0
[INFO] [stderr]     Checking hashlink v0.7.0
[INFO] [stderr]     Checking hkdf v0.12.4
[INFO] [stderr]     Checking futures-intrusive v0.4.2
[INFO] [stderr]     Checking dirs v4.0.0
[INFO] [stderr]     Checking serde_bytes v0.11.19
[INFO] [stderr]     Checking time-macros v0.1.1
[INFO] [stderr]     Checking sha2 v0.10.9
[INFO] [stderr]     Checking sha-1 v0.10.1
[INFO] [stderr]     Checking atoi v0.4.0
[INFO] [stderr]     Checking futures-channel v0.3.34
[INFO] [stderr]     Checking crossbeam-queue v0.3.14
[INFO] [stderr]     Checking md-5 v0.10.6
[INFO] [stderr]     Checking whoami v1.6.1
[INFO] [stderr]     Checking bitflags v1.3.2
[INFO] [stderr]    Compiling synstructure v0.14.0
[INFO] [stderr]    Compiling zerofrom-derive v0.1.8
[INFO] [stderr]    Compiling yoke-derive v0.8.4
[INFO] [stderr]    Compiling serde_derive v1.0.229
[INFO] [stderr]    Compiling zerovec-derive v0.11.6
[INFO] [stderr]    Compiling displaydoc v0.2.7
[INFO] [stderr]     Checking futures-executor v0.3.34
[INFO] [stderr]     Checking regex-automata v0.4.18
[INFO] [stderr]     Checking zerofrom v0.1.8
[INFO] [stderr]     Checking yoke v0.8.3
[INFO] [stderr]     Checking zerotrie v0.2.5
[INFO] [stderr]     Checking zerovec v0.11.8
[INFO] [stderr]    Compiling pin-project-internal v1.1.13
[INFO] [stderr]    Compiling thiserror-impl v1.0.69
[INFO] [stderr]     Checking thiserror v1.0.69
[INFO] [stderr]     Checking tinystr v0.8.4
[INFO] [stderr]     Checking potential_utf v0.1.6
[INFO] [stderr]     Checking icu_collections v2.3.0
[INFO] [stderr]     Checking pin-project v1.1.13
[INFO] [stderr]     Checking icu_locale_core v2.3.0
[INFO] [stderr]     Checking flume v0.10.14
[INFO] [stderr]     Checking ppv-lite86 v0.2.21
[INFO] [stderr]     Checking polling v3.11.0
[INFO] [stderr]     Checking regex v1.13.1
[INFO] [stderr]     Checking rand_chacha v0.3.1
[INFO] [stderr]     Checking icu_provider v2.3.1
[INFO] [stderr]     Checking async-signal v0.2.14
[INFO] [stderr]     Checking async-global-executor v2.4.1
[INFO] [stderr]     Checking webpki v0.21.4
[INFO] [stderr]     Checking sct v0.6.1
[INFO] [stderr]     Checking async-process v2.5.0
[INFO] [stderr]     Checking rustls v0.19.1
[INFO] [stderr]     Checking webpki-roots v0.21.1
[INFO] [stderr]     Checking serde v1.0.229
[INFO] [stderr]     Checking rand v0.8.8
[INFO] [stderr]     Checking icu_properties v2.3.0
[INFO] [stderr]     Checking icu_normalizer v2.3.0
[INFO] [stderr]     Checking async-std v1.13.2
[INFO] [stderr]     Checking either v1.19.0
[INFO] [stderr]     Checking uuid v0.8.2
[INFO] [stderr]     Checking chrono v0.4.45
[INFO] [stderr]     Checking bit-vec v0.6.3
[INFO] [stderr]     Checking bigdecimal v0.2.2
[INFO] [stderr]     Checking ipnetwork v0.17.0
[INFO] [stderr]     Checking itertools v0.10.5
[INFO] [stderr]     Checking sqlformat v0.1.8
[INFO] [stderr]     Checking rbson v2.0.5
[INFO] [stderr]     Checking rsa v0.6.1
[INFO] [stderr]     Checking idna_adapter v1.2.2
[INFO] [stderr]     Checking idna v1.1.0
[INFO] [stderr]     Checking url v2.5.8
[INFO] [stderr]     Checking async-rustls v0.2.0
[INFO] [stderr]     Checking sqlx-rt v0.5.13
[INFO] [stderr]     Checking sqlx-core v0.5.13
[INFO] [stdout] error[E0277]: the trait bound `!: io::decode::Decode<'_>` is not satisfied
[INFO] [stdout]   --> /opt/rustwide/cargo-home/registry/src/index.crates.io-1949cf8c6b5b557f/sqlx-core-0.5.13/src/postgres/connection/executor.rs:67:10
[INFO] [stdout]    |
[INFO] [stdout] 67 |         .recv_expect(MessageFormat::ParseComplete)
[INFO] [stdout]    |          ^^^^^^^^^^^ the trait `io::decode::Decode<'_>` is not implemented for `!`
[INFO] [stdout]    |
[INFO] [stdout]    = help: the following other types implement trait `io::decode::Decode<'de, Context>`:
[INFO] [stdout]              `()` implements `io::decode::Decode<'_>`
[INFO] [stdout]              `AuthSwitchRequest` implements `io::decode::Decode<'_>`
[INFO] [stdout]              `Authentication` implements `io::decode::Decode<'_>`
[INFO] [stdout]              `AuthenticationSaslContinue` implements `io::decode::Decode<'_>`
[INFO] [stdout]              `AuthenticationSaslFinal` implements `io::decode::Decode<'_>`
[INFO] [stdout]              `BackendKeyData` implements `io::decode::Decode<'_>`
[INFO] [stdout]              `BinaryRow` implements `io::decode::Decode<'de, &'de [MySqlColumn]>`
[INFO] [stdout]              `ColumnDefinition` implements `io::decode::Decode<'_, Capabilities>`
[INFO] [stdout]            and 21 others
[INFO] [stdout]    = note: this error might have been caused by changes to Rust's type-inference algorithm (see issue #148922 <https://github.com/rust-lang/rust/issues/148922> for more information)
[INFO] [stdout]    = help: you might have intended to use the type `()` here instead
[INFO] [stdout] note: required by a bound in `PgStream::recv_expect`
[INFO] [stdout]   --> /opt/rustwide/cargo-home/registry/src/index.crates.io-1949cf8c6b5b557f/sqlx-core-0.5.13/src/postgres/connection/stream.rs:64:45
[INFO] [stdout]    |
[INFO] [stdout] 38 | impl PgStream {
[INFO] [stdout] ...
[INFO] [stdout] 64 |     pub(crate) async fn recv_expect<'de, T: Decode<'de>>(
[INFO] [stdout]    |                                             ^^^^^^^^^^^ required by this bound in `PgStream::recv_expect`
[INFO] [stdout] 
[INFO] [stdout] 
[INFO] [stdout] error[E0277]: the trait bound `!: io::decode::Decode<'_>` is not satisfied
[INFO] [stdout]   --> /opt/rustwide/cargo-home/registry/src/index.crates.io-1949cf8c6b5b557f/sqlx-core-0.5.13/src/postgres/connection/executor.rs:68:10
[INFO] [stdout]    |
[INFO] [stdout] 68 |         .await?;
[INFO] [stdout]    |          ^^^^^ the trait `io::decode::Decode<'_>` is not implemented for `!`
[INFO] [stdout]    |
[INFO] [stdout]    = help: the following other types implement trait `io::decode::Decode<'de, Context>`:
[INFO] [stdout]              `()` implements `io::decode::Decode<'_>`
[INFO] [stdout]              `AuthSwitchRequest` implements `io::decode::Decode<'_>`
[INFO] [stdout]              `Authentication` implements `io::decode::Decode<'_>`
[INFO] [stdout]              `AuthenticationSaslContinue` implements `io::decode::Decode<'_>`
[INFO] [stdout]              `AuthenticationSaslFinal` implements `io::decode::Decode<'_>`
[INFO] [stdout]              `BackendKeyData` implements `io::decode::Decode<'_>`
[INFO] [stdout]              `BinaryRow` implements `io::decode::Decode<'de, &'de [MySqlColumn]>`
[INFO] [stdout]              `ColumnDefinition` implements `io::decode::Decode<'_, Capabilities>`
[INFO] [stdout]            and 21 others
[INFO] [stdout]    = note: this error might have been caused by changes to Rust's type-inference algorithm (see issue #148922 <https://github.com/rust-lang/rust/issues/148922> for more information)
[INFO] [stdout]    = help: you might have intended to use the type `()` here instead
[INFO] [stdout] note: required by a bound in `PgStream::recv_expect`
[INFO] [stdout]   --> /opt/rustwide/cargo-home/registry/src/index.crates.io-1949cf8c6b5b557f/sqlx-core-0.5.13/src/postgres/connection/stream.rs:64:45
[INFO] [stdout]    |
[INFO] [stdout] 38 | impl PgStream {
[INFO] [stdout] ...
[INFO] [stdout] 64 |     pub(crate) async fn recv_expect<'de, T: Decode<'de>>(
[INFO] [stdout]    |                                             ^^^^^^^^^^^ required by this bound in `PgStream::recv_expect`
[INFO] [stdout] 
[INFO] [stdout] 
[INFO] [stdout] error[E0277]: the trait bound `!: io::decode::Decode<'_>` is not satisfied
[INFO] [stdout]    --> /opt/rustwide/cargo-home/registry/src/index.crates.io-1949cf8c6b5b557f/sqlx-core-0.5.13/src/postgres/copy.rs:261:30
[INFO] [stdout]     |
[INFO] [stdout] 261 | ...                   .recv_expect(MessageFormat::ReadyForQuery)
[INFO] [stdout]     |                        ^^^^^^^^^^^ the trait `io::decode::Decode<'_>` is not implemented for `!`
[INFO] [stdout]     |
[INFO] [stdout]     = help: the following other types implement trait `io::decode::Decode<'de, Context>`:
[INFO] [stdout]               `()` implements `io::decode::Decode<'_>`
[INFO] [stdout]               `AuthSwitchRequest` implements `io::decode::Decode<'_>`
[INFO] [stdout]               `Authentication` implements `io::decode::Decode<'_>`
[INFO] [stdout]               `AuthenticationSaslContinue` implements `io::decode::Decode<'_>`
[INFO] [stdout]               `AuthenticationSaslFinal` implements `io::decode::Decode<'_>`
[INFO] [stdout]               `BackendKeyData` implements `io::decode::Decode<'_>`
[INFO] [stdout]               `BinaryRow` implements `io::decode::Decode<'de, &'de [MySqlColumn]>`
[INFO] [stdout]               `ColumnDefinition` implements `io::decode::Decode<'_, Capabilities>`
[INFO] [stdout]             and 21 others
[INFO] [stdout]     = note: this error might have been caused by changes to Rust's type-inference algorithm (see issue #148922 <https://github.com/rust-lang/rust/issues/148922> for more information)
[INFO] [stdout]     = help: you might have intended to use the type `()` here instead
[INFO] [stdout] note: required by a bound in `PgStream::recv_expect`
[INFO] [stdout]    --> /opt/rustwide/cargo-home/registry/src/index.crates.io-1949cf8c6b5b557f/sqlx-core-0.5.13/src/postgres/connection/stream.rs:64:45
[INFO] [stdout]     |
[INFO] [stdout]  38 | impl PgStream {
[INFO] [stdout] ...
[INFO] [stdout]  64 |     pub(crate) async fn recv_expect<'de, T: Decode<'de>>(
[INFO] [stdout]     |                                             ^^^^^^^^^^^ required by this bound in `PgStream::recv_expect`
[INFO] [stdout] 
[INFO] [stdout] 
[INFO] [stdout] error[E0277]: the trait bound `!: io::decode::Decode<'_>` is not satisfied
[INFO] [stdout]    --> /opt/rustwide/cargo-home/registry/src/index.crates.io-1949cf8c6b5b557f/sqlx-core-0.5.13/src/postgres/copy.rs:262:30
[INFO] [stdout]     |
[INFO] [stdout] 262 | ...                   .await?;
[INFO] [stdout]     |                        ^^^^^ the trait `io::decode::Decode<'_>` is not implemented for `!`
[INFO] [stdout]     |
[INFO] [stdout]     = help: the following other types implement trait `io::decode::Decode<'de, Context>`:
[INFO] [stdout]               `()` implements `io::decode::Decode<'_>`
[INFO] [stdout]               `AuthSwitchRequest` implements `io::decode::Decode<'_>`
[INFO] [stdout]               `Authentication` implements `io::decode::Decode<'_>`
[INFO] [stdout]               `AuthenticationSaslContinue` implements `io::decode::Decode<'_>`
[INFO] [stdout]               `AuthenticationSaslFinal` implements `io::decode::Decode<'_>`
[INFO] [stdout]               `BackendKeyData` implements `io::decode::Decode<'_>`
[INFO] [stdout]               `BinaryRow` implements `io::decode::Decode<'de, &'de [MySqlColumn]>`
[INFO] [stdout]               `ColumnDefinition` implements `io::decode::Decode<'_, Capabilities>`
[INFO] [stdout]             and 21 others
[INFO] [stdout]     = note: this error might have been caused by changes to Rust's type-inference algorithm (see issue #148922 <https://github.com/rust-lang/rust/issues/148922> for more information)
[INFO] [stdout]     = help: you might have intended to use the type `()` here instead
[INFO] [stdout] note: required by a bound in `PgStream::recv_expect`
[INFO] [stdout]    --> /opt/rustwide/cargo-home/registry/src/index.crates.io-1949cf8c6b5b557f/sqlx-core-0.5.13/src/postgres/connection/stream.rs:64:45
[INFO] [stdout]     |
[INFO] [stdout]  38 | impl PgStream {
[INFO] [stdout] ...
[INFO] [stdout]  64 |     pub(crate) async fn recv_expect<'de, T: Decode<'de>>(
[INFO] [stdout]     |                                             ^^^^^^^^^^^ required by this bound in `PgStream::recv_expect`
[INFO] [stdout] 
[INFO] [stdout] 
[INFO] [stdout] error[E0277]: the trait bound `!: io::decode::Decode<'_>` is not satisfied
[INFO] [stdout]    --> /opt/rustwide/cargo-home/registry/src/index.crates.io-1949cf8c6b5b557f/sqlx-core-0.5.13/src/postgres/copy.rs:288:14
[INFO] [stdout]     |
[INFO] [stdout] 288 |             .recv_expect(MessageFormat::ReadyForQuery)
[INFO] [stdout]     |              ^^^^^^^^^^^ the trait `io::decode::Decode<'_>` is not implemented for `!`
[INFO] [stdout]     |
[INFO] [stdout]     = help: the following other types implement trait `io::decode::Decode<'de, Context>`:
[INFO] [stdout]               `()` implements `io::decode::Decode<'_>`
[INFO] [stdout]               `AuthSwitchRequest` implements `io::decode::Decode<'_>`
[INFO] [stdout]               `Authentication` implements `io::decode::Decode<'_>`
[INFO] [stdout]               `AuthenticationSaslContinue` implements `io::decode::Decode<'_>`
[INFO] [stdout]               `AuthenticationSaslFinal` implements `io::decode::Decode<'_>`
[INFO] [stdout]               `BackendKeyData` implements `io::decode::Decode<'_>`
[INFO] [stdout]               `BinaryRow` implements `io::decode::Decode<'de, &'de [MySqlColumn]>`
[INFO] [stdout]               `ColumnDefinition` implements `io::decode::Decode<'_, Capabilities>`
[INFO] [stdout]             and 21 others
[INFO] [stdout]     = note: this error might have been caused by changes to Rust's type-inference algorithm (see issue #148922 <https://github.com/rust-lang/rust/issues/148922> for more information)
[INFO] [stdout]     = help: you might have intended to use the type `()` here instead
[INFO] [stdout] note: required by a bound in `PgStream::recv_expect`
[INFO] [stdout]    --> /opt/rustwide/cargo-home/registry/src/index.crates.io-1949cf8c6b5b557f/sqlx-core-0.5.13/src/postgres/connection/stream.rs:64:45
[INFO] [stdout]     |
[INFO] [stdout]  38 | impl PgStream {
[INFO] [stdout] ...
[INFO] [stdout]  64 |     pub(crate) async fn recv_expect<'de, T: Decode<'de>>(
[INFO] [stdout]     |                                             ^^^^^^^^^^^ required by this bound in `PgStream::recv_expect`
[INFO] [stdout] 
[INFO] [stdout] 
[INFO] [stdout] error[E0277]: the trait bound `!: io::decode::Decode<'_>` is not satisfied
[INFO] [stdout]    --> /opt/rustwide/cargo-home/registry/src/index.crates.io-1949cf8c6b5b557f/sqlx-core-0.5.13/src/postgres/copy.rs:289:14
[INFO] [stdout]     |
[INFO] [stdout] 289 |             .await?;
[INFO] [stdout]     |              ^^^^^ the trait `io::decode::Decode<'_>` is not implemented for `!`
[INFO] [stdout]     |
[INFO] [stdout]     = help: the following other types implement trait `io::decode::Decode<'de, Context>`:
[INFO] [stdout]               `()` implements `io::decode::Decode<'_>`
[INFO] [stdout]               `AuthSwitchRequest` implements `io::decode::Decode<'_>`
[INFO] [stdout]               `Authentication` implements `io::decode::Decode<'_>`
[INFO] [stdout]               `AuthenticationSaslContinue` implements `io::decode::Decode<'_>`
[INFO] [stdout]               `AuthenticationSaslFinal` implements `io::decode::Decode<'_>`
[INFO] [stdout]               `BackendKeyData` implements `io::decode::Decode<'_>`
[INFO] [stdout]               `BinaryRow` implements `io::decode::Decode<'de, &'de [MySqlColumn]>`
[INFO] [stdout]               `ColumnDefinition` implements `io::decode::Decode<'_, Capabilities>`
[INFO] [stdout]             and 21 others
[INFO] [stdout]     = note: this error might have been caused by changes to Rust's type-inference algorithm (see issue #148922 <https://github.com/rust-lang/rust/issues/148922> for more information)
[INFO] [stdout]     = help: you might have intended to use the type `()` here instead
[INFO] [stdout] note: required by a bound in `PgStream::recv_expect`
[INFO] [stdout]    --> /opt/rustwide/cargo-home/registry/src/index.crates.io-1949cf8c6b5b557f/sqlx-core-0.5.13/src/postgres/connection/stream.rs:64:45
[INFO] [stdout]     |
[INFO] [stdout]  38 | impl PgStream {
[INFO] [stdout] ...
[INFO] [stdout]  64 |     pub(crate) async fn recv_expect<'de, T: Decode<'de>>(
[INFO] [stdout]     |                                             ^^^^^^^^^^^ required by this bound in `PgStream::recv_expect`
[INFO] [stdout] 
[INFO] [stdout] 
[INFO] [stdout] error[E0277]: the trait bound `!: io::decode::Decode<'_>` is not satisfied
[INFO] [stdout]    --> /opt/rustwide/cargo-home/registry/src/index.crates.io-1949cf8c6b5b557f/sqlx-core-0.5.13/src/postgres/copy.rs:324:33
[INFO] [stdout]     |
[INFO] [stdout] 324 |                     conn.stream.recv_expect(MessageFormat::CommandComplete).await?;
[INFO] [stdout]     |                                 ^^^^^^^^^^^ the trait `io::decode::Decode<'_>` is not implemented for `!`
[INFO] [stdout]     |
[INFO] [stdout]     = help: the following other types implement trait `io::decode::Decode<'de, Context>`:
[INFO] [stdout]               `()` implements `io::decode::Decode<'_>`
[INFO] [stdout]               `AuthSwitchRequest` implements `io::decode::Decode<'_>`
[INFO] [stdout]               `Authentication` implements `io::decode::Decode<'_>`
[INFO] [stdout]               `AuthenticationSaslContinue` implements `io::decode::Decode<'_>`
[INFO] [stdout]               `AuthenticationSaslFinal` implements `io::decode::Decode<'_>`
[INFO] [stdout]               `BackendKeyData` implements `io::decode::Decode<'_>`
[INFO] [stdout]               `BinaryRow` implements `io::decode::Decode<'de, &'de [MySqlColumn]>`
[INFO] [stdout]               `ColumnDefinition` implements `io::decode::Decode<'_, Capabilities>`
[INFO] [stdout]             and 21 others
[INFO] [stdout]     = note: this error might have been caused by changes to Rust's type-inference algorithm (see issue #148922 <https://github.com/rust-lang/rust/issues/148922> for more information)
[INFO] [stdout]     = help: you might have intended to use the type `()` here instead
[INFO] [stdout] note: required by a bound in `PgStream::recv_expect`
[INFO] [stdout]    --> /opt/rustwide/cargo-home/registry/src/index.crates.io-1949cf8c6b5b557f/sqlx-core-0.5.13/src/postgres/connection/stream.rs:64:45
[INFO] [stdout]     |
[INFO] [stdout]  38 | impl PgStream {
[INFO] [stdout] ...
[INFO] [stdout]  64 |     pub(crate) async fn recv_expect<'de, T: Decode<'de>>(
[INFO] [stdout]     |                                             ^^^^^^^^^^^ required by this bound in `PgStream::recv_expect`
[INFO] [stdout] 
[INFO] [stdout] 
[INFO] [stdout] error[E0277]: the trait bound `!: io::decode::Decode<'_>` is not satisfied
[INFO] [stdout]    --> /opt/rustwide/cargo-home/registry/src/index.crates.io-1949cf8c6b5b557f/sqlx-core-0.5.13/src/postgres/copy.rs:325:33
[INFO] [stdout]     |
[INFO] [stdout] 325 |                     conn.stream.recv_expect(MessageFormat::ReadyForQuery).await?;
[INFO] [stdout]     |                                 ^^^^^^^^^^^ the trait `io::decode::Decode<'_>` is not implemented for `!`
[INFO] [stdout]     |
[INFO] [stdout]     = help: the following other types implement trait `io::decode::Decode<'de, Context>`:
[INFO] [stdout]               `()` implements `io::decode::Decode<'_>`
[INFO] [stdout]               `AuthSwitchRequest` implements `io::decode::Decode<'_>`
[INFO] [stdout]               `Authentication` implements `io::decode::Decode<'_>`
[INFO] [stdout]               `AuthenticationSaslContinue` implements `io::decode::Decode<'_>`
[INFO] [stdout]               `AuthenticationSaslFinal` implements `io::decode::Decode<'_>`
[INFO] [stdout]               `BackendKeyData` implements `io::decode::Decode<'_>`
[INFO] [stdout]               `BinaryRow` implements `io::decode::Decode<'de, &'de [MySqlColumn]>`
[INFO] [stdout]               `ColumnDefinition` implements `io::decode::Decode<'_, Capabilities>`
[INFO] [stdout]             and 21 others
[INFO] [stdout]     = note: this error might have been caused by changes to Rust's type-inference algorithm (see issue #148922 <https://github.com/rust-lang/rust/issues/148922> for more information)
[INFO] [stdout]     = help: you might have intended to use the type `()` here instead
[INFO] [stdout] note: required by a bound in `PgStream::recv_expect`
[INFO] [stdout]    --> /opt/rustwide/cargo-home/registry/src/index.crates.io-1949cf8c6b5b557f/sqlx-core-0.5.13/src/postgres/connection/stream.rs:64:45
[INFO] [stdout]     |
[INFO] [stdout]  38 | impl PgStream {
[INFO] [stdout] ...
[INFO] [stdout]  64 |     pub(crate) async fn recv_expect<'de, T: Decode<'de>>(
[INFO] [stdout]     |                                             ^^^^^^^^^^^ required by this bound in `PgStream::recv_expect`
[INFO] [stdout] 
[INFO] [stdout] 
[INFO] [stdout] error[E0277]: the trait bound `!: io::decode::Decode<'_>` is not satisfied
[INFO] [stdout]    --> /opt/rustwide/cargo-home/registry/src/index.crates.io-1949cf8c6b5b557f/sqlx-core-0.5.13/src/postgres/copy.rs:324:77
[INFO] [stdout]     |
[INFO] [stdout] 324 |                     conn.stream.recv_expect(MessageFormat::CommandComplete).await?;
[INFO] [stdout]     |                                                                             ^^^^^ the trait `io::decode::Decode<'_>` is not implemented for `!`
[INFO] [stdout]     |
[INFO] [stdout]     = help: the following other types implement trait `io::decode::Decode<'de, Context>`:
[INFO] [stdout]               `()` implements `io::decode::Decode<'_>`
[INFO] [stdout]               `AuthSwitchRequest` implements `io::decode::Decode<'_>`
[INFO] [stdout]               `Authentication` implements `io::decode::Decode<'_>`
[INFO] [stdout]               `AuthenticationSaslContinue` implements `io::decode::Decode<'_>`
[INFO] [stdout]               `AuthenticationSaslFinal` implements `io::decode::Decode<'_>`
[INFO] [stdout]               `BackendKeyData` implements `io::decode::Decode<'_>`
[INFO] [stdout]               `BinaryRow` implements `io::decode::Decode<'de, &'de [MySqlColumn]>`
[INFO] [stdout]               `ColumnDefinition` implements `io::decode::Decode<'_, Capabilities>`
[INFO] [stdout]             and 21 others
[INFO] [stdout]     = note: this error might have been caused by changes to Rust's type-inference algorithm (see issue #148922 <https://github.com/rust-lang/rust/issues/148922> for more information)
[INFO] [stdout]     = help: you might have intended to use the type `()` here instead
[INFO] [stdout] note: required by a bound in `PgStream::recv_expect`
[INFO] [stdout]    --> /opt/rustwide/cargo-home/registry/src/index.crates.io-1949cf8c6b5b557f/sqlx-core-0.5.13/src/postgres/connection/stream.rs:64:45
[INFO] [stdout]     |
[INFO] [stdout]  38 | impl PgStream {
[INFO] [stdout] ...
[INFO] [stdout]  64 |     pub(crate) async fn recv_expect<'de, T: Decode<'de>>(
[INFO] [stdout]     |                                             ^^^^^^^^^^^ required by this bound in `PgStream::recv_expect`
[INFO] [stdout] 
[INFO] [stdout] 
[INFO] [stdout] error[E0277]: the trait bound `!: io::decode::Decode<'_>` is not satisfied
[INFO] [stdout]    --> /opt/rustwide/cargo-home/registry/src/index.crates.io-1949cf8c6b5b557f/sqlx-core-0.5.13/src/postgres/copy.rs:325:75
[INFO] [stdout]     |
[INFO] [stdout] 325 |                     conn.stream.recv_expect(MessageFormat::ReadyForQuery).await?;
[INFO] [stdout]     |                                                                           ^^^^^ the trait `io::decode::Decode<'_>` is not implemented for `!`
[INFO] [stdout]     |
[INFO] [stdout]     = help: the following other types implement trait `io::decode::Decode<'de, Context>`:
[INFO] [stdout]               `()` implements `io::decode::Decode<'_>`
[INFO] [stdout]               `AuthSwitchRequest` implements `io::decode::Decode<'_>`
[INFO] [stdout]               `Authentication` implements `io::decode::Decode<'_>`
[INFO] [stdout]               `AuthenticationSaslContinue` implements `io::decode::Decode<'_>`
[INFO] [stdout]               `AuthenticationSaslFinal` implements `io::decode::Decode<'_>`
[INFO] [stdout]               `BackendKeyData` implements `io::decode::Decode<'_>`
[INFO] [stdout]               `BinaryRow` implements `io::decode::Decode<'de, &'de [MySqlColumn]>`
[INFO] [stdout]               `ColumnDefinition` implements `io::decode::Decode<'_, Capabilities>`
[INFO] [stdout]             and 21 others
[INFO] [stdout]     = note: this error might have been caused by changes to Rust's type-inference algorithm (see issue #148922 <https://github.com/rust-lang/rust/issues/148922> for more information)
[INFO] [stdout]     = help: you might have intended to use the type `()` here instead
[INFO] [stdout] note: required by a bound in `PgStream::recv_expect`
[INFO] [stdout]    --> /opt/rustwide/cargo-home/registry/src/index.crates.io-1949cf8c6b5b557f/sqlx-core-0.5.13/src/postgres/connection/stream.rs:64:45
[INFO] [stdout]     |
[INFO] [stdout]  38 | impl PgStream {
[INFO] [stdout] ...
[INFO] [stdout]  64 |     pub(crate) async fn recv_expect<'de, T: Decode<'de>>(
[INFO] [stdout]     |                                             ^^^^^^^^^^^ required by this bound in `PgStream::recv_expect`
[INFO] [stdout] 
[INFO] [stdout] 
[INFO] [stdout] For more information about this error, try `rustc --explain E0277`.
[INFO] [stdout] 
[INFO] [stderr] error: could not compile `sqlx-core` (lib) due to 10 previous errors
[INFO] running `Command { std: "docker" "inspect" "b13585d33262b870f6187715dd8d99b1582a30e0dc1a25d1258d2e3ec602c982", kill_on_drop: false }`
[INFO] running `Command { std: "docker" "rm" "-f" "b13585d33262b870f6187715dd8d99b1582a30e0dc1a25d1258d2e3ec602c982", kill_on_drop: false }`
[INFO] [stdout] b13585d33262b870f6187715dd8d99b1582a30e0dc1a25d1258d2e3ec602c982
