[INFO] fetching crate rawler 0.8.0...
[INFO] checking rawler-0.8.0 against 3154cc1a3e6424e44f438a95007d043ed5ceaaf6+rustflags=-Znext-solver=coherence for pr-133502-30
[INFO] extracting crate rawler 0.8.0 into /workspace/builds/worker-6-tc1/source
[INFO] started tweaking crates.io crate rawler 0.8.0
[INFO] removed 0 missing tests
[INFO] finished tweaking crates.io crate rawler 0.8.0
[INFO] tweaked toml for crates.io crate rawler 0.8.0 written to /workspace/builds/worker-6-tc1/source/Cargo.toml
[INFO] validating manifest of crates.io crate rawler 0.8.0 on toolchain 3154cc1a3e6424e44f438a95007d043ed5ceaaf6
[INFO] running `Command { std: CARGO_HOME="/workspace/cargo-home" RUSTUP_HOME="/workspace/rustup-home" "/workspace/cargo-home/bin/cargo" "+3154cc1a3e6424e44f438a95007d043ed5ceaaf6" "metadata" "--manifest-path" "Cargo.toml" "--no-deps", kill_on_drop: false }`
[INFO] crate crates.io crate rawler 0.8.0 already has a lockfile, it will not be regenerated
[INFO] running `Command { std: CARGO_HOME="/workspace/cargo-home" RUSTUP_HOME="/workspace/rustup-home" "/workspace/cargo-home/bin/cargo" "+3154cc1a3e6424e44f438a95007d043ed5ceaaf6" "fetch" "--manifest-path" "Cargo.toml", kill_on_drop: false }`
[INFO] [stderr] warning: `package.homepage` is redundant with `package.repository`
[INFO] [stderr]    --> Cargo.toml:169:12
[INFO] [stderr]     |
[INFO] [stderr] 169 | homepage = "https://github.com/dnglab/dnglab"
[INFO] [stderr]     |            ^^^^^^^^^^^^^^^^^^^^^^^^^^^^^^^^^^
[INFO] [stderr] ...
[INFO] [stderr] 174 | repository = "https://github.com/dnglab/dnglab"
[INFO] [stderr]     |              ----------------------------------
[INFO] [stderr]     |
[INFO] [stderr]     = note: `cargo::redundant_homepage` is set to `warn` by default
[INFO] [stderr] help: consider removing `package.homepage`
[INFO] [stderr] warning: `rawler` (manifest) generated 1 warning
[INFO] [stderr]     Updating crates.io index
[INFO] [stderr]  Downloading crates ...
[INFO] [stderr]   Downloaded find-msvc-tools v0.1.10
[INFO] [stderr]   Downloaded either v1.17.0
[INFO] [stderr]   Downloaded ureq v2.12.1
[INFO] [stderr]   Downloaded jxl-threadpool v1.0.0
[INFO] [stderr]   Downloaded serde_yaml v0.8.26
[INFO] [stderr]   Downloaded alloc-stdlib v0.2.4
[INFO] [stderr]   Downloaded md5 v0.8.1
[INFO] [stderr]   Downloaded jxl-image v0.13.0
[INFO] [stderr]   Downloaded enumn v0.1.14
[INFO] [stderr]   Downloaded multiversion v0.8.0
[INFO] [stderr]   Downloaded multiversion-macros v0.8.0
[INFO] [stderr]   Downloaded jxl-oxide-common v1.0.0
[INFO] [stderr]   Downloaded libflate_lz77 v2.3.0
[INFO] [stderr]   Downloaded page_size v0.6.0
[INFO] [stderr]   Downloaded alloca v0.4.0
[INFO] [stderr]   Downloaded jxl-vardct v0.11.1
[INFO] [stderr]   Downloaded jxl-jbr v0.2.1
[INFO] [stderr]   Downloaded target-features v0.1.6
[INFO] [stderr]   Downloaded dary_heap v0.3.9
[INFO] [stderr]   Downloaded jxl-oxide v0.12.6
[INFO] [stderr]   Downloaded jxl-grid v0.6.2
[INFO] [stderr]   Downloaded jxl-coding v1.0.1
[INFO] [stderr]   Downloaded jxl-frame v0.13.3
[INFO] [stderr]   Downloaded jxl-bitstream v1.1.0
[INFO] [stderr]   Downloaded jxl-modular v0.11.3
[INFO] [stderr]   Downloaded criterion-plot v0.8.2
[INFO] [stderr]   Downloaded rustc-demangle v0.1.28
[INFO] [stderr]   Downloaded jxl-color v0.11.0
[INFO] [stderr]   Downloaded cc v1.4.2
[INFO] [stderr]   Downloaded toml_edit v0.25.13+spec-1.1.0
[INFO] [stderr]   Downloaded libflate v2.3.1
[INFO] [stderr]   Downloaded rle-decode-fast v1.0.3
[INFO] [stderr]   Downloaded jxl-render v0.12.4
[INFO] [stderr]   Downloaded criterion v0.8.2
[INFO] [stderr]   Downloaded brotli-decompressor v5.0.3
[INFO] running `Command { std: "docker" "create" "-v" "/var/lib/crater-agent-workspace/builds/worker-6-tc1/source:/opt/rustwide/workdir:ro,Z" "-v" "/var/lib/crater-agent-workspace/builds/worker-6-tc1/target:/opt/rustwide/target:rw,Z" "-v" "/var/lib/crater-agent-workspace/cargo-home:/opt/rustwide/cargo-home:ro,Z" "-v" "/var/lib/crater-agent-workspace/rustup-home:/opt/rustwide/rustup-home:ro,Z" "-m" "1610612736" "--network" "none" "ghcr.io/rust-lang/crates-build-env/linux@sha256:77db811e55d90add9212f6832c23229e3de5f1c1f9905e8cb07319ea15df73ac" "sleep" "infinity", kill_on_drop: false }`
[INFO] [stdout] 3dfbd8e532e243d2312ecd8ddc36ebe8e021643f6b23ea5f83efbe8d77941db0
[INFO] running `Command { std: "docker" "start" "3dfbd8e532e243d2312ecd8ddc36ebe8e021643f6b23ea5f83efbe8d77941db0", kill_on_drop: false }`
[INFO] running `Command { std: "docker" "inspect" "3dfbd8e532e243d2312ecd8ddc36ebe8e021643f6b23ea5f83efbe8d77941db0", kill_on_drop: false }`
[INFO] running `Command { std: "docker" "exec" "-e" "SOURCE_DIR=/opt/rustwide/workdir" "-e" "CARGO_HOME=/opt/rustwide/cargo-home" "-e" "RUSTUP_HOME=/opt/rustwide/rustup-home" "-e" "CARGO_TARGET_DIR=/opt/rustwide/target" "-w" "/opt/rustwide/workdir" "--user" "0:0" "3dfbd8e532e243d2312ecd8ddc36ebe8e021643f6b23ea5f83efbe8d77941db0" "/opt/rustwide/cargo-home/bin/cargo" "+3154cc1a3e6424e44f438a95007d043ed5ceaaf6" "metadata" "--no-deps" "--format-version=1", kill_on_drop: false }`
[INFO] running `Command { std: "docker" "inspect" "3dfbd8e532e243d2312ecd8ddc36ebe8e021643f6b23ea5f83efbe8d77941db0", kill_on_drop: false }`
[INFO] running `Command { std: "docker" "exec" "-e" "SOURCE_DIR=/opt/rustwide/workdir" "-e" "CARGO_HOME=/opt/rustwide/cargo-home" "-e" "RUSTUP_HOME=/opt/rustwide/rustup-home" "-e" "CARGO_TARGET_DIR=/opt/rustwide/target" "-e" "CARGO_INCREMENTAL=0" "-e" "RUST_BACKTRACE=full" "-e" "RUSTFLAGS=--cap-lints=forbid -Znext-solver=coherence" "-e" "RUSTDOCFLAGS=--cap-lints=forbid" "-w" "/opt/rustwide/workdir" "--user" "0:0" "3dfbd8e532e243d2312ecd8ddc36ebe8e021643f6b23ea5f83efbe8d77941db0" "/opt/rustwide/cargo-home/bin/cargo" "+3154cc1a3e6424e44f438a95007d043ed5ceaaf6" "check" "--frozen" "--all" "--all-targets" "--message-format=json", kill_on_drop: false }`
[INFO] [stderr] warning: `package.homepage` is redundant with `package.repository`
[INFO] [stderr]    --> Cargo.toml:169:12
[INFO] [stderr]     |
[INFO] [stderr] 169 | homepage = "https://github.com/dnglab/dnglab"
[INFO] [stderr]     |            ^^^^^^^^^^^^^^^^^^^^^^^^^^^^^^^^^^
[INFO] [stderr] ...
[INFO] [stderr] 174 | repository = "https://github.com/dnglab/dnglab"
[INFO] [stderr]     |              ----------------------------------
[INFO] [stderr]     |
[INFO] [stderr]     = note: `cargo::redundant_homepage` is set to `warn` by default
[INFO] [stderr] help: consider removing `package.homepage`
[INFO] [stderr] warning: `rawler` (manifest) generated 1 warning
[INFO] [stderr]    Compiling proc-macro2 v1.0.107
[INFO] [stderr]    Compiling unicode-ident v1.0.24
[INFO] [stderr]    Compiling quote v1.0.47
[INFO] [stderr]    Compiling autocfg v1.5.1
[INFO] [stderr]     Checking once_cell v1.21.4
[INFO] [stderr]     Checking memchr v2.8.3
[INFO] [stderr]     Checking pin-project-lite v0.2.17
[INFO] [stderr]    Compiling serde_core v1.0.229
[INFO] [stderr]     Checking either v1.17.0
[INFO] [stderr]    Compiling serde v1.0.229
[INFO] [stderr]    Compiling hashbrown v0.17.1
[INFO] [stderr]    Compiling equivalent v1.0.2
[INFO] [stderr]     Checking cfg-if v1.0.4
[INFO] [stderr]    Compiling libc v0.2.189
[INFO] [stderr]    Compiling zerocopy v0.8.56
[INFO] [stderr]    Compiling target-features v0.1.6
[INFO] [stderr]    Compiling winnow v1.0.4
[INFO] [stderr]    Compiling toml_write v0.1.2
[INFO] [stderr]    Compiling toml_datetime v1.1.1+spec-1.1.0
[INFO] [stderr]     Checking tracing-core v0.1.36
[INFO] [stderr]    Compiling winnow v0.7.15
[INFO] [stderr]     Checking alloc-stdlib v0.2.4
[INFO] [stderr]     Checking no_std_io2 v0.9.4
[INFO] [stderr]    Compiling getrandom v0.4.3
[INFO] [stderr]     Checking bytemuck v1.25.2
[INFO] [stderr]     Checking rayon v1.12.0
[INFO] [stderr]    Compiling object v0.37.3
[INFO] [stderr]    Compiling rustversion v1.0.23
[INFO] [stderr]    Compiling num-traits v0.2.19
[INFO] [stderr]    Compiling semver v1.0.28
[INFO] [stderr]    Compiling crc32fast v1.5.0
[INFO] [stderr]     Checking hashbrown v0.16.1
[INFO] [stderr]     Checking tracing v0.1.44
[INFO] [stderr]    Compiling rustc_version v0.4.1
[INFO] [stderr]     Checking brotli-decompressor v5.0.3
[INFO] [stderr]     Checking aho-corasick v1.1.5
[INFO] [stderr]    Compiling indexmap v2.14.0
[INFO] [stderr]     Checking jxl-bitstream v1.1.0
[INFO] [stderr]     Checking jxl-grid v0.6.2
[INFO] [stderr]    Compiling syn v3.0.3
[INFO] [stderr]    Compiling syn v2.0.119
[INFO] [stderr]     Checking jxl-oxide-common v1.0.0
[INFO] [stderr]     Checking jxl-coding v1.0.1
[INFO] [stderr]     Checking jxl-image v0.13.0
[INFO] [stderr]    Compiling toml_parser v1.1.3+spec-1.1.0
[INFO] [stderr]    Compiling zmij v1.0.23
[INFO] [stderr]    Compiling find-msvc-tools v0.1.10
[INFO] [stderr]    Compiling glob v0.3.4
[INFO] [stderr]    Compiling toml_edit v0.25.13+spec-1.1.0
[INFO] [stderr]     Checking gimli v0.32.3
[INFO] [stderr]     Checking rle-decode-fast v1.0.3
[INFO] [stderr]     Checking num-integer v0.1.46
[INFO] [stderr]     Checking zune-core v0.5.3
[INFO] [stderr]     Checking anstyle v1.0.14
[INFO] [stderr]     Checking pxfm v0.1.30
[INFO] [stderr]     Checking log v0.4.33
[INFO] [stderr]     Checking regex-syntax v0.8.11
[INFO] [stderr]    Compiling shlex v2.0.1
[INFO] [stderr]    Compiling thiserror v2.0.20
[INFO] [stderr]     Checking zune-jpeg v0.5.15
[INFO] [stderr]     Checking num-bigint v0.4.8
[INFO] [stderr]     Checking num-iter v0.1.46
[INFO] [stderr]     Checking miniz_oxide v0.8.9
[INFO] [stderr]    Compiling cc v1.4.2
[INFO] [stderr]     Checking jxl-threadpool v1.0.0
[INFO] [stderr]     Checking libflate_lz77 v2.3.0
[INFO] [stderr]     Checking jxl-modular v0.11.3
[INFO] [stderr]     Checking jxl-color v0.11.0
[INFO] [stderr]     Checking num-complex v0.4.6
[INFO] [stderr]    Compiling proc-macro-crate v3.5.0
[INFO] [stderr]     Checking iana-time-zone v0.1.65
[INFO] [stderr]     Checking byteorder-lite v0.1.0
[INFO] [stderr]     Checking dary_heap v0.3.9
[INFO] [stderr]    Compiling serde_json v1.0.151
[INFO] [stderr]     Checking rustc-demangle v0.1.28
[INFO] [stderr]     Checking adler32 v1.2.0
[INFO] [stderr]     Checking uuid v1.24.0
[INFO] [stderr]     Checking chrono v0.4.45
[INFO] [stderr]     Checking regex-automata v0.4.18
[INFO] [stderr]     Checking libflate v2.3.1
[INFO] [stderr]     Checking jxl-vardct v0.11.1
[INFO] [stderr]     Checking memmap2 v0.9.11
[INFO] [stderr]     Checking num-rational v0.4.2
[INFO] [stderr]    Compiling indexmap v1.9.3
[INFO] [stderr]     Checking bitstream-io v4.10.0
[INFO] [stderr]     Checking itertools v0.14.0
[INFO] [stderr]     Checking weezl v0.1.12
[INFO] [stderr]     Checking md5 v0.8.1
[INFO] [stderr]     Checking jxl-frame v0.13.3
[INFO] [stderr]     Checking num v0.4.3
[INFO] [stderr]     Checking byteorder v1.5.0
[INFO] [stderr]     Checking plotters-backend v0.3.7
[INFO] [stderr]     Checking lazy_static v1.5.0
[INFO] [stderr]    Compiling alloca v0.4.0
[INFO] [stderr]     Checking clap_lex v1.1.0
[INFO] [stderr]     Checking itoa v1.0.18
[INFO] [stderr]     Checking ciborium-io v0.2.2
[INFO] [stderr]     Checking clap_builder v4.6.6
[INFO] [stderr]     Checking plotters-svg v0.3.7
[INFO] [stderr]    Compiling serde_derive v1.0.229
[INFO] [stderr]    Compiling thiserror-impl v2.0.20
[INFO] [stderr]     Checking addr2line v0.25.1
[INFO] [stderr]    Compiling toml_datetime v0.6.11
[INFO] [stderr]    Compiling serde_spanned v0.6.9
[INFO] [stderr]     Checking anstyle-parse v1.0.0
[INFO] [stderr]     Checking itertools v0.13.0
[INFO] [stderr]     Checking colorchoice v1.0.5
[INFO] [stderr]    Compiling toml_edit v0.22.27
[INFO] [stderr]     Checking jiff-core v0.1.0
[INFO] [stderr]     Checking same-file v1.0.6
[INFO] [stderr]     Checking cast v0.3.0
[INFO] [stderr]     Checking hashbrown v0.12.3
[INFO] [stderr]     Checking anstream v1.0.0
[INFO] [stderr]     Checking yaml-rust v0.4.5
[INFO] [stderr]     Checking jxl-render v0.12.4
[INFO] [stderr]     Checking jxl-jbr v0.2.1
[INFO] [stderr]     Checking moxcms v0.8.1
[INFO] [stderr]     Checking walkdir v2.5.0
[INFO] [stderr]     Checking plotters v0.3.7
[INFO] [stderr]     Checking page_size v0.6.0
[INFO] [stderr]     Checking anes v0.1.6
[INFO] [stderr]     Checking oorandom v11.1.5
[INFO] [stderr]     Checking ryu v1.0.23
[INFO] [stderr]     Checking approx v0.5.1
[INFO] [stderr]     Checking regex v1.13.1
[INFO] [stderr]     Checking jiff v0.2.35
[INFO] [stderr]     Checking env_filter v2.0.0
[INFO] [stderr]     Checking jxl-oxide v0.12.6
[INFO] [stderr]     Checking criterion-plot v0.8.2
[INFO] [stderr]     Checking clap v4.6.6
[INFO] [stderr]    Compiling zerocopy-derive v0.8.56
[INFO] [stderr]    Compiling multiversion-macros v0.8.0
[INFO] [stderr]    Compiling num_enum_derive v0.7.6
[INFO] [stderr]    Compiling enumn v0.1.14
[INFO] [stderr]    Compiling toml v0.8.23
[INFO] [stderr]     Checking multiversion v0.8.0
[INFO] [stderr]     Checking backtrace v0.3.76
[INFO] [stderr]     Checking num_enum v0.7.6
[INFO] [stderr]    Compiling rawler v0.8.0 (/opt/rustwide/workdir)
[INFO] [stderr]     Checking tinytemplate v1.2.1
[INFO] [stderr]     Checking serde_yaml v0.8.26
[INFO] [stderr]     Checking env_logger v0.11.11
[INFO] [stderr]     Checking image v0.25.10
[INFO] [stderr]     Checking half v2.7.1
[INFO] [stderr]     Checking ciborium-ll v0.2.2
[INFO] [stderr]     Checking ciborium v0.2.2
[INFO] [stderr]     Checking criterion v0.8.2
[INFO] [stdout] error[E0432]: unresolved import `rawler::devtools::rawdb`
[INFO] [stdout]   --> benches/demosaic.rs:4:13
[INFO] [stdout]    |
[INFO] [stdout]  4 |   devtools::rawdb::{get_rawdb_cache, rawdb_ensure_file},
[INFO] [stdout]    |             ^^^^^ could not find `rawdb` in `devtools`
[INFO] [stdout]    |
[INFO] [stdout] note: found an item that was configured out
[INFO] [stdout]   --> src/devtools/mod.rs:15:9
[INFO] [stdout]    |
[INFO] [stdout] 14 | #[cfg(feature = "rawdb")]
[INFO] [stdout]    |       ----------------- the item is gated behind the `rawdb` feature
[INFO] [stdout] 15 | pub mod rawdb;
[INFO] [stdout]    |         ^^^^^
[INFO] [stdout] 
[INFO] [stdout] 
[INFO] [stderr] error: could not compile `rawler` (bench "demosaic") due to 1 previous error
[INFO] [stderr] warning: build failed, waiting for other jobs to finish...
[INFO] [stdout] For more information about this error, try `rustc --explain E0432`.
[INFO] [stdout] 
[INFO] [stderr] error: could not compile `rawler` (bench "raw_decoder") due to 1 previous error
[INFO] [stdout] error[E0432]: unresolved import `rawler::devtools::rawdb`
[INFO] [stdout]   --> benches/raw_decoder.rs:4:13
[INFO] [stdout]    |
[INFO] [stdout]  4 |   devtools::rawdb::{get_rawdb_cache, rawdb_ensure_file},
[INFO] [stdout]    |             ^^^^^ could not find `rawdb` in `devtools`
[INFO] [stdout]    |
[INFO] [stdout] note: found an item that was configured out
[INFO] [stdout]   --> src/devtools/mod.rs:15:9
[INFO] [stdout]    |
[INFO] [stdout] 14 | #[cfg(feature = "rawdb")]
[INFO] [stdout]    |       ----------------- the item is gated behind the `rawdb` feature
[INFO] [stdout] 15 | pub mod rawdb;
[INFO] [stdout]    |         ^^^^^
[INFO] [stdout] 
[INFO] [stdout] 
[INFO] [stdout] For more information about this error, try `rustc --explain E0432`.
[INFO] [stdout] 
[INFO] [stdout] error[E0432]: unresolved import `rawler::devtools::rawdb`
[INFO] [stdout]   --> benches/convert.rs:3:13
[INFO] [stdout]    |
[INFO] [stdout]  3 |   devtools::rawdb::{get_rawdb_cache, rawdb_ensure_file},
[INFO] [stdout]    |             ^^^^^ could not find `rawdb` in `devtools`
[INFO] [stdout]    |
[INFO] [stdout] note: found an item that was configured out
[INFO] [stdout]   --> src/devtools/mod.rs:15:9
[INFO] [stdout]    |
[INFO] [stdout] 14 | #[cfg(feature = "rawdb")]
[INFO] [stdout]    |       ----------------- the item is gated behind the `rawdb` feature
[INFO] [stdout] 15 | pub mod rawdb;
[INFO] [stdout]    |         ^^^^^
[INFO] [stdout] 
[INFO] [stdout] 
[INFO] [stdout] For more information about this error, try `rustc --explain E0432`.
[INFO] [stdout] 
[INFO] [stderr] error: could not compile `rawler` (bench "convert") due to 1 previous error
[INFO] running `Command { std: "docker" "inspect" "3dfbd8e532e243d2312ecd8ddc36ebe8e021643f6b23ea5f83efbe8d77941db0", kill_on_drop: false }`
[INFO] running `Command { std: "docker" "rm" "-f" "3dfbd8e532e243d2312ecd8ddc36ebe8e021643f6b23ea5f83efbe8d77941db0", kill_on_drop: false }`
[INFO] [stdout] 3dfbd8e532e243d2312ecd8ddc36ebe8e021643f6b23ea5f83efbe8d77941db0
