[INFO] fetching crate rafter-runtime 0.0.2-alpha.1...
[INFO] checking rafter-runtime-0.0.2-alpha.1 against 3154cc1a3e6424e44f438a95007d043ed5ceaaf6+rustflags=-Znext-solver=coherence for pr-133502-30
[INFO] extracting crate rafter-runtime 0.0.2-alpha.1 into /workspace/builds/worker-3-tc1/source
[INFO] started tweaking crates.io crate rafter-runtime 0.0.2-alpha.1
[INFO] removed 0 missing examples
[INFO] removed 0 missing tests
[INFO] finished tweaking crates.io crate rafter-runtime 0.0.2-alpha.1
[INFO] tweaked toml for crates.io crate rafter-runtime 0.0.2-alpha.1 written to /workspace/builds/worker-3-tc1/source/Cargo.toml
[INFO] validating manifest of crates.io crate rafter-runtime 0.0.2-alpha.1 on toolchain 3154cc1a3e6424e44f438a95007d043ed5ceaaf6
[INFO] running `Command { std: CARGO_HOME="/workspace/cargo-home" RUSTUP_HOME="/workspace/rustup-home" "/workspace/cargo-home/bin/cargo" "+3154cc1a3e6424e44f438a95007d043ed5ceaaf6" "metadata" "--manifest-path" "Cargo.toml" "--no-deps", kill_on_drop: false }`
[INFO] crate crates.io crate rafter-runtime 0.0.2-alpha.1 already has a lockfile, it will not be regenerated
[INFO] running `Command { std: CARGO_HOME="/workspace/cargo-home" RUSTUP_HOME="/workspace/rustup-home" "/workspace/cargo-home/bin/cargo" "+3154cc1a3e6424e44f438a95007d043ed5ceaaf6" "fetch" "--manifest-path" "Cargo.toml", kill_on_drop: false }`
[INFO] [stderr]     Updating crates.io index
[INFO] [stderr]  Downloading crates ...
[INFO] [stderr]   Downloaded rafter-transport-tcp-insecure v0.0.2-alpha.1
[INFO] [stderr]   Downloaded rafter-crc32 v0.0.2-alpha.1
[INFO] [stderr]   Downloaded rafter-runtime-api v0.0.2-alpha.1
[INFO] [stderr]   Downloaded rafter-codec v0.0.2-alpha.1
[INFO] [stderr]   Downloaded fs4 v1.1.0
[INFO] [stderr]   Downloaded rafter v0.0.2-alpha.1
[INFO] [stderr]   Downloaded rafter-storage v0.0.2-alpha.1
[INFO] running `Command { std: "docker" "create" "-v" "/var/lib/crater-agent-workspace/builds/worker-3-tc1/source:/opt/rustwide/workdir:ro,Z" "-v" "/var/lib/crater-agent-workspace/builds/worker-3-tc1/target:/opt/rustwide/target:rw,Z" "-v" "/var/lib/crater-agent-workspace/cargo-home:/opt/rustwide/cargo-home:ro,Z" "-v" "/var/lib/crater-agent-workspace/rustup-home:/opt/rustwide/rustup-home:ro,Z" "-m" "1610612736" "--network" "none" "ghcr.io/rust-lang/crates-build-env/linux@sha256:77db811e55d90add9212f6832c23229e3de5f1c1f9905e8cb07319ea15df73ac" "sleep" "infinity", kill_on_drop: false }`
[INFO] [stdout] 6b00ccf605c44907ebe3ef49df4c3e8d2508db2a3cdae832af0ecbe244df93b6
[INFO] running `Command { std: "docker" "start" "6b00ccf605c44907ebe3ef49df4c3e8d2508db2a3cdae832af0ecbe244df93b6", kill_on_drop: false }`
[INFO] running `Command { std: "docker" "inspect" "6b00ccf605c44907ebe3ef49df4c3e8d2508db2a3cdae832af0ecbe244df93b6", kill_on_drop: false }`
[INFO] running `Command { std: "docker" "exec" "-e" "SOURCE_DIR=/opt/rustwide/workdir" "-e" "CARGO_HOME=/opt/rustwide/cargo-home" "-e" "RUSTUP_HOME=/opt/rustwide/rustup-home" "-e" "CARGO_TARGET_DIR=/opt/rustwide/target" "-w" "/opt/rustwide/workdir" "--user" "0:0" "6b00ccf605c44907ebe3ef49df4c3e8d2508db2a3cdae832af0ecbe244df93b6" "/opt/rustwide/cargo-home/bin/cargo" "+3154cc1a3e6424e44f438a95007d043ed5ceaaf6" "metadata" "--no-deps" "--format-version=1", kill_on_drop: false }`
[INFO] running `Command { std: "docker" "inspect" "6b00ccf605c44907ebe3ef49df4c3e8d2508db2a3cdae832af0ecbe244df93b6", kill_on_drop: false }`
[INFO] running `Command { std: "docker" "exec" "-e" "SOURCE_DIR=/opt/rustwide/workdir" "-e" "CARGO_HOME=/opt/rustwide/cargo-home" "-e" "RUSTUP_HOME=/opt/rustwide/rustup-home" "-e" "CARGO_TARGET_DIR=/opt/rustwide/target" "-e" "CARGO_INCREMENTAL=0" "-e" "RUST_BACKTRACE=full" "-e" "RUSTFLAGS=--cap-lints=forbid -Znext-solver=coherence" "-e" "RUSTDOCFLAGS=--cap-lints=forbid" "-w" "/opt/rustwide/workdir" "--user" "0:0" "6b00ccf605c44907ebe3ef49df4c3e8d2508db2a3cdae832af0ecbe244df93b6" "/opt/rustwide/cargo-home/bin/cargo" "+3154cc1a3e6424e44f438a95007d043ed5ceaaf6" "check" "--frozen" "--all" "--all-targets" "--message-format=json", kill_on_drop: false }`
[INFO] [stderr]     Checking rafter v0.0.2-alpha.1
[INFO] [stderr]    Compiling rustix v1.1.4
[INFO] [stderr]     Checking rafter-crc32 v0.0.2-alpha.1
[INFO] [stderr]     Checking bitflags v2.13.0
[INFO] [stderr]     Checking rafter-runtime-api v0.0.2-alpha.1
[INFO] [stderr]     Checking rafter-codec v0.0.2-alpha.1
[INFO] [stderr]     Checking rafter-transport-tcp-insecure v0.0.2-alpha.1
[INFO] [stderr]     Checking fs4 v1.1.0
[INFO] [stderr]     Checking rafter-storage v0.0.2-alpha.1
[INFO] [stderr]     Checking rafter-runtime v0.0.2-alpha.1 (/opt/rustwide/workdir)
[INFO] [stdout] error[E0432]: unresolved import `rafter_invariant_test`
[INFO] [stdout]  --> src/tests/crash_window/boundary.rs:2:5
[INFO] [stdout]   |
[INFO] [stdout] 2 | use rafter_invariant_test::{oracle_assert, oracle_assert_eq};
[INFO] [stdout]   |     ^^^^^^^^^^^^^^^^^^^^^ use of unresolved module or unlinked crate `rafter_invariant_test`
[INFO] [stdout]   |
[INFO] [stdout]   = help: if you wanted to use a crate named `rafter_invariant_test`, use `cargo add rafter_invariant_test` to add it to your `Cargo.toml`
[INFO] [stdout] 
[INFO] [stdout] 
[INFO] [stdout] error[E0432]: unresolved import `rafter_invariant_test`
[INFO] [stdout]  --> src/tests/crash_window/reopen.rs:2:5
[INFO] [stdout]   |
[INFO] [stdout] 2 | use rafter_invariant_test::oracle_assert;
[INFO] [stdout]   |     ^^^^^^^^^^^^^^^^^^^^^ use of unresolved module or unlinked crate `rafter_invariant_test`
[INFO] [stdout]   |
[INFO] [stdout]   = help: if you wanted to use a crate named `rafter_invariant_test`, use `cargo add rafter_invariant_test` to add it to your `Cargo.toml`
[INFO] [stdout] 
[INFO] [stdout] 
[INFO] [stdout] error[E0432]: unresolved import `rafter_invariant_test`
[INFO] [stdout]  --> src/tests/crash_window/repair.rs:2:5
[INFO] [stdout]   |
[INFO] [stdout] 2 | use rafter_invariant_test::oracle_assert_eq;
[INFO] [stdout]   |     ^^^^^^^^^^^^^^^^^^^^^ use of unresolved module or unlinked crate `rafter_invariant_test`
[INFO] [stdout]   |
[INFO] [stdout]   = help: if you wanted to use a crate named `rafter_invariant_test`, use `cargo add rafter_invariant_test` to add it to your `Cargo.toml`
[INFO] [stdout] 
[INFO] [stdout] 
[INFO] [stdout] error[E0432]: unresolved import `rafter_invariant_test`
[INFO] [stdout]  --> src/tests/group_commit/failure.rs:2:5
[INFO] [stdout]   |
[INFO] [stdout] 2 | use rafter_invariant_test::{oracle_assert, oracle_assert_eq};
[INFO] [stdout]   |     ^^^^^^^^^^^^^^^^^^^^^ use of unresolved module or unlinked crate `rafter_invariant_test`
[INFO] [stdout]   |
[INFO] [stdout]   = help: if you wanted to use a crate named `rafter_invariant_test`, use `cargo add rafter_invariant_test` to add it to your `Cargo.toml`
[INFO] [stdout] 
[INFO] [stdout] 
[INFO] [stdout] error[E0432]: unresolved import `rafter_invariant_test`
[INFO] [stdout]  --> src/tests/hard_state/commit_failure.rs:3:5
[INFO] [stdout]   |
[INFO] [stdout] 3 | use rafter_invariant_test::{oracle_assert, oracle_assert_eq};
[INFO] [stdout]   |     ^^^^^^^^^^^^^^^^^^^^^ use of unresolved module or unlinked crate `rafter_invariant_test`
[INFO] [stdout]   |
[INFO] [stdout]   = help: if you wanted to use a crate named `rafter_invariant_test`, use `cargo add rafter_invariant_test` to add it to your `Cargo.toml`
[INFO] [stdout] 
[INFO] [stdout] 
[INFO] [stdout] error[E0432]: unresolved import `rafter_invariant_test`
[INFO] [stdout]  --> src/tests/hard_state/voting.rs:4:5
[INFO] [stdout]   |
[INFO] [stdout] 4 | use rafter_invariant_test::{oracle_assert, oracle_assert_eq};
[INFO] [stdout]   |     ^^^^^^^^^^^^^^^^^^^^^ use of unresolved module or unlinked crate `rafter_invariant_test`
[INFO] [stdout]   |
[INFO] [stdout]   = help: if you wanted to use a crate named `rafter_invariant_test`, use `cargo add rafter_invariant_test` to add it to your `Cargo.toml`
[INFO] [stdout] 
[INFO] [stdout] 
[INFO] [stdout] error[E0432]: unresolved import `rafter_invariant_test`
[INFO] [stdout]  --> src/tests/local_ids/recovery.rs:2:5
[INFO] [stdout]   |
[INFO] [stdout] 2 | use rafter_invariant_test::{oracle_assert, oracle_assert_eq};
[INFO] [stdout]   |     ^^^^^^^^^^^^^^^^^^^^^ use of unresolved module or unlinked crate `rafter_invariant_test`
[INFO] [stdout]   |
[INFO] [stdout]   = help: if you wanted to use a crate named `rafter_invariant_test`, use `cargo add rafter_invariant_test` to add it to your `Cargo.toml`
[INFO] [stdout] 
[INFO] [stdout] 
[INFO] [stdout] error[E0432]: unresolved import `rafter_invariant_test`
[INFO] [stdout]  --> src/tests/persistence_ordering.rs:2:5
[INFO] [stdout]   |
[INFO] [stdout] 2 | use rafter_invariant_test::{oracle_assert, oracle_assert_eq};
[INFO] [stdout]   |     ^^^^^^^^^^^^^^^^^^^^^ use of unresolved module or unlinked crate `rafter_invariant_test`
[INFO] [stdout]   |
[INFO] [stdout]   = help: if you wanted to use a crate named `rafter_invariant_test`, use `cargo add rafter_invariant_test` to add it to your `Cargo.toml`
[INFO] [stdout] 
[INFO] [stdout] 
[INFO] [stdout] error[E0432]: unresolved import `rafter_invariant_test`
[INFO] [stdout]  --> src/tests/recovery.rs:6:5
[INFO] [stdout]   |
[INFO] [stdout] 6 | use rafter_invariant_test::{oracle_assert, oracle_assert_eq};
[INFO] [stdout]   |     ^^^^^^^^^^^^^^^^^^^^^ use of unresolved module or unlinked crate `rafter_invariant_test`
[INFO] [stdout]   |
[INFO] [stdout]   = help: if you wanted to use a crate named `rafter_invariant_test`, use `cargo add rafter_invariant_test` to add it to your `Cargo.toml`
[INFO] [stdout] 
[INFO] [stdout] 
[INFO] [stdout] error[E0432]: unresolved import `rafter_invariant_test`
[INFO] [stdout]  --> src/tests/snapshot/bootstrap_compaction/local.rs:2:5
[INFO] [stdout]   |
[INFO] [stdout] 2 | use rafter_invariant_test::oracle_assert_eq;
[INFO] [stdout]   |     ^^^^^^^^^^^^^^^^^^^^^ use of unresolved module or unlinked crate `rafter_invariant_test`
[INFO] [stdout]   |
[INFO] [stdout]   = help: if you wanted to use a crate named `rafter_invariant_test`, use `cargo add rafter_invariant_test` to add it to your `Cargo.toml`
[INFO] [stdout] 
[INFO] [stdout] 
[INFO] [stdout] error[E0432]: unresolved import `rafter_invariant_test`
[INFO] [stdout]  --> src/tests/snapshot/chunk_transfer/promotion.rs:6:5
[INFO] [stdout]   |
[INFO] [stdout] 6 | use rafter_invariant_test::{oracle_assert, oracle_assert_eq};
[INFO] [stdout]   |     ^^^^^^^^^^^^^^^^^^^^^ use of unresolved module or unlinked crate `rafter_invariant_test`
[INFO] [stdout]   |
[INFO] [stdout]   = help: if you wanted to use a crate named `rafter_invariant_test`, use `cargo add rafter_invariant_test` to add it to your `Cargo.toml`
[INFO] [stdout] 
[INFO] [stdout] 
[INFO] [stdout] error[E0432]: unresolved import `rafter_invariant_test`
[INFO] [stdout]  --> src/tests/snapshot/install.rs:2:5
[INFO] [stdout]   |
[INFO] [stdout] 2 | use rafter_invariant_test::{oracle_assert, oracle_assert_eq};
[INFO] [stdout]   |     ^^^^^^^^^^^^^^^^^^^^^ use of unresolved module or unlinked crate `rafter_invariant_test`
[INFO] [stdout]   |
[INFO] [stdout]   = help: if you wanted to use a crate named `rafter_invariant_test`, use `cargo add rafter_invariant_test` to add it to your `Cargo.toml`
[INFO] [stdout] 
[INFO] [stdout] 
[INFO] [stdout] For more information about this error, try `rustc --explain E0432`.
[INFO] [stdout] 
[INFO] [stderr] error: could not compile `rafter-runtime` (lib test) due to 12 previous errors
[INFO] running `Command { std: "docker" "inspect" "6b00ccf605c44907ebe3ef49df4c3e8d2508db2a3cdae832af0ecbe244df93b6", kill_on_drop: false }`
[INFO] running `Command { std: "docker" "rm" "-f" "6b00ccf605c44907ebe3ef49df4c3e8d2508db2a3cdae832af0ecbe244df93b6", kill_on_drop: false }`
[INFO] [stdout] 6b00ccf605c44907ebe3ef49df4c3e8d2508db2a3cdae832af0ecbe244df93b6
