[INFO] fetching crate radiata 0.0.2...
[INFO] checking radiata-0.0.2 against 3154cc1a3e6424e44f438a95007d043ed5ceaaf6+rustflags=-Znext-solver=coherence for pr-133502-30
[INFO] extracting crate radiata 0.0.2 into /workspace/builds/worker-5-tc1/source
[INFO] started tweaking crates.io crate radiata 0.0.2
[INFO] removed 0 missing tests
[INFO] finished tweaking crates.io crate radiata 0.0.2
[INFO] tweaked toml for crates.io crate radiata 0.0.2 written to /workspace/builds/worker-5-tc1/source/Cargo.toml
[INFO] validating manifest of crates.io crate radiata 0.0.2 on toolchain 3154cc1a3e6424e44f438a95007d043ed5ceaaf6
[INFO] running `Command { std: CARGO_HOME="/workspace/cargo-home" RUSTUP_HOME="/workspace/rustup-home" "/workspace/cargo-home/bin/cargo" "+3154cc1a3e6424e44f438a95007d043ed5ceaaf6" "metadata" "--manifest-path" "Cargo.toml" "--no-deps", kill_on_drop: false }`
[INFO] crate crates.io crate radiata 0.0.2 already has a lockfile, it will not be regenerated
[INFO] running `Command { std: CARGO_HOME="/workspace/cargo-home" RUSTUP_HOME="/workspace/rustup-home" "/workspace/cargo-home/bin/cargo" "+3154cc1a3e6424e44f438a95007d043ed5ceaaf6" "fetch" "--manifest-path" "Cargo.toml", kill_on_drop: false }`
[INFO] [stderr]     Updating crates.io index
[INFO] [stderr]  Downloading crates ...
[INFO] [stderr]   Downloaded secrecy v0.10.3
[INFO] [stderr]   Downloaded tokio-tungstenite v0.30.0
[INFO] [stderr]   Downloaded rcgen v0.14.9
[INFO] [stderr]   Downloaded signature v3.0.0
[INFO] [stderr]   Downloaded yasna v0.6.0
[INFO] [stderr]   Downloaded minicbor v2.3.0
[INFO] [stderr]   Downloaded ed25519 v3.0.0
[INFO] [stderr]   Downloaded domain-macros v0.11.1
[INFO] [stderr]   Downloaded minicbor-derive v0.19.5
[INFO] [stderr]   Downloaded fs4 v1.1.0
[INFO] [stderr]   Downloaded octseq v0.5.2
[INFO] [stderr]   Downloaded tungstenite v0.30.0
[INFO] [stderr]   Downloaded zerocopy-derive v0.8.55
[INFO] [stderr]   Downloaded ed25519-dalek v3.0.0
[INFO] [stderr]   Downloaded redb v4.1.0
[INFO] [stderr]   Downloaded hkdf v0.13.0
[INFO] [stderr]   Downloaded zerocopy v0.8.55
[INFO] [stderr]   Downloaded curve25519-dalek v5.0.0
[INFO] [stderr]   Downloaded fiat-crypto v0.3.0
[INFO] [stderr]   Downloaded domain v0.11.1
[INFO] running `Command { std: "docker" "create" "-v" "/var/lib/crater-agent-workspace/builds/worker-5-tc1/source:/opt/rustwide/workdir:ro,Z" "-v" "/var/lib/crater-agent-workspace/builds/worker-5-tc1/target:/opt/rustwide/target:rw,Z" "-v" "/var/lib/crater-agent-workspace/cargo-home:/opt/rustwide/cargo-home:ro,Z" "-v" "/var/lib/crater-agent-workspace/rustup-home:/opt/rustwide/rustup-home:ro,Z" "-m" "1610612736" "--network" "none" "ghcr.io/rust-lang/crates-build-env/linux@sha256:77db811e55d90add9212f6832c23229e3de5f1c1f9905e8cb07319ea15df73ac" "sleep" "infinity", kill_on_drop: false }`
[INFO] [stdout] 49c79396ecc5a7e8266f6a250dd5e62f985e8816fa72b0dd6a5152fe837a5794
[INFO] running `Command { std: "docker" "start" "49c79396ecc5a7e8266f6a250dd5e62f985e8816fa72b0dd6a5152fe837a5794", kill_on_drop: false }`
[INFO] running `Command { std: "docker" "inspect" "49c79396ecc5a7e8266f6a250dd5e62f985e8816fa72b0dd6a5152fe837a5794", kill_on_drop: false }`
[INFO] running `Command { std: "docker" "exec" "-e" "SOURCE_DIR=/opt/rustwide/workdir" "-e" "CARGO_HOME=/opt/rustwide/cargo-home" "-e" "RUSTUP_HOME=/opt/rustwide/rustup-home" "-e" "CARGO_TARGET_DIR=/opt/rustwide/target" "-w" "/opt/rustwide/workdir" "--user" "0:0" "49c79396ecc5a7e8266f6a250dd5e62f985e8816fa72b0dd6a5152fe837a5794" "/opt/rustwide/cargo-home/bin/cargo" "+3154cc1a3e6424e44f438a95007d043ed5ceaaf6" "metadata" "--no-deps" "--format-version=1", kill_on_drop: false }`
[INFO] running `Command { std: "docker" "inspect" "49c79396ecc5a7e8266f6a250dd5e62f985e8816fa72b0dd6a5152fe837a5794", kill_on_drop: false }`
[INFO] running `Command { std: "docker" "exec" "-e" "SOURCE_DIR=/opt/rustwide/workdir" "-e" "CARGO_HOME=/opt/rustwide/cargo-home" "-e" "RUSTUP_HOME=/opt/rustwide/rustup-home" "-e" "CARGO_TARGET_DIR=/opt/rustwide/target" "-e" "CARGO_INCREMENTAL=0" "-e" "RUST_BACKTRACE=full" "-e" "RUSTFLAGS=--cap-lints=forbid -Znext-solver=coherence" "-e" "RUSTDOCFLAGS=--cap-lints=forbid" "-w" "/opt/rustwide/workdir" "--user" "0:0" "49c79396ecc5a7e8266f6a250dd5e62f985e8816fa72b0dd6a5152fe837a5794" "/opt/rustwide/cargo-home/bin/cargo" "+3154cc1a3e6424e44f438a95007d043ed5ceaaf6" "check" "--frozen" "--all" "--all-targets" "--message-format=json", kill_on_drop: false }`
[INFO] [stderr]     Checking rand_core v0.10.1
[INFO] [stderr]     Checking typenum v1.20.1
[INFO] [stderr]     Checking cmov v0.5.4
[INFO] [stderr]     Checking const-oid v0.10.2
[INFO] [stderr]    Compiling getrandom v0.4.3
[INFO] [stderr]    Compiling cc v1.4.4
[INFO] [stderr]     Checking zeroize v1.9.0
[INFO] [stderr]    Compiling syn v2.0.119
[INFO] [stderr]    Compiling syn v3.0.3
[INFO] [stderr]    Compiling rustix v1.1.4
[INFO] [stderr]     Checking ctutils v0.4.2
[INFO] [stderr]     Checking getrandom v0.2.17
[INFO] [stderr]     Checking linux-raw-sys v0.12.1
[INFO] [stderr]     Checking rustls-pki-types v1.15.1
[INFO] [stderr]     Checking subtle v2.6.1
[INFO] [stderr]     Checking log v0.4.33
[INFO] [stderr]    Compiling zerocopy v0.8.55
[INFO] [stderr]     Checking time v0.3.55
[INFO] [stderr]    Compiling serde_core v1.0.229
[INFO] [stderr]    Compiling curve25519-dalek v5.0.0
[INFO] [stderr]     Checking chacha20 v0.10.2
[INFO] [stderr]     Checking tracing-core v0.1.36
[INFO] [stderr]    Compiling rustls v0.23.43
[INFO] [stderr]     Checking rand v0.10.2
[INFO] [stderr]     Checking hybrid-array v0.4.14
[INFO] [stderr]     Checking signature v3.0.0
[INFO] [stderr]     Checking slab v0.4.12
[INFO] [stderr]     Checking futures-core v0.3.34
[INFO] [stderr]    Compiling ring v0.17.14
[INFO] [stderr]     Checking futures-sink v0.3.34
[INFO] [stderr]     Checking block-buffer v0.12.1
[INFO] [stderr]     Checking crypto-common v0.2.2
[INFO] [stderr]     Checking futures-task v0.3.34
[INFO] [stderr]     Checking futures-util v0.3.34
[INFO] [stderr]     Checking digest v0.11.3
[INFO] [stderr]     Checking sha1 v0.11.0
[INFO] [stderr]     Checking sha2 v0.11.0
[INFO] [stderr]     Checking tempfile v3.27.0
[INFO] [stderr]     Checking hmac v0.13.0
[INFO] [stderr]     Checking hashbrown v0.14.5
[INFO] [stderr]     Checking ed25519 v3.0.0
[INFO] [stderr]     Checking yasna v0.6.0
[INFO] [stderr]    Compiling num-traits v0.2.19
[INFO] [stderr]     Checking regex-automata v0.4.18
[INFO] [stderr]     Checking wait-timeout v0.2.1
[INFO] [stderr]     Checking bit-vec v0.8.0
[INFO] [stderr]     Checking octseq v0.5.2
[INFO] [stderr]     Checking quick-error v1.2.3
[INFO] [stderr]     Checking rusty-fork v0.3.1
[INFO] [stderr]     Checking serde_json v1.0.151
[INFO] [stderr]     Checking bit-set v0.8.0
[INFO] [stderr]     Checking hkdf v0.13.0
[INFO] [stderr]     Checking fs4 v1.1.0
[INFO] [stderr]     Checking tracing-log v0.2.0
[INFO] [stderr]     Checking rand_xorshift v0.4.0
[INFO] [stderr]     Checking rand v0.9.5
[INFO] [stderr]    Compiling thiserror-impl v2.0.20
[INFO] [stderr]    Compiling tokio-macros v2.7.2
[INFO] [stderr]    Compiling serde_derive v1.0.229
[INFO] [stderr]     Checking secrecy v0.10.3
[INFO] [stderr]     Checking thread_local v1.1.10
[INFO] [stderr]     Checking unarray v0.1.4
[INFO] [stderr]     Checking nu-ansi-term v0.50.3
[INFO] [stderr]     Checking tokio v1.53.1
[INFO] [stderr]     Checking ppv-lite86 v0.2.21
[INFO] [stderr]     Checking base64 v0.23.1
[INFO] [stderr]     Checking matchers v0.2.0
[INFO] [stderr]     Checking rand_chacha v0.9.0
[INFO] [stderr]    Compiling tracing-attributes v0.1.31
[INFO] [stderr]    Compiling curve25519-dalek-derive v0.1.1
[INFO] [stderr]    Compiling domain-macros v0.11.1
[INFO] [stderr]     Checking thiserror v2.0.20
[INFO] [stderr]     Checking tungstenite v0.30.0
[INFO] [stderr]    Compiling minicbor-derive v0.19.5
[INFO] [stderr]     Checking rustls-webpki v0.103.14
[INFO] [stderr]     Checking rcgen v0.14.9
[INFO] [stderr]     Checking domain v0.11.1
[INFO] [stderr]     Checking proptest v1.11.0
[INFO] [stderr]     Checking ed25519-dalek v3.0.0
[INFO] [stderr]     Checking tracing v0.1.44
[INFO] [stderr]     Checking tracing-subscriber v0.3.23
[INFO] [stderr]     Checking serde v1.0.229
[INFO] [stderr]     Checking minicbor v2.3.0
[INFO] [stderr]     Checking tokio-tungstenite v0.30.0
[INFO] [stderr]     Checking tokio-rustls v0.26.4
[INFO] [stderr]     Checking radiata v0.0.2 (/opt/rustwide/workdir)
[INFO] [stdout] error[E0432]: unresolved import `radiata_test_support`
[INFO] [stdout]  --> src/simulation/fixture.rs:1:5
[INFO] [stdout]   |
[INFO] [stdout] 1 | use radiata_test_support::{
[INFO] [stdout]   |     ^^^^^^^^^^^^^^^^^^^^ use of unresolved module or unlinked crate `radiata_test_support`
[INFO] [stdout]   |
[INFO] [stdout]   = help: if you wanted to use a crate named `radiata_test_support`, use `cargo add radiata_test_support` to add it to your `Cargo.toml`
[INFO] [stdout] 
[INFO] [stdout] 
[INFO] [stdout] error[E0432]: unresolved import `radiata_test_support`
[INFO] [stdout]  --> src/simulation/artifact.rs:8:5
[INFO] [stdout]   |
[INFO] [stdout] 8 | use radiata_test_support::{
[INFO] [stdout]   |     ^^^^^^^^^^^^^^^^^^^^ use of unresolved module or unlinked crate `radiata_test_support`
[INFO] [stdout]   |
[INFO] [stdout]   = help: if you wanted to use a crate named `radiata_test_support`, use `cargo add radiata_test_support` to add it to your `Cargo.toml`
[INFO] [stdout] 
[INFO] [stdout] 
[INFO] [stdout] error[E0432]: unresolved import `radiata_test_support`
[INFO] [stdout]    --> src/simulation/artifact.rs:275:7
[INFO] [stdout]     |
[INFO] [stdout] 275 |   use radiata_test_support::MAX_ARTIFACT_BYTES;
[INFO] [stdout]     |       ^^^^^^^^^^^^^^^^^^^^ use of unresolved module or unlinked crate `radiata_test_support`
[INFO] [stdout]     |
[INFO] [stdout]     = help: if you wanted to use a crate named `radiata_test_support`, use `cargo add radiata_test_support` to add it to your `Cargo.toml`
[INFO] [stdout] 
[INFO] [stdout] 
[INFO] [stdout] error[E0432]: unresolved import `radiata_test_support`
[INFO] [stdout]    --> src/simulation/fixture.rs:289:7
[INFO] [stdout]     |
[INFO] [stdout] 289 |   use radiata_test_support::{
[INFO] [stdout]     |       ^^^^^^^^^^^^^^^^^^^^ use of unresolved module or unlinked crate `radiata_test_support`
[INFO] [stdout]     |
[INFO] [stdout]     = help: if you wanted to use a crate named `radiata_test_support`, use `cargo add radiata_test_support` to add it to your `Cargo.toml`
[INFO] [stdout] 
[INFO] [stdout] 
[INFO] [stdout] error[E0432]: unresolved import `radiata_test_support`
[INFO] [stdout]  --> src/simulation/redaction.rs:3:5
[INFO] [stdout]   |
[INFO] [stdout] 3 | use radiata_test_support::ForbiddenFieldClass;
[INFO] [stdout]   |     ^^^^^^^^^^^^^^^^^^^^ use of unresolved module or unlinked crate `radiata_test_support`
[INFO] [stdout]   |
[INFO] [stdout]   = help: if you wanted to use a crate named `radiata_test_support`, use `cargo add radiata_test_support` to add it to your `Cargo.toml`
[INFO] [stdout] 
[INFO] [stdout] 
[INFO] [stdout] error[E0432]: unresolved import `radiata_test_support`
[INFO] [stdout]   --> src/simulation/redaction.rs:37:7
[INFO] [stdout]    |
[INFO] [stdout] 37 |   use radiata_test_support::{
[INFO] [stdout]    |       ^^^^^^^^^^^^^^^^^^^^ use of unresolved module or unlinked crate `radiata_test_support`
[INFO] [stdout]    |
[INFO] [stdout]    = help: if you wanted to use a crate named `radiata_test_support`, use `cargo add radiata_test_support` to add it to your `Cargo.toml`
[INFO] [stdout] 
[INFO] [stdout] 
[INFO] [stdout] error[E0432]: unresolved import `radiata_test_support`
[INFO] [stdout]  --> src/simulation/scenario.rs:3:7
[INFO] [stdout]   |
[INFO] [stdout] 3 |   use radiata_test_support::{
[INFO] [stdout]   |       ^^^^^^^^^^^^^^^^^^^^ use of unresolved module or unlinked crate `radiata_test_support`
[INFO] [stdout]   |
[INFO] [stdout]   = help: if you wanted to use a crate named `radiata_test_support`, use `cargo add radiata_test_support` to add it to your `Cargo.toml`
[INFO] [stdout] 
[INFO] [stdout] 
[INFO] [stdout] For more information about this error, try `rustc --explain E0432`.
[INFO] [stdout] 
[INFO] [stderr] error: could not compile `radiata` (lib test) due to 7 previous errors
[INFO] [stderr] warning: build failed, waiting for other jobs to finish...
[INFO] running `Command { std: "docker" "inspect" "49c79396ecc5a7e8266f6a250dd5e62f985e8816fa72b0dd6a5152fe837a5794", kill_on_drop: false }`
[INFO] running `Command { std: "docker" "rm" "-f" "49c79396ecc5a7e8266f6a250dd5e62f985e8816fa72b0dd6a5152fe837a5794", kill_on_drop: false }`
[INFO] [stdout] 49c79396ecc5a7e8266f6a250dd5e62f985e8816fa72b0dd6a5152fe837a5794
