[INFO] fetching crate r2e-test 0.4.0...
[INFO] checking r2e-test-0.4.0 against 3154cc1a3e6424e44f438a95007d043ed5ceaaf6 for pr-133502-30
[INFO] extracting crate r2e-test 0.4.0 into /workspace/builds/worker-3-tc2/source
[INFO] started tweaking crates.io crate r2e-test 0.4.0
[INFO] removed 0 missing tests
[INFO] finished tweaking crates.io crate r2e-test 0.4.0
[INFO] tweaked toml for crates.io crate r2e-test 0.4.0 written to /workspace/builds/worker-3-tc2/source/Cargo.toml
[INFO] validating manifest of crates.io crate r2e-test 0.4.0 on toolchain 3154cc1a3e6424e44f438a95007d043ed5ceaaf6
[INFO] running `Command { std: CARGO_HOME="/workspace/cargo-home" RUSTUP_HOME="/workspace/rustup-home" "/workspace/cargo-home/bin/cargo" "+3154cc1a3e6424e44f438a95007d043ed5ceaaf6" "metadata" "--manifest-path" "Cargo.toml" "--no-deps", kill_on_drop: false }`
[INFO] crate crates.io crate r2e-test 0.4.0 already has a lockfile, it will not be regenerated
[INFO] running `Command { std: CARGO_HOME="/workspace/cargo-home" RUSTUP_HOME="/workspace/rustup-home" "/workspace/cargo-home/bin/cargo" "+3154cc1a3e6424e44f438a95007d043ed5ceaaf6" "fetch" "--manifest-path" "Cargo.toml", kill_on_drop: false }`
[INFO] [stderr] warning: `package.homepage` is redundant with `package.repository`
[INFO] [stderr]   --> Cargo.toml:75:12
[INFO] [stderr]    |
[INFO] [stderr] 75 | homepage = "https://github.com/plawn/r2e"
[INFO] [stderr]    |            ^^^^^^^^^^^^^^^^^^^^^^^^^^^^^^
[INFO] [stderr] ...
[INFO] [stderr] 80 | repository = "https://github.com/plawn/r2e"
[INFO] [stderr]    |              ------------------------------
[INFO] [stderr]    |
[INFO] [stderr]    = note: `cargo::redundant_homepage` is set to `warn` by default
[INFO] [stderr] help: consider removing `package.homepage`
[INFO] [stderr] warning: `r2e-test` (manifest) generated 1 warning
[INFO] running `Command { std: "docker" "create" "-v" "/var/lib/crater-agent-workspace/builds/worker-3-tc2/source:/opt/rustwide/workdir:ro,Z" "-v" "/var/lib/crater-agent-workspace/builds/worker-3-tc2/target:/opt/rustwide/target:rw,Z" "-v" "/var/lib/crater-agent-workspace/cargo-home:/opt/rustwide/cargo-home:ro,Z" "-v" "/var/lib/crater-agent-workspace/rustup-home:/opt/rustwide/rustup-home:ro,Z" "-m" "1610612736" "--network" "none" "ghcr.io/rust-lang/crates-build-env/linux@sha256:77db811e55d90add9212f6832c23229e3de5f1c1f9905e8cb07319ea15df73ac" "sleep" "infinity", kill_on_drop: false }`
[INFO] [stdout] c1515ac927b9ae0fcae03c96fac89bc45b58d16c7e6208a057b4d7c235fb79ff
[INFO] running `Command { std: "docker" "start" "c1515ac927b9ae0fcae03c96fac89bc45b58d16c7e6208a057b4d7c235fb79ff", kill_on_drop: false }`
[INFO] running `Command { std: "docker" "inspect" "c1515ac927b9ae0fcae03c96fac89bc45b58d16c7e6208a057b4d7c235fb79ff", kill_on_drop: false }`
[INFO] running `Command { std: "docker" "exec" "-e" "SOURCE_DIR=/opt/rustwide/workdir" "-e" "CARGO_HOME=/opt/rustwide/cargo-home" "-e" "RUSTUP_HOME=/opt/rustwide/rustup-home" "-e" "CARGO_TARGET_DIR=/opt/rustwide/target" "-w" "/opt/rustwide/workdir" "--user" "0:0" "c1515ac927b9ae0fcae03c96fac89bc45b58d16c7e6208a057b4d7c235fb79ff" "/opt/rustwide/cargo-home/bin/cargo" "+3154cc1a3e6424e44f438a95007d043ed5ceaaf6" "metadata" "--no-deps" "--format-version=1", kill_on_drop: false }`
[INFO] running `Command { std: "docker" "inspect" "c1515ac927b9ae0fcae03c96fac89bc45b58d16c7e6208a057b4d7c235fb79ff", kill_on_drop: false }`
[INFO] running `Command { std: "docker" "exec" "-e" "SOURCE_DIR=/opt/rustwide/workdir" "-e" "CARGO_HOME=/opt/rustwide/cargo-home" "-e" "RUSTUP_HOME=/opt/rustwide/rustup-home" "-e" "CARGO_TARGET_DIR=/opt/rustwide/target" "-e" "CARGO_INCREMENTAL=0" "-e" "RUST_BACKTRACE=full" "-e" "RUSTFLAGS=--cap-lints=forbid" "-e" "RUSTDOCFLAGS=--cap-lints=forbid" "-w" "/opt/rustwide/workdir" "--user" "0:0" "c1515ac927b9ae0fcae03c96fac89bc45b58d16c7e6208a057b4d7c235fb79ff" "/opt/rustwide/cargo-home/bin/cargo" "+3154cc1a3e6424e44f438a95007d043ed5ceaaf6" "check" "--frozen" "--all" "--all-targets" "--message-format=json", kill_on_drop: false }`
[INFO] [stderr] warning: `package.homepage` is redundant with `package.repository`
[INFO] [stderr]   --> Cargo.toml:75:12
[INFO] [stderr]    |
[INFO] [stderr] 75 | homepage = "https://github.com/plawn/r2e"
[INFO] [stderr]    |            ^^^^^^^^^^^^^^^^^^^^^^^^^^^^^^
[INFO] [stderr] ...
[INFO] [stderr] 80 | repository = "https://github.com/plawn/r2e"
[INFO] [stderr]    |              ------------------------------
[INFO] [stderr]    |
[INFO] [stderr]    = note: `cargo::redundant_homepage` is set to `warn` by default
[INFO] [stderr] help: consider removing `package.homepage`
[INFO] [stderr] warning: `r2e-test` (manifest) generated 1 warning
[INFO] [stderr]     Checking smallvec v1.15.2
[INFO] [stderr]     Checking bytes v1.12.0
[INFO] [stderr]     Checking log v0.4.33
[INFO] [stderr]    Compiling serde_core v1.0.228
[INFO] [stderr]    Compiling serde v1.0.228
[INFO] [stderr]     Checking futures-task v0.3.32
[INFO] [stderr]    Compiling syn v2.0.118
[INFO] [stderr]    Compiling aws-lc-rs v1.17.1
[INFO] [stderr]    Compiling serde_json v1.0.150
[INFO] [stderr]    Compiling cc v1.2.65
[INFO] [stderr]     Checking untrusted v0.7.1
[INFO] [stderr]     Checking sync_wrapper v1.0.2
[INFO] [stderr]     Checking memchr v2.8.2
[INFO] [stderr]    Compiling phf_shared v0.11.3
[INFO] [stderr]    Compiling rand v0.8.6
[INFO] [stderr]    Compiling num-traits v0.2.19
[INFO] [stderr]    Compiling rustls v0.23.41
[INFO] [stderr]     Checking regex-syntax v0.8.11
[INFO] [stderr]     Checking parking_lot_core v0.9.12
[INFO] [stderr]    Compiling winnow v1.0.3
[INFO] [stderr]    Compiling indexmap v2.14.0
[INFO] [stderr]    Compiling thiserror v2.0.18
[INFO] [stderr]    Compiling crossbeam-utils v0.8.21
[INFO] [stderr]     Checking parking_lot v0.12.5
[INFO] [stderr]     Checking bitflags v2.13.0
[INFO] [stderr]    Compiling iana-time-zone v0.1.65
[INFO] [stderr]     Checking http v1.4.2
[INFO] [stderr]    Compiling time-macros v0.2.31
[INFO] [stderr]     Checking castaway v0.2.4
[INFO] [stderr]     Checking matchit v0.8.4
[INFO] [stderr]    Compiling once_cell v1.21.4
[INFO] [stderr]    Compiling winnow v0.7.15
[INFO] [stderr]     Checking compact_str v0.9.1
[INFO] [stderr]     Checking getrandom v0.4.3
[INFO] [stderr]     Checking tracing-log v0.2.0
[INFO] [stderr]     Checking hashbrown v0.14.5
[INFO] [stderr]    Compiling phf_generator v0.11.3
[INFO] [stderr]     Checking num-integer v0.1.46
[INFO] [stderr]     Checking unsafe-libyaml v0.2.11
[INFO] [stderr]     Checking uuid v1.23.4
[INFO] [stderr]     Checking http-body v1.0.1
[INFO] [stderr]    Compiling cmake v0.1.58
[INFO] [stderr]     Checking http-body-util v0.1.3
[INFO] [stderr]    Compiling chrono v0.4.45
[INFO] [stderr]     Checking arc-swap v1.9.2
[INFO] [stderr]     Checking regex-automata v0.4.14
[INFO] [stderr]     Checking num-bigint v0.4.6
[INFO] [stderr]     Checking pem v3.0.6
[INFO] [stderr]     Checking dotenvy v0.15.7
[INFO] [stderr]     Checking signature v2.2.0
[INFO] [stderr]     Checking inventory v0.3.24
[INFO] [stderr]    Compiling aws-lc-sys v0.42.0
[INFO] [stderr]     Checking time v0.3.53
[INFO] [stderr]     Checking serde_path_to_error v0.1.20
[INFO] [stderr]     Checking dashmap v6.2.1
[INFO] [stderr]    Compiling toml_parser v1.1.2+spec-1.1.0
[INFO] [stderr]    Compiling toml_edit v0.25.12+spec-1.1.0
[INFO] [stderr]    Compiling proc-macro-crate v3.5.0
[INFO] [stderr]    Compiling regex v1.12.4
[INFO] [stderr]    Compiling synstructure v0.13.2
[INFO] [stderr]     Checking matchers v0.2.0
[INFO] [stderr]    Compiling zerofrom-derive v0.1.7
[INFO] [stderr]    Compiling yoke-derive v0.8.2
[INFO] [stderr]    Compiling tokio-macros v2.7.0
[INFO] [stderr]    Compiling zerovec-derive v0.11.3
[INFO] [stderr]    Compiling tracing-attributes v0.1.31
[INFO] [stderr]    Compiling displaydoc v0.2.6
[INFO] [stderr]    Compiling zeroize_derive v1.5.0
[INFO] [stderr]    Compiling serde_derive v1.0.228
[INFO] [stderr]    Compiling futures-macro v0.3.32
[INFO] [stderr]    Compiling phf_macros v0.11.3
[INFO] [stderr]    Compiling thiserror-impl v2.0.18
[INFO] [stderr]    Compiling garde_derive v0.23.0
[INFO] [stderr]     Checking tokio v1.52.3
[INFO] [stderr]     Checking zeroize v1.9.0
[INFO] [stderr]    Compiling phf v0.11.3
[INFO] [stderr]    Compiling cron v0.17.0
[INFO] [stderr]     Checking rustls-pki-types v1.15.0
[INFO] [stderr]     Checking futures-util v0.3.32
[INFO] [stderr]     Checking tracing v0.1.44
[INFO] [stderr]     Checking zerofrom v0.1.8
[INFO] [stderr]     Checking axum-core v0.5.6
[INFO] [stderr]     Checking rustls-native-certs v0.8.4
[INFO] [stderr]     Checking yoke v0.8.3
[INFO] [stderr]    Compiling r2e-macros v0.4.0
[INFO] [stderr]     Checking garde v0.23.0
[INFO] [stderr]     Checking zerovec v0.11.6
[INFO] [stderr]     Checking zerotrie v0.2.4
[INFO] [stderr]     Checking simple_asn1 v0.6.4
[INFO] [stderr]     Checking tinystr v0.8.3
[INFO] [stderr]     Checking potential_utf v0.1.5
[INFO] [stderr]     Checking icu_locale_core v2.2.0
[INFO] [stderr]     Checking icu_collections v2.2.0
[INFO] [stderr]     Checking icu_provider v2.2.0
[INFO] [stderr]     Checking serde_urlencoded v0.7.1
[INFO] [stderr]     Checking tracing-serde v0.2.0
[INFO] [stderr]     Checking serde_yaml v0.9.34+deprecated
[INFO] [stderr]     Checking tracing-subscriber v0.3.23
[INFO] [stderr]     Checking tower-http v0.7.0
[INFO] [stderr]     Checking icu_properties v2.2.0
[INFO] [stderr]     Checking icu_normalizer v2.2.0
[INFO] [stderr]     Checking idna_adapter v1.2.2
[INFO] [stderr]     Checking idna v1.1.0
[INFO] [stderr]     Checking url v2.5.8
[INFO] [stderr]     Checking hyper v1.10.1
[INFO] [stderr]     Checking tower v0.5.3
[INFO] [stderr]     Checking tokio-util v0.7.18
[INFO] [stderr]     Checking tokio-stream v0.1.18
[INFO] [stderr]     Checking tower-http v0.6.11
[INFO] [stderr]     Checking hyper-util v0.1.20
[INFO] [stderr]     Checking r2e-rt v0.4.0
[INFO] [stderr]     Checking axum v0.8.9
[INFO] [stderr]     Checking rustls-webpki v0.103.13
[INFO] [stderr]     Checking jsonwebtoken v10.4.0
[INFO] [stderr]     Checking tokio-rustls v0.26.4
[INFO] [stderr]     Checking rustls-platform-verifier v0.7.0
[INFO] [stderr]     Checking r2e-http v0.4.0
[INFO] [stderr]     Checking r2e-core v0.4.0
[INFO] [stderr]     Checking hyper-rustls v0.27.9
[INFO] [stderr]     Checking reqwest v0.13.4
[INFO] [stderr]     Checking r2e-security v0.4.0
[INFO] [stderr]     Checking r2e-test v0.4.0 (/opt/rustwide/workdir)
[INFO] [stdout] error[E0433]: cannot find module or crate `r2e` in this scope
[INFO] [stdout]    --> tests/shared_env.rs:155:3
[INFO] [stdout]     |
[INFO] [stdout] 155 | #[r2e::test(app = PingApp, env = PING_ENV.get().await, group = "shared-env-ping", order = 1)]
[INFO] [stdout]     |   ^^^ use of unresolved module or unlinked crate `r2e`
[INFO] [stdout] 
[INFO] [stdout] 
[INFO] [stdout] error[E0433]: cannot find module or crate `r2e` in this scope
[INFO] [stdout]    --> tests/shared_env.rs:161:3
[INFO] [stdout]     |
[INFO] [stdout] 161 | #[r2e::test(app = PingApp, env = PING_ENV.get().await, group = "shared-env-ping", order = 2)]
[INFO] [stdout]     |   ^^^ use of unresolved module or unlinked crate `r2e`
[INFO] [stdout] 
[INFO] [stdout] 
[INFO] [stdout] error[E0433]: cannot find module or crate `r2e` in this scope
[INFO] [stdout]    --> tests/shared_env.rs:183:3
[INFO] [stdout]     |
[INFO] [stdout] 183 | #[r2e::test_suite(app = PingApp, env = PING_ENV.get().await, tracing = false)]
[INFO] [stdout]     |   ^^^ use of unresolved module or unlinked crate `r2e`
[INFO] [stdout] 
[INFO] [stdout] 
[INFO] [stdout] error[E0433]: cannot find module or crate `r2e` in this scope
[INFO] [stdout]    --> tests/shared_env.rs:429:3
[INFO] [stdout]     |
[INFO] [stdout] 429 | #[r2e::test(app = UnitApp, env = UNIT_ENV.get().await)]
[INFO] [stdout]     |   ^^^ use of unresolved module or unlinked crate `r2e`
[INFO] [stdout] 
[INFO] [stdout] 
[INFO] [stdout] error[E0433]: cannot find module or crate `r2e` in this scope
[INFO] [stdout]   --> tests/suite.rs:23:5
[INFO] [stdout]    |
[INFO] [stdout] 23 | use r2e::rt::io::{AsyncReadExt, AsyncWriteExt};
[INFO] [stdout]    |     ^^^ use of unresolved module or unlinked crate `r2e`
[INFO] [stdout]    |
[INFO] [stdout]    = help: if you wanted to use a crate named `r2e`, use `cargo add r2e` to add it to your `Cargo.toml`
[INFO] [stdout] 
[INFO] [stdout] 
[INFO] [stdout] error[E0433]: cannot find module or crate `r2e` in this scope
[INFO] [stdout]   --> tests/suite.rs:24:5
[INFO] [stdout]    |
[INFO] [stdout] 24 | use r2e::rt::sync::mpsc;
[INFO] [stdout]    |     ^^^ use of unresolved module or unlinked crate `r2e`
[INFO] [stdout]    |
[INFO] [stdout]    = help: if you wanted to use a crate named `r2e`, use `cargo add r2e` to add it to your `Cargo.toml`
[INFO] [stdout] 
[INFO] [stdout] 
[INFO] [stdout] error[E0433]: cannot find module or crate `r2e` in this scope
[INFO] [stdout]   --> tests/suite.rs:25:5
[INFO] [stdout]    |
[INFO] [stdout] 25 | use r2e::rt::{self, TcpListener, TcpStream};
[INFO] [stdout]    |     ^^^ use of unresolved module or unlinked crate `r2e`
[INFO] [stdout]    |
[INFO] [stdout]    = help: if you wanted to use a crate named `r2e`, use `cargo add r2e` to add it to your `Cargo.toml`
[INFO] [stdout] 
[INFO] [stdout] 
[INFO] [stdout] error[E0433]: cannot find module or crate `r2e` in this scope
[INFO] [stdout]   --> tests/suite.rs:58:3
[INFO] [stdout]    |
[INFO] [stdout] 58 | #[r2e::test_suite(tracing = false)]
[INFO] [stdout]    |   ^^^ use of unresolved module or unlinked crate `r2e`
[INFO] [stdout] 
[INFO] [stdout] 
[INFO] [stdout] error[E0433]: cannot find module or crate `r2e` in this scope
[INFO] [stdout]    --> tests/suite.rs:130:3
[INFO] [stdout]     |
[INFO] [stdout] 130 | #[r2e::test_suite(tracing = false)]
[INFO] [stdout]     |   ^^^ use of unresolved module or unlinked crate `r2e`
[INFO] [stdout] 
[INFO] [stdout] 
[INFO] [stdout] error[E0433]: cannot find module or crate `r2e` in this scope
[INFO] [stdout]    --> tests/suite.rs:179:3
[INFO] [stdout]     |
[INFO] [stdout] 179 | #[r2e::test_suite(tracing = false)]
[INFO] [stdout]     |   ^^^ use of unresolved module or unlinked crate `r2e`
[INFO] [stdout] 
[INFO] [stdout] 
[INFO] [stdout] error[E0433]: cannot find module or crate `r2e` in this scope
[INFO] [stdout]    --> tests/suite.rs:220:3
[INFO] [stdout]     |
[INFO] [stdout] 220 | #[r2e::test_suite(tracing = false, flavor = "current_thread", start_paused = true)]
[INFO] [stdout]     |   ^^^ use of unresolved module or unlinked crate `r2e`
[INFO] [stdout] 
[INFO] [stdout] 
[INFO] [stdout] error: cannot find attribute `before_all` in this scope
[INFO] [stdout]   --> tests/suite.rs:60:7
[INFO] [stdout]    |
[INFO] [stdout] 60 |     #[before_all]
[INFO] [stdout]    |       ^^^^^^^^^^
[INFO] [stdout]    |
[INFO] [stdout] help: consider importing this attribute macro
[INFO] [stdout]    |
[INFO] [stdout] 17 + use r2e_core::prelude::before_all;
[INFO] [stdout]    |
[INFO] [stdout] 
[INFO] [stdout] 
[INFO] [stdout] error: cannot find attribute `case` in this scope
[INFO] [stdout]   --> tests/suite.rs:82:7
[INFO] [stdout]    |
[INFO] [stdout] 82 |     #[case]
[INFO] [stdout]    |       ^^^^
[INFO] [stdout]    |
[INFO] [stdout] help: consider importing this attribute macro
[INFO] [stdout]    |
[INFO] [stdout] 17 + use r2e_core::prelude::case;
[INFO] [stdout]    |
[INFO] [stdout] 
[INFO] [stdout] 
[INFO] [stdout] error: cannot find attribute `case` in this scope
[INFO] [stdout]   --> tests/suite.rs:87:7
[INFO] [stdout]    |
[INFO] [stdout] 87 |     #[case]
[INFO] [stdout]    |       ^^^^
[INFO] [stdout]    |
[INFO] [stdout] help: consider importing this attribute macro
[INFO] [stdout]    |
[INFO] [stdout] 17 + use r2e_core::prelude::case;
[INFO] [stdout]    |
[INFO] [stdout] 
[INFO] [stdout] 
[INFO] [stdout] error: cannot find attribute `case` in this scope
[INFO] [stdout]   --> tests/suite.rs:92:7
[INFO] [stdout]    |
[INFO] [stdout] 92 |     #[case]
[INFO] [stdout]    |       ^^^^
[INFO] [stdout]    |
[INFO] [stdout] help: consider importing this attribute macro
[INFO] [stdout]    |
[INFO] [stdout] 17 + use r2e_core::prelude::case;
[INFO] [stdout]    |
[INFO] [stdout] 
[INFO] [stdout] 
[INFO] [stdout] error: cannot find attribute `before_all` in this scope
[INFO] [stdout]    --> tests/shared_env.rs:185:7
[INFO] [stdout]     |
[INFO] [stdout] 185 |     #[before_all]
[INFO] [stdout]     |       ^^^^^^^^^^
[INFO] [stdout]     |
[INFO] [stdout] help: consider importing this attribute macro
[INFO] [stdout]     |
[INFO] [stdout]  19 + use r2e_core::prelude::before_all;
[INFO] [stdout]     |
[INFO] [stdout] 
[INFO] [stdout] 
[INFO] [stdout] error: cannot find attribute `after_all` in this scope
[INFO] [stdout]   --> tests/suite.rs:97:7
[INFO] [stdout]    |
[INFO] [stdout] 97 |     #[after_all]
[INFO] [stdout]    |       ^^^^^^^^^
[INFO] [stdout]    |
[INFO] [stdout] help: consider importing this attribute macro
[INFO] [stdout]    |
[INFO] [stdout] 17 + use r2e_core::prelude::after_all;
[INFO] [stdout]    |
[INFO] [stdout] 
[INFO] [stdout] 
[INFO] [stdout] error: cannot find attribute `before_all` in this scope
[INFO] [stdout]    --> tests/suite.rs:132:7
[INFO] [stdout]     |
[INFO] [stdout] 132 |     #[before_all]
[INFO] [stdout]     |       ^^^^^^^^^^
[INFO] [stdout]     |
[INFO] [stdout] help: consider importing this attribute macro
[INFO] [stdout]     |
[INFO] [stdout]  17 + use r2e_core::prelude::before_all;
[INFO] [stdout]     |
[INFO] [stdout] 
[INFO] [stdout] 
[INFO] [stdout] error: cannot find attribute `case` in this scope
[INFO] [stdout]    --> tests/suite.rs:149:7
[INFO] [stdout]     |
[INFO] [stdout] 149 |     #[case]
[INFO] [stdout]     |       ^^^^
[INFO] [stdout]     |
[INFO] [stdout] help: consider importing this attribute macro
[INFO] [stdout]     |
[INFO] [stdout]  17 + use r2e_core::prelude::case;
[INFO] [stdout]     |
[INFO] [stdout] 
[INFO] [stdout] 
[INFO] [stdout] error: cannot find attribute `case` in this scope
[INFO] [stdout]    --> tests/suite.rs:154:7
[INFO] [stdout]     |
[INFO] [stdout] 154 |     #[case]
[INFO] [stdout]     |       ^^^^
[INFO] [stdout]     |
[INFO] [stdout] help: consider importing this attribute macro
[INFO] [stdout]     |
[INFO] [stdout]  17 + use r2e_core::prelude::case;
[INFO] [stdout]     |
[INFO] [stdout] 
[INFO] [stdout] 
[INFO] [stdout] error: cannot find attribute `case` in this scope
[INFO] [stdout]    --> tests/shared_env.rs:198:7
[INFO] [stdout]     |
[INFO] [stdout] 198 |     #[case]
[INFO] [stdout]     |       ^^^^
[INFO] [stdout]     |
[INFO] [stdout] help: consider importing this attribute macro
[INFO] [stdout]     |
[INFO] [stdout]  19 + use r2e_core::prelude::case;
[INFO] [stdout]     |
[INFO] [stdout] 
[INFO] [stdout] 
[INFO] [stdout] error: cannot find attribute `after_all` in this scope
[INFO] [stdout]    --> tests/suite.rs:159:7
[INFO] [stdout]     |
[INFO] [stdout] 159 |     #[after_all]
[INFO] [stdout]     |       ^^^^^^^^^
[INFO] [stdout]     |
[INFO] [stdout] help: consider importing this attribute macro
[INFO] [stdout]     |
[INFO] [stdout]  17 + use r2e_core::prelude::after_all;
[INFO] [stdout]     |
[INFO] [stdout] 
[INFO] [stdout] 
[INFO] [stdout] error: cannot find attribute `case` in this scope
[INFO] [stdout]    --> tests/suite.rs:181:7
[INFO] [stdout]     |
[INFO] [stdout] 181 |     #[case(order = 10)]
[INFO] [stdout]     |       ^^^^
[INFO] [stdout]     |
[INFO] [stdout] help: consider importing this attribute macro
[INFO] [stdout]     |
[INFO] [stdout]  17 + use r2e_core::prelude::case;
[INFO] [stdout]     |
[INFO] [stdout] 
[INFO] [stdout] 
[INFO] [stdout] error: cannot find attribute `case` in this scope
[INFO] [stdout]    --> tests/suite.rs:191:7
[INFO] [stdout]     |
[INFO] [stdout] 191 |     #[case(order = 20)]
[INFO] [stdout]     |       ^^^^
[INFO] [stdout]     |
[INFO] [stdout] help: consider importing this attribute macro
[INFO] [stdout]     |
[INFO] [stdout]  17 + use r2e_core::prelude::case;
[INFO] [stdout]     |
[INFO] [stdout] 
[INFO] [stdout] 
[INFO] [stdout] error: cannot find attribute `after_all` in this scope
[INFO] [stdout]    --> tests/suite.rs:200:7
[INFO] [stdout]     |
[INFO] [stdout] 200 |     #[after_all]
[INFO] [stdout]     |       ^^^^^^^^^
[INFO] [stdout]     |
[INFO] [stdout] help: consider importing this attribute macro
[INFO] [stdout]     |
[INFO] [stdout]  17 + use r2e_core::prelude::after_all;
[INFO] [stdout]     |
[INFO] [stdout] 
[INFO] [stdout] 
[INFO] [stdout] error: cannot find attribute `before_all` in this scope
[INFO] [stdout]    --> tests/suite.rs:222:7
[INFO] [stdout]     |
[INFO] [stdout] 222 |     #[before_all]
[INFO] [stdout]     |       ^^^^^^^^^^
[INFO] [stdout]     |
[INFO] [stdout] help: consider importing this attribute macro
[INFO] [stdout]     |
[INFO] [stdout]  17 + use r2e_core::prelude::before_all;
[INFO] [stdout]     |
[INFO] [stdout] 
[INFO] [stdout] 
[INFO] [stdout] error: cannot find attribute `case` in this scope
[INFO] [stdout]    --> tests/suite.rs:229:7
[INFO] [stdout]     |
[INFO] [stdout] 229 |     #[case(order = 10)]
[INFO] [stdout]     |       ^^^^
[INFO] [stdout]     |
[INFO] [stdout] help: consider importing this attribute macro
[INFO] [stdout]     |
[INFO] [stdout]  17 + use r2e_core::prelude::case;
[INFO] [stdout]     |
[INFO] [stdout] 
[INFO] [stdout] 
[INFO] [stdout] error: cannot find attribute `case` in this scope
[INFO] [stdout]    --> tests/suite.rs:235:7
[INFO] [stdout]     |
[INFO] [stdout] 235 |     #[case(order = 20)]
[INFO] [stdout]     |       ^^^^
[INFO] [stdout]     |
[INFO] [stdout] help: consider importing this attribute macro
[INFO] [stdout]     |
[INFO] [stdout]  17 + use r2e_core::prelude::case;
[INFO] [stdout]     |
[INFO] [stdout] 
[INFO] [stdout] 
[INFO] [stdout] error: cannot find attribute `case` in this scope
[INFO] [stdout]    --> tests/shared_env.rs:204:7
[INFO] [stdout]     |
[INFO] [stdout] 204 |     #[case]
[INFO] [stdout]     |       ^^^^
[INFO] [stdout]     |
[INFO] [stdout] help: consider importing this attribute macro
[INFO] [stdout]     |
[INFO] [stdout]  19 + use r2e_core::prelude::case;
[INFO] [stdout]     |
[INFO] [stdout] 
[INFO] [stdout] 
[INFO] [stdout] error: cannot find attribute `after_all` in this scope
[INFO] [stdout]    --> tests/suite.rs:245:7
[INFO] [stdout]     |
[INFO] [stdout] 245 |     #[after_all]
[INFO] [stdout]     |       ^^^^^^^^^
[INFO] [stdout]     |
[INFO] [stdout] help: consider importing this attribute macro
[INFO] [stdout]     |
[INFO] [stdout]  17 + use r2e_core::prelude::after_all;
[INFO] [stdout]     |
[INFO] [stdout] 
[INFO] [stdout] 
[INFO] [stdout] error: cannot find attribute `after_all` in this scope
[INFO] [stdout]    --> tests/shared_env.rs:210:7
[INFO] [stdout]     |
[INFO] [stdout] 210 |     #[after_all]
[INFO] [stdout]     |       ^^^^^^^^^
[INFO] [stdout]     |
[INFO] [stdout] help: consider importing this attribute macro
[INFO] [stdout]     |
[INFO] [stdout]  19 + use r2e_core::prelude::after_all;
[INFO] [stdout]     |
[INFO] [stdout] 
[INFO] [stdout] 
[INFO] [stdout] warning: the `should_panic` attribute cannot be used on inherent methods
[INFO] [stdout]    --> tests/suite.rs:182:7
[INFO] [stdout]     |
[INFO] [stdout] 182 |     #[should_panic(expected = "deliberate")]
[INFO] [stdout]     |       ^^^^^^^^^^^^
[INFO] [stdout]     |
[INFO] [stdout]     = help: the `should_panic` attribute can only be applied to functions
[INFO] [stdout]     = warning: this was previously accepted by the compiler but is being phased out; it will become a hard error in a future release!
[INFO] [stdout]     = note: `#[warn(unused_attributes)]` (part of `#[warn(unused)]`) on by default
[INFO] [stdout] 
[INFO] [stdout] 
[INFO] [stdout] error[E0433]: cannot find module or crate `r2e` in this scope
[INFO] [stdout]    --> tests/boot.rs:662:3
[INFO] [stdout]     |
[INFO] [stdout] 662 | #[r2e::test(app = PlainEnvApp, env = shared_env().await)]
[INFO] [stdout]     |   ^^^ use of unresolved module or unlinked crate `r2e`
[INFO] [stdout] 
[INFO] [stdout] 
[INFO] [stdout] error[E0433]: cannot find module or crate `r2e` in this scope
[INFO] [stdout]    --> tests/boot.rs:668:3
[INFO] [stdout]     |
[INFO] [stdout] 668 | #[r2e::test(app = PlainEnvApp, env = shared_env().await, with = |b| b.override_bean(Greeter { origin: "mock" }))]
[INFO] [stdout]     |   ^^^ use of unresolved module or unlinked crate `r2e`
[INFO] [stdout] 
[INFO] [stdout] 
[INFO] [stdout] For more information about this error, try `rustc --explain E0433`.
[INFO] [stdout] 
[INFO] [stderr] error: could not compile `r2e-test` (test "suite") due to 23 previous errors; 1 warning emitted
[INFO] [stderr] warning: build failed, waiting for other jobs to finish...
[INFO] [stdout] For more information about this error, try `rustc --explain E0433`.
[INFO] [stdout] 
[INFO] [stderr] error: could not compile `r2e-test` (test "shared_env") due to 8 previous errors
[INFO] [stdout] For more information about this error, try `rustc --explain E0433`.
[INFO] [stdout] 
[INFO] [stderr] error: could not compile `r2e-test` (test "boot") due to 2 previous errors
[INFO] running `Command { std: "docker" "inspect" "c1515ac927b9ae0fcae03c96fac89bc45b58d16c7e6208a057b4d7c235fb79ff", kill_on_drop: false }`
[INFO] running `Command { std: "docker" "rm" "-f" "c1515ac927b9ae0fcae03c96fac89bc45b58d16c7e6208a057b4d7c235fb79ff", kill_on_drop: false }`
[INFO] [stdout] c1515ac927b9ae0fcae03c96fac89bc45b58d16c7e6208a057b4d7c235fb79ff
