[INFO] fetching crate quickjs-jit-runtime 0.12.6...
[INFO] checking quickjs-jit-runtime-0.12.6 against 3154cc1a3e6424e44f438a95007d043ed5ceaaf6+rustflags=-Znext-solver=coherence for pr-133502-30
[INFO] extracting crate quickjs-jit-runtime 0.12.6 into /workspace/builds/worker-6-tc1/source
[INFO] started tweaking crates.io crate quickjs-jit-runtime 0.12.6
[INFO] removed 0 missing examples
[INFO] removed 0 missing tests
[INFO] finished tweaking crates.io crate quickjs-jit-runtime 0.12.6
[INFO] tweaked toml for crates.io crate quickjs-jit-runtime 0.12.6 written to /workspace/builds/worker-6-tc1/source/Cargo.toml
[INFO] validating manifest of crates.io crate quickjs-jit-runtime 0.12.6 on toolchain 3154cc1a3e6424e44f438a95007d043ed5ceaaf6
[INFO] running `Command { std: CARGO_HOME="/workspace/cargo-home" RUSTUP_HOME="/workspace/rustup-home" "/workspace/cargo-home/bin/cargo" "+3154cc1a3e6424e44f438a95007d043ed5ceaaf6" "metadata" "--manifest-path" "Cargo.toml" "--no-deps", kill_on_drop: false }`
[INFO] crate crates.io crate quickjs-jit-runtime 0.12.6 already has a lockfile, it will not be regenerated
[INFO] running `Command { std: CARGO_HOME="/workspace/cargo-home" RUSTUP_HOME="/workspace/rustup-home" "/workspace/cargo-home/bin/cargo" "+3154cc1a3e6424e44f438a95007d043ed5ceaaf6" "fetch" "--manifest-path" "Cargo.toml", kill_on_drop: false }`
[INFO] [stderr]     Blocking waiting for file lock on package cache
[INFO] [stderr]     Updating crates.io index
[INFO] [stderr]  Downloading crates ...
[INFO] [stderr]   Downloaded target-triple v1.0.1
[INFO] [stderr]   Downloaded trybuild v1.0.120
[INFO] [stderr]   Downloaded quickjs-jit-core v0.12.6
[INFO] [stderr]   Downloaded cranelift-bitset v0.116.1
[INFO] [stderr]   Downloaded cranelift-codegen-shared v0.116.1
[INFO] [stderr]   Downloaded cranelift-object v0.116.1
[INFO] [stderr]   Downloaded cranelift-control v0.116.1
[INFO] [stderr]   Downloaded cranelift-entity v0.116.1
[INFO] [stderr]   Downloaded cranelift-module v0.116.1
[INFO] [stderr]   Downloaded cranelift-isle v0.116.1
[INFO] [stderr]   Downloaded cranelift-native v0.116.1
[INFO] [stderr]   Downloaded cranelift-bforest v0.116.1
[INFO] [stderr]   Downloaded regalloc2 v0.11.2
[INFO] [stderr]   Downloaded cranelift-frontend v0.116.1
[INFO] [stderr]   Downloaded cranelift-codegen-meta v0.116.1
[INFO] [stderr]   Downloaded quickjs-jit-sys v0.12.6
[INFO] [stderr]   Downloaded cranelift-codegen v0.116.1
[INFO] running `Command { std: "docker" "create" "-v" "/var/lib/crater-agent-workspace/builds/worker-6-tc1/source:/opt/rustwide/workdir:ro,Z" "-v" "/var/lib/crater-agent-workspace/builds/worker-6-tc1/target:/opt/rustwide/target:rw,Z" "-v" "/var/lib/crater-agent-workspace/cargo-home:/opt/rustwide/cargo-home:ro,Z" "-v" "/var/lib/crater-agent-workspace/rustup-home:/opt/rustwide/rustup-home:ro,Z" "-m" "1610612736" "--network" "none" "ghcr.io/rust-lang/crates-build-env/linux@sha256:77db811e55d90add9212f6832c23229e3de5f1c1f9905e8cb07319ea15df73ac" "sleep" "infinity", kill_on_drop: false }`
[INFO] [stdout] 23d216e9a50ca47ecc69584e6041daeaf78f7ba00af80b07741a70584639b711
[INFO] running `Command { std: "docker" "start" "23d216e9a50ca47ecc69584e6041daeaf78f7ba00af80b07741a70584639b711", kill_on_drop: false }`
[INFO] running `Command { std: "docker" "inspect" "23d216e9a50ca47ecc69584e6041daeaf78f7ba00af80b07741a70584639b711", kill_on_drop: false }`
[INFO] running `Command { std: "docker" "exec" "-e" "SOURCE_DIR=/opt/rustwide/workdir" "-e" "CARGO_HOME=/opt/rustwide/cargo-home" "-e" "RUSTUP_HOME=/opt/rustwide/rustup-home" "-e" "CARGO_TARGET_DIR=/opt/rustwide/target" "-w" "/opt/rustwide/workdir" "--user" "0:0" "23d216e9a50ca47ecc69584e6041daeaf78f7ba00af80b07741a70584639b711" "/opt/rustwide/cargo-home/bin/cargo" "+3154cc1a3e6424e44f438a95007d043ed5ceaaf6" "metadata" "--no-deps" "--format-version=1", kill_on_drop: false }`
[INFO] running `Command { std: "docker" "inspect" "23d216e9a50ca47ecc69584e6041daeaf78f7ba00af80b07741a70584639b711", kill_on_drop: false }`
[INFO] running `Command { std: "docker" "exec" "-e" "SOURCE_DIR=/opt/rustwide/workdir" "-e" "CARGO_HOME=/opt/rustwide/cargo-home" "-e" "RUSTUP_HOME=/opt/rustwide/rustup-home" "-e" "CARGO_TARGET_DIR=/opt/rustwide/target" "-e" "CARGO_INCREMENTAL=0" "-e" "RUST_BACKTRACE=full" "-e" "RUSTFLAGS=--cap-lints=forbid -Znext-solver=coherence" "-e" "RUSTDOCFLAGS=--cap-lints=forbid" "-w" "/opt/rustwide/workdir" "--user" "0:0" "23d216e9a50ca47ecc69584e6041daeaf78f7ba00af80b07741a70584639b711" "/opt/rustwide/cargo-home/bin/cargo" "+3154cc1a3e6424e44f438a95007d043ed5ceaaf6" "check" "--frozen" "--all" "--all-targets" "--message-format=json", kill_on_drop: false }`
[INFO] [stderr]    Compiling serde_core v1.0.229
[INFO] [stderr]    Compiling find-msvc-tools v0.1.11
[INFO] [stderr]    Compiling serde v1.0.229
[INFO] [stderr]    Compiling serde_json v1.0.151
[INFO] [stderr]    Compiling crossbeam-utils v0.8.22
[INFO] [stderr]     Checking memchr v2.8.3
[INFO] [stderr]    Compiling zerocopy v0.8.56
[INFO] [stderr]     Checking hashbrown v0.17.1
[INFO] [stderr]    Compiling crossbeam-epoch v0.9.20
[INFO] [stderr]    Compiling crossbeam-deque v0.8.7
[INFO] [stderr]     Checking relative-path v2.0.1
[INFO] [stderr]    Compiling rayon-core v1.13.0
[INFO] [stderr]    Compiling syn v3.0.4
[INFO] [stderr]    Compiling syn v2.0.119
[INFO] [stderr]    Compiling num-traits v0.2.19
[INFO] [stderr]     Checking plotters-backend v0.3.7
[INFO] [stderr]     Checking regex-syntax v0.8.11
[INFO] [stderr]     Checking winnow v1.0.4
[INFO] [stderr]    Compiling target-triple v1.0.1
[INFO] [stderr]    Compiling cc v1.4.4
[INFO] [stderr]     Checking clap_builder v4.6.6
[INFO] [stderr]     Checking plotters-svg v0.3.7
[INFO] [stderr]     Checking itertools v0.10.5
[INFO] [stderr]     Checking toml_writer v1.1.2+spec-1.1.0
[INFO] [stderr]     Checking cast v0.3.0
[INFO] [stderr]     Checking is-terminal v0.4.17
[INFO] [stderr]     Checking oorandom v11.1.5
[INFO] [stderr]     Checking glob v0.3.4
[INFO] [stderr]     Checking anes v0.1.6
[INFO] [stderr]     Checking toml_parser v1.1.3+spec-1.1.0
[INFO] [stderr]     Checking indexmap v2.14.1
[INFO] [stderr]     Checking plotters v0.3.7
[INFO] [stderr]     Checking rayon v1.12.0
[INFO] [stderr]    Compiling quickjs-jit-sys v0.12.6
[INFO] [stderr]     Checking regex-automata v0.4.18
[INFO] [stderr]     Checking toml_datetime v1.1.1+spec-1.1.0
[INFO] [stderr]     Checking serde_spanned v1.1.1
[INFO] [stderr]     Checking toml v1.1.4+spec-1.1.0
[INFO] [stderr]     Checking clap v4.6.6
[INFO] [stderr]     Checking criterion-plot v0.5.0
[INFO] [stderr]    Compiling serde_derive v1.0.229
[INFO] [stderr]     Checking regex v1.13.1
[INFO] [stderr]    Compiling zerocopy-derive v0.8.56
[INFO] [stderr]     Checking serde_yaml v0.9.34+deprecated
[INFO] [stderr]     Checking tinytemplate v1.2.1
[INFO] [stderr]     Checking trybuild v1.0.120
[INFO] [stderr]     Checking half v2.7.1
[INFO] [stderr]     Checking quickjs-jit-core v0.12.6
[INFO] [stderr]     Checking ciborium-ll v0.2.2
[INFO] [stderr]    Compiling quickjs-jit-runtime v0.12.6 (/opt/rustwide/workdir)
[INFO] [stderr]     Checking ciborium v0.2.2
[INFO] [stderr]     Checking criterion v0.5.1
[INFO] [stdout] error[E0432]: unresolved import `rquickjs`
[INFO] [stdout]  --> benches/algorithms.rs:2:5
[INFO] [stdout]   |
[INFO] [stdout] 2 | use rquickjs::{Context, Runtime};
[INFO] [stdout]   |     ^^^^^^^^ use of unresolved module or unlinked crate `rquickjs`
[INFO] [stdout]   |
[INFO] [stdout]   = help: if you wanted to use a crate named `rquickjs`, use `cargo add rquickjs` to add it to your `Cargo.toml`
[INFO] [stdout] 
[INFO] [stdout] 
[INFO] [stdout] For more information about this error, try `rustc --explain E0432`.
[INFO] [stdout] 
[INFO] [stderr] error: could not compile `quickjs-jit-runtime` (bench "algorithms") due to 1 previous error
[INFO] [stderr] warning: build failed, waiting for other jobs to finish...
[INFO] [stdout] error[E0432]: unresolved import `rquickjs`
[INFO] [stdout]  --> tests/regressions.rs:1:5
[INFO] [stdout]   |
[INFO] [stdout] 1 | use rquickjs::{Context, Runtime};
[INFO] [stdout]   |     ^^^^^^^^ use of unresolved module or unlinked crate `rquickjs`
[INFO] [stdout]   |
[INFO] [stdout]   = help: if you wanted to use a crate named `rquickjs`, use `cargo add rquickjs` to add it to your `Cargo.toml`
[INFO] [stdout] 
[INFO] [stdout] 
[INFO] [stdout] For more information about this error, try `rustc --explain E0432`.
[INFO] [stdout] 
[INFO] [stdout] error[E0432]: unresolved import `rquickjs`
[INFO] [stdout]  --> tests/runtime_feedback.rs:4:5
[INFO] [stdout]   |
[INFO] [stdout] 4 | use rquickjs::{Context, Runtime};
[INFO] [stdout]   |     ^^^^^^^^ use of unresolved module or unlinked crate `rquickjs`
[INFO] [stdout]   |
[INFO] [stdout]   = help: if you wanted to use a crate named `rquickjs`, use `cargo add rquickjs` to add it to your `Cargo.toml`
[INFO] [stdout] 
[INFO] [stdout] 
[INFO] [stderr] error: could not compile `quickjs-jit-runtime` (test "regressions") due to 1 previous error
[INFO] [stdout] error[E0432]: unresolved import `rquickjs`
[INFO] [stdout]   --> tests/platform.rs:22:5
[INFO] [stdout]    |
[INFO] [stdout] 22 | use rquickjs::{Context, Runtime};
[INFO] [stdout]    |     ^^^^^^^^ use of unresolved module or unlinked crate `rquickjs`
[INFO] [stdout]    |
[INFO] [stdout]    = help: if you wanted to use a crate named `rquickjs`, use `cargo add rquickjs` to add it to your `Cargo.toml`
[INFO] [stdout] 
[INFO] [stdout] 
[INFO] [stdout] error[E0432]: unresolved import `rquickjs`
[INFO] [stdout]  --> benches/tiering.rs:2:5
[INFO] [stdout]   |
[INFO] [stdout] 2 | use rquickjs::{Context, Runtime};
[INFO] [stdout]   |     ^^^^^^^^ use of unresolved module or unlinked crate `rquickjs`
[INFO] [stdout]   |
[INFO] [stdout]   = help: if you wanted to use a crate named `rquickjs`, use `cargo add rquickjs` to add it to your `Cargo.toml`
[INFO] [stdout] 
[INFO] [stdout] 
[INFO] [stdout] For more information about this error, try `rustc --explain E0432`.
[INFO] [stdout] 
[INFO] [stderr] error: could not compile `quickjs-jit-runtime` (bench "tiering") due to 1 previous error
[INFO] [stdout] For more information about this error, try `rustc --explain E0432`.
[INFO] [stdout] 
[INFO] [stderr] error: could not compile `quickjs-jit-runtime` (test "runtime_feedback") due to 1 previous error
[INFO] [stdout] For more information about this error, try `rustc --explain E0432`.
[INFO] [stdout] 
[INFO] [stdout] error[E0432]: unresolved import `rquickjs`
[INFO] [stdout]   --> tests/lifecycle.rs:10:5
[INFO] [stdout]    |
[INFO] [stdout] 10 | use rquickjs::{Context, Function, Runtime};
[INFO] [stdout]    |     ^^^^^^^^ use of unresolved module or unlinked crate `rquickjs`
[INFO] [stdout]    |
[INFO] [stdout]    = help: if you wanted to use a crate named `rquickjs`, use `cargo add rquickjs` to add it to your `Cargo.toml`
[INFO] [stdout] 
[INFO] [stdout] 
[INFO] [stderr] error: could not compile `quickjs-jit-runtime` (test "platform") due to 1 previous error
[INFO] [stdout] For more information about this error, try `rustc --explain E0432`.
[INFO] [stdout] 
[INFO] [stderr] error: could not compile `quickjs-jit-runtime` (test "lifecycle") due to 1 previous error
[INFO] running `Command { std: "docker" "inspect" "23d216e9a50ca47ecc69584e6041daeaf78f7ba00af80b07741a70584639b711", kill_on_drop: false }`
[INFO] running `Command { std: "docker" "rm" "-f" "23d216e9a50ca47ecc69584e6041daeaf78f7ba00af80b07741a70584639b711", kill_on_drop: false }`
[INFO] [stdout] 23d216e9a50ca47ecc69584e6041daeaf78f7ba00af80b07741a70584639b711
