[INFO] fetching crate quarb-web 0.32.0...
[INFO] checking quarb-web-0.32.0 against 3154cc1a3e6424e44f438a95007d043ed5ceaaf6 for pr-133502-30
[INFO] extracting crate quarb-web 0.32.0 into /workspace/builds/worker-4-tc2/source
[INFO] started tweaking crates.io crate quarb-web 0.32.0
[INFO] removed 0 missing tests
[INFO] finished tweaking crates.io crate quarb-web 0.32.0
[INFO] tweaked toml for crates.io crate quarb-web 0.32.0 written to /workspace/builds/worker-4-tc2/source/Cargo.toml
[INFO] validating manifest of crates.io crate quarb-web 0.32.0 on toolchain 3154cc1a3e6424e44f438a95007d043ed5ceaaf6
[INFO] running `Command { std: CARGO_HOME="/workspace/cargo-home" RUSTUP_HOME="/workspace/rustup-home" "/workspace/cargo-home/bin/cargo" "+3154cc1a3e6424e44f438a95007d043ed5ceaaf6" "metadata" "--manifest-path" "Cargo.toml" "--no-deps", kill_on_drop: false }`
[INFO] crate crates.io crate quarb-web 0.32.0 already has a lockfile, it will not be regenerated
[INFO] running `Command { std: CARGO_HOME="/workspace/cargo-home" RUSTUP_HOME="/workspace/rustup-home" "/workspace/cargo-home/bin/cargo" "+3154cc1a3e6424e44f438a95007d043ed5ceaaf6" "fetch" "--manifest-path" "Cargo.toml", kill_on_drop: false }`
[INFO] running `Command { std: "docker" "create" "-v" "/var/lib/crater-agent-workspace/builds/worker-4-tc2/source:/opt/rustwide/workdir:ro,Z" "-v" "/var/lib/crater-agent-workspace/builds/worker-4-tc2/target:/opt/rustwide/target:rw,Z" "-v" "/var/lib/crater-agent-workspace/cargo-home:/opt/rustwide/cargo-home:ro,Z" "-v" "/var/lib/crater-agent-workspace/rustup-home:/opt/rustwide/rustup-home:ro,Z" "-m" "1610612736" "--network" "none" "ghcr.io/rust-lang/crates-build-env/linux@sha256:77db811e55d90add9212f6832c23229e3de5f1c1f9905e8cb07319ea15df73ac" "sleep" "infinity", kill_on_drop: false }`
[INFO] [stdout] 47e7a7a756886d7b3259c8a160431095853f8b86670b878eefb2de3bea35ffd7
[INFO] running `Command { std: "docker" "start" "47e7a7a756886d7b3259c8a160431095853f8b86670b878eefb2de3bea35ffd7", kill_on_drop: false }`
[INFO] running `Command { std: "docker" "inspect" "47e7a7a756886d7b3259c8a160431095853f8b86670b878eefb2de3bea35ffd7", kill_on_drop: false }`
[INFO] running `Command { std: "docker" "exec" "-e" "SOURCE_DIR=/opt/rustwide/workdir" "-e" "CARGO_HOME=/opt/rustwide/cargo-home" "-e" "RUSTUP_HOME=/opt/rustwide/rustup-home" "-e" "CARGO_TARGET_DIR=/opt/rustwide/target" "-w" "/opt/rustwide/workdir" "--user" "0:0" "47e7a7a756886d7b3259c8a160431095853f8b86670b878eefb2de3bea35ffd7" "/opt/rustwide/cargo-home/bin/cargo" "+3154cc1a3e6424e44f438a95007d043ed5ceaaf6" "metadata" "--no-deps" "--format-version=1", kill_on_drop: false }`
[INFO] running `Command { std: "docker" "inspect" "47e7a7a756886d7b3259c8a160431095853f8b86670b878eefb2de3bea35ffd7", kill_on_drop: false }`
[INFO] running `Command { std: "docker" "exec" "-e" "SOURCE_DIR=/opt/rustwide/workdir" "-e" "CARGO_HOME=/opt/rustwide/cargo-home" "-e" "RUSTUP_HOME=/opt/rustwide/rustup-home" "-e" "CARGO_TARGET_DIR=/opt/rustwide/target" "-e" "CARGO_INCREMENTAL=0" "-e" "RUST_BACKTRACE=full" "-e" "RUSTFLAGS=--cap-lints=forbid" "-e" "RUSTDOCFLAGS=--cap-lints=forbid" "-w" "/opt/rustwide/workdir" "--user" "0:0" "47e7a7a756886d7b3259c8a160431095853f8b86670b878eefb2de3bea35ffd7" "/opt/rustwide/cargo-home/bin/cargo" "+3154cc1a3e6424e44f438a95007d043ed5ceaaf6" "check" "--frozen" "--all" "--all-targets" "--message-format=json", kill_on_drop: false }`
[INFO] [stderr]    Compiling syn v2.0.119
[INFO] [stderr]    Compiling zerocopy v0.8.54
[INFO] [stderr]    Compiling libc v0.2.186
[INFO] [stderr]     Checking stable_deref_trait v1.2.1
[INFO] [stderr]    Compiling serde_core v1.0.229
[INFO] [stderr]    Compiling siphasher v1.0.3
[INFO] [stderr]     Checking smallvec v1.15.2
[INFO] [stderr]    Compiling serde v1.0.229
[INFO] [stderr]     Checking log v0.4.33
[INFO] [stderr]     Checking litemap v0.8.2
[INFO] [stderr]     Checking writeable v0.6.3
[INFO] [stderr]     Checking aho-corasick v1.1.4
[INFO] [stderr]    Compiling syn v3.0.0
[INFO] [stderr]    Compiling icu_properties_data v2.2.0
[INFO] [stderr]    Compiling thiserror v2.0.19
[INFO] [stderr]     Checking new_debug_unreachable v1.0.6
[INFO] [stderr]    Compiling siphasher v0.3.11
[INFO] [stderr]    Compiling icu_normalizer_data v2.2.0
[INFO] [stderr]    Compiling serde_json v1.0.150
[INFO] [stderr]     Checking bitflags v2.13.1
[INFO] [stderr]    Compiling phf_shared v0.11.3
[INFO] [stderr]    Compiling phf_shared v0.10.0
[INFO] [stderr]     Checking winnow v1.0.4
[INFO] [stderr]     Checking precomputed-hash v0.1.1
[INFO] [stderr]     Checking mac v0.1.1
[INFO] [stderr]     Checking tinyvec v1.12.0
[INFO] [stderr]     Checking futf v0.1.5
[INFO] [stderr]    Compiling crc32fast v1.5.0
[INFO] [stderr]     Checking bstr v1.13.0
[INFO] [stderr]     Checking dtoa v1.0.11
[INFO] [stderr]    Compiling rustix v1.1.4
[INFO] [stderr]     Checking unsafe-libyaml v0.2.11
[INFO] [stderr]     Checking utf-8 v0.7.6
[INFO] [stderr]     Checking unicode-segmentation v1.13.3
[INFO] [stderr]     Checking toml_writer v1.1.2+spec-1.1.0
[INFO] [stderr]     Checking simd-adler32 v0.3.10
[INFO] [stderr]     Checking tendril v0.4.3
[INFO] [stderr]     Checking dtoa-short v0.3.5
[INFO] [stderr]     Checking quick-xml v0.39.4
[INFO] [stderr]     Checking quarb-trace v0.32.0
[INFO] [stderr]     Checking toml_parser v1.1.2+spec-1.1.0
[INFO] [stderr]     Checking kaiv v0.14.0
[INFO] [stderr]     Checking miniz_oxide v0.8.9
[INFO] [stderr]     Checking fxhash v0.2.1
[INFO] [stderr]     Checking form_urlencoded v1.2.2
[INFO] [stderr]     Checking unicode-normalization v0.1.25
[INFO] [stderr]     Checking phf v0.10.1
[INFO] [stderr]     Checking servo_arc v0.3.0
[INFO] [stderr]     Checking regex-automata v0.4.16
[INFO] [stderr]     Checking csv-core v0.1.13
[INFO] [stderr]    Compiling zip v2.4.2
[INFO] [stderr]     Checking zopfli v0.8.3
[INFO] [stderr]     Checking getopts v0.2.24
[INFO] [stderr]     Checking flate2 v1.1.9
[INFO] [stderr]     Checking ego-tree v0.6.3
[INFO] [stderr]     Checking parking_lot_core v0.9.12
[INFO] [stderr]     Checking getrandom v0.3.4
[INFO] [stderr]     Checking filetime v0.2.29
[INFO] [stderr]    Compiling getrandom v0.2.17
[INFO] [stderr]     Checking parking_lot v0.12.5
[INFO] [stderr]    Compiling rand_core v0.6.4
[INFO] [stderr]    Compiling thiserror-impl v2.0.19
[INFO] [stderr]     Checking xattr v1.6.1
[INFO] [stderr]     Checking tar v0.4.46
[INFO] [stderr]     Checking serde_spanned v1.1.1
[INFO] [stderr]     Checking toml_datetime v1.1.1+spec-1.1.0
[INFO] [stderr]     Checking csv v1.4.0
[INFO] [stderr]     Checking toml v1.1.3+spec-1.1.0
[INFO] [stderr]     Checking regex v1.13.1
[INFO] [stderr]     Checking globset v0.4.19
[INFO] [stderr]     Checking syndesmos v0.3.1
[INFO] [stderr]     Checking string_cache v0.8.9
[INFO] [stderr]     Checking serde_yaml_ng v0.10.0
[INFO] [stderr]     Checking colligo v0.1.1
[INFO] [stderr]    Compiling synstructure v0.13.2
[INFO] [stderr]    Compiling zerofrom-derive v0.1.7
[INFO] [stderr]    Compiling yoke-derive v0.8.2
[INFO] [stderr]    Compiling displaydoc v0.2.6
[INFO] [stderr]    Compiling zerovec-derive v0.11.3
[INFO] [stderr]    Compiling cssparser-macros v0.6.1
[INFO] [stderr]    Compiling html5ever v0.27.0
[INFO] [stderr]    Compiling derive_more v0.99.20
[INFO] [stderr]     Checking quarb v0.32.0
[INFO] [stderr]     Checking zerofrom v0.1.8
[INFO] [stderr]     Checking yoke v0.8.3
[INFO] [stderr]     Checking zerovec v0.11.6
[INFO] [stderr]     Checking zerotrie v0.2.4
[INFO] [stderr]    Compiling ppv-lite86 v0.2.21
[INFO] [stderr]     Checking ahash v0.8.12
[INFO] [stderr]     Checking tinystr v0.8.3
[INFO] [stderr]     Checking potential_utf v0.1.5
[INFO] [stderr]    Compiling rand_chacha v0.3.1
[INFO] [stderr]     Checking icu_collections v2.2.0
[INFO] [stderr]     Checking icu_locale_core v2.2.0
[INFO] [stderr]    Compiling rand v0.8.7
[INFO] [stderr]    Compiling phf_generator v0.11.3
[INFO] [stderr]    Compiling phf_generator v0.10.0
[INFO] [stderr]     Checking icu_provider v2.2.0
[INFO] [stderr]    Compiling phf_codegen v0.10.0
[INFO] [stderr]    Compiling string_cache_codegen v0.5.4
[INFO] [stderr]    Compiling phf_codegen v0.11.3
[INFO] [stderr]    Compiling phf_macros v0.11.3
[INFO] [stderr]    Compiling selectors v0.25.0
[INFO] [stderr]     Checking icu_properties v2.2.0
[INFO] [stderr]     Checking icu_normalizer v2.2.0
[INFO] [stderr]    Compiling markup5ever v0.12.1
[INFO] [stderr]     Checking phf v0.11.3
[INFO] [stderr]     Checking cssparser v0.31.2
[INFO] [stderr]     Checking quarb-archive v0.32.0
[INFO] [stderr]     Checking idna_adapter v1.2.2
[INFO] [stderr]     Checking idna v1.1.0
[INFO] [stderr]     Checking url v2.5.8
[INFO] [stderr]     Checking quarb-text v0.32.0
[INFO] [stderr]     Checking scraper v0.20.0
[INFO] [stderr]     Checking quarb-text-html v0.32.0
[INFO] [stderr]     Checking quarb-web v0.32.0 (/opt/rustwide/workdir)
[INFO] [stdout] error[E0433]: cannot find module or crate `quarb_model` in this scope
[INFO] [stdout]    --> tests/memory.rs:186:13
[INFO] [stdout]     |
[INFO] [stdout] 186 |     let m = quarb_model::ModelAdapter::new(a, model);
[INFO] [stdout]     |             ^^^^^^^^^^^ use of unresolved module or unlinked crate `quarb_model`
[INFO] [stdout]     |
[INFO] [stdout]     = help: if you wanted to use a crate named `quarb_model`, use `cargo add quarb_model` to add it to your `Cargo.toml`
[INFO] [stdout] 
[INFO] [stdout] 
[INFO] [stdout] error[E0433]: cannot find module or crate `quarb_model` in this scope
[INFO] [stdout]    --> tests/memory.rs:206:18
[INFO] [stdout]     |
[INFO] [stdout] 206 |     let walked = quarb_model::ModelAdapter::new(site(), model);
[INFO] [stdout]     |                  ^^^^^^^^^^^ use of unresolved module or unlinked crate `quarb_model`
[INFO] [stdout]     |
[INFO] [stdout]     = help: if you wanted to use a crate named `quarb_model`, use `cargo add quarb_model` to add it to your `Cargo.toml`
[INFO] [stdout] 
[INFO] [stdout] 
[INFO] [stdout] error[E0433]: cannot find module or crate `quarb_model` in this scope
[INFO] [stdout]    --> tests/memory.rs:185:17
[INFO] [stdout]     |
[INFO] [stdout] 185 |     let model = quarb_model::parse_model("alias group category;\nalias <s/^tag://i>;").unwrap();
[INFO] [stdout]     |                 ^^^^^^^^^^^ use of unresolved module or unlinked crate `quarb_model`
[INFO] [stdout]     |
[INFO] [stdout]     = help: if you wanted to use a crate named `quarb_model`, use `cargo add quarb_model` to add it to your `Cargo.toml`
[INFO] [stdout] 
[INFO] [stdout] 
[INFO] [stdout] error[E0433]: cannot find module or crate `quarb_model` in this scope
[INFO] [stdout]    --> tests/memory.rs:205:17
[INFO] [stdout]     |
[INFO] [stdout] 205 |     let model = quarb_model::parse_model("alias leaf page;").unwrap();
[INFO] [stdout]     |                 ^^^^^^^^^^^ use of unresolved module or unlinked crate `quarb_model`
[INFO] [stdout]     |
[INFO] [stdout]     = help: if you wanted to use a crate named `quarb_model`, use `cargo add quarb_model` to add it to your `Cargo.toml`
[INFO] [stdout] 
[INFO] [stdout] 
[INFO] [stdout] For more information about this error, try `rustc --explain E0433`.
[INFO] [stdout] 
[INFO] [stderr] error: could not compile `quarb-web` (test "memory") due to 4 previous errors
[INFO] running `Command { std: "docker" "inspect" "47e7a7a756886d7b3259c8a160431095853f8b86670b878eefb2de3bea35ffd7", kill_on_drop: false }`
[INFO] running `Command { std: "docker" "rm" "-f" "47e7a7a756886d7b3259c8a160431095853f8b86670b878eefb2de3bea35ffd7", kill_on_drop: false }`
[INFO] [stdout] 47e7a7a756886d7b3259c8a160431095853f8b86670b878eefb2de3bea35ffd7
