[INFO] fetching crate pericynthion 0.15.0...
[INFO] checking pericynthion-0.15.0 against 3154cc1a3e6424e44f438a95007d043ed5ceaaf6 for pr-133502-30
[INFO] extracting crate pericynthion 0.15.0 into /workspace/builds/worker-4-tc2/source
[INFO] started tweaking crates.io crate pericynthion 0.15.0
[INFO] finished tweaking crates.io crate pericynthion 0.15.0
[INFO] tweaked toml for crates.io crate pericynthion 0.15.0 written to /workspace/builds/worker-4-tc2/source/Cargo.toml
[INFO] validating manifest of crates.io crate pericynthion 0.15.0 on toolchain 3154cc1a3e6424e44f438a95007d043ed5ceaaf6
[INFO] running `Command { std: CARGO_HOME="/workspace/cargo-home" RUSTUP_HOME="/workspace/rustup-home" "/workspace/cargo-home/bin/cargo" "+3154cc1a3e6424e44f438a95007d043ed5ceaaf6" "metadata" "--manifest-path" "Cargo.toml" "--no-deps", kill_on_drop: false }`
[INFO] crate crates.io crate pericynthion 0.15.0 already has a lockfile, it will not be regenerated
[INFO] running `Command { std: CARGO_HOME="/workspace/cargo-home" RUSTUP_HOME="/workspace/rustup-home" "/workspace/cargo-home/bin/cargo" "+3154cc1a3e6424e44f438a95007d043ed5ceaaf6" "fetch" "--manifest-path" "Cargo.toml", kill_on_drop: false }`
[INFO] [stderr] warning: `package.homepage` is redundant with `package.repository`
[INFO] [stderr]   --> Cargo.toml:85:12
[INFO] [stderr]    |
[INFO] [stderr] 85 | homepage = "https://github.com/lucidaeon/mediumcoeli"
[INFO] [stderr]    |            ^^^^^^^^^^^^^^^^^^^^^^^^^^^^^^^^^^^^^^^^^^
[INFO] [stderr] ...
[INFO] [stderr] 91 | repository = "https://github.com/lucidaeon/mediumcoeli"
[INFO] [stderr]    |              ------------------------------------------
[INFO] [stderr]    |
[INFO] [stderr]    = note: `cargo::redundant_homepage` is set to `warn` by default
[INFO] [stderr] help: consider removing `package.homepage`
[INFO] [stderr] warning: `pericynthion` (manifest) generated 1 warning
[INFO] running `Command { std: "docker" "create" "-v" "/var/lib/crater-agent-workspace/builds/worker-4-tc2/source:/opt/rustwide/workdir:ro,Z" "-v" "/var/lib/crater-agent-workspace/builds/worker-4-tc2/target:/opt/rustwide/target:rw,Z" "-v" "/var/lib/crater-agent-workspace/cargo-home:/opt/rustwide/cargo-home:ro,Z" "-v" "/var/lib/crater-agent-workspace/rustup-home:/opt/rustwide/rustup-home:ro,Z" "-m" "1610612736" "--network" "none" "ghcr.io/rust-lang/crates-build-env/linux@sha256:77db811e55d90add9212f6832c23229e3de5f1c1f9905e8cb07319ea15df73ac" "sleep" "infinity", kill_on_drop: false }`
[INFO] [stdout] 39429c9072731d5e020c0ac6f4e3d712c046e3a3689c764bad4c2b3707e85f63
[INFO] running `Command { std: "docker" "start" "39429c9072731d5e020c0ac6f4e3d712c046e3a3689c764bad4c2b3707e85f63", kill_on_drop: false }`
[INFO] running `Command { std: "docker" "inspect" "39429c9072731d5e020c0ac6f4e3d712c046e3a3689c764bad4c2b3707e85f63", kill_on_drop: false }`
[INFO] running `Command { std: "docker" "exec" "-e" "SOURCE_DIR=/opt/rustwide/workdir" "-e" "CARGO_HOME=/opt/rustwide/cargo-home" "-e" "RUSTUP_HOME=/opt/rustwide/rustup-home" "-e" "CARGO_TARGET_DIR=/opt/rustwide/target" "-w" "/opt/rustwide/workdir" "--user" "0:0" "39429c9072731d5e020c0ac6f4e3d712c046e3a3689c764bad4c2b3707e85f63" "/opt/rustwide/cargo-home/bin/cargo" "+3154cc1a3e6424e44f438a95007d043ed5ceaaf6" "metadata" "--no-deps" "--format-version=1", kill_on_drop: false }`
[INFO] running `Command { std: "docker" "inspect" "39429c9072731d5e020c0ac6f4e3d712c046e3a3689c764bad4c2b3707e85f63", kill_on_drop: false }`
[INFO] running `Command { std: "docker" "exec" "-e" "SOURCE_DIR=/opt/rustwide/workdir" "-e" "CARGO_HOME=/opt/rustwide/cargo-home" "-e" "RUSTUP_HOME=/opt/rustwide/rustup-home" "-e" "CARGO_TARGET_DIR=/opt/rustwide/target" "-e" "CARGO_INCREMENTAL=0" "-e" "RUST_BACKTRACE=full" "-e" "RUSTFLAGS=--cap-lints=forbid" "-e" "RUSTDOCFLAGS=--cap-lints=forbid" "-w" "/opt/rustwide/workdir" "--user" "0:0" "39429c9072731d5e020c0ac6f4e3d712c046e3a3689c764bad4c2b3707e85f63" "/opt/rustwide/cargo-home/bin/cargo" "+3154cc1a3e6424e44f438a95007d043ed5ceaaf6" "check" "--frozen" "--all" "--all-targets" "--message-format=json", kill_on_drop: false }`
[INFO] [stderr] warning: `package.homepage` is redundant with `package.repository`
[INFO] [stderr]   --> Cargo.toml:85:12
[INFO] [stderr]    |
[INFO] [stderr] 85 | homepage = "https://github.com/lucidaeon/mediumcoeli"
[INFO] [stderr]    |            ^^^^^^^^^^^^^^^^^^^^^^^^^^^^^^^^^^^^^^^^^^
[INFO] [stderr] ...
[INFO] [stderr] 91 | repository = "https://github.com/lucidaeon/mediumcoeli"
[INFO] [stderr]    |              ------------------------------------------
[INFO] [stderr]    |
[INFO] [stderr]    = note: `cargo::redundant_homepage` is set to `warn` by default
[INFO] [stderr] help: consider removing `package.homepage`
[INFO] [stderr] warning: `pericynthion` (manifest) generated 1 warning
[INFO] [stderr]    Compiling libc v0.2.186
[INFO] [stderr]     Checking cfg-if v1.0.4
[INFO] [stderr]    Compiling proc-macro2 v1.0.106
[INFO] [stderr]    Compiling quote v1.0.46
[INFO] [stderr]    Compiling getrandom v0.3.4
[INFO] [stderr]    Compiling serde_core v1.0.228
[INFO] [stderr]    Compiling zerocopy v0.8.54
[INFO] [stderr]    Compiling rustix v1.1.4
[INFO] [stderr]    Compiling find-msvc-tools v0.1.9
[INFO] [stderr]    Compiling shlex v2.0.1
[INFO] [stderr]    Compiling getrandom v0.4.3
[INFO] [stderr]    Compiling autocfg v1.5.1
[INFO] [stderr]    Compiling zmij v1.0.21
[INFO] [stderr]     Checking bitflags v2.13.0
[INFO] [stderr]     Checking linux-raw-sys v0.12.1
[INFO] [stderr]    Compiling thiserror v2.0.18
[INFO] [stderr]     Checking once_cell v1.21.4
[INFO] [stderr]     Checking fastrand v2.4.1
[INFO] [stderr]    Compiling serde_json v1.0.150
[INFO] [stderr]    Compiling serde v1.0.228
[INFO] [stderr]     Checking quick-error v1.2.3
[INFO] [stderr]     Checking arrayref v0.3.9
[INFO] [stderr]     Checking cpufeatures v0.3.0
[INFO] [stderr]     Checking itoa v1.0.18
[INFO] [stderr]     Checking fnv v1.0.7
[INFO] [stderr]     Checking memchr v2.8.3
[INFO] [stderr]    Compiling cc v1.2.66
[INFO] [stderr]     Checking constant_time_eq v0.4.2
[INFO] [stderr]     Checking bit-vec v0.8.0
[INFO] [stderr]     Checking remove_dir_all v0.5.3
[INFO] [stderr]     Checking unarray v0.1.4
[INFO] [stderr]     Checking regex-syntax v0.8.11
[INFO] [stderr]    Compiling num-traits v0.2.19
[INFO] [stderr]     Checking bit-set v0.8.0
[INFO] [stderr]    Compiling syn v2.0.118
[INFO] [stderr]     Checking wait-timeout v0.2.1
[INFO] [stderr]     Checking memmap2 v0.9.11
[INFO] [stderr]     Checking rand v0.4.6
[INFO] [stderr]     Checking rand_core v0.9.5
[INFO] [stderr]     Checking tempdir v0.3.7
[INFO] [stderr]     Checking rand_xorshift v0.4.0
[INFO] [stderr]     Checking rand v0.9.4
[INFO] [stderr]     Checking approx v0.5.1
[INFO] [stderr]    Compiling blake3 v1.8.5
[INFO] [stderr]     Checking tempfile v3.27.0
[INFO] [stderr]    Compiling serde_derive v1.0.228
[INFO] [stderr]    Compiling thiserror-impl v2.0.18
[INFO] [stderr]     Checking rusty-fork v0.3.1
[INFO] [stderr]     Checking ppv-lite86 v0.2.21
[INFO] [stderr]     Checking rand_chacha v0.9.0
[INFO] [stderr]     Checking proptest v1.11.0
[INFO] [stderr]     Checking pericynthion v0.15.0 (/opt/rustwide/workdir)
[INFO] [stdout] error[E0433]: cannot find `resolve` in the crate root
[INFO] [stdout]    --> src/jpl/discover.rs:770:32
[INFO] [stdout]     |
[INFO] [stdout] 770 |         let Some(val) = crate::resolve::resolve_root(crate::resolve::Collection::JplMirror, None)
[INFO] [stdout]     |                                ^^^^^^^ could not find `resolve` in the crate root
[INFO] [stdout]     |
[INFO] [stdout] note: found an item that was configured out
[INFO] [stdout]    --> src/lib.rs:136:9
[INFO] [stdout]     |
[INFO] [stdout] 135 | #[cfg(feature = "data-dir")]
[INFO] [stdout]     |       -------------------- the item is gated behind the `data-dir` feature
[INFO] [stdout] 136 | pub mod resolve;
[INFO] [stdout]     |         ^^^^^^^
[INFO] [stdout] 
[INFO] [stdout] 
[INFO] [stdout] error[E0433]: cannot find `resolve` in the crate root
[INFO] [stdout]    --> src/jpl/discover.rs:770:61
[INFO] [stdout]     |
[INFO] [stdout] 770 |         let Some(val) = crate::resolve::resolve_root(crate::resolve::Collection::JplMirror, None)
[INFO] [stdout]     |                                                             ^^^^^^^ could not find `resolve` in the crate root
[INFO] [stdout]     |
[INFO] [stdout] note: found an item that was configured out
[INFO] [stdout]    --> src/lib.rs:136:9
[INFO] [stdout]     |
[INFO] [stdout] 135 | #[cfg(feature = "data-dir")]
[INFO] [stdout]     |       -------------------- the item is gated behind the `data-dir` feature
[INFO] [stdout] 136 | pub mod resolve;
[INFO] [stdout]     |         ^^^^^^^
[INFO] [stdout] 
[INFO] [stdout] 
[INFO] [stdout] error[E0433]: cannot find `resolve` in the crate root
[INFO] [stdout]    --> src/manifest.rs:151:32
[INFO] [stdout]     |
[INFO] [stdout] 151 |         let Some(val) = crate::resolve::resolve_root(crate::resolve::Collection::JplMirror, None)
[INFO] [stdout]     |                                ^^^^^^^ could not find `resolve` in the crate root
[INFO] [stdout]     |
[INFO] [stdout] note: found an item that was configured out
[INFO] [stdout]    --> src/lib.rs:136:9
[INFO] [stdout]     |
[INFO] [stdout] 135 | #[cfg(feature = "data-dir")]
[INFO] [stdout]     |       -------------------- the item is gated behind the `data-dir` feature
[INFO] [stdout] 136 | pub mod resolve;
[INFO] [stdout]     |         ^^^^^^^
[INFO] [stdout] 
[INFO] [stdout] 
[INFO] [stdout] error[E0433]: cannot find `resolve` in the crate root
[INFO] [stdout]    --> src/manifest.rs:151:61
[INFO] [stdout]     |
[INFO] [stdout] 151 |         let Some(val) = crate::resolve::resolve_root(crate::resolve::Collection::JplMirror, None)
[INFO] [stdout]     |                                                             ^^^^^^^ could not find `resolve` in the crate root
[INFO] [stdout]     |
[INFO] [stdout] note: found an item that was configured out
[INFO] [stdout]    --> src/lib.rs:136:9
[INFO] [stdout]     |
[INFO] [stdout] 135 | #[cfg(feature = "data-dir")]
[INFO] [stdout]     |       -------------------- the item is gated behind the `data-dir` feature
[INFO] [stdout] 136 | pub mod resolve;
[INFO] [stdout]     |         ^^^^^^^
[INFO] [stdout] 
[INFO] [stdout] 
[INFO] [stdout] error[E0433]: cannot find `resolve` in the crate root
[INFO] [stdout]    --> src/spk/daf.rs:383:16
[INFO] [stdout]     |
[INFO] [stdout] 383 |         crate::resolve::resolve_member(crate::resolve::Collection::JplMirror, "sb441-n16.bsp", None)
[INFO] [stdout]     |                ^^^^^^^ could not find `resolve` in the crate root
[INFO] [stdout]     |
[INFO] [stdout] note: found an item that was configured out
[INFO] [stdout]    --> src/lib.rs:136:9
[INFO] [stdout]     |
[INFO] [stdout] 135 | #[cfg(feature = "data-dir")]
[INFO] [stdout]     |       -------------------- the item is gated behind the `data-dir` feature
[INFO] [stdout] 136 | pub mod resolve;
[INFO] [stdout]     |         ^^^^^^^
[INFO] [stdout] 
[INFO] [stdout] 
[INFO] [stdout] error[E0433]: cannot find `resolve` in the crate root
[INFO] [stdout]    --> src/spk/daf.rs:383:47
[INFO] [stdout]     |
[INFO] [stdout] 383 |         crate::resolve::resolve_member(crate::resolve::Collection::JplMirror, "sb441-n16.bsp", None)
[INFO] [stdout]     |                                               ^^^^^^^ could not find `resolve` in the crate root
[INFO] [stdout]     |
[INFO] [stdout] note: found an item that was configured out
[INFO] [stdout]    --> src/lib.rs:136:9
[INFO] [stdout]     |
[INFO] [stdout] 135 | #[cfg(feature = "data-dir")]
[INFO] [stdout]     |       -------------------- the item is gated behind the `data-dir` feature
[INFO] [stdout] 136 | pub mod resolve;
[INFO] [stdout]     |         ^^^^^^^
[INFO] [stdout] 
[INFO] [stdout] 
[INFO] [stdout] error[E0433]: cannot find `resolve` in the crate root
[INFO] [stdout]    --> src/spk/type2.rs:190:16
[INFO] [stdout]     |
[INFO] [stdout] 190 |         crate::resolve::resolve_member(crate::resolve::Collection::JplMirror, "sb441-n16.bsp", None)
[INFO] [stdout]     |                ^^^^^^^ could not find `resolve` in the crate root
[INFO] [stdout]     |
[INFO] [stdout] note: found an item that was configured out
[INFO] [stdout]    --> src/lib.rs:136:9
[INFO] [stdout]     |
[INFO] [stdout] 135 | #[cfg(feature = "data-dir")]
[INFO] [stdout]     |       -------------------- the item is gated behind the `data-dir` feature
[INFO] [stdout] 136 | pub mod resolve;
[INFO] [stdout]     |         ^^^^^^^
[INFO] [stdout] 
[INFO] [stdout] 
[INFO] [stdout] error[E0433]: cannot find `resolve` in the crate root
[INFO] [stdout]    --> src/spk/type2.rs:190:47
[INFO] [stdout]     |
[INFO] [stdout] 190 |         crate::resolve::resolve_member(crate::resolve::Collection::JplMirror, "sb441-n16.bsp", None)
[INFO] [stdout]     |                                               ^^^^^^^ could not find `resolve` in the crate root
[INFO] [stdout]     |
[INFO] [stdout] note: found an item that was configured out
[INFO] [stdout]    --> src/lib.rs:136:9
[INFO] [stdout]     |
[INFO] [stdout] 135 | #[cfg(feature = "data-dir")]
[INFO] [stdout]     |       -------------------- the item is gated behind the `data-dir` feature
[INFO] [stdout] 136 | pub mod resolve;
[INFO] [stdout]     |         ^^^^^^^
[INFO] [stdout] 
[INFO] [stdout] 
[INFO] [stdout] error[E0433]: cannot find `resolve` in the crate root
[INFO] [stdout]    --> src/spk/type2.rs:196:16
[INFO] [stdout]     |
[INFO] [stdout] 196 |         crate::resolve::resolve_member(
[INFO] [stdout]     |                ^^^^^^^ could not find `resolve` in the crate root
[INFO] [stdout]     |
[INFO] [stdout] note: found an item that was configured out
[INFO] [stdout]    --> src/lib.rs:136:9
[INFO] [stdout]     |
[INFO] [stdout] 135 | #[cfg(feature = "data-dir")]
[INFO] [stdout]     |       -------------------- the item is gated behind the `data-dir` feature
[INFO] [stdout] 136 | pub mod resolve;
[INFO] [stdout]     |         ^^^^^^^
[INFO] [stdout] 
[INFO] [stdout] 
[INFO] [stdout] error[E0433]: cannot find `resolve` in the crate root
[INFO] [stdout]    --> src/spk/type2.rs:197:20
[INFO] [stdout]     |
[INFO] [stdout] 197 |             crate::resolve::Collection::JplMirror,
[INFO] [stdout]     |                    ^^^^^^^ could not find `resolve` in the crate root
[INFO] [stdout]     |
[INFO] [stdout] note: found an item that was configured out
[INFO] [stdout]    --> src/lib.rs:136:9
[INFO] [stdout]     |
[INFO] [stdout] 135 | #[cfg(feature = "data-dir")]
[INFO] [stdout]     |       -------------------- the item is gated behind the `data-dir` feature
[INFO] [stdout] 136 | pub mod resolve;
[INFO] [stdout]     |         ^^^^^^^
[INFO] [stdout] 
[INFO] [stdout] 
[INFO] [stdout] For more information about this error, try `rustc --explain E0433`.
[INFO] [stdout] 
[INFO] [stderr] error: could not compile `pericynthion` (lib test) due to 10 previous errors
[INFO] running `Command { std: "docker" "inspect" "39429c9072731d5e020c0ac6f4e3d712c046e3a3689c764bad4c2b3707e85f63", kill_on_drop: false }`
[INFO] running `Command { std: "docker" "rm" "-f" "39429c9072731d5e020c0ac6f4e3d712c046e3a3689c764bad4c2b3707e85f63", kill_on_drop: false }`
[INFO] [stdout] 39429c9072731d5e020c0ac6f4e3d712c046e3a3689c764bad4c2b3707e85f63
