[INFO] fetching crate pensieve-graph-topo 0.1.0...
[INFO] checking pensieve-graph-topo-0.1.0 against 3154cc1a3e6424e44f438a95007d043ed5ceaaf6 for pr-133502-30
[INFO] extracting crate pensieve-graph-topo 0.1.0 into /workspace/builds/worker-0-tc2/source
[INFO] started tweaking crates.io crate pensieve-graph-topo 0.1.0
[INFO] removed 0 missing tests
[INFO] finished tweaking crates.io crate pensieve-graph-topo 0.1.0
[INFO] tweaked toml for crates.io crate pensieve-graph-topo 0.1.0 written to /workspace/builds/worker-0-tc2/source/Cargo.toml
[INFO] validating manifest of crates.io crate pensieve-graph-topo 0.1.0 on toolchain 3154cc1a3e6424e44f438a95007d043ed5ceaaf6
[INFO] running `Command { std: CARGO_HOME="/workspace/cargo-home" RUSTUP_HOME="/workspace/rustup-home" "/workspace/cargo-home/bin/cargo" "+3154cc1a3e6424e44f438a95007d043ed5ceaaf6" "metadata" "--manifest-path" "Cargo.toml" "--no-deps", kill_on_drop: false }`
[INFO] crate crates.io crate pensieve-graph-topo 0.1.0 already has a lockfile, it will not be regenerated
[INFO] running `Command { std: CARGO_HOME="/workspace/cargo-home" RUSTUP_HOME="/workspace/rustup-home" "/workspace/cargo-home/bin/cargo" "+3154cc1a3e6424e44f438a95007d043ed5ceaaf6" "fetch" "--manifest-path" "Cargo.toml", kill_on_drop: false }`
[INFO] running `Command { std: "docker" "create" "-v" "/var/lib/crater-agent-workspace/builds/worker-0-tc2/source:/opt/rustwide/workdir:ro,Z" "-v" "/var/lib/crater-agent-workspace/builds/worker-0-tc2/target:/opt/rustwide/target:rw,Z" "-v" "/var/lib/crater-agent-workspace/cargo-home:/opt/rustwide/cargo-home:ro,Z" "-v" "/var/lib/crater-agent-workspace/rustup-home:/opt/rustwide/rustup-home:ro,Z" "-m" "1610612736" "--network" "none" "ghcr.io/rust-lang/crates-build-env/linux@sha256:77db811e55d90add9212f6832c23229e3de5f1c1f9905e8cb07319ea15df73ac" "sleep" "infinity", kill_on_drop: false }`
[INFO] [stdout] 5c236a49e8f513827d499abc1c548643e214a422efcc98297389ee1d7504bc24
[INFO] running `Command { std: "docker" "start" "5c236a49e8f513827d499abc1c548643e214a422efcc98297389ee1d7504bc24", kill_on_drop: false }`
[INFO] running `Command { std: "docker" "inspect" "5c236a49e8f513827d499abc1c548643e214a422efcc98297389ee1d7504bc24", kill_on_drop: false }`
[INFO] running `Command { std: "docker" "exec" "-e" "SOURCE_DIR=/opt/rustwide/workdir" "-e" "CARGO_HOME=/opt/rustwide/cargo-home" "-e" "RUSTUP_HOME=/opt/rustwide/rustup-home" "-e" "CARGO_TARGET_DIR=/opt/rustwide/target" "-w" "/opt/rustwide/workdir" "--user" "0:0" "5c236a49e8f513827d499abc1c548643e214a422efcc98297389ee1d7504bc24" "/opt/rustwide/cargo-home/bin/cargo" "+3154cc1a3e6424e44f438a95007d043ed5ceaaf6" "metadata" "--no-deps" "--format-version=1", kill_on_drop: false }`
[INFO] running `Command { std: "docker" "inspect" "5c236a49e8f513827d499abc1c548643e214a422efcc98297389ee1d7504bc24", kill_on_drop: false }`
[INFO] running `Command { std: "docker" "exec" "-e" "SOURCE_DIR=/opt/rustwide/workdir" "-e" "CARGO_HOME=/opt/rustwide/cargo-home" "-e" "RUSTUP_HOME=/opt/rustwide/rustup-home" "-e" "CARGO_TARGET_DIR=/opt/rustwide/target" "-e" "CARGO_INCREMENTAL=0" "-e" "RUST_BACKTRACE=full" "-e" "RUSTFLAGS=--cap-lints=forbid" "-e" "RUSTDOCFLAGS=--cap-lints=forbid" "-w" "/opt/rustwide/workdir" "--user" "0:0" "5c236a49e8f513827d499abc1c548643e214a422efcc98297389ee1d7504bc24" "/opt/rustwide/cargo-home/bin/cargo" "+3154cc1a3e6424e44f438a95007d043ed5ceaaf6" "check" "--frozen" "--all" "--all-targets" "--message-format=json", kill_on_drop: false }`
[INFO] [stderr]    Compiling libc v0.2.185
[INFO] [stderr]    Compiling getrandom v0.3.4
[INFO] [stderr]    Compiling rustix v1.1.4
[INFO] [stderr]    Compiling getrandom v0.4.2
[INFO] [stderr]    Compiling zerocopy v0.8.48
[INFO] [stderr]     Checking bitflags v2.11.1
[INFO] [stderr]     Checking linux-raw-sys v0.12.1
[INFO] [stderr]    Compiling autocfg v1.5.0
[INFO] [stderr]     Checking fastrand v2.4.1
[INFO] [stderr]     Checking once_cell v1.21.4
[INFO] [stderr]     Checking bit-vec v0.8.0
[INFO] [stderr]     Checking quick-error v1.2.3
[INFO] [stderr]     Checking fnv v1.0.7
[INFO] [stderr]     Checking regex-syntax v0.8.10
[INFO] [stderr]     Checking unarray v0.1.4
[INFO] [stderr]     Checking pensieve-graph-topo v0.1.0 (/opt/rustwide/workdir)
[INFO] [stderr]     Checking bit-set v0.8.0
[INFO] [stderr]    Compiling num-traits v0.2.19
[INFO] [stderr]     Checking wait-timeout v0.2.1
[INFO] [stderr]     Checking rand_core v0.9.5
[INFO] [stderr]     Checking rand_xorshift v0.4.0
[INFO] [stderr]     Checking rand v0.9.4
[INFO] [stderr]     Checking tempfile v3.27.0
[INFO] [stderr]     Checking rusty-fork v0.3.1
[INFO] [stderr]     Checking ppv-lite86 v0.2.21
[INFO] [stderr]     Checking rand_chacha v0.9.0
[INFO] [stderr]     Checking proptest v1.11.0
[INFO] [stdout] error[E0433]: cannot find module or crate `pensieve_graph_testkit` in this scope
[INFO] [stdout]  --> tests/differential.rs:6:5
[INFO] [stdout]   |
[INFO] [stdout] 6 | use pensieve_graph_testkit::model::TestGraph;
[INFO] [stdout]   |     ^^^^^^^^^^^^^^^^^^^^^^ use of unresolved module or unlinked crate `pensieve_graph_testkit`
[INFO] [stdout]   |
[INFO] [stdout] help: there is a crate or module with a similar name
[INFO] [stdout]   |
[INFO] [stdout] 6 - use pensieve_graph_testkit::model::TestGraph;
[INFO] [stdout] 6 + use pensieve_graph_topo::model::TestGraph;
[INFO] [stdout]   |
[INFO] [stdout] 
[INFO] [stdout] 
[INFO] [stdout] error[E0433]: cannot find module or crate `pensieve_graph_testkit` in this scope
[INFO] [stdout]  --> tests/differential.rs:7:5
[INFO] [stdout]   |
[INFO] [stdout] 7 | use pensieve_graph_testkit::oracle::{Direction as ODir, Oracle};
[INFO] [stdout]   |     ^^^^^^^^^^^^^^^^^^^^^^ use of unresolved module or unlinked crate `pensieve_graph_testkit`
[INFO] [stdout]   |
[INFO] [stdout] help: there is a crate or module with a similar name
[INFO] [stdout]   |
[INFO] [stdout] 7 - use pensieve_graph_testkit::oracle::{Direction as ODir, Oracle};
[INFO] [stdout] 7 + use pensieve_graph_topo::oracle::{Direction as ODir, Oracle};
[INFO] [stdout]   |
[INFO] [stdout] 
[INFO] [stdout] 
[INFO] [stdout] error[E0432]: unresolved import `pensieve_graph_testkit`
[INFO] [stdout]  --> tests/differential.rs:8:5
[INFO] [stdout]   |
[INFO] [stdout] 8 | use pensieve_graph_testkit::synth;
[INFO] [stdout]   |     ^^^^^^^^^^^^^^^^^^^^^^ use of unresolved module or unlinked crate `pensieve_graph_testkit`
[INFO] [stdout]   |
[INFO] [stdout] help: there is a crate or module with a similar name
[INFO] [stdout]   |
[INFO] [stdout] 8 - use pensieve_graph_testkit::synth;
[INFO] [stdout] 8 + use pensieve_graph_topo::synth;
[INFO] [stdout]   |
[INFO] [stdout] 
[INFO] [stdout] 
[INFO] [stdout] Some errors have detailed explanations: E0432, E0433.
[INFO] [stdout] 
[INFO] [stdout] For more information about an error, try `rustc --explain E0432`.
[INFO] [stdout] 
[INFO] [stderr] error: could not compile `pensieve-graph-topo` (test "differential") due to 3 previous errors
[INFO] [stderr] warning: build failed, waiting for other jobs to finish...
[INFO] running `Command { std: "docker" "inspect" "5c236a49e8f513827d499abc1c548643e214a422efcc98297389ee1d7504bc24", kill_on_drop: false }`
[INFO] running `Command { std: "docker" "rm" "-f" "5c236a49e8f513827d499abc1c548643e214a422efcc98297389ee1d7504bc24", kill_on_drop: false }`
[INFO] [stdout] 5c236a49e8f513827d499abc1c548643e214a422efcc98297389ee1d7504bc24
