[INFO] fetching crate pedant 0.30.1...
[INFO] checking pedant-0.30.1 against 3154cc1a3e6424e44f438a95007d043ed5ceaaf6+rustflags=-Znext-solver=coherence for pr-133502-30
[INFO] extracting crate pedant 0.30.1 into /workspace/builds/worker-7-tc1/source
[INFO] started tweaking crates.io crate pedant 0.30.1
[INFO] removed 0 missing tests
[INFO] finished tweaking crates.io crate pedant 0.30.1
[INFO] tweaked toml for crates.io crate pedant 0.30.1 written to /workspace/builds/worker-7-tc1/source/Cargo.toml
[INFO] validating manifest of crates.io crate pedant 0.30.1 on toolchain 3154cc1a3e6424e44f438a95007d043ed5ceaaf6
[INFO] running `Command { std: CARGO_HOME="/workspace/cargo-home" RUSTUP_HOME="/workspace/rustup-home" "/workspace/cargo-home/bin/cargo" "+3154cc1a3e6424e44f438a95007d043ed5ceaaf6" "metadata" "--manifest-path" "Cargo.toml" "--no-deps", kill_on_drop: false }`
[INFO] crate crates.io crate pedant 0.30.1 already has a lockfile, it will not be regenerated
[INFO] running `Command { std: CARGO_HOME="/workspace/cargo-home" RUSTUP_HOME="/workspace/rustup-home" "/workspace/cargo-home/bin/cargo" "+3154cc1a3e6424e44f438a95007d043ed5ceaaf6" "fetch" "--manifest-path" "Cargo.toml", kill_on_drop: false }`
[INFO] [stderr]     Updating crates.io index
[INFO] [stderr]  Downloading crates ...
[INFO] [stderr]   Downloaded pedant-lang v0.7.2
[INFO] [stderr]   Downloaded bitflags v2.13.0
[INFO] [stderr]   Downloaded quote v1.0.46
[INFO] [stderr]   Downloaded ra_ap_vfs v0.0.342
[INFO] [stderr]   Downloaded cargo-platform v0.3.0
[INFO] [stderr]   Downloaded pedant-types v0.17.0
[INFO] [stderr]   Downloaded drop_bomb v0.1.5
[INFO] [stderr]   Downloaded fsevent-sys v4.1.0
[INFO] [stderr]   Downloaded ra_ap_paths v0.0.342
[INFO] [stderr]   Downloaded jod-thread v1.0.0
[INFO] [stderr]   Downloaded ra-ap-rustc_lexer v0.165.0
[INFO] [stderr]   Downloaded temp-dir v0.2.0
[INFO] [stderr]   Downloaded salsa-macro-rules v0.27.2
[INFO] [stderr]   Downloaded ra_ap_proc_macro_api v0.0.342
[INFO] [stderr]   Downloaded tree-sitter-language v0.1.7
[INFO] [stderr]   Downloaded miow v0.6.1
[INFO] [stderr]   Downloaded ra_ap_edition v0.0.342
[INFO] [stderr]   Downloaded ra_ap_toolchain v0.0.342
[INFO] [stderr]   Downloaded la-arena v0.3.1
[INFO] [stderr]   Downloaded ra_ap_cfg v0.0.342
[INFO] [stderr]   Downloaded ra_ap_query-group-macro v0.0.342
[INFO] [stderr]   Downloaded ra_ap_vfs-notify v0.0.342
[INFO] [stderr]   Downloaded kqueue-sys v1.1.2
[INFO] [stderr]   Downloaded inotify-sys v0.1.8
[INFO] [stderr]   Downloaded ra-ap-rustc_type_ir_macros v0.165.0
[INFO] [stderr]   Downloaded rustc-literal-escaper v0.0.7
[INFO] [stderr]   Downloaded ra_ap_tt v0.0.342
[INFO] [stderr]   Downloaded ra_ap_profile v0.0.342
[INFO] [stderr]   Downloaded cov-mark v2.2.0
[INFO] [stderr]   Downloaded ra_ap_macros v0.0.342
[INFO] [stderr]   Downloaded typed-arena v2.0.2
[INFO] [stderr]   Downloaded ra-ap-rustc_index_macros v0.165.0
[INFO] [stderr]   Downloaded line-index v0.1.2
[INFO] [stderr]   Downloaded ra-ap-rustc_parse_format v0.165.0
[INFO] [stderr]   Downloaded ra-ap-rustc_hashes v0.165.0
[INFO] [stderr]   Downloaded ra-ap-rustc_ast_ir v0.165.0
[INFO] [stderr]   Downloaded ra_ap_stdx v0.0.342
[INFO] [stderr]   Downloaded salsa-macros v0.27.2
[INFO] [stderr]   Downloaded hashlink v0.12.1
[INFO] [stderr]   Downloaded ra_ap_intern v0.0.342
[INFO] [stderr]   Downloaded ra_ap_base_db v0.0.342
[INFO] [stderr]   Downloaded cargo_metadata v0.23.1
[INFO] [stderr]   Downloaded anyhow v1.0.103
[INFO] [stderr]   Downloaded ra_ap_load-cargo v0.0.342
[INFO] [stderr]   Downloaded notify-types v2.1.0
[INFO] [stderr]   Downloaded inotify v0.11.4
[INFO] [stderr]   Downloaded ra_ap_test_utils v0.0.342
[INFO] [stderr]   Downloaded perf-event v0.4.8
[INFO] [stderr]   Downloaded ra_ap_test_fixture v0.0.342
[INFO] [stderr]   Downloaded tracing-tree v0.4.1
[INFO] [stderr]   Downloaded nu-ansi-term v0.50.3
[INFO] [stderr]   Downloaded ra-ap-rustc_index v0.165.0
[INFO] [stderr]   Downloaded ena v0.14.4
[INFO] [stderr]   Downloaded pulldown-cmark-to-cmark v10.0.4
[INFO] [stderr]   Downloaded valuable v0.1.1
[INFO] [stderr]   Downloaded camino v1.2.4
[INFO] [stderr]   Downloaded triomphe v0.1.16
[INFO] [stderr]   Downloaded rowan v0.15.19
[INFO] [stderr]   Downloaded ra_ap_span v0.0.342
[INFO] [stderr]   Downloaded thin-vec v0.2.18
[INFO] [stderr]   Downloaded intrusive-collections v0.10.2
[INFO] [stderr]   Downloaded notify v8.2.0
[INFO] [stderr]   Downloaded kqueue v1.2.0
[INFO] [stderr]   Downloaded perf-event-open-sys v4.0.0
[INFO] [stderr]   Downloaded dissimilar v1.0.11
[INFO] [stderr]   Downloaded ra_ap_syntax-bridge v0.0.342
[INFO] [stderr]   Downloaded ra_ap_mbe v0.0.342
[INFO] [stderr]   Downloaded rustc-stable-hash v0.1.2
[INFO] [stderr]   Downloaded ra-ap-rustc_pattern_analysis v0.165.0
[INFO] [stderr]   Downloaded ra_ap_ide_ssr v0.0.342
[INFO] [stderr]   Downloaded toml v1.1.3+spec-1.1.0
[INFO] [stderr]   Downloaded ra_ap_hir_expand v0.0.342
[INFO] [stderr]   Downloaded ra-ap-rustc_abi v0.165.0
[INFO] [stderr]   Downloaded derive-where v1.6.1
[INFO] [stderr]   Downloaded clap_derive v4.6.1
[INFO] [stderr]   Downloaded borsh v1.7.0
[INFO] [stderr]   Downloaded tree-sitter-go v0.25.0
[INFO] [stderr]   Downloaded rustc_apfloat v0.2.3+llvm-462a31f5a5ab
[INFO] [stderr]   Downloaded ra-ap-rustc_next_trait_solver v0.165.0
[INFO] [stderr]   Downloaded cc v1.2.67
[INFO] [stderr]   Downloaded ra_ap_syntax v0.0.342
[INFO] [stderr]   Downloaded ra_ap_project_model v0.0.342
[INFO] [stderr]   Downloaded ra-ap-rustc_type_ir v0.165.0
[INFO] [stderr]   Downloaded tree-sitter-javascript v0.25.0
[INFO] [stderr]   Downloaded ra_ap_parser v0.0.342
[INFO] [stderr]   Downloaded ra_ap_hir v0.0.342
[INFO] [stderr]   Downloaded pulldown-cmark v0.9.6
[INFO] [stderr]   Downloaded pedant-syntax v0.6.0
[INFO] [stderr]   Downloaded regex v1.13.0
[INFO] [stderr]   Downloaded syn v2.0.118
[INFO] [stderr]   Downloaded tree-sitter-python v0.25.0
[INFO] [stderr]   Downloaded tree-sitter v0.26.11
[INFO] [stderr]   Downloaded tracing-subscriber v0.3.23
[INFO] [stderr]   Downloaded pedant-graph v0.5.1
[INFO] [stderr]   Downloaded ra_ap_ide_db v0.0.342
[INFO] [stderr]   Downloaded salsa v0.27.2
[INFO] [stderr]   Downloaded ra_ap_hir_def v0.0.342
[INFO] [stderr]   Downloaded tree-sitter-bash v0.25.1
[INFO] [stderr]   Downloaded ra_ap_ide_assists v0.0.342
[INFO] [stderr]   Downloaded regex-automata v0.4.15
[INFO] [stderr]   Downloaded pedant-core v0.24.1
[INFO] [stderr]   Downloaded petgraph v0.8.3
[INFO] [stderr]   Downloaded tree-sitter-typescript v0.23.2
[INFO] [stderr]   Downloaded clap_builder v4.6.0
[INFO] [stderr]   Downloaded dot v0.1.4
[INFO] [stderr]   Downloaded ra_ap_hir_ty v0.0.342
[INFO] [stderr]   Downloaded fst v0.4.7
[INFO] [stderr]   Downloaded clap v4.6.1
[INFO] [stderr]   Downloaded ra_ap_ide_diagnostics v0.0.342
[INFO] [stderr]   Downloaded ra_ap_ide_completion v0.0.342
[INFO] [stderr]   Downloaded ra_ap_ide v0.0.342
[INFO] running `Command { std: "docker" "create" "-v" "/var/lib/crater-agent-workspace/builds/worker-7-tc1/source:/opt/rustwide/workdir:ro,Z" "-v" "/var/lib/crater-agent-workspace/builds/worker-7-tc1/target:/opt/rustwide/target:rw,Z" "-v" "/var/lib/crater-agent-workspace/cargo-home:/opt/rustwide/cargo-home:ro,Z" "-v" "/var/lib/crater-agent-workspace/rustup-home:/opt/rustwide/rustup-home:ro,Z" "-m" "1610612736" "--network" "none" "ghcr.io/rust-lang/crates-build-env/linux@sha256:77db811e55d90add9212f6832c23229e3de5f1c1f9905e8cb07319ea15df73ac" "sleep" "infinity", kill_on_drop: false }`
[INFO] [stdout] 01d4f2bce591429b2085d01548576d966f1f0995e3b91a54cd9897eb46c1f920
[INFO] running `Command { std: "docker" "start" "01d4f2bce591429b2085d01548576d966f1f0995e3b91a54cd9897eb46c1f920", kill_on_drop: false }`
[INFO] running `Command { std: "docker" "inspect" "01d4f2bce591429b2085d01548576d966f1f0995e3b91a54cd9897eb46c1f920", kill_on_drop: false }`
[INFO] running `Command { std: "docker" "exec" "-e" "SOURCE_DIR=/opt/rustwide/workdir" "-e" "CARGO_HOME=/opt/rustwide/cargo-home" "-e" "RUSTUP_HOME=/opt/rustwide/rustup-home" "-e" "CARGO_TARGET_DIR=/opt/rustwide/target" "-w" "/opt/rustwide/workdir" "--user" "0:0" "01d4f2bce591429b2085d01548576d966f1f0995e3b91a54cd9897eb46c1f920" "/opt/rustwide/cargo-home/bin/cargo" "+3154cc1a3e6424e44f438a95007d043ed5ceaaf6" "metadata" "--no-deps" "--format-version=1", kill_on_drop: false }`
[INFO] running `Command { std: "docker" "inspect" "01d4f2bce591429b2085d01548576d966f1f0995e3b91a54cd9897eb46c1f920", kill_on_drop: false }`
[INFO] running `Command { std: "docker" "exec" "-e" "SOURCE_DIR=/opt/rustwide/workdir" "-e" "CARGO_HOME=/opt/rustwide/cargo-home" "-e" "RUSTUP_HOME=/opt/rustwide/rustup-home" "-e" "CARGO_TARGET_DIR=/opt/rustwide/target" "-e" "CARGO_INCREMENTAL=0" "-e" "RUST_BACKTRACE=full" "-e" "RUSTFLAGS=--cap-lints=forbid -Znext-solver=coherence" "-e" "RUSTDOCFLAGS=--cap-lints=forbid" "-w" "/opt/rustwide/workdir" "--user" "0:0" "01d4f2bce591429b2085d01548576d966f1f0995e3b91a54cd9897eb46c1f920" "/opt/rustwide/cargo-home/bin/cargo" "+3154cc1a3e6424e44f438a95007d043ed5ceaaf6" "check" "--frozen" "--all" "--all-targets" "--message-format=json", kill_on_drop: false }`
[INFO] [stderr]    Compiling find-msvc-tools v0.1.9
[INFO] [stderr]    Compiling tree-sitter-language v0.1.7
[INFO] [stderr]    Compiling quote v1.0.46
[INFO] [stderr]    Compiling proc-macro2 v1.0.106
[INFO] [stderr]    Compiling zmij v1.0.23
[INFO] [stderr]    Compiling serde_core v1.0.228
[INFO] [stderr]     Checking memchr v2.8.3
[INFO] [stderr]    Compiling thiserror v2.0.18
[INFO] [stderr]    Compiling serde_json v1.0.150
[INFO] [stderr]    Compiling hashbrown v0.17.1
[INFO] [stderr]    Compiling serde v1.0.228
[INFO] [stderr]    Compiling equivalent v1.0.2
[INFO] [stderr]     Checking typenum v1.20.1
[INFO] [stderr]     Checking itoa v1.0.18
[INFO] [stderr]     Checking cfg-if v1.0.4
[INFO] [stderr]    Compiling cc v1.2.67
[INFO] [stderr]     Checking regex-syntax v0.8.11
[INFO] [stderr]     Checking rustc-hash v2.1.3
[INFO] [stderr]     Checking unicode-ident v1.0.24
[INFO] [stderr]    Compiling libc v0.2.186
[INFO] [stderr]     Checking const-oid v0.10.2
[INFO] [stderr]     Checking winnow v1.0.4
[INFO] [stderr]     Checking anstyle-parse v1.0.0
[INFO] [stderr]     Checking cpufeatures v0.3.0
[INFO] [stderr]     Checking aho-corasick v1.1.4
[INFO] [stderr]     Checking is_terminal_polyfill v1.70.2
[INFO] [stderr]     Checking toml_writer v1.1.2+spec-1.1.0
[INFO] [stderr]     Checking anstyle v1.0.14
[INFO] [stderr]     Checking colorchoice v1.0.5
[INFO] [stderr]     Checking streaming-iterator v0.1.9
[INFO] [stderr]     Checking anstyle-query v1.1.5
[INFO] [stderr]    Compiling rustix v1.1.4
[INFO] [stderr]    Compiling getrandom v0.4.3
[INFO] [stderr]     Checking anstream v1.0.0
[INFO] [stderr]     Checking linux-raw-sys v0.12.1
[INFO] [stderr]     Checking bitflags v2.13.0
[INFO] [stderr]     Checking semver v1.0.28
[INFO] [stderr]     Checking toml_parser v1.1.2+spec-1.1.0
[INFO] [stderr]     Checking clap_lex v1.1.0
[INFO] [stderr]     Checking fastrand v2.4.1
[INFO] [stderr]     Checking clap_builder v4.6.0
[INFO] [stderr]     Checking once_cell v1.21.4
[INFO] [stderr]    Compiling indexmap v2.14.0
[INFO] [stderr]     Checking syn v2.0.118
[INFO] [stderr]     Checking hybrid-array v0.4.13
[INFO] [stderr]    Compiling tree-sitter-bash v0.25.1
[INFO] [stderr]    Compiling tree-sitter-go v0.25.0
[INFO] [stderr]    Compiling tree-sitter-javascript v0.25.0
[INFO] [stderr]    Compiling tree-sitter-python v0.25.0
[INFO] [stderr]    Compiling tree-sitter-typescript v0.23.2
[INFO] [stderr]     Checking crypto-common v0.2.2
[INFO] [stderr]     Checking block-buffer v0.12.1
[INFO] [stderr]     Checking regex-automata v0.4.15
[INFO] [stderr]     Checking digest v0.11.3
[INFO] [stderr]     Checking sha2 v0.11.0
[INFO] [stderr]     Checking tempfile v3.27.0
[INFO] [stderr]     Checking toml_datetime v1.1.1+spec-1.1.0
[INFO] [stderr]     Checking serde_spanned v1.1.1
[INFO] [stderr]     Checking toml v1.1.3+spec-1.1.0
[INFO] [stderr]    Compiling tree-sitter v0.26.11
[INFO] [stderr]    Compiling serde_derive v1.0.228
[INFO] [stderr]    Compiling thiserror-impl v2.0.18
[INFO] [stderr]    Compiling clap_derive v4.6.1
[INFO] [stderr]     Checking regex v1.13.0
[INFO] [stderr]     Checking clap v4.6.1
[INFO] [stderr]     Checking pedant-types v0.17.0
[INFO] [stderr]     Checking pedant-syntax v0.6.0
[INFO] [stderr]     Checking pedant-core v0.24.1
[INFO] [stderr]     Checking pedant-lang v0.7.2
[INFO] [stderr]     Checking pedant-graph v0.5.1
[INFO] [stderr]     Checking pedant v0.30.1 (/opt/rustwide/workdir)
[INFO] [stdout] error[E0432]: unresolved import `pedant_process_guard`
[INFO] [stdout]   --> tests/package_support/process_guard.rs:30:5
[INFO] [stdout]    |
[INFO] [stdout] 30 | use pedant_process_guard::{
[INFO] [stdout]    |     ^^^^^^^^^^^^^^^^^^^^ use of unresolved module or unlinked crate `pedant_process_guard`
[INFO] [stdout]    |
[INFO] [stdout]    = help: if you wanted to use a crate named `pedant_process_guard`, use `cargo add pedant_process_guard` to add it to your `Cargo.toml`
[INFO] [stdout] 
[INFO] [stdout] 
[INFO] [stdout] error[E0432]: unresolved import `pedant_process_guard`
[INFO] [stdout]   --> tests/package_support/process_guard.rs:30:5
[INFO] [stdout]    |
[INFO] [stdout] 30 | use pedant_process_guard::{
[INFO] [stdout]    |     ^^^^^^^^^^^^^^^^^^^^ use of unresolved module or unlinked crate `pedant_process_guard`
[INFO] [stdout]    |
[INFO] [stdout]    = help: if you wanted to use a crate named `pedant_process_guard`, use `cargo add pedant_process_guard` to add it to your `Cargo.toml`
[INFO] [stdout] 
[INFO] [stdout] 
[INFO] [stdout] error[E0432]: unresolved import `pedant_process_guard`
[INFO] [stdout]   --> tests/supply_chain_support/guard_cases.rs:10:5
[INFO] [stdout]    |
[INFO] [stdout] 10 | use pedant_process_guard::{
[INFO] [stdout]    |     ^^^^^^^^^^^^^^^^^^^^ use of unresolved module or unlinked crate `pedant_process_guard`
[INFO] [stdout]    |
[INFO] [stdout]    = help: if you wanted to use a crate named `pedant_process_guard`, use `cargo add pedant_process_guard` to add it to your `Cargo.toml`
[INFO] [stdout] 
[INFO] [stdout] 
[INFO] [stdout] error[E0432]: unresolved import `pedant_process_guard`
[INFO] [stdout]   --> tests/supply_chain_support/packaged_workspace_support/verdict.rs:12:5
[INFO] [stdout]    |
[INFO] [stdout] 12 | use pedant_process_guard::wait_until_gone;
[INFO] [stdout]    |     ^^^^^^^^^^^^^^^^^^^^ use of unresolved module or unlinked crate `pedant_process_guard`
[INFO] [stdout]    |
[INFO] [stdout]    = help: if you wanted to use a crate named `pedant_process_guard`, use `cargo add pedant_process_guard` to add it to your `Cargo.toml`
[INFO] [stdout] 
[INFO] [stdout] 
[INFO] [stdout] error[E0432]: unresolved import `pedant_process_guard`
[INFO] [stdout]   --> tests/supply_chain.rs:57:5
[INFO] [stdout]    |
[INFO] [stdout] 57 | use pedant_process_guard::run_fixture;
[INFO] [stdout]    |     ^^^^^^^^^^^^^^^^^^^^ use of unresolved module or unlinked crate `pedant_process_guard`
[INFO] [stdout]    |
[INFO] [stdout]    = help: if you wanted to use a crate named `pedant_process_guard`, use `cargo add pedant_process_guard` to add it to your `Cargo.toml`
[INFO] [stdout] 
[INFO] [stdout] 
[INFO] [stdout] For more information about this error, try `rustc --explain E0432`.
[INFO] [stdout] 
[INFO] [stderr] error: could not compile `pedant` (test "gate_cli") due to 1 previous error
[INFO] [stderr] warning: build failed, waiting for other jobs to finish...
[INFO] [stdout] For more information about this error, try `rustc --explain E0432`.
[INFO] [stdout] 
[INFO] [stderr] error: could not compile `pedant` (test "supply_chain") due to 4 previous errors
[INFO] running `Command { std: "docker" "inspect" "01d4f2bce591429b2085d01548576d966f1f0995e3b91a54cd9897eb46c1f920", kill_on_drop: false }`
[INFO] running `Command { std: "docker" "rm" "-f" "01d4f2bce591429b2085d01548576d966f1f0995e3b91a54cd9897eb46c1f920", kill_on_drop: false }`
[INFO] [stdout] 01d4f2bce591429b2085d01548576d966f1f0995e3b91a54cd9897eb46c1f920
